{"id":221030,"date":"2024-07-28T14:13:26","date_gmt":"2024-07-28T12:13:26","guid":{"rendered":"https:\/\/marktxxl.de\/markt\/produkt\/casafield-baby-kleiderbuegel-samt-28-cm-50-stueck\/"},"modified":"2024-07-28T14:13:26","modified_gmt":"2024-07-28T12:13:26","slug":"casafield-baby-kleiderbuegel-samt-28-cm-50-stueck","status":"publish","type":"product","link":"https:\/\/marktxxl.de\/markt\/produkt\/casafield-baby-kleiderbuegel-samt-28-cm-50-stueck\/","title":{"rendered":"Casafield Baby-Kleiderb\u00fcgel, Samt, 28 cm, 50 St\u00fcck"},"content":{"rendered":"<p>Set beinhaltet: 50 Samtbeflockte 27,9 cm Baby-Kleiderb\u00fcgel<br \/>\nMaximieren Sie Ihren Schrankraum: Ordnen Sie Ihren Babyschrank und f\u00fcgen Sie bis zu 50 Prozent mehr Platz mit dem ultrad\u00fcnnen Profil dieser schlanken, platzsparenden Kleiderb\u00fcgel von Casafield.<br \/>\nLeichtes, stabiles Design: langlebig und dennoch leicht. Stilvoll und praktisch. Unsere flexiblen Baby-Kleiderb\u00fcgel verf\u00fcgen \u00fcber einen gl\u00e4nzenden Chrom-Haken mit 360-Grad-Drehgelenk, der nicht rostet. Nicht nur attraktiv, sondern unsere Kleiderb\u00fcgel k\u00f6nnen bis zu 2,3 kg tragen, so dass sie ideal zum Aufh\u00e4ngen von Einteilern und Overalls bis hin zu Winterm\u00e4nteln und Sommerkleidern.<br \/>\n\u3010Einfach auf Babykleidung\u3011Die weiche Samtbeflockung hilft der Kleidung, ihre Form zu behalten. Der strukturierte Stoff und die pr\u00e4zise geschnittenen Schulterkerben sichern Tr\u00e4gerhemden und Kleider mit Leichtigkeit. Die samtbeflockte Hosensteg wurde entwickelt, um Falten zu greifen und zu verhindern, sodass die Denim-Jeans und -Hosen Ihres Kindes an Ort und Stelle bleiben und sich nicht mehr auf dem Schrankboden zerknittert.<br \/>\nDoppeltes Design: Organisieren und optimieren Sie Ihr Kinderzimmer und Ihre Vernissheit, mit unseren Samt-Kleiderb\u00fcgeln. H\u00e4ngen Sie Oberteile, Hosen oder beide an diese Baby-Kleiderb\u00fcgel von Casafield. Mit 27,9 cm breiten, konturierten Schultern und einem horizontalen Hosenquersteg-Design, die M\u00f6glichkeiten zum Aufh\u00e4ngen und Organisieren sind endlos.<br \/>\n<div class=\"main-cross-sell\" data-asin=\"B07PWYQWNY\">\n\n\t<div class=\"WooZone-cross-sell-loader\">\n\t\t<div>\n\t\t\t<div id=\"floatingBarsG\">\n\t\t\t\t<div class=\"blockG\" id=\"rotateG_01\"><\/div>\n\t\t\t\t<div class=\"blockG\" id=\"rotateG_02\"><\/div>\n\t\t\t\t<div class=\"blockG\" id=\"rotateG_03\"><\/div>\n\t\t\t\t<div class=\"blockG\" id=\"rotateG_04\"><\/div>\n\t\t\t\t<div class=\"blockG\" id=\"rotateG_05\"><\/div>\n\t\t\t\t<div class=\"blockG\" id=\"rotateG_06\"><\/div>\n\t\t\t\t<div class=\"blockG\" id=\"rotateG_07\"><\/div>\n\t\t\t\t<div class=\"blockG\" id=\"rotateG_08\"><\/div>\n\t\t\t<\/div>\n\t\t\t<div class=\"WooZone-cross-sell-loader-text\"><\/div>\n\t\t<\/div>\n\t<\/div>\n\n\t\t\n<\/div>\n<div style=\"clear:both;\"><\/div><\/p>\n","protected":false},"excerpt":{"rendered":"<p>Set beinhaltet: 50 Samtbeflockte 27,9 cm Baby-Kleiderb\u00fcgel<br \/>\nMaximieren Sie Ihren Schrankraum: Ordnen Sie Ihren Babyschrank und f\u00fcgen Sie bis zu 50 Prozent mehr Platz mit dem ultrad\u00fcnnen Profil dieser schlanken, platzsparenden Kleiderb\u00fcgel von Casafield.<br \/>\nLeichtes, stabiles Design: langlebig und dennoch leicht. Stilvoll und praktisch. Unsere flexiblen Baby-Kleiderb\u00fcgel verf\u00fcgen \u00fcber einen gl\u00e4nzenden Chrom-Haken mit 360-Grad-Drehgelenk, der nicht rostet. Nicht nur attraktiv, sondern unsere Kleiderb\u00fcgel k\u00f6nnen bis zu 2,3 kg tragen, so dass sie ideal zum Aufh\u00e4ngen von Einteilern und Overalls bis hin zu Winterm\u00e4nteln und Sommerkleidern.<\/p>\n","protected":false},"featured_media":221031,"comment_status":"open","ping_status":"closed","template":"","meta":[],"product_brand":[],"product_cat":[21,8825],"product_tag":[],"class_list":{"0":"post-221030","1":"product","2":"type-product","3":"status-publish","4":"has-post-thumbnail","6":"product_cat-baby","7":"product_cat-baby-kleinkinderzimmer-baby","8":"pa_brand-casafield","9":"pa_manufacturer-casafield","11":"first","12":"instock","13":"shipping-taxable","14":"product-type-simple","15":"customify-col","16":"product-has-gallery"},"yoast_head":"<!-- This site is optimized with the Yoast SEO plugin v27.3 - https:\/\/yoast.com\/product\/yoast-seo-wordpress\/ -->\n<title>Casafield Baby-Kleiderb\u00fcgel, Samt, 28 cm, 50 St\u00fcck - Markt-XXL<\/title>\n<meta name=\"description\" content=\"Markt-XXL Casafield Baby-Kleiderb\u00fcgel, Samt, 28 cm, 50 St\u00fcck\" \/>\n<meta name=\"robots\" content=\"index, follow, max-snippet:-1, max-image-preview:large, max-video-preview:-1\" \/>\n<link rel=\"canonical\" href=\"https:\/\/marktxxl.de\/markt\/produkt\/casafield-baby-kleiderbuegel-samt-28-cm-50-stueck\/\" \/>\n<meta property=\"og:locale\" content=\"de_DE\" \/>\n<meta property=\"og:type\" content=\"article\" \/>\n<meta property=\"og:title\" content=\"Casafield Baby-Kleiderb\u00fcgel, Samt, 28 cm, 50 St\u00fcck - Markt-XXL\" \/>\n<meta property=\"og:description\" content=\"Markt-XXL Casafield Baby-Kleiderb\u00fcgel, Samt, 28 cm, 50 St\u00fcck\" \/>\n<meta property=\"og:url\" content=\"https:\/\/marktxxl.de\/markt\/produkt\/casafield-baby-kleiderbuegel-samt-28-cm-50-stueck\/\" \/>\n<meta property=\"og:site_name\" content=\"Markt-XXL\" \/>\n<meta name=\"twitter:card\" content=\"summary_large_image\" \/>\n<meta name=\"twitter:label1\" content=\"Gesch\u00e4tzte Lesezeit\" \/>\n\t<meta name=\"twitter:data1\" content=\"1\u00a0Minute\" \/>\n<script type=\"application\/ld+json\" class=\"yoast-schema-graph\">{\"@context\":\"https:\\\/\\\/schema.org\",\"@graph\":[{\"@type\":\"WebPage\",\"@id\":\"https:\\\/\\\/marktxxl.de\\\/markt\\\/produkt\\\/casafield-baby-kleiderbuegel-samt-28-cm-50-stueck\\\/\",\"url\":\"https:\\\/\\\/marktxxl.de\\\/markt\\\/produkt\\\/casafield-baby-kleiderbuegel-samt-28-cm-50-stueck\\\/\",\"name\":\"Casafield Baby-Kleiderb\u00fcgel, Samt, 28 cm, 50 St\u00fcck - Markt-XXL\",\"isPartOf\":{\"@id\":\"https:\\\/\\\/marktxxl.de\\\/markt\\\/#website\"},\"primaryImageOfPage\":{\"@id\":\"https:\\\/\\\/marktxxl.de\\\/markt\\\/produkt\\\/casafield-baby-kleiderbuegel-samt-28-cm-50-stueck\\\/#primaryimage\"},\"image\":{\"@id\":\"https:\\\/\\\/marktxxl.de\\\/markt\\\/produkt\\\/casafield-baby-kleiderbuegel-samt-28-cm-50-stueck\\\/#primaryimage\"},\"thumbnailUrl\":\"https:\\\/\\\/m.media-amazon.com\\\/images\\\/I\\\/410e9hXhWYL._SL500_.jpg\",\"datePublished\":\"2024-07-28T12:13:26+00:00\",\"description\":\"Markt-XXL Casafield Baby-Kleiderb\u00fcgel, Samt, 28 cm, 50 St\u00fcck\",\"breadcrumb\":{\"@id\":\"https:\\\/\\\/marktxxl.de\\\/markt\\\/produkt\\\/casafield-baby-kleiderbuegel-samt-28-cm-50-stueck\\\/#breadcrumb\"},\"inLanguage\":\"de\",\"potentialAction\":[{\"@type\":\"ReadAction\",\"target\":[\"https:\\\/\\\/marktxxl.de\\\/markt\\\/produkt\\\/casafield-baby-kleiderbuegel-samt-28-cm-50-stueck\\\/\"]}]},{\"@type\":\"ImageObject\",\"inLanguage\":\"de\",\"@id\":\"https:\\\/\\\/marktxxl.de\\\/markt\\\/produkt\\\/casafield-baby-kleiderbuegel-samt-28-cm-50-stueck\\\/#primaryimage\",\"url\":\"https:\\\/\\\/m.media-amazon.com\\\/images\\\/I\\\/410e9hXhWYL._SL500_.jpg\",\"contentUrl\":\"https:\\\/\\\/m.media-amazon.com\\\/images\\\/I\\\/410e9hXhWYL._SL500_.jpg\",\"width\":500,\"height\":500},{\"@type\":\"BreadcrumbList\",\"@id\":\"https:\\\/\\\/marktxxl.de\\\/markt\\\/produkt\\\/casafield-baby-kleiderbuegel-samt-28-cm-50-stueck\\\/#breadcrumb\",\"itemListElement\":[{\"@type\":\"ListItem\",\"position\":1,\"name\":\"Startseite\",\"item\":\"https:\\\/\\\/marktxxl.de\\\/markt\\\/\"},{\"@type\":\"ListItem\",\"position\":2,\"name\":\"Markt\",\"item\":\"https:\\\/\\\/marktxxl.de\\\/markt\\\/\"},{\"@type\":\"ListItem\",\"position\":3,\"name\":\"Casafield Baby-Kleiderb\u00fcgel, Samt, 28 cm, 50 St\u00fcck\"}]},{\"@type\":\"WebSite\",\"@id\":\"https:\\\/\\\/marktxxl.de\\\/markt\\\/#website\",\"url\":\"https:\\\/\\\/marktxxl.de\\\/markt\\\/\",\"name\":\"Markt-XXL\",\"description\":\"Ihr Markt Online\",\"publisher\":{\"@id\":\"https:\\\/\\\/marktxxl.de\\\/markt\\\/#organization\"},\"potentialAction\":[{\"@type\":\"SearchAction\",\"target\":{\"@type\":\"EntryPoint\",\"urlTemplate\":\"https:\\\/\\\/marktxxl.de\\\/markt\\\/?s={search_term_string}\"},\"query-input\":{\"@type\":\"PropertyValueSpecification\",\"valueRequired\":true,\"valueName\":\"search_term_string\"}}],\"inLanguage\":\"de\"},{\"@type\":\"Organization\",\"@id\":\"https:\\\/\\\/marktxxl.de\\\/markt\\\/#organization\",\"name\":\"Markt-XXL\",\"url\":\"https:\\\/\\\/marktxxl.de\\\/markt\\\/\",\"logo\":{\"@type\":\"ImageObject\",\"inLanguage\":\"de\",\"@id\":\"https:\\\/\\\/marktxxl.de\\\/markt\\\/#\\\/schema\\\/logo\\\/image\\\/\",\"url\":\"https:\\\/\\\/marktxxl.de\\\/markt\\\/wp-content\\\/uploads\\\/sites\\\/3\\\/2020\\\/12\\\/logo.png\",\"contentUrl\":\"https:\\\/\\\/marktxxl.de\\\/markt\\\/wp-content\\\/uploads\\\/sites\\\/3\\\/2020\\\/12\\\/logo.png\",\"width\":200,\"height\":70,\"caption\":\"Markt-XXL\"},\"image\":{\"@id\":\"https:\\\/\\\/marktxxl.de\\\/markt\\\/#\\\/schema\\\/logo\\\/image\\\/\"}}]}<\/script>\n<!-- \/ Yoast SEO plugin. -->","yoast_head_json":{"title":"Casafield Baby-Kleiderb\u00fcgel, Samt, 28 cm, 50 St\u00fcck - Markt-XXL","description":"Markt-XXL Casafield Baby-Kleiderb\u00fcgel, Samt, 28 cm, 50 St\u00fcck","robots":{"index":"index","follow":"follow","max-snippet":"max-snippet:-1","max-image-preview":"max-image-preview:large","max-video-preview":"max-video-preview:-1"},"canonical":"https:\/\/marktxxl.de\/markt\/produkt\/casafield-baby-kleiderbuegel-samt-28-cm-50-stueck\/","og_locale":"de_DE","og_type":"article","og_title":"Casafield Baby-Kleiderb\u00fcgel, Samt, 28 cm, 50 St\u00fcck - Markt-XXL","og_description":"Markt-XXL Casafield Baby-Kleiderb\u00fcgel, Samt, 28 cm, 50 St\u00fcck","og_url":"https:\/\/marktxxl.de\/markt\/produkt\/casafield-baby-kleiderbuegel-samt-28-cm-50-stueck\/","og_site_name":"Markt-XXL","twitter_card":"summary_large_image","twitter_misc":{"Gesch\u00e4tzte Lesezeit":"1\u00a0Minute"},"schema":{"@context":"https:\/\/schema.org","@graph":[{"@type":"WebPage","@id":"https:\/\/marktxxl.de\/markt\/produkt\/casafield-baby-kleiderbuegel-samt-28-cm-50-stueck\/","url":"https:\/\/marktxxl.de\/markt\/produkt\/casafield-baby-kleiderbuegel-samt-28-cm-50-stueck\/","name":"Casafield Baby-Kleiderb\u00fcgel, Samt, 28 cm, 50 St\u00fcck - Markt-XXL","isPartOf":{"@id":"https:\/\/marktxxl.de\/markt\/#website"},"primaryImageOfPage":{"@id":"https:\/\/marktxxl.de\/markt\/produkt\/casafield-baby-kleiderbuegel-samt-28-cm-50-stueck\/#primaryimage"},"image":{"@id":"https:\/\/marktxxl.de\/markt\/produkt\/casafield-baby-kleiderbuegel-samt-28-cm-50-stueck\/#primaryimage"},"thumbnailUrl":"https:\/\/m.media-amazon.com\/images\/I\/410e9hXhWYL._SL500_.jpg","datePublished":"2024-07-28T12:13:26+00:00","description":"Markt-XXL Casafield Baby-Kleiderb\u00fcgel, Samt, 28 cm, 50 St\u00fcck","breadcrumb":{"@id":"https:\/\/marktxxl.de\/markt\/produkt\/casafield-baby-kleiderbuegel-samt-28-cm-50-stueck\/#breadcrumb"},"inLanguage":"de","potentialAction":[{"@type":"ReadAction","target":["https:\/\/marktxxl.de\/markt\/produkt\/casafield-baby-kleiderbuegel-samt-28-cm-50-stueck\/"]}]},{"@type":"ImageObject","inLanguage":"de","@id":"https:\/\/marktxxl.de\/markt\/produkt\/casafield-baby-kleiderbuegel-samt-28-cm-50-stueck\/#primaryimage","url":"https:\/\/m.media-amazon.com\/images\/I\/410e9hXhWYL._SL500_.jpg","contentUrl":"https:\/\/m.media-amazon.com\/images\/I\/410e9hXhWYL._SL500_.jpg","width":500,"height":500},{"@type":"BreadcrumbList","@id":"https:\/\/marktxxl.de\/markt\/produkt\/casafield-baby-kleiderbuegel-samt-28-cm-50-stueck\/#breadcrumb","itemListElement":[{"@type":"ListItem","position":1,"name":"Startseite","item":"https:\/\/marktxxl.de\/markt\/"},{"@type":"ListItem","position":2,"name":"Markt","item":"https:\/\/marktxxl.de\/markt\/"},{"@type":"ListItem","position":3,"name":"Casafield Baby-Kleiderb\u00fcgel, Samt, 28 cm, 50 St\u00fcck"}]},{"@type":"WebSite","@id":"https:\/\/marktxxl.de\/markt\/#website","url":"https:\/\/marktxxl.de\/markt\/","name":"Markt-XXL","description":"Ihr Markt Online","publisher":{"@id":"https:\/\/marktxxl.de\/markt\/#organization"},"potentialAction":[{"@type":"SearchAction","target":{"@type":"EntryPoint","urlTemplate":"https:\/\/marktxxl.de\/markt\/?s={search_term_string}"},"query-input":{"@type":"PropertyValueSpecification","valueRequired":true,"valueName":"search_term_string"}}],"inLanguage":"de"},{"@type":"Organization","@id":"https:\/\/marktxxl.de\/markt\/#organization","name":"Markt-XXL","url":"https:\/\/marktxxl.de\/markt\/","logo":{"@type":"ImageObject","inLanguage":"de","@id":"https:\/\/marktxxl.de\/markt\/#\/schema\/logo\/image\/","url":"https:\/\/marktxxl.de\/markt\/wp-content\/uploads\/sites\/3\/2020\/12\/logo.png","contentUrl":"https:\/\/marktxxl.de\/markt\/wp-content\/uploads\/sites\/3\/2020\/12\/logo.png","width":200,"height":70,"caption":"Markt-XXL"},"image":{"@id":"https:\/\/marktxxl.de\/markt\/#\/schema\/logo\/image\/"}}]}},"_links":{"self":[{"href":"https:\/\/marktxxl.de\/markt\/wp-json\/wp\/v2\/product\/221030","targetHints":{"allow":["GET"]}}],"collection":[{"href":"https:\/\/marktxxl.de\/markt\/wp-json\/wp\/v2\/product"}],"about":[{"href":"https:\/\/marktxxl.de\/markt\/wp-json\/wp\/v2\/types\/product"}],"replies":[{"embeddable":true,"href":"https:\/\/marktxxl.de\/markt\/wp-json\/wp\/v2\/comments?post=221030"}],"wp:featuredmedia":[{"embeddable":true,"href":"https:\/\/marktxxl.de\/markt\/wp-json\/wp\/v2\/media\/221031"}],"wp:attachment":[{"href":"https:\/\/marktxxl.de\/markt\/wp-json\/wp\/v2\/media?parent=221030"}],"wp:term":[{"taxonomy":"product_brand","embeddable":true,"href":"https:\/\/marktxxl.de\/markt\/wp-json\/wp\/v2\/product_brand?post=221030"},{"taxonomy":"product_cat","embeddable":true,"href":"https:\/\/marktxxl.de\/markt\/wp-json\/wp\/v2\/product_cat?post=221030"},{"taxonomy":"product_tag","embeddable":true,"href":"https:\/\/marktxxl.de\/markt\/wp-json\/wp\/v2\/product_tag?post=221030"}],"curies":[{"name":"wp","href":"https:\/\/api.w.org\/{rel}","templated":true}]}}