{"id":220944,"date":"2024-07-28T14:02:48","date_gmt":"2024-07-28T12:02:48","guid":{"rendered":"https:\/\/marktxxl.de\/markt\/produkt\/lusso-gear-autositz-organizer\/"},"modified":"2024-07-28T14:02:48","modified_gmt":"2024-07-28T12:02:48","slug":"lusso-gear-autositz-organizer","status":"publish","type":"product","link":"https:\/\/marktxxl.de\/markt\/produkt\/lusso-gear-autositz-organizer\/","title":{"rendered":"Lusso Gear Autositz-Organizer."},"content":{"rendered":"<p>Sicherheit auf Reisen: Vergessen Sie die Tage der unordentlichen R\u00fccksitze voller Spielzeug, versch\u00fctteter Getr\u00e4nke und Babyausr\u00fcstung. Mit diesem cleveren Auto- oder Kofferraum-Organizer k\u00f6nnen Sie den R\u00fcck- und Vordersitz Ihres Fahrzeugs in wenigen Sekunden aufr\u00e4umen. Bewahren Sie alles, was Sie brauchen, in dem faltbaren Beh\u00e4lter und reisen Sie ab sofort in Sicherheit. Ihre Kinder k\u00f6nnten nicht gl\u00fccklicher sein und Sie entspannter sein!<br \/>\nMehr F\u00e4cher, mehr Stauraum: Unsere Aufbewahrungsbox wurde speziell f\u00fcr Ihr Bestes entwickelt. Wir wissen, wie chaotisch es auf Reisen sein kann. Dieser Aufbewahrungs-Organizer verf\u00fcgt \u00fcber 8 verschiedene F\u00e4cher, darunter 2 gro\u00dfe Hauptf\u00e4cher, 1 Rei\u00dfverschlusstasche f\u00fcr die sichere Aufbewahrung der wichtigsten Gegenst\u00e4nde und zus\u00e4tzliche Au\u00dfentaschen, plus 4 integrierte Getr\u00e4nkehalter f\u00fcr Flaschen.<br \/>\nErgonomische Griffe f\u00fcr einfachen Griff: Wir haben diesen Autositz-Organizer sorgf\u00e4ltig entworfen, um das Tragen und Transportieren mit 2 Griffen zu erleichtern. Sie k\u00f6nnen den Organizer entweder an den Griffen halten oder den Sicherheitsgurt durchstecken f\u00fcr mehr Sicherheit. Nie wieder herumrutschende Aufbewahrungsboxen und Dinge fallen auf den Boden. Ihr Fahrzeug wird endlich sauber und ordentlich sein!<br \/>\nEs h\u00e4lt alle Dinge, die Sie brauchen: Besuchen Sie Freunde au\u00dferhalb der Stadt? Camping oder Strandausflug mit Ihrer Familie? Dieser leichte und kompakte Organizer ist ein Muss. Platzieren Sie alles hinein, was f\u00fcr Ihre Reise praktisch erscheinen k\u00f6nnte: Reinigungst\u00fccher und Taschent\u00fccher, Getr\u00e4nke oder Snacks, Kartenspiele, Stofftiere, Kindergartenb\u00fccher oder Baby-Kauspielzeug. Brauchen Sie mehr? Was ist mit Ihrer Elektronik oder B\u00fcchern?<br \/>\nHolen Sie sich diesen Familien-Autositz-Organizer risikofrei: Da die Sicherheit unserer Kunden eine oberste Priorit\u00e4t hat, haben wir uns eine zus\u00e4tzliche Meile gegeben, nur Materialien zu verwenden, die PAHS-frei sind und REACH-Kriterien erf\u00fcllen. Grunds\u00e4tzlich haben wir diesen Organizer aus den sichersten, geruchs- und chemikalienfreien Materialien gefertigt. Und f\u00fcr absolute Sicherheit sorgen wir f\u00fcr unsere lebenslange Geld-zur\u00fcck-Garantie<br \/>\n<div class=\"main-cross-sell\" data-asin=\"B074RKLQSG\">\n\n\t<div class=\"WooZone-cross-sell-loader\">\n\t\t<div>\n\t\t\t<div id=\"floatingBarsG\">\n\t\t\t\t<div class=\"blockG\" id=\"rotateG_01\"><\/div>\n\t\t\t\t<div class=\"blockG\" id=\"rotateG_02\"><\/div>\n\t\t\t\t<div class=\"blockG\" id=\"rotateG_03\"><\/div>\n\t\t\t\t<div class=\"blockG\" id=\"rotateG_04\"><\/div>\n\t\t\t\t<div class=\"blockG\" id=\"rotateG_05\"><\/div>\n\t\t\t\t<div class=\"blockG\" id=\"rotateG_06\"><\/div>\n\t\t\t\t<div class=\"blockG\" id=\"rotateG_07\"><\/div>\n\t\t\t\t<div class=\"blockG\" id=\"rotateG_08\"><\/div>\n\t\t\t<\/div>\n\t\t\t<div class=\"WooZone-cross-sell-loader-text\"><\/div>\n\t\t<\/div>\n\t<\/div>\n\n\t\t\n<\/div>\n<div style=\"clear:both;\"><\/div><\/p>\n","protected":false},"excerpt":{"rendered":"<p>Sicherheit auf Reisen: Vergessen Sie die Tage der unordentlichen R\u00fccksitze voller Spielzeug, versch\u00fctteter Getr\u00e4nke und Babyausr\u00fcstung. Mit diesem cleveren Auto- oder Kofferraum-Organizer k\u00f6nnen Sie den R\u00fcck- und Vordersitz Ihres Fahrzeugs in wenigen Sekunden aufr\u00e4umen. Bewahren Sie alles, was Sie brauchen, in dem faltbaren Beh\u00e4lter und reisen Sie ab sofort in Sicherheit. Ihre Kinder k\u00f6nnten nicht gl\u00fccklicher sein und Sie entspannter sein!<br \/>\nMehr F\u00e4cher, mehr Stauraum: Unsere Aufbewahrungsbox wurde speziell f\u00fcr Ihr Bestes entwickelt. Wir wissen, wie chaotisch es auf Reisen sein kann. Dieser Aufbewahrungs-Organizer verf\u00fcgt \u00fcber 8 verschiedene F\u00e4cher, darunter 2 gro\u00dfe Hauptf\u00e4cher, 1 Rei\u00dfverschlusstasche f\u00fcr die sichere Aufbewahrung der wichtigsten Gegenst\u00e4nde und zus\u00e4tzliche Au\u00dfentaschen, plus 4 integrierte Getr\u00e4nkehalter f\u00fcr Flaschen.<br \/>\nErgonomische Griffe f\u00fcr einfachen Griff: Wir haben diesen Autositz-Organizer sorgf\u00e4ltig entworfen, um das Tragen und Transportieren mit 2 Griffen zu erleichtern. Sie k\u00f6nnen den Organizer entweder an den Griffen halten oder den Sicherheitsgurt durchstecken f\u00fcr mehr Sicherheit. Nie wieder herumrutschende Aufbewahrungsboxen und Dinge fallen auf den Boden. Ihr Fahrzeug wird endlich sauber und ordentlich sein!<\/p>\n","protected":false},"featured_media":220945,"comment_status":"open","ping_status":"closed","template":"","meta":[],"product_brand":[],"product_cat":[8765,21],"product_tag":[],"class_list":{"0":"post-220944","1":"product","2":"type-product","3":"status-publish","4":"has-post-thumbnail","6":"product_cat-autositze-zubehoer-baby","7":"product_cat-baby","8":"pa_brand-lusso-gear","9":"pa_manufacturer-lusso-gear","11":"first","12":"instock","13":"shipping-taxable","14":"product-type-simple","15":"customify-col","16":"product-has-gallery"},"yoast_head":"<!-- This site is optimized with the Yoast SEO plugin v27.3 - https:\/\/yoast.com\/product\/yoast-seo-wordpress\/ -->\n<title>Lusso Gear Autositz-Organizer. - Markt-XXL<\/title>\n<meta name=\"description\" content=\"Markt-XXL Lusso Gear Autositz-Organizer.\" \/>\n<meta name=\"robots\" content=\"index, follow, max-snippet:-1, max-image-preview:large, max-video-preview:-1\" \/>\n<link rel=\"canonical\" href=\"https:\/\/marktxxl.de\/markt\/produkt\/lusso-gear-autositz-organizer\/\" \/>\n<meta property=\"og:locale\" content=\"de_DE\" \/>\n<meta property=\"og:type\" content=\"article\" \/>\n<meta property=\"og:title\" content=\"Lusso Gear Autositz-Organizer. - Markt-XXL\" \/>\n<meta property=\"og:description\" content=\"Markt-XXL Lusso Gear Autositz-Organizer.\" \/>\n<meta property=\"og:url\" content=\"https:\/\/marktxxl.de\/markt\/produkt\/lusso-gear-autositz-organizer\/\" \/>\n<meta property=\"og:site_name\" content=\"Markt-XXL\" \/>\n<meta name=\"twitter:card\" content=\"summary_large_image\" \/>\n<meta name=\"twitter:label1\" content=\"Gesch\u00e4tzte Lesezeit\" \/>\n\t<meta name=\"twitter:data1\" content=\"2\u00a0Minuten\" \/>\n<script type=\"application\/ld+json\" class=\"yoast-schema-graph\">{\"@context\":\"https:\\\/\\\/schema.org\",\"@graph\":[{\"@type\":\"WebPage\",\"@id\":\"https:\\\/\\\/marktxxl.de\\\/markt\\\/produkt\\\/lusso-gear-autositz-organizer\\\/\",\"url\":\"https:\\\/\\\/marktxxl.de\\\/markt\\\/produkt\\\/lusso-gear-autositz-organizer\\\/\",\"name\":\"Lusso Gear Autositz-Organizer. - Markt-XXL\",\"isPartOf\":{\"@id\":\"https:\\\/\\\/marktxxl.de\\\/markt\\\/#website\"},\"primaryImageOfPage\":{\"@id\":\"https:\\\/\\\/marktxxl.de\\\/markt\\\/produkt\\\/lusso-gear-autositz-organizer\\\/#primaryimage\"},\"image\":{\"@id\":\"https:\\\/\\\/marktxxl.de\\\/markt\\\/produkt\\\/lusso-gear-autositz-organizer\\\/#primaryimage\"},\"thumbnailUrl\":\"https:\\\/\\\/m.media-amazon.com\\\/images\\\/I\\\/513Mo7F7VEL._SL500_.jpg\",\"datePublished\":\"2024-07-28T12:02:48+00:00\",\"description\":\"Markt-XXL Lusso Gear Autositz-Organizer.\",\"breadcrumb\":{\"@id\":\"https:\\\/\\\/marktxxl.de\\\/markt\\\/produkt\\\/lusso-gear-autositz-organizer\\\/#breadcrumb\"},\"inLanguage\":\"de\",\"potentialAction\":[{\"@type\":\"ReadAction\",\"target\":[\"https:\\\/\\\/marktxxl.de\\\/markt\\\/produkt\\\/lusso-gear-autositz-organizer\\\/\"]}]},{\"@type\":\"ImageObject\",\"inLanguage\":\"de\",\"@id\":\"https:\\\/\\\/marktxxl.de\\\/markt\\\/produkt\\\/lusso-gear-autositz-organizer\\\/#primaryimage\",\"url\":\"https:\\\/\\\/m.media-amazon.com\\\/images\\\/I\\\/513Mo7F7VEL._SL500_.jpg\",\"contentUrl\":\"https:\\\/\\\/m.media-amazon.com\\\/images\\\/I\\\/513Mo7F7VEL._SL500_.jpg\",\"width\":500,\"height\":500},{\"@type\":\"BreadcrumbList\",\"@id\":\"https:\\\/\\\/marktxxl.de\\\/markt\\\/produkt\\\/lusso-gear-autositz-organizer\\\/#breadcrumb\",\"itemListElement\":[{\"@type\":\"ListItem\",\"position\":1,\"name\":\"Startseite\",\"item\":\"https:\\\/\\\/marktxxl.de\\\/markt\\\/\"},{\"@type\":\"ListItem\",\"position\":2,\"name\":\"Markt\",\"item\":\"https:\\\/\\\/marktxxl.de\\\/markt\\\/\"},{\"@type\":\"ListItem\",\"position\":3,\"name\":\"Lusso Gear Autositz-Organizer.\"}]},{\"@type\":\"WebSite\",\"@id\":\"https:\\\/\\\/marktxxl.de\\\/markt\\\/#website\",\"url\":\"https:\\\/\\\/marktxxl.de\\\/markt\\\/\",\"name\":\"Markt-XXL\",\"description\":\"Ihr Markt Online\",\"publisher\":{\"@id\":\"https:\\\/\\\/marktxxl.de\\\/markt\\\/#organization\"},\"potentialAction\":[{\"@type\":\"SearchAction\",\"target\":{\"@type\":\"EntryPoint\",\"urlTemplate\":\"https:\\\/\\\/marktxxl.de\\\/markt\\\/?s={search_term_string}\"},\"query-input\":{\"@type\":\"PropertyValueSpecification\",\"valueRequired\":true,\"valueName\":\"search_term_string\"}}],\"inLanguage\":\"de\"},{\"@type\":\"Organization\",\"@id\":\"https:\\\/\\\/marktxxl.de\\\/markt\\\/#organization\",\"name\":\"Markt-XXL\",\"url\":\"https:\\\/\\\/marktxxl.de\\\/markt\\\/\",\"logo\":{\"@type\":\"ImageObject\",\"inLanguage\":\"de\",\"@id\":\"https:\\\/\\\/marktxxl.de\\\/markt\\\/#\\\/schema\\\/logo\\\/image\\\/\",\"url\":\"https:\\\/\\\/marktxxl.de\\\/markt\\\/wp-content\\\/uploads\\\/sites\\\/3\\\/2020\\\/12\\\/logo.png\",\"contentUrl\":\"https:\\\/\\\/marktxxl.de\\\/markt\\\/wp-content\\\/uploads\\\/sites\\\/3\\\/2020\\\/12\\\/logo.png\",\"width\":200,\"height\":70,\"caption\":\"Markt-XXL\"},\"image\":{\"@id\":\"https:\\\/\\\/marktxxl.de\\\/markt\\\/#\\\/schema\\\/logo\\\/image\\\/\"}}]}<\/script>\n<!-- \/ Yoast SEO plugin. -->","yoast_head_json":{"title":"Lusso Gear Autositz-Organizer. - Markt-XXL","description":"Markt-XXL Lusso Gear Autositz-Organizer.","robots":{"index":"index","follow":"follow","max-snippet":"max-snippet:-1","max-image-preview":"max-image-preview:large","max-video-preview":"max-video-preview:-1"},"canonical":"https:\/\/marktxxl.de\/markt\/produkt\/lusso-gear-autositz-organizer\/","og_locale":"de_DE","og_type":"article","og_title":"Lusso Gear Autositz-Organizer. - Markt-XXL","og_description":"Markt-XXL Lusso Gear Autositz-Organizer.","og_url":"https:\/\/marktxxl.de\/markt\/produkt\/lusso-gear-autositz-organizer\/","og_site_name":"Markt-XXL","twitter_card":"summary_large_image","twitter_misc":{"Gesch\u00e4tzte Lesezeit":"2\u00a0Minuten"},"schema":{"@context":"https:\/\/schema.org","@graph":[{"@type":"WebPage","@id":"https:\/\/marktxxl.de\/markt\/produkt\/lusso-gear-autositz-organizer\/","url":"https:\/\/marktxxl.de\/markt\/produkt\/lusso-gear-autositz-organizer\/","name":"Lusso Gear Autositz-Organizer. - Markt-XXL","isPartOf":{"@id":"https:\/\/marktxxl.de\/markt\/#website"},"primaryImageOfPage":{"@id":"https:\/\/marktxxl.de\/markt\/produkt\/lusso-gear-autositz-organizer\/#primaryimage"},"image":{"@id":"https:\/\/marktxxl.de\/markt\/produkt\/lusso-gear-autositz-organizer\/#primaryimage"},"thumbnailUrl":"https:\/\/m.media-amazon.com\/images\/I\/513Mo7F7VEL._SL500_.jpg","datePublished":"2024-07-28T12:02:48+00:00","description":"Markt-XXL Lusso Gear Autositz-Organizer.","breadcrumb":{"@id":"https:\/\/marktxxl.de\/markt\/produkt\/lusso-gear-autositz-organizer\/#breadcrumb"},"inLanguage":"de","potentialAction":[{"@type":"ReadAction","target":["https:\/\/marktxxl.de\/markt\/produkt\/lusso-gear-autositz-organizer\/"]}]},{"@type":"ImageObject","inLanguage":"de","@id":"https:\/\/marktxxl.de\/markt\/produkt\/lusso-gear-autositz-organizer\/#primaryimage","url":"https:\/\/m.media-amazon.com\/images\/I\/513Mo7F7VEL._SL500_.jpg","contentUrl":"https:\/\/m.media-amazon.com\/images\/I\/513Mo7F7VEL._SL500_.jpg","width":500,"height":500},{"@type":"BreadcrumbList","@id":"https:\/\/marktxxl.de\/markt\/produkt\/lusso-gear-autositz-organizer\/#breadcrumb","itemListElement":[{"@type":"ListItem","position":1,"name":"Startseite","item":"https:\/\/marktxxl.de\/markt\/"},{"@type":"ListItem","position":2,"name":"Markt","item":"https:\/\/marktxxl.de\/markt\/"},{"@type":"ListItem","position":3,"name":"Lusso Gear Autositz-Organizer."}]},{"@type":"WebSite","@id":"https:\/\/marktxxl.de\/markt\/#website","url":"https:\/\/marktxxl.de\/markt\/","name":"Markt-XXL","description":"Ihr Markt Online","publisher":{"@id":"https:\/\/marktxxl.de\/markt\/#organization"},"potentialAction":[{"@type":"SearchAction","target":{"@type":"EntryPoint","urlTemplate":"https:\/\/marktxxl.de\/markt\/?s={search_term_string}"},"query-input":{"@type":"PropertyValueSpecification","valueRequired":true,"valueName":"search_term_string"}}],"inLanguage":"de"},{"@type":"Organization","@id":"https:\/\/marktxxl.de\/markt\/#organization","name":"Markt-XXL","url":"https:\/\/marktxxl.de\/markt\/","logo":{"@type":"ImageObject","inLanguage":"de","@id":"https:\/\/marktxxl.de\/markt\/#\/schema\/logo\/image\/","url":"https:\/\/marktxxl.de\/markt\/wp-content\/uploads\/sites\/3\/2020\/12\/logo.png","contentUrl":"https:\/\/marktxxl.de\/markt\/wp-content\/uploads\/sites\/3\/2020\/12\/logo.png","width":200,"height":70,"caption":"Markt-XXL"},"image":{"@id":"https:\/\/marktxxl.de\/markt\/#\/schema\/logo\/image\/"}}]}},"_links":{"self":[{"href":"https:\/\/marktxxl.de\/markt\/wp-json\/wp\/v2\/product\/220944","targetHints":{"allow":["GET"]}}],"collection":[{"href":"https:\/\/marktxxl.de\/markt\/wp-json\/wp\/v2\/product"}],"about":[{"href":"https:\/\/marktxxl.de\/markt\/wp-json\/wp\/v2\/types\/product"}],"replies":[{"embeddable":true,"href":"https:\/\/marktxxl.de\/markt\/wp-json\/wp\/v2\/comments?post=220944"}],"wp:featuredmedia":[{"embeddable":true,"href":"https:\/\/marktxxl.de\/markt\/wp-json\/wp\/v2\/media\/220945"}],"wp:attachment":[{"href":"https:\/\/marktxxl.de\/markt\/wp-json\/wp\/v2\/media?parent=220944"}],"wp:term":[{"taxonomy":"product_brand","embeddable":true,"href":"https:\/\/marktxxl.de\/markt\/wp-json\/wp\/v2\/product_brand?post=220944"},{"taxonomy":"product_cat","embeddable":true,"href":"https:\/\/marktxxl.de\/markt\/wp-json\/wp\/v2\/product_cat?post=220944"},{"taxonomy":"product_tag","embeddable":true,"href":"https:\/\/marktxxl.de\/markt\/wp-json\/wp\/v2\/product_tag?post=220944"}],"curies":[{"name":"wp","href":"https:\/\/api.w.org\/{rel}","templated":true}]}}