{"id":220934,"date":"2024-07-28T14:02:41","date_gmt":"2024-07-28T12:02:41","guid":{"rendered":"https:\/\/marktxxl.de\/markt\/produkt\/lusso-gear-ruecksitzspiegel-baby-groesster-und-stabilster-autospiegel-baby-mit-mattierter-oberflaeche-kristallklare-sicht-auf-kind-im-ruecksitz-stabiler-bruchsicherer-spiegel-auto-baby-sch\/"},"modified":"2024-07-28T14:02:41","modified_gmt":"2024-07-28T12:02:41","slug":"lusso-gear-ruecksitzspiegel-baby-groesster-und-stabilster-autospiegel-baby-mit-mattierter-oberflaeche-kristallklare-sicht-auf-kind-im-ruecksitz-stabiler-bruchsicherer-spiegel-auto-baby-sch","status":"publish","type":"product","link":"https:\/\/marktxxl.de\/markt\/produkt\/lusso-gear-ruecksitzspiegel-baby-groesster-und-stabilster-autospiegel-baby-mit-mattierter-oberflaeche-kristallklare-sicht-auf-kind-im-ruecksitz-stabiler-bruchsicherer-spiegel-auto-baby-sch\/","title":{"rendered":"Lusso Gear R\u00fccksitzspiegel Baby | Gr\u00f6\u00dfter und Stabilster Autospiegel Baby mit Mattierter Oberfl\u00e4che, Kristallklare Sicht auf Kind im R\u00fccksitz | Stabiler &amp; Bruchsicherer Spiegel Auto Baby (Schwarz)"},"content":{"rendered":"<p>Behalten Sie Ihren neugeborenen Engel ganz einfach im Auge: Mit diesem sicheren R\u00fccksitz Auto Spiegel f\u00fcr Babys haben Sie Baby und Kindersitz immer im Blick &#8211; auch w\u00e4hrend der Fahrt!<br \/>\nEin Baby Autospiegel, der an Ort und Stelle bleibt: Vergessen Sie Ihre Erfahrungen mit minderwertigem Baby Spiegel Auto Zubeh\u00f6r, das st\u00e4ndig neu eingestellt werden muss und alle paar Minuten aus der Position rutscht. Das einzigartige, sichere Befestigungssystem an diesem R\u00fccksitzspiegel sorgt daf\u00fcr, dass dieser stets an Ort und Stelle bleibt und Sie einen Panoramablick auf Ihr Kind haben!<br \/>\nSchnelle und einfache Installation: Wir wissen, dass f\u00fcr Eltern von Kleinkindern jede Minute z\u00e4hlt. Deshalb haben wir unsere Baby Auto Spiegel so konzipiert, dass sie sich in weniger als einer Minute auf den Sitzen Ihres Fahrzeugs montieren lassen!<br \/>\nHervorragende Qualit\u00e4t und Konstruktion: Die Lusso Gear Baby Autospiegel f\u00fcr R\u00fccksitze werden nur aus den hochwertigsten Materialien hergestellt, einschlie\u00dflich bruchsicherem Glas &#8211; damit Ihre Familie optimal gesch\u00fctzt ist.<br \/>\nZufriedenheitsgarantie: Wir sind uns zu 100% sicher, dass Sie mit Ihrem Auto Baby R\u00fcckspiegel von Lusso Gear zufrieden sein werden. Sollten Sie dennoch einmal unzufrieden sein, lassen Sie es uns bitte wissen, und wir werden gemeinsam mit Ihnen eine L\u00f6sung finden, die Sie zufrieden stellen wird!<br \/>\n<div class=\"main-cross-sell\" data-asin=\"B01N2KASWN\">\n\n\t<div class=\"WooZone-cross-sell-loader\">\n\t\t<div>\n\t\t\t<div id=\"floatingBarsG\">\n\t\t\t\t<div class=\"blockG\" id=\"rotateG_01\"><\/div>\n\t\t\t\t<div class=\"blockG\" id=\"rotateG_02\"><\/div>\n\t\t\t\t<div class=\"blockG\" id=\"rotateG_03\"><\/div>\n\t\t\t\t<div class=\"blockG\" id=\"rotateG_04\"><\/div>\n\t\t\t\t<div class=\"blockG\" id=\"rotateG_05\"><\/div>\n\t\t\t\t<div class=\"blockG\" id=\"rotateG_06\"><\/div>\n\t\t\t\t<div class=\"blockG\" id=\"rotateG_07\"><\/div>\n\t\t\t\t<div class=\"blockG\" id=\"rotateG_08\"><\/div>\n\t\t\t<\/div>\n\t\t\t<div class=\"WooZone-cross-sell-loader-text\"><\/div>\n\t\t<\/div>\n\t<\/div>\n\n\t\t\n<\/div>\n<div style=\"clear:both;\"><\/div><\/p>\n","protected":false},"excerpt":{"rendered":"<p>Behalten Sie Ihren neugeborenen Engel ganz einfach im Auge: Mit diesem sicheren R\u00fccksitz Auto Spiegel f\u00fcr Babys haben Sie Baby und Kindersitz immer im Blick &#8211; auch w\u00e4hrend der Fahrt!<br \/>\nEin Baby Autospiegel, der an Ort und Stelle bleibt: Vergessen Sie Ihre Erfahrungen mit minderwertigem Baby Spiegel Auto Zubeh\u00f6r, das st\u00e4ndig neu eingestellt werden muss und alle paar Minuten aus der Position rutscht. Das einzigartige, sichere Befestigungssystem an diesem R\u00fccksitzspiegel sorgt daf\u00fcr, dass dieser stets an Ort und Stelle bleibt und Sie einen Panoramablick auf Ihr Kind haben!<br \/>\nSchnelle und einfache Installation: Wir wissen, dass f\u00fcr Eltern von Kleinkindern jede Minute z\u00e4hlt. Deshalb haben wir unsere Baby Auto Spiegel so konzipiert, dass sie sich in weniger als einer Minute auf den Sitzen Ihres Fahrzeugs montieren lassen!<\/p>\n","protected":false},"featured_media":220935,"comment_status":"open","ping_status":"closed","template":"","meta":[],"product_brand":[],"product_cat":[8765,21],"product_tag":[],"class_list":{"0":"post-220934","1":"product","2":"type-product","3":"status-publish","4":"has-post-thumbnail","6":"product_cat-autositze-zubehoer-baby","7":"product_cat-baby","8":"pa_binding-babyartikel","9":"pa_brand-lusso-gear","10":"pa_color-black","11":"pa_height-3-7007873978-zoll","12":"pa_length-11-6141732165-zoll","13":"pa_manufacturer-niyps","14":"pa_model-bbm-black","15":"pa_weight-1-3-pfund","16":"pa_width-9-4881889667-zoll","18":"first","19":"instock","20":"shipping-taxable","21":"purchasable","22":"product-type-simple","23":"customify-col","24":"product-has-gallery"},"yoast_head":"<!-- This site is optimized with the Yoast SEO plugin v27.4 - https:\/\/yoast.com\/product\/yoast-seo-wordpress\/ -->\n<title>Lusso Gear R\u00fccksitzspiegel Baby | Gr\u00f6\u00dfter und Stabilster Autospiegel Baby mit Mattierter Oberfl\u00e4che, Kristallklare Sicht auf Kind im R\u00fccksitz | Stabiler &amp; Bruchsicherer Spiegel Auto Baby (Schwarz) - Markt-XXL<\/title>\n<meta name=\"description\" content=\"Markt-XXL Lusso Gear R\u00fccksitzspiegel Baby | Gr\u00f6\u00dfter und Stabilster Autospiegel Baby mit Mattierter Oberfl\u00e4che, Kristallklare Sicht auf Kind im R\u00fccksitz | Stabiler &amp; Bruchsicherer Spiegel Auto Baby (Schwarz)\" \/>\n<meta name=\"robots\" content=\"index, follow, max-snippet:-1, max-image-preview:large, max-video-preview:-1\" \/>\n<link rel=\"canonical\" href=\"https:\/\/marktxxl.de\/markt\/produkt\/lusso-gear-ruecksitzspiegel-baby-groesster-und-stabilster-autospiegel-baby-mit-mattierter-oberflaeche-kristallklare-sicht-auf-kind-im-ruecksitz-stabiler-bruchsicherer-spiegel-auto-baby-sch\/\" \/>\n<meta property=\"og:locale\" content=\"de_DE\" \/>\n<meta property=\"og:type\" content=\"article\" \/>\n<meta property=\"og:title\" content=\"Lusso Gear R\u00fccksitzspiegel Baby | Gr\u00f6\u00dfter und Stabilster Autospiegel Baby mit Mattierter Oberfl\u00e4che, Kristallklare Sicht auf Kind im R\u00fccksitz | Stabiler &amp; Bruchsicherer Spiegel Auto Baby (Schwarz) - Markt-XXL\" \/>\n<meta property=\"og:description\" content=\"Markt-XXL Lusso Gear R\u00fccksitzspiegel Baby | Gr\u00f6\u00dfter und Stabilster Autospiegel Baby mit Mattierter Oberfl\u00e4che, Kristallklare Sicht auf Kind im R\u00fccksitz | Stabiler &amp; Bruchsicherer Spiegel Auto Baby (Schwarz)\" \/>\n<meta property=\"og:url\" content=\"https:\/\/marktxxl.de\/markt\/produkt\/lusso-gear-ruecksitzspiegel-baby-groesster-und-stabilster-autospiegel-baby-mit-mattierter-oberflaeche-kristallklare-sicht-auf-kind-im-ruecksitz-stabiler-bruchsicherer-spiegel-auto-baby-sch\/\" \/>\n<meta property=\"og:site_name\" content=\"Markt-XXL\" \/>\n<meta name=\"twitter:card\" content=\"summary_large_image\" \/>\n<meta name=\"twitter:label1\" content=\"Gesch\u00e4tzte Lesezeit\" \/>\n\t<meta name=\"twitter:data1\" content=\"1\u00a0Minute\" \/>\n<script type=\"application\/ld+json\" class=\"yoast-schema-graph\">{\"@context\":\"https:\\\/\\\/schema.org\",\"@graph\":[{\"@type\":\"WebPage\",\"@id\":\"https:\\\/\\\/marktxxl.de\\\/markt\\\/produkt\\\/lusso-gear-ruecksitzspiegel-baby-groesster-und-stabilster-autospiegel-baby-mit-mattierter-oberflaeche-kristallklare-sicht-auf-kind-im-ruecksitz-stabiler-bruchsicherer-spiegel-auto-baby-sch\\\/\",\"url\":\"https:\\\/\\\/marktxxl.de\\\/markt\\\/produkt\\\/lusso-gear-ruecksitzspiegel-baby-groesster-und-stabilster-autospiegel-baby-mit-mattierter-oberflaeche-kristallklare-sicht-auf-kind-im-ruecksitz-stabiler-bruchsicherer-spiegel-auto-baby-sch\\\/\",\"name\":\"Lusso Gear R\u00fccksitzspiegel Baby | Gr\u00f6\u00dfter und Stabilster Autospiegel Baby mit Mattierter Oberfl\u00e4che, Kristallklare Sicht auf Kind im R\u00fccksitz | Stabiler &amp; Bruchsicherer Spiegel Auto Baby (Schwarz) - Markt-XXL\",\"isPartOf\":{\"@id\":\"https:\\\/\\\/marktxxl.de\\\/markt\\\/#website\"},\"primaryImageOfPage\":{\"@id\":\"https:\\\/\\\/marktxxl.de\\\/markt\\\/produkt\\\/lusso-gear-ruecksitzspiegel-baby-groesster-und-stabilster-autospiegel-baby-mit-mattierter-oberflaeche-kristallklare-sicht-auf-kind-im-ruecksitz-stabiler-bruchsicherer-spiegel-auto-baby-sch\\\/#primaryimage\"},\"image\":{\"@id\":\"https:\\\/\\\/marktxxl.de\\\/markt\\\/produkt\\\/lusso-gear-ruecksitzspiegel-baby-groesster-und-stabilster-autospiegel-baby-mit-mattierter-oberflaeche-kristallklare-sicht-auf-kind-im-ruecksitz-stabiler-bruchsicherer-spiegel-auto-baby-sch\\\/#primaryimage\"},\"thumbnailUrl\":\"https:\\\/\\\/m.media-amazon.com\\\/images\\\/I\\\/41pCfUaz5rL._SL500_.jpg\",\"datePublished\":\"2024-07-28T12:02:41+00:00\",\"description\":\"Markt-XXL Lusso Gear R\u00fccksitzspiegel Baby | Gr\u00f6\u00dfter und Stabilster Autospiegel Baby mit Mattierter Oberfl\u00e4che, Kristallklare Sicht auf Kind im R\u00fccksitz | Stabiler &amp; Bruchsicherer Spiegel Auto Baby (Schwarz)\",\"breadcrumb\":{\"@id\":\"https:\\\/\\\/marktxxl.de\\\/markt\\\/produkt\\\/lusso-gear-ruecksitzspiegel-baby-groesster-und-stabilster-autospiegel-baby-mit-mattierter-oberflaeche-kristallklare-sicht-auf-kind-im-ruecksitz-stabiler-bruchsicherer-spiegel-auto-baby-sch\\\/#breadcrumb\"},\"inLanguage\":\"de\",\"potentialAction\":[{\"@type\":\"ReadAction\",\"target\":[\"https:\\\/\\\/marktxxl.de\\\/markt\\\/produkt\\\/lusso-gear-ruecksitzspiegel-baby-groesster-und-stabilster-autospiegel-baby-mit-mattierter-oberflaeche-kristallklare-sicht-auf-kind-im-ruecksitz-stabiler-bruchsicherer-spiegel-auto-baby-sch\\\/\"]}]},{\"@type\":\"ImageObject\",\"inLanguage\":\"de\",\"@id\":\"https:\\\/\\\/marktxxl.de\\\/markt\\\/produkt\\\/lusso-gear-ruecksitzspiegel-baby-groesster-und-stabilster-autospiegel-baby-mit-mattierter-oberflaeche-kristallklare-sicht-auf-kind-im-ruecksitz-stabiler-bruchsicherer-spiegel-auto-baby-sch\\\/#primaryimage\",\"url\":\"https:\\\/\\\/m.media-amazon.com\\\/images\\\/I\\\/41pCfUaz5rL._SL500_.jpg\",\"contentUrl\":\"https:\\\/\\\/m.media-amazon.com\\\/images\\\/I\\\/41pCfUaz5rL._SL500_.jpg\",\"width\":500,\"height\":500},{\"@type\":\"BreadcrumbList\",\"@id\":\"https:\\\/\\\/marktxxl.de\\\/markt\\\/produkt\\\/lusso-gear-ruecksitzspiegel-baby-groesster-und-stabilster-autospiegel-baby-mit-mattierter-oberflaeche-kristallklare-sicht-auf-kind-im-ruecksitz-stabiler-bruchsicherer-spiegel-auto-baby-sch\\\/#breadcrumb\",\"itemListElement\":[{\"@type\":\"ListItem\",\"position\":1,\"name\":\"Startseite\",\"item\":\"https:\\\/\\\/marktxxl.de\\\/markt\\\/\"},{\"@type\":\"ListItem\",\"position\":2,\"name\":\"Markt\",\"item\":\"https:\\\/\\\/marktxxl.de\\\/markt\\\/\"},{\"@type\":\"ListItem\",\"position\":3,\"name\":\"Lusso Gear R\u00fccksitzspiegel Baby | Gr\u00f6\u00dfter und Stabilster Autospiegel Baby mit Mattierter Oberfl\u00e4che, Kristallklare Sicht auf Kind im R\u00fccksitz | Stabiler &amp; Bruchsicherer Spiegel Auto Baby (Schwarz)\"}]},{\"@type\":\"WebSite\",\"@id\":\"https:\\\/\\\/marktxxl.de\\\/markt\\\/#website\",\"url\":\"https:\\\/\\\/marktxxl.de\\\/markt\\\/\",\"name\":\"Markt-XXL\",\"description\":\"Ihr Markt Online\",\"publisher\":{\"@id\":\"https:\\\/\\\/marktxxl.de\\\/markt\\\/#organization\"},\"potentialAction\":[{\"@type\":\"SearchAction\",\"target\":{\"@type\":\"EntryPoint\",\"urlTemplate\":\"https:\\\/\\\/marktxxl.de\\\/markt\\\/?s={search_term_string}\"},\"query-input\":{\"@type\":\"PropertyValueSpecification\",\"valueRequired\":true,\"valueName\":\"search_term_string\"}}],\"inLanguage\":\"de\"},{\"@type\":\"Organization\",\"@id\":\"https:\\\/\\\/marktxxl.de\\\/markt\\\/#organization\",\"name\":\"Markt-XXL\",\"url\":\"https:\\\/\\\/marktxxl.de\\\/markt\\\/\",\"logo\":{\"@type\":\"ImageObject\",\"inLanguage\":\"de\",\"@id\":\"https:\\\/\\\/marktxxl.de\\\/markt\\\/#\\\/schema\\\/logo\\\/image\\\/\",\"url\":\"https:\\\/\\\/marktxxl.de\\\/markt\\\/wp-content\\\/uploads\\\/sites\\\/3\\\/2020\\\/12\\\/logo.png\",\"contentUrl\":\"https:\\\/\\\/marktxxl.de\\\/markt\\\/wp-content\\\/uploads\\\/sites\\\/3\\\/2020\\\/12\\\/logo.png\",\"width\":200,\"height\":70,\"caption\":\"Markt-XXL\"},\"image\":{\"@id\":\"https:\\\/\\\/marktxxl.de\\\/markt\\\/#\\\/schema\\\/logo\\\/image\\\/\"}}]}<\/script>\n<!-- \/ Yoast SEO plugin. -->","yoast_head_json":{"title":"Lusso Gear R\u00fccksitzspiegel Baby | Gr\u00f6\u00dfter und Stabilster Autospiegel Baby mit Mattierter Oberfl\u00e4che, Kristallklare Sicht auf Kind im R\u00fccksitz | Stabiler &amp; Bruchsicherer Spiegel Auto Baby (Schwarz) - Markt-XXL","description":"Markt-XXL Lusso Gear R\u00fccksitzspiegel Baby | Gr\u00f6\u00dfter und Stabilster Autospiegel Baby mit Mattierter Oberfl\u00e4che, Kristallklare Sicht auf Kind im R\u00fccksitz | Stabiler &amp; Bruchsicherer Spiegel Auto Baby (Schwarz)","robots":{"index":"index","follow":"follow","max-snippet":"max-snippet:-1","max-image-preview":"max-image-preview:large","max-video-preview":"max-video-preview:-1"},"canonical":"https:\/\/marktxxl.de\/markt\/produkt\/lusso-gear-ruecksitzspiegel-baby-groesster-und-stabilster-autospiegel-baby-mit-mattierter-oberflaeche-kristallklare-sicht-auf-kind-im-ruecksitz-stabiler-bruchsicherer-spiegel-auto-baby-sch\/","og_locale":"de_DE","og_type":"article","og_title":"Lusso Gear R\u00fccksitzspiegel Baby | Gr\u00f6\u00dfter und Stabilster Autospiegel Baby mit Mattierter Oberfl\u00e4che, Kristallklare Sicht auf Kind im R\u00fccksitz | Stabiler &amp; Bruchsicherer Spiegel Auto Baby (Schwarz) - Markt-XXL","og_description":"Markt-XXL Lusso Gear R\u00fccksitzspiegel Baby | Gr\u00f6\u00dfter und Stabilster Autospiegel Baby mit Mattierter Oberfl\u00e4che, Kristallklare Sicht auf Kind im R\u00fccksitz | Stabiler &amp; Bruchsicherer Spiegel Auto Baby (Schwarz)","og_url":"https:\/\/marktxxl.de\/markt\/produkt\/lusso-gear-ruecksitzspiegel-baby-groesster-und-stabilster-autospiegel-baby-mit-mattierter-oberflaeche-kristallklare-sicht-auf-kind-im-ruecksitz-stabiler-bruchsicherer-spiegel-auto-baby-sch\/","og_site_name":"Markt-XXL","twitter_card":"summary_large_image","twitter_misc":{"Gesch\u00e4tzte Lesezeit":"1\u00a0Minute"},"schema":{"@context":"https:\/\/schema.org","@graph":[{"@type":"WebPage","@id":"https:\/\/marktxxl.de\/markt\/produkt\/lusso-gear-ruecksitzspiegel-baby-groesster-und-stabilster-autospiegel-baby-mit-mattierter-oberflaeche-kristallklare-sicht-auf-kind-im-ruecksitz-stabiler-bruchsicherer-spiegel-auto-baby-sch\/","url":"https:\/\/marktxxl.de\/markt\/produkt\/lusso-gear-ruecksitzspiegel-baby-groesster-und-stabilster-autospiegel-baby-mit-mattierter-oberflaeche-kristallklare-sicht-auf-kind-im-ruecksitz-stabiler-bruchsicherer-spiegel-auto-baby-sch\/","name":"Lusso Gear R\u00fccksitzspiegel Baby | Gr\u00f6\u00dfter und Stabilster Autospiegel Baby mit Mattierter Oberfl\u00e4che, Kristallklare Sicht auf Kind im R\u00fccksitz | Stabiler &amp; Bruchsicherer Spiegel Auto Baby (Schwarz) - Markt-XXL","isPartOf":{"@id":"https:\/\/marktxxl.de\/markt\/#website"},"primaryImageOfPage":{"@id":"https:\/\/marktxxl.de\/markt\/produkt\/lusso-gear-ruecksitzspiegel-baby-groesster-und-stabilster-autospiegel-baby-mit-mattierter-oberflaeche-kristallklare-sicht-auf-kind-im-ruecksitz-stabiler-bruchsicherer-spiegel-auto-baby-sch\/#primaryimage"},"image":{"@id":"https:\/\/marktxxl.de\/markt\/produkt\/lusso-gear-ruecksitzspiegel-baby-groesster-und-stabilster-autospiegel-baby-mit-mattierter-oberflaeche-kristallklare-sicht-auf-kind-im-ruecksitz-stabiler-bruchsicherer-spiegel-auto-baby-sch\/#primaryimage"},"thumbnailUrl":"https:\/\/m.media-amazon.com\/images\/I\/41pCfUaz5rL._SL500_.jpg","datePublished":"2024-07-28T12:02:41+00:00","description":"Markt-XXL Lusso Gear R\u00fccksitzspiegel Baby | Gr\u00f6\u00dfter und Stabilster Autospiegel Baby mit Mattierter Oberfl\u00e4che, Kristallklare Sicht auf Kind im R\u00fccksitz | Stabiler &amp; Bruchsicherer Spiegel Auto Baby (Schwarz)","breadcrumb":{"@id":"https:\/\/marktxxl.de\/markt\/produkt\/lusso-gear-ruecksitzspiegel-baby-groesster-und-stabilster-autospiegel-baby-mit-mattierter-oberflaeche-kristallklare-sicht-auf-kind-im-ruecksitz-stabiler-bruchsicherer-spiegel-auto-baby-sch\/#breadcrumb"},"inLanguage":"de","potentialAction":[{"@type":"ReadAction","target":["https:\/\/marktxxl.de\/markt\/produkt\/lusso-gear-ruecksitzspiegel-baby-groesster-und-stabilster-autospiegel-baby-mit-mattierter-oberflaeche-kristallklare-sicht-auf-kind-im-ruecksitz-stabiler-bruchsicherer-spiegel-auto-baby-sch\/"]}]},{"@type":"ImageObject","inLanguage":"de","@id":"https:\/\/marktxxl.de\/markt\/produkt\/lusso-gear-ruecksitzspiegel-baby-groesster-und-stabilster-autospiegel-baby-mit-mattierter-oberflaeche-kristallklare-sicht-auf-kind-im-ruecksitz-stabiler-bruchsicherer-spiegel-auto-baby-sch\/#primaryimage","url":"https:\/\/m.media-amazon.com\/images\/I\/41pCfUaz5rL._SL500_.jpg","contentUrl":"https:\/\/m.media-amazon.com\/images\/I\/41pCfUaz5rL._SL500_.jpg","width":500,"height":500},{"@type":"BreadcrumbList","@id":"https:\/\/marktxxl.de\/markt\/produkt\/lusso-gear-ruecksitzspiegel-baby-groesster-und-stabilster-autospiegel-baby-mit-mattierter-oberflaeche-kristallklare-sicht-auf-kind-im-ruecksitz-stabiler-bruchsicherer-spiegel-auto-baby-sch\/#breadcrumb","itemListElement":[{"@type":"ListItem","position":1,"name":"Startseite","item":"https:\/\/marktxxl.de\/markt\/"},{"@type":"ListItem","position":2,"name":"Markt","item":"https:\/\/marktxxl.de\/markt\/"},{"@type":"ListItem","position":3,"name":"Lusso Gear R\u00fccksitzspiegel Baby | Gr\u00f6\u00dfter und Stabilster Autospiegel Baby mit Mattierter Oberfl\u00e4che, Kristallklare Sicht auf Kind im R\u00fccksitz | Stabiler &amp; Bruchsicherer Spiegel Auto Baby (Schwarz)"}]},{"@type":"WebSite","@id":"https:\/\/marktxxl.de\/markt\/#website","url":"https:\/\/marktxxl.de\/markt\/","name":"Markt-XXL","description":"Ihr Markt Online","publisher":{"@id":"https:\/\/marktxxl.de\/markt\/#organization"},"potentialAction":[{"@type":"SearchAction","target":{"@type":"EntryPoint","urlTemplate":"https:\/\/marktxxl.de\/markt\/?s={search_term_string}"},"query-input":{"@type":"PropertyValueSpecification","valueRequired":true,"valueName":"search_term_string"}}],"inLanguage":"de"},{"@type":"Organization","@id":"https:\/\/marktxxl.de\/markt\/#organization","name":"Markt-XXL","url":"https:\/\/marktxxl.de\/markt\/","logo":{"@type":"ImageObject","inLanguage":"de","@id":"https:\/\/marktxxl.de\/markt\/#\/schema\/logo\/image\/","url":"https:\/\/marktxxl.de\/markt\/wp-content\/uploads\/sites\/3\/2020\/12\/logo.png","contentUrl":"https:\/\/marktxxl.de\/markt\/wp-content\/uploads\/sites\/3\/2020\/12\/logo.png","width":200,"height":70,"caption":"Markt-XXL"},"image":{"@id":"https:\/\/marktxxl.de\/markt\/#\/schema\/logo\/image\/"}}]}},"_links":{"self":[{"href":"https:\/\/marktxxl.de\/markt\/wp-json\/wp\/v2\/product\/220934","targetHints":{"allow":["GET"]}}],"collection":[{"href":"https:\/\/marktxxl.de\/markt\/wp-json\/wp\/v2\/product"}],"about":[{"href":"https:\/\/marktxxl.de\/markt\/wp-json\/wp\/v2\/types\/product"}],"replies":[{"embeddable":true,"href":"https:\/\/marktxxl.de\/markt\/wp-json\/wp\/v2\/comments?post=220934"}],"wp:featuredmedia":[{"embeddable":true,"href":"https:\/\/marktxxl.de\/markt\/wp-json\/wp\/v2\/media\/220935"}],"wp:attachment":[{"href":"https:\/\/marktxxl.de\/markt\/wp-json\/wp\/v2\/media?parent=220934"}],"wp:term":[{"taxonomy":"product_brand","embeddable":true,"href":"https:\/\/marktxxl.de\/markt\/wp-json\/wp\/v2\/product_brand?post=220934"},{"taxonomy":"product_cat","embeddable":true,"href":"https:\/\/marktxxl.de\/markt\/wp-json\/wp\/v2\/product_cat?post=220934"},{"taxonomy":"product_tag","embeddable":true,"href":"https:\/\/marktxxl.de\/markt\/wp-json\/wp\/v2\/product_tag?post=220934"}],"curies":[{"name":"wp","href":"https:\/\/api.w.org\/{rel}","templated":true}]}}