{"id":220379,"date":"2024-07-28T12:46:40","date_gmt":"2024-07-28T10:46:40","guid":{"rendered":"https:\/\/marktxxl.de\/markt\/produkt\/yygmss-brautstrumpfband-mit-schleife-gummiband-stretch-hochzeitsstrumpfband-set-violett\/"},"modified":"2024-07-28T12:46:40","modified_gmt":"2024-07-28T10:46:40","slug":"yygmss-brautstrumpfband-mit-schleife-gummiband-stretch-hochzeitsstrumpfband-set-violett","status":"publish","type":"product","link":"https:\/\/marktxxl.de\/markt\/produkt\/yygmss-brautstrumpfband-mit-schleife-gummiband-stretch-hochzeitsstrumpfband-set-violett\/","title":{"rendered":"YYGMSS Brautstrumpfband mit Schleife Gummiband Stretch Hochzeitsstrumpfband Set Violett"},"content":{"rendered":"<p>Stil: Dieses Hochzeitsstrumpfband-Set ist mit romantischer Schleife verziert mit Perlendekorations-Design, machen Sie mehr brillant in Ihrem gro\u00dfen Tag.<br \/>\nMaterial: Diese Brautstrumpfb\u00e4nder sind aus gutem Satin und elastischem Band. Die Oberfl\u00e4che ist weich und elastisch, macht Sie bequemer.<br \/>\nSpezifikation: Diese violetten Strumpfb\u00e4nder haben ein elastisches Design. Eine Gr\u00f6\u00dfe passt mehr Seine L\u00e4nge betr\u00e4gt 34 cm, geeignet f\u00fcr 15-23 Zoll.<br \/>\nRomantisches Design: Dieses Strumpfhalter-Set enth\u00e4lt zwei Teile, eine kann als Strumpfband verwendet werden, und das andere kann als Andenken f\u00fcr die Hochzeit verwendet werden.<br \/>\n\u3010Spezielles Geschenk\u3011Dieses Strumpfhalter-Set kann als sch\u00f6nes Geschenk f\u00fcr Junggesellenabschiede, Tanz, Party usw. verwendet werden.<br \/>\n<div class=\"main-cross-sell\" data-asin=\"B0991C93SW\">\n\n\t<div class=\"WooZone-cross-sell-loader\">\n\t\t<div>\n\t\t\t<div id=\"floatingBarsG\">\n\t\t\t\t<div class=\"blockG\" id=\"rotateG_01\"><\/div>\n\t\t\t\t<div class=\"blockG\" id=\"rotateG_02\"><\/div>\n\t\t\t\t<div class=\"blockG\" id=\"rotateG_03\"><\/div>\n\t\t\t\t<div class=\"blockG\" id=\"rotateG_04\"><\/div>\n\t\t\t\t<div class=\"blockG\" id=\"rotateG_05\"><\/div>\n\t\t\t\t<div class=\"blockG\" id=\"rotateG_06\"><\/div>\n\t\t\t\t<div class=\"blockG\" id=\"rotateG_07\"><\/div>\n\t\t\t\t<div class=\"blockG\" id=\"rotateG_08\"><\/div>\n\t\t\t<\/div>\n\t\t\t<div class=\"WooZone-cross-sell-loader-text\"><\/div>\n\t\t<\/div>\n\t<\/div>\n\n\t\t\n<\/div>\n<div style=\"clear:both;\"><\/div><\/p>\n","protected":false},"excerpt":{"rendered":"<p>Stil: Dieses Hochzeitsstrumpfband-Set ist mit romantischer Schleife verziert mit Perlendekorations-Design, machen Sie mehr brillant in Ihrem gro\u00dfen Tag.<br \/>\nMaterial: Diese Brautstrumpfb\u00e4nder sind aus gutem Satin und elastischem Band. Die Oberfl\u00e4che ist weich und elastisch, macht Sie bequemer.<br \/>\nSpezifikation: Diese violetten Strumpfb\u00e4nder haben ein elastisches Design. Eine Gr\u00f6\u00dfe passt mehr Seine L\u00e4nge betr\u00e4gt 34 cm, geeignet f\u00fcr 15-23 Zoll.<\/p>\n","protected":false},"featured_media":220380,"comment_status":"open","ping_status":"closed","template":"","meta":[],"product_brand":[],"product_cat":[652],"product_tag":[],"class_list":{"0":"post-220379","1":"product","2":"type-product","3":"status-publish","4":"has-post-thumbnail","6":"product_cat-erotik-markt-xxl","7":"pa_binding-textilien","8":"pa_brand-yygmss","9":"pa_color-violett","10":"pa_height-0-9842519675-zoll","11":"pa_length-7-2834645595-zoll","12":"pa_manufacturer-gmss","13":"pa_model-wedding-garter-purple","14":"pa_size-einheitsgroesse","15":"pa_width-2-755905509-zoll","17":"first","18":"instock","19":"shipping-taxable","20":"purchasable","21":"product-type-simple","22":"customify-col","23":"product-has-gallery"},"yoast_head":"<!-- This site is optimized with the Yoast SEO plugin v27.4 - https:\/\/yoast.com\/product\/yoast-seo-wordpress\/ -->\n<title>YYGMSS Brautstrumpfband mit Schleife Gummiband Stretch Hochzeitsstrumpfband Set Violett - Markt-XXL<\/title>\n<meta name=\"description\" content=\"Markt-XXL YYGMSS Brautstrumpfband mit Schleife Gummiband Stretch Hochzeitsstrumpfband Set Violett\" \/>\n<meta name=\"robots\" content=\"index, follow, max-snippet:-1, max-image-preview:large, max-video-preview:-1\" \/>\n<link rel=\"canonical\" href=\"https:\/\/marktxxl.de\/markt\/produkt\/yygmss-brautstrumpfband-mit-schleife-gummiband-stretch-hochzeitsstrumpfband-set-violett\/\" \/>\n<meta property=\"og:locale\" content=\"de_DE\" \/>\n<meta property=\"og:type\" content=\"article\" \/>\n<meta property=\"og:title\" content=\"YYGMSS Brautstrumpfband mit Schleife Gummiband Stretch Hochzeitsstrumpfband Set Violett - Markt-XXL\" \/>\n<meta property=\"og:description\" content=\"Markt-XXL YYGMSS Brautstrumpfband mit Schleife Gummiband Stretch Hochzeitsstrumpfband Set Violett\" \/>\n<meta property=\"og:url\" content=\"https:\/\/marktxxl.de\/markt\/produkt\/yygmss-brautstrumpfband-mit-schleife-gummiband-stretch-hochzeitsstrumpfband-set-violett\/\" \/>\n<meta property=\"og:site_name\" content=\"Markt-XXL\" \/>\n<meta name=\"twitter:card\" content=\"summary_large_image\" \/>\n<meta name=\"twitter:label1\" content=\"Gesch\u00e4tzte Lesezeit\" \/>\n\t<meta name=\"twitter:data1\" content=\"1\u00a0Minute\" \/>\n<script type=\"application\/ld+json\" class=\"yoast-schema-graph\">{\"@context\":\"https:\\\/\\\/schema.org\",\"@graph\":[{\"@type\":\"WebPage\",\"@id\":\"https:\\\/\\\/marktxxl.de\\\/markt\\\/produkt\\\/yygmss-brautstrumpfband-mit-schleife-gummiband-stretch-hochzeitsstrumpfband-set-violett\\\/\",\"url\":\"https:\\\/\\\/marktxxl.de\\\/markt\\\/produkt\\\/yygmss-brautstrumpfband-mit-schleife-gummiband-stretch-hochzeitsstrumpfband-set-violett\\\/\",\"name\":\"YYGMSS Brautstrumpfband mit Schleife Gummiband Stretch Hochzeitsstrumpfband Set Violett - Markt-XXL\",\"isPartOf\":{\"@id\":\"https:\\\/\\\/marktxxl.de\\\/markt\\\/#website\"},\"primaryImageOfPage\":{\"@id\":\"https:\\\/\\\/marktxxl.de\\\/markt\\\/produkt\\\/yygmss-brautstrumpfband-mit-schleife-gummiband-stretch-hochzeitsstrumpfband-set-violett\\\/#primaryimage\"},\"image\":{\"@id\":\"https:\\\/\\\/marktxxl.de\\\/markt\\\/produkt\\\/yygmss-brautstrumpfband-mit-schleife-gummiband-stretch-hochzeitsstrumpfband-set-violett\\\/#primaryimage\"},\"thumbnailUrl\":\"https:\\\/\\\/m.media-amazon.com\\\/images\\\/I\\\/41FUrE4zf-L._SL500_.jpg\",\"datePublished\":\"2024-07-28T10:46:40+00:00\",\"description\":\"Markt-XXL YYGMSS Brautstrumpfband mit Schleife Gummiband Stretch Hochzeitsstrumpfband Set Violett\",\"breadcrumb\":{\"@id\":\"https:\\\/\\\/marktxxl.de\\\/markt\\\/produkt\\\/yygmss-brautstrumpfband-mit-schleife-gummiband-stretch-hochzeitsstrumpfband-set-violett\\\/#breadcrumb\"},\"inLanguage\":\"de\",\"potentialAction\":[{\"@type\":\"ReadAction\",\"target\":[\"https:\\\/\\\/marktxxl.de\\\/markt\\\/produkt\\\/yygmss-brautstrumpfband-mit-schleife-gummiband-stretch-hochzeitsstrumpfband-set-violett\\\/\"]}]},{\"@type\":\"ImageObject\",\"inLanguage\":\"de\",\"@id\":\"https:\\\/\\\/marktxxl.de\\\/markt\\\/produkt\\\/yygmss-brautstrumpfband-mit-schleife-gummiband-stretch-hochzeitsstrumpfband-set-violett\\\/#primaryimage\",\"url\":\"https:\\\/\\\/m.media-amazon.com\\\/images\\\/I\\\/41FUrE4zf-L._SL500_.jpg\",\"contentUrl\":\"https:\\\/\\\/m.media-amazon.com\\\/images\\\/I\\\/41FUrE4zf-L._SL500_.jpg\",\"width\":500,\"height\":500},{\"@type\":\"BreadcrumbList\",\"@id\":\"https:\\\/\\\/marktxxl.de\\\/markt\\\/produkt\\\/yygmss-brautstrumpfband-mit-schleife-gummiband-stretch-hochzeitsstrumpfband-set-violett\\\/#breadcrumb\",\"itemListElement\":[{\"@type\":\"ListItem\",\"position\":1,\"name\":\"Startseite\",\"item\":\"https:\\\/\\\/marktxxl.de\\\/markt\\\/\"},{\"@type\":\"ListItem\",\"position\":2,\"name\":\"Markt\",\"item\":\"https:\\\/\\\/marktxxl.de\\\/markt\\\/\"},{\"@type\":\"ListItem\",\"position\":3,\"name\":\"YYGMSS Brautstrumpfband mit Schleife Gummiband Stretch Hochzeitsstrumpfband Set Violett\"}]},{\"@type\":\"WebSite\",\"@id\":\"https:\\\/\\\/marktxxl.de\\\/markt\\\/#website\",\"url\":\"https:\\\/\\\/marktxxl.de\\\/markt\\\/\",\"name\":\"Markt-XXL\",\"description\":\"Ihr Markt Online\",\"publisher\":{\"@id\":\"https:\\\/\\\/marktxxl.de\\\/markt\\\/#organization\"},\"potentialAction\":[{\"@type\":\"SearchAction\",\"target\":{\"@type\":\"EntryPoint\",\"urlTemplate\":\"https:\\\/\\\/marktxxl.de\\\/markt\\\/?s={search_term_string}\"},\"query-input\":{\"@type\":\"PropertyValueSpecification\",\"valueRequired\":true,\"valueName\":\"search_term_string\"}}],\"inLanguage\":\"de\"},{\"@type\":\"Organization\",\"@id\":\"https:\\\/\\\/marktxxl.de\\\/markt\\\/#organization\",\"name\":\"Markt-XXL\",\"url\":\"https:\\\/\\\/marktxxl.de\\\/markt\\\/\",\"logo\":{\"@type\":\"ImageObject\",\"inLanguage\":\"de\",\"@id\":\"https:\\\/\\\/marktxxl.de\\\/markt\\\/#\\\/schema\\\/logo\\\/image\\\/\",\"url\":\"https:\\\/\\\/marktxxl.de\\\/markt\\\/wp-content\\\/uploads\\\/sites\\\/3\\\/2020\\\/12\\\/logo.png\",\"contentUrl\":\"https:\\\/\\\/marktxxl.de\\\/markt\\\/wp-content\\\/uploads\\\/sites\\\/3\\\/2020\\\/12\\\/logo.png\",\"width\":200,\"height\":70,\"caption\":\"Markt-XXL\"},\"image\":{\"@id\":\"https:\\\/\\\/marktxxl.de\\\/markt\\\/#\\\/schema\\\/logo\\\/image\\\/\"}}]}<\/script>\n<!-- \/ Yoast SEO plugin. -->","yoast_head_json":{"title":"YYGMSS Brautstrumpfband mit Schleife Gummiband Stretch Hochzeitsstrumpfband Set Violett - Markt-XXL","description":"Markt-XXL YYGMSS Brautstrumpfband mit Schleife Gummiband Stretch Hochzeitsstrumpfband Set Violett","robots":{"index":"index","follow":"follow","max-snippet":"max-snippet:-1","max-image-preview":"max-image-preview:large","max-video-preview":"max-video-preview:-1"},"canonical":"https:\/\/marktxxl.de\/markt\/produkt\/yygmss-brautstrumpfband-mit-schleife-gummiband-stretch-hochzeitsstrumpfband-set-violett\/","og_locale":"de_DE","og_type":"article","og_title":"YYGMSS Brautstrumpfband mit Schleife Gummiband Stretch Hochzeitsstrumpfband Set Violett - Markt-XXL","og_description":"Markt-XXL YYGMSS Brautstrumpfband mit Schleife Gummiband Stretch Hochzeitsstrumpfband Set Violett","og_url":"https:\/\/marktxxl.de\/markt\/produkt\/yygmss-brautstrumpfband-mit-schleife-gummiband-stretch-hochzeitsstrumpfband-set-violett\/","og_site_name":"Markt-XXL","twitter_card":"summary_large_image","twitter_misc":{"Gesch\u00e4tzte Lesezeit":"1\u00a0Minute"},"schema":{"@context":"https:\/\/schema.org","@graph":[{"@type":"WebPage","@id":"https:\/\/marktxxl.de\/markt\/produkt\/yygmss-brautstrumpfband-mit-schleife-gummiband-stretch-hochzeitsstrumpfband-set-violett\/","url":"https:\/\/marktxxl.de\/markt\/produkt\/yygmss-brautstrumpfband-mit-schleife-gummiband-stretch-hochzeitsstrumpfband-set-violett\/","name":"YYGMSS Brautstrumpfband mit Schleife Gummiband Stretch Hochzeitsstrumpfband Set Violett - Markt-XXL","isPartOf":{"@id":"https:\/\/marktxxl.de\/markt\/#website"},"primaryImageOfPage":{"@id":"https:\/\/marktxxl.de\/markt\/produkt\/yygmss-brautstrumpfband-mit-schleife-gummiband-stretch-hochzeitsstrumpfband-set-violett\/#primaryimage"},"image":{"@id":"https:\/\/marktxxl.de\/markt\/produkt\/yygmss-brautstrumpfband-mit-schleife-gummiband-stretch-hochzeitsstrumpfband-set-violett\/#primaryimage"},"thumbnailUrl":"https:\/\/m.media-amazon.com\/images\/I\/41FUrE4zf-L._SL500_.jpg","datePublished":"2024-07-28T10:46:40+00:00","description":"Markt-XXL YYGMSS Brautstrumpfband mit Schleife Gummiband Stretch Hochzeitsstrumpfband Set Violett","breadcrumb":{"@id":"https:\/\/marktxxl.de\/markt\/produkt\/yygmss-brautstrumpfband-mit-schleife-gummiband-stretch-hochzeitsstrumpfband-set-violett\/#breadcrumb"},"inLanguage":"de","potentialAction":[{"@type":"ReadAction","target":["https:\/\/marktxxl.de\/markt\/produkt\/yygmss-brautstrumpfband-mit-schleife-gummiband-stretch-hochzeitsstrumpfband-set-violett\/"]}]},{"@type":"ImageObject","inLanguage":"de","@id":"https:\/\/marktxxl.de\/markt\/produkt\/yygmss-brautstrumpfband-mit-schleife-gummiband-stretch-hochzeitsstrumpfband-set-violett\/#primaryimage","url":"https:\/\/m.media-amazon.com\/images\/I\/41FUrE4zf-L._SL500_.jpg","contentUrl":"https:\/\/m.media-amazon.com\/images\/I\/41FUrE4zf-L._SL500_.jpg","width":500,"height":500},{"@type":"BreadcrumbList","@id":"https:\/\/marktxxl.de\/markt\/produkt\/yygmss-brautstrumpfband-mit-schleife-gummiband-stretch-hochzeitsstrumpfband-set-violett\/#breadcrumb","itemListElement":[{"@type":"ListItem","position":1,"name":"Startseite","item":"https:\/\/marktxxl.de\/markt\/"},{"@type":"ListItem","position":2,"name":"Markt","item":"https:\/\/marktxxl.de\/markt\/"},{"@type":"ListItem","position":3,"name":"YYGMSS Brautstrumpfband mit Schleife Gummiband Stretch Hochzeitsstrumpfband Set Violett"}]},{"@type":"WebSite","@id":"https:\/\/marktxxl.de\/markt\/#website","url":"https:\/\/marktxxl.de\/markt\/","name":"Markt-XXL","description":"Ihr Markt Online","publisher":{"@id":"https:\/\/marktxxl.de\/markt\/#organization"},"potentialAction":[{"@type":"SearchAction","target":{"@type":"EntryPoint","urlTemplate":"https:\/\/marktxxl.de\/markt\/?s={search_term_string}"},"query-input":{"@type":"PropertyValueSpecification","valueRequired":true,"valueName":"search_term_string"}}],"inLanguage":"de"},{"@type":"Organization","@id":"https:\/\/marktxxl.de\/markt\/#organization","name":"Markt-XXL","url":"https:\/\/marktxxl.de\/markt\/","logo":{"@type":"ImageObject","inLanguage":"de","@id":"https:\/\/marktxxl.de\/markt\/#\/schema\/logo\/image\/","url":"https:\/\/marktxxl.de\/markt\/wp-content\/uploads\/sites\/3\/2020\/12\/logo.png","contentUrl":"https:\/\/marktxxl.de\/markt\/wp-content\/uploads\/sites\/3\/2020\/12\/logo.png","width":200,"height":70,"caption":"Markt-XXL"},"image":{"@id":"https:\/\/marktxxl.de\/markt\/#\/schema\/logo\/image\/"}}]}},"_links":{"self":[{"href":"https:\/\/marktxxl.de\/markt\/wp-json\/wp\/v2\/product\/220379","targetHints":{"allow":["GET"]}}],"collection":[{"href":"https:\/\/marktxxl.de\/markt\/wp-json\/wp\/v2\/product"}],"about":[{"href":"https:\/\/marktxxl.de\/markt\/wp-json\/wp\/v2\/types\/product"}],"replies":[{"embeddable":true,"href":"https:\/\/marktxxl.de\/markt\/wp-json\/wp\/v2\/comments?post=220379"}],"wp:featuredmedia":[{"embeddable":true,"href":"https:\/\/marktxxl.de\/markt\/wp-json\/wp\/v2\/media\/220380"}],"wp:attachment":[{"href":"https:\/\/marktxxl.de\/markt\/wp-json\/wp\/v2\/media?parent=220379"}],"wp:term":[{"taxonomy":"product_brand","embeddable":true,"href":"https:\/\/marktxxl.de\/markt\/wp-json\/wp\/v2\/product_brand?post=220379"},{"taxonomy":"product_cat","embeddable":true,"href":"https:\/\/marktxxl.de\/markt\/wp-json\/wp\/v2\/product_cat?post=220379"},{"taxonomy":"product_tag","embeddable":true,"href":"https:\/\/marktxxl.de\/markt\/wp-json\/wp\/v2\/product_tag?post=220379"}],"curies":[{"name":"wp","href":"https:\/\/api.w.org\/{rel}","templated":true}]}}