{"id":220159,"date":"2024-07-28T12:32:09","date_gmt":"2024-07-28T10:32:09","guid":{"rendered":"https:\/\/marktxxl.de\/markt\/produkt\/wandhalterung-fuer-alle-po-duschen-modelle-mybidet-3-0-wandhalterung-po-dusche-intimdusche-leichter-zu-druecken-intimreinigung-mit-wasser-intimdusche-wochenbett-reisebidet-oder-popo-dusche\/"},"modified":"2024-07-28T12:32:09","modified_gmt":"2024-07-28T10:32:09","slug":"wandhalterung-fuer-alle-po-duschen-modelle-mybidet-3-0-wandhalterung-po-dusche-intimdusche-leichter-zu-druecken-intimreinigung-mit-wasser-intimdusche-wochenbett-reisebidet-oder-popo-dusche","status":"publish","type":"product","link":"https:\/\/marktxxl.de\/markt\/produkt\/wandhalterung-fuer-alle-po-duschen-modelle-mybidet-3-0-wandhalterung-po-dusche-intimdusche-leichter-zu-druecken-intimreinigung-mit-wasser-intimdusche-wochenbett-reisebidet-oder-popo-dusche\/","title":{"rendered":"Wandhalterung f\u00fcr alle Po-Duschen Modelle &#8211; MYBIDET 3.0 Wandhalterung Po Dusche Intimdusche, leichter zu dr\u00fccken, Intimreinigung mit Wasser, Intimdusche Wochenbett, Reisebidet oder Popo dusche"},"content":{"rendered":"<p>F\u00dcR ALLE PO-DUSCHEN MODELLE: Die MyBidet Wandhalterung f\u00fcr deine Po-Dusche. Aus langlebigem Edelstahl mit selbstklebender R\u00fcckseite. Folie einfach abziehen &#8211; an Fliese, Badschrank oder Scheibe befestigen.<br \/>\nDAS ORIGINAL MYBIDET INTIM-DUSCHE F\u00dcR SCHWANGERSCHAFT UND WOCHENBETT: Im Wochenbett und bei Geburtsverletzungen. Zur sanften Sp\u00fclung des Intimbereichs. Mit Reisebeutel perfekt f\u00fcr die Kliniktasche.<br \/>\nPO-DUSCHE ZUR REINIGUNG DES POS: Die Podusche als mobiles bidet sorgt f\u00fcr eine saubere Reinigung mit Wasser. Besonders geeignet bei Beschwerden am Po. Auch geeignet f\u00fcr Kinder als popodusche.<br \/>\nVON \u00c4RZTEN UND HEBAMMEN EMPFOHLEN: Die intime Reinigung mit Wasser wird von Hebammen und \u00c4rzten empfohlen. Ob als peri bottle w\u00e4hrend er Schangerschaft, bei Krankheiten am Po, bei der Periode, beim Reisen, Camping.<br \/>\nKLEINES UNTERNEHMEN GRO\u00dfE MISSION: In vielen L\u00e4ndern existieren hohe Geburtsrisiken. Wir unterst\u00fctzen mit jedem mybidet die UNICEF Initiative &#8220;M\u00fctter in Not&#8221; im Rahmen der Geburten- und Babyhilfe.<br \/>\n<div class=\"main-cross-sell\" data-asin=\"B0C34R4KDX\">\n\n\t<div class=\"WooZone-cross-sell-loader\">\n\t\t<div>\n\t\t\t<div id=\"floatingBarsG\">\n\t\t\t\t<div class=\"blockG\" id=\"rotateG_01\"><\/div>\n\t\t\t\t<div class=\"blockG\" id=\"rotateG_02\"><\/div>\n\t\t\t\t<div class=\"blockG\" id=\"rotateG_03\"><\/div>\n\t\t\t\t<div class=\"blockG\" id=\"rotateG_04\"><\/div>\n\t\t\t\t<div class=\"blockG\" id=\"rotateG_05\"><\/div>\n\t\t\t\t<div class=\"blockG\" id=\"rotateG_06\"><\/div>\n\t\t\t\t<div class=\"blockG\" id=\"rotateG_07\"><\/div>\n\t\t\t\t<div class=\"blockG\" id=\"rotateG_08\"><\/div>\n\t\t\t<\/div>\n\t\t\t<div class=\"WooZone-cross-sell-loader-text\"><\/div>\n\t\t<\/div>\n\t<\/div>\n\n\t\t\n<\/div>\n<div style=\"clear:both;\"><\/div><\/p>\n","protected":false},"excerpt":{"rendered":"<p>F\u00dcR ALLE PO-DUSCHEN MODELLE: Die MyBidet Wandhalterung f\u00fcr deine Po-Dusche. Aus langlebigem Edelstahl mit selbstklebender R\u00fcckseite. Folie einfach abziehen &#8211; an Fliese, Badschrank oder Scheibe befestigen.<br \/>\nDAS ORIGINAL MYBIDET INTIM-DUSCHE F\u00dcR SCHWANGERSCHAFT UND WOCHENBETT: Im Wochenbett und bei Geburtsverletzungen. Zur sanften Sp\u00fclung des Intimbereichs. Mit Reisebeutel perfekt f\u00fcr die Kliniktasche.<br \/>\nPO-DUSCHE ZUR REINIGUNG DES POS: Die Podusche als mobiles bidet sorgt f\u00fcr eine saubere Reinigung mit Wasser. Besonders geeignet bei Beschwerden am Po. Auch geeignet f\u00fcr Kinder als popodusche.<\/p>\n","protected":false},"featured_media":220160,"comment_status":"open","ping_status":"closed","template":"","meta":[],"product_brand":[],"product_cat":[652,2977],"product_tag":[],"class_list":{"0":"post-220159","1":"product","2":"type-product","3":"status-publish","4":"has-post-thumbnail","6":"product_cat-erotik-markt-xxl","7":"product_cat-sexspielzeug","8":"pa_brand-mybidet","9":"pa_color-silver-metall","10":"pa_manufacturer-mybidet","12":"first","13":"instock","14":"shipping-taxable","15":"purchasable","16":"product-type-simple","17":"customify-col","18":"product-has-gallery"},"yoast_head":"<!-- This site is optimized with the Yoast SEO plugin v27.4 - https:\/\/yoast.com\/product\/yoast-seo-wordpress\/ -->\n<title>Wandhalterung f\u00fcr alle Po-Duschen Modelle - MYBIDET 3.0 Wandhalterung Po Dusche Intimdusche, leichter zu dr\u00fccken, Intimreinigung mit Wasser, Intimdusche Wochenbett, Reisebidet oder Popo dusche - Markt-XXL<\/title>\n<meta name=\"description\" content=\"Markt-XXL Wandhalterung f\u00fcr alle Po-Duschen Modelle - MYBIDET 3.0 Wandhalterung Po Dusche Intimdusche, leichter zu dr\u00fccken, Intimreinigung mit Wasser, Intimdusche Wochenbett, Reisebidet oder Popo dusche\" \/>\n<meta name=\"robots\" content=\"index, follow, max-snippet:-1, max-image-preview:large, max-video-preview:-1\" \/>\n<link rel=\"canonical\" href=\"https:\/\/marktxxl.de\/markt\/produkt\/wandhalterung-fuer-alle-po-duschen-modelle-mybidet-3-0-wandhalterung-po-dusche-intimdusche-leichter-zu-druecken-intimreinigung-mit-wasser-intimdusche-wochenbett-reisebidet-oder-popo-dusche\/\" \/>\n<meta property=\"og:locale\" content=\"de_DE\" \/>\n<meta property=\"og:type\" content=\"article\" \/>\n<meta property=\"og:title\" content=\"Wandhalterung f\u00fcr alle Po-Duschen Modelle - MYBIDET 3.0 Wandhalterung Po Dusche Intimdusche, leichter zu dr\u00fccken, Intimreinigung mit Wasser, Intimdusche Wochenbett, Reisebidet oder Popo dusche - Markt-XXL\" \/>\n<meta property=\"og:description\" content=\"Markt-XXL Wandhalterung f\u00fcr alle Po-Duschen Modelle - MYBIDET 3.0 Wandhalterung Po Dusche Intimdusche, leichter zu dr\u00fccken, Intimreinigung mit Wasser, Intimdusche Wochenbett, Reisebidet oder Popo dusche\" \/>\n<meta property=\"og:url\" content=\"https:\/\/marktxxl.de\/markt\/produkt\/wandhalterung-fuer-alle-po-duschen-modelle-mybidet-3-0-wandhalterung-po-dusche-intimdusche-leichter-zu-druecken-intimreinigung-mit-wasser-intimdusche-wochenbett-reisebidet-oder-popo-dusche\/\" \/>\n<meta property=\"og:site_name\" content=\"Markt-XXL\" \/>\n<meta name=\"twitter:card\" content=\"summary_large_image\" \/>\n<meta name=\"twitter:label1\" content=\"Gesch\u00e4tzte Lesezeit\" \/>\n\t<meta name=\"twitter:data1\" content=\"1\u00a0Minute\" \/>\n<script type=\"application\/ld+json\" class=\"yoast-schema-graph\">{\"@context\":\"https:\\\/\\\/schema.org\",\"@graph\":[{\"@type\":\"WebPage\",\"@id\":\"https:\\\/\\\/marktxxl.de\\\/markt\\\/produkt\\\/wandhalterung-fuer-alle-po-duschen-modelle-mybidet-3-0-wandhalterung-po-dusche-intimdusche-leichter-zu-druecken-intimreinigung-mit-wasser-intimdusche-wochenbett-reisebidet-oder-popo-dusche\\\/\",\"url\":\"https:\\\/\\\/marktxxl.de\\\/markt\\\/produkt\\\/wandhalterung-fuer-alle-po-duschen-modelle-mybidet-3-0-wandhalterung-po-dusche-intimdusche-leichter-zu-druecken-intimreinigung-mit-wasser-intimdusche-wochenbett-reisebidet-oder-popo-dusche\\\/\",\"name\":\"Wandhalterung f\u00fcr alle Po-Duschen Modelle - MYBIDET 3.0 Wandhalterung Po Dusche Intimdusche, leichter zu dr\u00fccken, Intimreinigung mit Wasser, Intimdusche Wochenbett, Reisebidet oder Popo dusche - Markt-XXL\",\"isPartOf\":{\"@id\":\"https:\\\/\\\/marktxxl.de\\\/markt\\\/#website\"},\"primaryImageOfPage\":{\"@id\":\"https:\\\/\\\/marktxxl.de\\\/markt\\\/produkt\\\/wandhalterung-fuer-alle-po-duschen-modelle-mybidet-3-0-wandhalterung-po-dusche-intimdusche-leichter-zu-druecken-intimreinigung-mit-wasser-intimdusche-wochenbett-reisebidet-oder-popo-dusche\\\/#primaryimage\"},\"image\":{\"@id\":\"https:\\\/\\\/marktxxl.de\\\/markt\\\/produkt\\\/wandhalterung-fuer-alle-po-duschen-modelle-mybidet-3-0-wandhalterung-po-dusche-intimdusche-leichter-zu-druecken-intimreinigung-mit-wasser-intimdusche-wochenbett-reisebidet-oder-popo-dusche\\\/#primaryimage\"},\"thumbnailUrl\":\"https:\\\/\\\/m.media-amazon.com\\\/images\\\/I\\\/31ZEMZuVCWL._SL500_.jpg\",\"datePublished\":\"2024-07-28T10:32:09+00:00\",\"description\":\"Markt-XXL Wandhalterung f\u00fcr alle Po-Duschen Modelle - MYBIDET 3.0 Wandhalterung Po Dusche Intimdusche, leichter zu dr\u00fccken, Intimreinigung mit Wasser, Intimdusche Wochenbett, Reisebidet oder Popo dusche\",\"breadcrumb\":{\"@id\":\"https:\\\/\\\/marktxxl.de\\\/markt\\\/produkt\\\/wandhalterung-fuer-alle-po-duschen-modelle-mybidet-3-0-wandhalterung-po-dusche-intimdusche-leichter-zu-druecken-intimreinigung-mit-wasser-intimdusche-wochenbett-reisebidet-oder-popo-dusche\\\/#breadcrumb\"},\"inLanguage\":\"de\",\"potentialAction\":[{\"@type\":\"ReadAction\",\"target\":[\"https:\\\/\\\/marktxxl.de\\\/markt\\\/produkt\\\/wandhalterung-fuer-alle-po-duschen-modelle-mybidet-3-0-wandhalterung-po-dusche-intimdusche-leichter-zu-druecken-intimreinigung-mit-wasser-intimdusche-wochenbett-reisebidet-oder-popo-dusche\\\/\"]}]},{\"@type\":\"ImageObject\",\"inLanguage\":\"de\",\"@id\":\"https:\\\/\\\/marktxxl.de\\\/markt\\\/produkt\\\/wandhalterung-fuer-alle-po-duschen-modelle-mybidet-3-0-wandhalterung-po-dusche-intimdusche-leichter-zu-druecken-intimreinigung-mit-wasser-intimdusche-wochenbett-reisebidet-oder-popo-dusche\\\/#primaryimage\",\"url\":\"https:\\\/\\\/m.media-amazon.com\\\/images\\\/I\\\/31ZEMZuVCWL._SL500_.jpg\",\"contentUrl\":\"https:\\\/\\\/m.media-amazon.com\\\/images\\\/I\\\/31ZEMZuVCWL._SL500_.jpg\",\"width\":500,\"height\":500},{\"@type\":\"BreadcrumbList\",\"@id\":\"https:\\\/\\\/marktxxl.de\\\/markt\\\/produkt\\\/wandhalterung-fuer-alle-po-duschen-modelle-mybidet-3-0-wandhalterung-po-dusche-intimdusche-leichter-zu-druecken-intimreinigung-mit-wasser-intimdusche-wochenbett-reisebidet-oder-popo-dusche\\\/#breadcrumb\",\"itemListElement\":[{\"@type\":\"ListItem\",\"position\":1,\"name\":\"Startseite\",\"item\":\"https:\\\/\\\/marktxxl.de\\\/markt\\\/\"},{\"@type\":\"ListItem\",\"position\":2,\"name\":\"Markt\",\"item\":\"https:\\\/\\\/marktxxl.de\\\/markt\\\/\"},{\"@type\":\"ListItem\",\"position\":3,\"name\":\"Wandhalterung f\u00fcr alle Po-Duschen Modelle &#8211; MYBIDET 3.0 Wandhalterung Po Dusche Intimdusche, leichter zu dr\u00fccken, Intimreinigung mit Wasser, Intimdusche Wochenbett, Reisebidet oder Popo dusche\"}]},{\"@type\":\"WebSite\",\"@id\":\"https:\\\/\\\/marktxxl.de\\\/markt\\\/#website\",\"url\":\"https:\\\/\\\/marktxxl.de\\\/markt\\\/\",\"name\":\"Markt-XXL\",\"description\":\"Ihr Markt Online\",\"publisher\":{\"@id\":\"https:\\\/\\\/marktxxl.de\\\/markt\\\/#organization\"},\"potentialAction\":[{\"@type\":\"SearchAction\",\"target\":{\"@type\":\"EntryPoint\",\"urlTemplate\":\"https:\\\/\\\/marktxxl.de\\\/markt\\\/?s={search_term_string}\"},\"query-input\":{\"@type\":\"PropertyValueSpecification\",\"valueRequired\":true,\"valueName\":\"search_term_string\"}}],\"inLanguage\":\"de\"},{\"@type\":\"Organization\",\"@id\":\"https:\\\/\\\/marktxxl.de\\\/markt\\\/#organization\",\"name\":\"Markt-XXL\",\"url\":\"https:\\\/\\\/marktxxl.de\\\/markt\\\/\",\"logo\":{\"@type\":\"ImageObject\",\"inLanguage\":\"de\",\"@id\":\"https:\\\/\\\/marktxxl.de\\\/markt\\\/#\\\/schema\\\/logo\\\/image\\\/\",\"url\":\"https:\\\/\\\/marktxxl.de\\\/markt\\\/wp-content\\\/uploads\\\/sites\\\/3\\\/2020\\\/12\\\/logo.png\",\"contentUrl\":\"https:\\\/\\\/marktxxl.de\\\/markt\\\/wp-content\\\/uploads\\\/sites\\\/3\\\/2020\\\/12\\\/logo.png\",\"width\":200,\"height\":70,\"caption\":\"Markt-XXL\"},\"image\":{\"@id\":\"https:\\\/\\\/marktxxl.de\\\/markt\\\/#\\\/schema\\\/logo\\\/image\\\/\"}}]}<\/script>\n<!-- \/ Yoast SEO plugin. -->","yoast_head_json":{"title":"Wandhalterung f\u00fcr alle Po-Duschen Modelle - MYBIDET 3.0 Wandhalterung Po Dusche Intimdusche, leichter zu dr\u00fccken, Intimreinigung mit Wasser, Intimdusche Wochenbett, Reisebidet oder Popo dusche - Markt-XXL","description":"Markt-XXL Wandhalterung f\u00fcr alle Po-Duschen Modelle - MYBIDET 3.0 Wandhalterung Po Dusche Intimdusche, leichter zu dr\u00fccken, Intimreinigung mit Wasser, Intimdusche Wochenbett, Reisebidet oder Popo dusche","robots":{"index":"index","follow":"follow","max-snippet":"max-snippet:-1","max-image-preview":"max-image-preview:large","max-video-preview":"max-video-preview:-1"},"canonical":"https:\/\/marktxxl.de\/markt\/produkt\/wandhalterung-fuer-alle-po-duschen-modelle-mybidet-3-0-wandhalterung-po-dusche-intimdusche-leichter-zu-druecken-intimreinigung-mit-wasser-intimdusche-wochenbett-reisebidet-oder-popo-dusche\/","og_locale":"de_DE","og_type":"article","og_title":"Wandhalterung f\u00fcr alle Po-Duschen Modelle - MYBIDET 3.0 Wandhalterung Po Dusche Intimdusche, leichter zu dr\u00fccken, Intimreinigung mit Wasser, Intimdusche Wochenbett, Reisebidet oder Popo dusche - Markt-XXL","og_description":"Markt-XXL Wandhalterung f\u00fcr alle Po-Duschen Modelle - MYBIDET 3.0 Wandhalterung Po Dusche Intimdusche, leichter zu dr\u00fccken, Intimreinigung mit Wasser, Intimdusche Wochenbett, Reisebidet oder Popo dusche","og_url":"https:\/\/marktxxl.de\/markt\/produkt\/wandhalterung-fuer-alle-po-duschen-modelle-mybidet-3-0-wandhalterung-po-dusche-intimdusche-leichter-zu-druecken-intimreinigung-mit-wasser-intimdusche-wochenbett-reisebidet-oder-popo-dusche\/","og_site_name":"Markt-XXL","twitter_card":"summary_large_image","twitter_misc":{"Gesch\u00e4tzte Lesezeit":"1\u00a0Minute"},"schema":{"@context":"https:\/\/schema.org","@graph":[{"@type":"WebPage","@id":"https:\/\/marktxxl.de\/markt\/produkt\/wandhalterung-fuer-alle-po-duschen-modelle-mybidet-3-0-wandhalterung-po-dusche-intimdusche-leichter-zu-druecken-intimreinigung-mit-wasser-intimdusche-wochenbett-reisebidet-oder-popo-dusche\/","url":"https:\/\/marktxxl.de\/markt\/produkt\/wandhalterung-fuer-alle-po-duschen-modelle-mybidet-3-0-wandhalterung-po-dusche-intimdusche-leichter-zu-druecken-intimreinigung-mit-wasser-intimdusche-wochenbett-reisebidet-oder-popo-dusche\/","name":"Wandhalterung f\u00fcr alle Po-Duschen Modelle - MYBIDET 3.0 Wandhalterung Po Dusche Intimdusche, leichter zu dr\u00fccken, Intimreinigung mit Wasser, Intimdusche Wochenbett, Reisebidet oder Popo dusche - Markt-XXL","isPartOf":{"@id":"https:\/\/marktxxl.de\/markt\/#website"},"primaryImageOfPage":{"@id":"https:\/\/marktxxl.de\/markt\/produkt\/wandhalterung-fuer-alle-po-duschen-modelle-mybidet-3-0-wandhalterung-po-dusche-intimdusche-leichter-zu-druecken-intimreinigung-mit-wasser-intimdusche-wochenbett-reisebidet-oder-popo-dusche\/#primaryimage"},"image":{"@id":"https:\/\/marktxxl.de\/markt\/produkt\/wandhalterung-fuer-alle-po-duschen-modelle-mybidet-3-0-wandhalterung-po-dusche-intimdusche-leichter-zu-druecken-intimreinigung-mit-wasser-intimdusche-wochenbett-reisebidet-oder-popo-dusche\/#primaryimage"},"thumbnailUrl":"https:\/\/m.media-amazon.com\/images\/I\/31ZEMZuVCWL._SL500_.jpg","datePublished":"2024-07-28T10:32:09+00:00","description":"Markt-XXL Wandhalterung f\u00fcr alle Po-Duschen Modelle - MYBIDET 3.0 Wandhalterung Po Dusche Intimdusche, leichter zu dr\u00fccken, Intimreinigung mit Wasser, Intimdusche Wochenbett, Reisebidet oder Popo dusche","breadcrumb":{"@id":"https:\/\/marktxxl.de\/markt\/produkt\/wandhalterung-fuer-alle-po-duschen-modelle-mybidet-3-0-wandhalterung-po-dusche-intimdusche-leichter-zu-druecken-intimreinigung-mit-wasser-intimdusche-wochenbett-reisebidet-oder-popo-dusche\/#breadcrumb"},"inLanguage":"de","potentialAction":[{"@type":"ReadAction","target":["https:\/\/marktxxl.de\/markt\/produkt\/wandhalterung-fuer-alle-po-duschen-modelle-mybidet-3-0-wandhalterung-po-dusche-intimdusche-leichter-zu-druecken-intimreinigung-mit-wasser-intimdusche-wochenbett-reisebidet-oder-popo-dusche\/"]}]},{"@type":"ImageObject","inLanguage":"de","@id":"https:\/\/marktxxl.de\/markt\/produkt\/wandhalterung-fuer-alle-po-duschen-modelle-mybidet-3-0-wandhalterung-po-dusche-intimdusche-leichter-zu-druecken-intimreinigung-mit-wasser-intimdusche-wochenbett-reisebidet-oder-popo-dusche\/#primaryimage","url":"https:\/\/m.media-amazon.com\/images\/I\/31ZEMZuVCWL._SL500_.jpg","contentUrl":"https:\/\/m.media-amazon.com\/images\/I\/31ZEMZuVCWL._SL500_.jpg","width":500,"height":500},{"@type":"BreadcrumbList","@id":"https:\/\/marktxxl.de\/markt\/produkt\/wandhalterung-fuer-alle-po-duschen-modelle-mybidet-3-0-wandhalterung-po-dusche-intimdusche-leichter-zu-druecken-intimreinigung-mit-wasser-intimdusche-wochenbett-reisebidet-oder-popo-dusche\/#breadcrumb","itemListElement":[{"@type":"ListItem","position":1,"name":"Startseite","item":"https:\/\/marktxxl.de\/markt\/"},{"@type":"ListItem","position":2,"name":"Markt","item":"https:\/\/marktxxl.de\/markt\/"},{"@type":"ListItem","position":3,"name":"Wandhalterung f\u00fcr alle Po-Duschen Modelle &#8211; MYBIDET 3.0 Wandhalterung Po Dusche Intimdusche, leichter zu dr\u00fccken, Intimreinigung mit Wasser, Intimdusche Wochenbett, Reisebidet oder Popo dusche"}]},{"@type":"WebSite","@id":"https:\/\/marktxxl.de\/markt\/#website","url":"https:\/\/marktxxl.de\/markt\/","name":"Markt-XXL","description":"Ihr Markt Online","publisher":{"@id":"https:\/\/marktxxl.de\/markt\/#organization"},"potentialAction":[{"@type":"SearchAction","target":{"@type":"EntryPoint","urlTemplate":"https:\/\/marktxxl.de\/markt\/?s={search_term_string}"},"query-input":{"@type":"PropertyValueSpecification","valueRequired":true,"valueName":"search_term_string"}}],"inLanguage":"de"},{"@type":"Organization","@id":"https:\/\/marktxxl.de\/markt\/#organization","name":"Markt-XXL","url":"https:\/\/marktxxl.de\/markt\/","logo":{"@type":"ImageObject","inLanguage":"de","@id":"https:\/\/marktxxl.de\/markt\/#\/schema\/logo\/image\/","url":"https:\/\/marktxxl.de\/markt\/wp-content\/uploads\/sites\/3\/2020\/12\/logo.png","contentUrl":"https:\/\/marktxxl.de\/markt\/wp-content\/uploads\/sites\/3\/2020\/12\/logo.png","width":200,"height":70,"caption":"Markt-XXL"},"image":{"@id":"https:\/\/marktxxl.de\/markt\/#\/schema\/logo\/image\/"}}]}},"_links":{"self":[{"href":"https:\/\/marktxxl.de\/markt\/wp-json\/wp\/v2\/product\/220159","targetHints":{"allow":["GET"]}}],"collection":[{"href":"https:\/\/marktxxl.de\/markt\/wp-json\/wp\/v2\/product"}],"about":[{"href":"https:\/\/marktxxl.de\/markt\/wp-json\/wp\/v2\/types\/product"}],"replies":[{"embeddable":true,"href":"https:\/\/marktxxl.de\/markt\/wp-json\/wp\/v2\/comments?post=220159"}],"wp:featuredmedia":[{"embeddable":true,"href":"https:\/\/marktxxl.de\/markt\/wp-json\/wp\/v2\/media\/220160"}],"wp:attachment":[{"href":"https:\/\/marktxxl.de\/markt\/wp-json\/wp\/v2\/media?parent=220159"}],"wp:term":[{"taxonomy":"product_brand","embeddable":true,"href":"https:\/\/marktxxl.de\/markt\/wp-json\/wp\/v2\/product_brand?post=220159"},{"taxonomy":"product_cat","embeddable":true,"href":"https:\/\/marktxxl.de\/markt\/wp-json\/wp\/v2\/product_cat?post=220159"},{"taxonomy":"product_tag","embeddable":true,"href":"https:\/\/marktxxl.de\/markt\/wp-json\/wp\/v2\/product_tag?post=220159"}],"curies":[{"name":"wp","href":"https:\/\/api.w.org\/{rel}","templated":true}]}}