{"id":220023,"date":"2024-07-28T12:26:27","date_gmt":"2024-07-28T10:26:27","guid":{"rendered":"https:\/\/marktxxl.de\/markt\/produkt\/lilcreek-handschellen-halter-strafverfolgung-polymer-handschellen-tasche-fuer-den-arbeitsguertel-mit-sicherem-schnappverschluss\/"},"modified":"2024-07-28T12:26:27","modified_gmt":"2024-07-28T10:26:27","slug":"lilcreek-handschellen-halter-strafverfolgung-polymer-handschellen-tasche-fuer-den-arbeitsguertel-mit-sicherem-schnappverschluss","status":"publish","type":"product","link":"https:\/\/marktxxl.de\/markt\/produkt\/lilcreek-handschellen-halter-strafverfolgung-polymer-handschellen-tasche-fuer-den-arbeitsguertel-mit-sicherem-schnappverschluss\/","title":{"rendered":"Lilcreek Handschellen-Halter, Strafverfolgung, Polymer-Handschellen-Tasche f\u00fcr den Arbeitsg\u00fcrtel mit sicherem Schnappverschluss"},"content":{"rendered":"<p>\u3010Standardgr\u00f6\u00dfe\u3011: Unser Handschellenhalter w\u00fcrde die Handschellen sicher machen, perfekt im Inneren platziert und leicht zug\u00e4nglich zu den Manschetten, die Standardgr\u00f6\u00dfen passen f\u00fcr die meisten Standard-Manschetten.<br \/>\n\u3010Langlebiges Material\u3011Langlebiges Material &#8211; Hergestellt aus hochwertigem dickem Polymer, mit Abriebfestigkeit und Rei\u00dffestigkeit. Geformt bei hoher Temperatur, die Form ist langlebig, sehr geeignet f\u00fcr Handschellen.<br \/>\n\u3010Schnelle Verwendung\u3011: Handschellen-H\u00fclle mit verbessertem Design, das leicht an den Handschellen ziehen kann, um den Knopf zu \u00f6ffnen. Der verdeckte Druckknopf kann Ihnen helfen, einen schnellen und einfachen Zugang zu Ihren Manschetten zu haben und in Ruhe fest zu fixieren.<br \/>\n\u3010 Clip passend f\u00fcr die meisten G\u00fcrtel \u3011 Der stabile G\u00fcrtelclip auf der R\u00fcckseite kann an den meisten G\u00fcrtel mit einer Breite von weniger als 6 cm befestigt werden. Sichere, kompakte und extrem langlebige Uhreng\u00fcrtelbefestigung f\u00fcr Polizei-Sicherheit und milit\u00e4rische Strafverfolgung.<br \/>\n\u3010Service\u3011Wenn Sie mit unseren Produkten nicht zufrieden sind, kontaktieren Sie uns bitte jederzeit. Lilcreek wird Ihnen perfekten After-Sales-Service bieten, um Sie zufrieden zu stellen.<br \/>\n<div class=\"main-cross-sell\" data-asin=\"B08J44PN8B\">\n\n\t<div class=\"WooZone-cross-sell-loader\">\n\t\t<div>\n\t\t\t<div id=\"floatingBarsG\">\n\t\t\t\t<div class=\"blockG\" id=\"rotateG_01\"><\/div>\n\t\t\t\t<div class=\"blockG\" id=\"rotateG_02\"><\/div>\n\t\t\t\t<div class=\"blockG\" id=\"rotateG_03\"><\/div>\n\t\t\t\t<div class=\"blockG\" id=\"rotateG_04\"><\/div>\n\t\t\t\t<div class=\"blockG\" id=\"rotateG_05\"><\/div>\n\t\t\t\t<div class=\"blockG\" id=\"rotateG_06\"><\/div>\n\t\t\t\t<div class=\"blockG\" id=\"rotateG_07\"><\/div>\n\t\t\t\t<div class=\"blockG\" id=\"rotateG_08\"><\/div>\n\t\t\t<\/div>\n\t\t\t<div class=\"WooZone-cross-sell-loader-text\"><\/div>\n\t\t<\/div>\n\t<\/div>\n\n\t\t\n<\/div>\n<div style=\"clear:both;\"><\/div><\/p>\n","protected":false},"excerpt":{"rendered":"<p>\u3010Standardgr\u00f6\u00dfe\u3011: Unser Handschellenhalter w\u00fcrde die Handschellen sicher machen, perfekt im Inneren platziert und leicht zug\u00e4nglich zu den Manschetten, die Standardgr\u00f6\u00dfen passen f\u00fcr die meisten Standard-Manschetten.<br \/>\n\u3010Langlebiges Material\u3011Langlebiges Material &#8211; Hergestellt aus hochwertigem dickem Polymer, mit Abriebfestigkeit und Rei\u00dffestigkeit. Geformt bei hoher Temperatur, die Form ist langlebig, sehr geeignet f\u00fcr Handschellen.<br \/>\n\u3010Schnelle Verwendung\u3011: Handschellen-H\u00fclle mit verbessertem Design, das leicht an den Handschellen ziehen kann, um den Knopf zu \u00f6ffnen. Der verdeckte Druckknopf kann Ihnen helfen, einen schnellen und einfachen Zugang zu Ihren Manschetten zu haben und in Ruhe fest zu fixieren.<\/p>\n","protected":false},"featured_media":220024,"comment_status":"open","ping_status":"closed","template":"","meta":[],"product_brand":[],"product_cat":[652,3064],"product_tag":[],"class_list":{"0":"post-220023","1":"product","2":"type-product","3":"status-publish","4":"has-post-thumbnail","6":"product_cat-erotik-markt-xxl","7":"product_cat-fesseln-bondage","8":"pa_binding-misc","9":"pa_brand-lilcreek","10":"pa_color-schwarz","11":"pa_height-4-1-zoll","12":"pa_length-3-7-zoll","13":"pa_manufacturer-lilcreek","14":"pa_weight-0-31085178942-pfund","15":"pa_width-2-6-zoll","17":"first","18":"instock","19":"shipping-taxable","20":"purchasable","21":"product-type-simple","22":"customify-col","23":"product-has-gallery"},"yoast_head":"<!-- This site is optimized with the Yoast SEO plugin v27.4 - https:\/\/yoast.com\/product\/yoast-seo-wordpress\/ -->\n<title>Lilcreek Handschellen-Halter, Strafverfolgung, Polymer-Handschellen-Tasche f\u00fcr den Arbeitsg\u00fcrtel mit sicherem Schnappverschluss - Markt-XXL<\/title>\n<meta name=\"description\" content=\"Markt-XXL Lilcreek Handschellen-Halter, Strafverfolgung, Polymer-Handschellen-Tasche f\u00fcr den Arbeitsg\u00fcrtel mit sicherem Schnappverschluss\" \/>\n<meta name=\"robots\" content=\"index, follow, max-snippet:-1, max-image-preview:large, max-video-preview:-1\" \/>\n<link rel=\"canonical\" href=\"https:\/\/marktxxl.de\/markt\/produkt\/lilcreek-handschellen-halter-strafverfolgung-polymer-handschellen-tasche-fuer-den-arbeitsguertel-mit-sicherem-schnappverschluss\/\" \/>\n<meta property=\"og:locale\" content=\"de_DE\" \/>\n<meta property=\"og:type\" content=\"article\" \/>\n<meta property=\"og:title\" content=\"Lilcreek Handschellen-Halter, Strafverfolgung, Polymer-Handschellen-Tasche f\u00fcr den Arbeitsg\u00fcrtel mit sicherem Schnappverschluss - Markt-XXL\" \/>\n<meta property=\"og:description\" content=\"Markt-XXL Lilcreek Handschellen-Halter, Strafverfolgung, Polymer-Handschellen-Tasche f\u00fcr den Arbeitsg\u00fcrtel mit sicherem Schnappverschluss\" \/>\n<meta property=\"og:url\" content=\"https:\/\/marktxxl.de\/markt\/produkt\/lilcreek-handschellen-halter-strafverfolgung-polymer-handschellen-tasche-fuer-den-arbeitsguertel-mit-sicherem-schnappverschluss\/\" \/>\n<meta property=\"og:site_name\" content=\"Markt-XXL\" \/>\n<meta name=\"twitter:card\" content=\"summary_large_image\" \/>\n<meta name=\"twitter:label1\" content=\"Gesch\u00e4tzte Lesezeit\" \/>\n\t<meta name=\"twitter:data1\" content=\"1\u00a0Minute\" \/>\n<script type=\"application\/ld+json\" class=\"yoast-schema-graph\">{\"@context\":\"https:\\\/\\\/schema.org\",\"@graph\":[{\"@type\":\"WebPage\",\"@id\":\"https:\\\/\\\/marktxxl.de\\\/markt\\\/produkt\\\/lilcreek-handschellen-halter-strafverfolgung-polymer-handschellen-tasche-fuer-den-arbeitsguertel-mit-sicherem-schnappverschluss\\\/\",\"url\":\"https:\\\/\\\/marktxxl.de\\\/markt\\\/produkt\\\/lilcreek-handschellen-halter-strafverfolgung-polymer-handschellen-tasche-fuer-den-arbeitsguertel-mit-sicherem-schnappverschluss\\\/\",\"name\":\"Lilcreek Handschellen-Halter, Strafverfolgung, Polymer-Handschellen-Tasche f\u00fcr den Arbeitsg\u00fcrtel mit sicherem Schnappverschluss - Markt-XXL\",\"isPartOf\":{\"@id\":\"https:\\\/\\\/marktxxl.de\\\/markt\\\/#website\"},\"primaryImageOfPage\":{\"@id\":\"https:\\\/\\\/marktxxl.de\\\/markt\\\/produkt\\\/lilcreek-handschellen-halter-strafverfolgung-polymer-handschellen-tasche-fuer-den-arbeitsguertel-mit-sicherem-schnappverschluss\\\/#primaryimage\"},\"image\":{\"@id\":\"https:\\\/\\\/marktxxl.de\\\/markt\\\/produkt\\\/lilcreek-handschellen-halter-strafverfolgung-polymer-handschellen-tasche-fuer-den-arbeitsguertel-mit-sicherem-schnappverschluss\\\/#primaryimage\"},\"thumbnailUrl\":\"https:\\\/\\\/m.media-amazon.com\\\/images\\\/I\\\/41MRcqokwmL._SL500_.jpg\",\"datePublished\":\"2024-07-28T10:26:27+00:00\",\"description\":\"Markt-XXL Lilcreek Handschellen-Halter, Strafverfolgung, Polymer-Handschellen-Tasche f\u00fcr den Arbeitsg\u00fcrtel mit sicherem Schnappverschluss\",\"breadcrumb\":{\"@id\":\"https:\\\/\\\/marktxxl.de\\\/markt\\\/produkt\\\/lilcreek-handschellen-halter-strafverfolgung-polymer-handschellen-tasche-fuer-den-arbeitsguertel-mit-sicherem-schnappverschluss\\\/#breadcrumb\"},\"inLanguage\":\"de\",\"potentialAction\":[{\"@type\":\"ReadAction\",\"target\":[\"https:\\\/\\\/marktxxl.de\\\/markt\\\/produkt\\\/lilcreek-handschellen-halter-strafverfolgung-polymer-handschellen-tasche-fuer-den-arbeitsguertel-mit-sicherem-schnappverschluss\\\/\"]}]},{\"@type\":\"ImageObject\",\"inLanguage\":\"de\",\"@id\":\"https:\\\/\\\/marktxxl.de\\\/markt\\\/produkt\\\/lilcreek-handschellen-halter-strafverfolgung-polymer-handschellen-tasche-fuer-den-arbeitsguertel-mit-sicherem-schnappverschluss\\\/#primaryimage\",\"url\":\"https:\\\/\\\/m.media-amazon.com\\\/images\\\/I\\\/41MRcqokwmL._SL500_.jpg\",\"contentUrl\":\"https:\\\/\\\/m.media-amazon.com\\\/images\\\/I\\\/41MRcqokwmL._SL500_.jpg\",\"width\":500,\"height\":500},{\"@type\":\"BreadcrumbList\",\"@id\":\"https:\\\/\\\/marktxxl.de\\\/markt\\\/produkt\\\/lilcreek-handschellen-halter-strafverfolgung-polymer-handschellen-tasche-fuer-den-arbeitsguertel-mit-sicherem-schnappverschluss\\\/#breadcrumb\",\"itemListElement\":[{\"@type\":\"ListItem\",\"position\":1,\"name\":\"Startseite\",\"item\":\"https:\\\/\\\/marktxxl.de\\\/markt\\\/\"},{\"@type\":\"ListItem\",\"position\":2,\"name\":\"Markt\",\"item\":\"https:\\\/\\\/marktxxl.de\\\/markt\\\/\"},{\"@type\":\"ListItem\",\"position\":3,\"name\":\"Lilcreek Handschellen-Halter, Strafverfolgung, Polymer-Handschellen-Tasche f\u00fcr den Arbeitsg\u00fcrtel mit sicherem Schnappverschluss\"}]},{\"@type\":\"WebSite\",\"@id\":\"https:\\\/\\\/marktxxl.de\\\/markt\\\/#website\",\"url\":\"https:\\\/\\\/marktxxl.de\\\/markt\\\/\",\"name\":\"Markt-XXL\",\"description\":\"Ihr Markt Online\",\"publisher\":{\"@id\":\"https:\\\/\\\/marktxxl.de\\\/markt\\\/#organization\"},\"potentialAction\":[{\"@type\":\"SearchAction\",\"target\":{\"@type\":\"EntryPoint\",\"urlTemplate\":\"https:\\\/\\\/marktxxl.de\\\/markt\\\/?s={search_term_string}\"},\"query-input\":{\"@type\":\"PropertyValueSpecification\",\"valueRequired\":true,\"valueName\":\"search_term_string\"}}],\"inLanguage\":\"de\"},{\"@type\":\"Organization\",\"@id\":\"https:\\\/\\\/marktxxl.de\\\/markt\\\/#organization\",\"name\":\"Markt-XXL\",\"url\":\"https:\\\/\\\/marktxxl.de\\\/markt\\\/\",\"logo\":{\"@type\":\"ImageObject\",\"inLanguage\":\"de\",\"@id\":\"https:\\\/\\\/marktxxl.de\\\/markt\\\/#\\\/schema\\\/logo\\\/image\\\/\",\"url\":\"https:\\\/\\\/marktxxl.de\\\/markt\\\/wp-content\\\/uploads\\\/sites\\\/3\\\/2020\\\/12\\\/logo.png\",\"contentUrl\":\"https:\\\/\\\/marktxxl.de\\\/markt\\\/wp-content\\\/uploads\\\/sites\\\/3\\\/2020\\\/12\\\/logo.png\",\"width\":200,\"height\":70,\"caption\":\"Markt-XXL\"},\"image\":{\"@id\":\"https:\\\/\\\/marktxxl.de\\\/markt\\\/#\\\/schema\\\/logo\\\/image\\\/\"}}]}<\/script>\n<!-- \/ Yoast SEO plugin. -->","yoast_head_json":{"title":"Lilcreek Handschellen-Halter, Strafverfolgung, Polymer-Handschellen-Tasche f\u00fcr den Arbeitsg\u00fcrtel mit sicherem Schnappverschluss - Markt-XXL","description":"Markt-XXL Lilcreek Handschellen-Halter, Strafverfolgung, Polymer-Handschellen-Tasche f\u00fcr den Arbeitsg\u00fcrtel mit sicherem Schnappverschluss","robots":{"index":"index","follow":"follow","max-snippet":"max-snippet:-1","max-image-preview":"max-image-preview:large","max-video-preview":"max-video-preview:-1"},"canonical":"https:\/\/marktxxl.de\/markt\/produkt\/lilcreek-handschellen-halter-strafverfolgung-polymer-handschellen-tasche-fuer-den-arbeitsguertel-mit-sicherem-schnappverschluss\/","og_locale":"de_DE","og_type":"article","og_title":"Lilcreek Handschellen-Halter, Strafverfolgung, Polymer-Handschellen-Tasche f\u00fcr den Arbeitsg\u00fcrtel mit sicherem Schnappverschluss - Markt-XXL","og_description":"Markt-XXL Lilcreek Handschellen-Halter, Strafverfolgung, Polymer-Handschellen-Tasche f\u00fcr den Arbeitsg\u00fcrtel mit sicherem Schnappverschluss","og_url":"https:\/\/marktxxl.de\/markt\/produkt\/lilcreek-handschellen-halter-strafverfolgung-polymer-handschellen-tasche-fuer-den-arbeitsguertel-mit-sicherem-schnappverschluss\/","og_site_name":"Markt-XXL","twitter_card":"summary_large_image","twitter_misc":{"Gesch\u00e4tzte Lesezeit":"1\u00a0Minute"},"schema":{"@context":"https:\/\/schema.org","@graph":[{"@type":"WebPage","@id":"https:\/\/marktxxl.de\/markt\/produkt\/lilcreek-handschellen-halter-strafverfolgung-polymer-handschellen-tasche-fuer-den-arbeitsguertel-mit-sicherem-schnappverschluss\/","url":"https:\/\/marktxxl.de\/markt\/produkt\/lilcreek-handschellen-halter-strafverfolgung-polymer-handschellen-tasche-fuer-den-arbeitsguertel-mit-sicherem-schnappverschluss\/","name":"Lilcreek Handschellen-Halter, Strafverfolgung, Polymer-Handschellen-Tasche f\u00fcr den Arbeitsg\u00fcrtel mit sicherem Schnappverschluss - Markt-XXL","isPartOf":{"@id":"https:\/\/marktxxl.de\/markt\/#website"},"primaryImageOfPage":{"@id":"https:\/\/marktxxl.de\/markt\/produkt\/lilcreek-handschellen-halter-strafverfolgung-polymer-handschellen-tasche-fuer-den-arbeitsguertel-mit-sicherem-schnappverschluss\/#primaryimage"},"image":{"@id":"https:\/\/marktxxl.de\/markt\/produkt\/lilcreek-handschellen-halter-strafverfolgung-polymer-handschellen-tasche-fuer-den-arbeitsguertel-mit-sicherem-schnappverschluss\/#primaryimage"},"thumbnailUrl":"https:\/\/m.media-amazon.com\/images\/I\/41MRcqokwmL._SL500_.jpg","datePublished":"2024-07-28T10:26:27+00:00","description":"Markt-XXL Lilcreek Handschellen-Halter, Strafverfolgung, Polymer-Handschellen-Tasche f\u00fcr den Arbeitsg\u00fcrtel mit sicherem Schnappverschluss","breadcrumb":{"@id":"https:\/\/marktxxl.de\/markt\/produkt\/lilcreek-handschellen-halter-strafverfolgung-polymer-handschellen-tasche-fuer-den-arbeitsguertel-mit-sicherem-schnappverschluss\/#breadcrumb"},"inLanguage":"de","potentialAction":[{"@type":"ReadAction","target":["https:\/\/marktxxl.de\/markt\/produkt\/lilcreek-handschellen-halter-strafverfolgung-polymer-handschellen-tasche-fuer-den-arbeitsguertel-mit-sicherem-schnappverschluss\/"]}]},{"@type":"ImageObject","inLanguage":"de","@id":"https:\/\/marktxxl.de\/markt\/produkt\/lilcreek-handschellen-halter-strafverfolgung-polymer-handschellen-tasche-fuer-den-arbeitsguertel-mit-sicherem-schnappverschluss\/#primaryimage","url":"https:\/\/m.media-amazon.com\/images\/I\/41MRcqokwmL._SL500_.jpg","contentUrl":"https:\/\/m.media-amazon.com\/images\/I\/41MRcqokwmL._SL500_.jpg","width":500,"height":500},{"@type":"BreadcrumbList","@id":"https:\/\/marktxxl.de\/markt\/produkt\/lilcreek-handschellen-halter-strafverfolgung-polymer-handschellen-tasche-fuer-den-arbeitsguertel-mit-sicherem-schnappverschluss\/#breadcrumb","itemListElement":[{"@type":"ListItem","position":1,"name":"Startseite","item":"https:\/\/marktxxl.de\/markt\/"},{"@type":"ListItem","position":2,"name":"Markt","item":"https:\/\/marktxxl.de\/markt\/"},{"@type":"ListItem","position":3,"name":"Lilcreek Handschellen-Halter, Strafverfolgung, Polymer-Handschellen-Tasche f\u00fcr den Arbeitsg\u00fcrtel mit sicherem Schnappverschluss"}]},{"@type":"WebSite","@id":"https:\/\/marktxxl.de\/markt\/#website","url":"https:\/\/marktxxl.de\/markt\/","name":"Markt-XXL","description":"Ihr Markt Online","publisher":{"@id":"https:\/\/marktxxl.de\/markt\/#organization"},"potentialAction":[{"@type":"SearchAction","target":{"@type":"EntryPoint","urlTemplate":"https:\/\/marktxxl.de\/markt\/?s={search_term_string}"},"query-input":{"@type":"PropertyValueSpecification","valueRequired":true,"valueName":"search_term_string"}}],"inLanguage":"de"},{"@type":"Organization","@id":"https:\/\/marktxxl.de\/markt\/#organization","name":"Markt-XXL","url":"https:\/\/marktxxl.de\/markt\/","logo":{"@type":"ImageObject","inLanguage":"de","@id":"https:\/\/marktxxl.de\/markt\/#\/schema\/logo\/image\/","url":"https:\/\/marktxxl.de\/markt\/wp-content\/uploads\/sites\/3\/2020\/12\/logo.png","contentUrl":"https:\/\/marktxxl.de\/markt\/wp-content\/uploads\/sites\/3\/2020\/12\/logo.png","width":200,"height":70,"caption":"Markt-XXL"},"image":{"@id":"https:\/\/marktxxl.de\/markt\/#\/schema\/logo\/image\/"}}]}},"_links":{"self":[{"href":"https:\/\/marktxxl.de\/markt\/wp-json\/wp\/v2\/product\/220023","targetHints":{"allow":["GET"]}}],"collection":[{"href":"https:\/\/marktxxl.de\/markt\/wp-json\/wp\/v2\/product"}],"about":[{"href":"https:\/\/marktxxl.de\/markt\/wp-json\/wp\/v2\/types\/product"}],"replies":[{"embeddable":true,"href":"https:\/\/marktxxl.de\/markt\/wp-json\/wp\/v2\/comments?post=220023"}],"wp:featuredmedia":[{"embeddable":true,"href":"https:\/\/marktxxl.de\/markt\/wp-json\/wp\/v2\/media\/220024"}],"wp:attachment":[{"href":"https:\/\/marktxxl.de\/markt\/wp-json\/wp\/v2\/media?parent=220023"}],"wp:term":[{"taxonomy":"product_brand","embeddable":true,"href":"https:\/\/marktxxl.de\/markt\/wp-json\/wp\/v2\/product_brand?post=220023"},{"taxonomy":"product_cat","embeddable":true,"href":"https:\/\/marktxxl.de\/markt\/wp-json\/wp\/v2\/product_cat?post=220023"},{"taxonomy":"product_tag","embeddable":true,"href":"https:\/\/marktxxl.de\/markt\/wp-json\/wp\/v2\/product_tag?post=220023"}],"curies":[{"name":"wp","href":"https:\/\/api.w.org\/{rel}","templated":true}]}}