{"id":219997,"date":"2024-07-28T12:24:24","date_gmt":"2024-07-28T10:24:24","guid":{"rendered":"https:\/\/marktxxl.de\/markt\/produkt\/kydex-handschellenbeutel-fuer-den-einsatz-mit-guertel-handschellenetui-passend-fuer-die-meisten-handschellen-in-standardgroesse-asphandschellen-aufklappbare-handschellen-kettenhandschellen\/"},"modified":"2024-07-28T12:24:24","modified_gmt":"2024-07-28T10:24:24","slug":"kydex-handschellenbeutel-fuer-den-einsatz-mit-guertel-handschellenetui-passend-fuer-die-meisten-handschellen-in-standardgroesse-asphandschellen-aufklappbare-handschellen-kettenhandschellen","status":"publish","type":"product","link":"https:\/\/marktxxl.de\/markt\/produkt\/kydex-handschellenbeutel-fuer-den-einsatz-mit-guertel-handschellenetui-passend-fuer-die-meisten-handschellen-in-standardgroesse-asphandschellen-aufklappbare-handschellen-kettenhandschellen\/","title":{"rendered":"Kydex HandschellenBeutel f\u00fcr den Einsatz mit G\u00fcrtel, HandschellenEtui passend f\u00fcr die meisten Handschellen in Standardgr\u00f6\u00dfe, AspHandschellen, aufklappbare Handschellen, Kettenhandschellen,"},"content":{"rendered":"<p>Ma\u00dfgeschneiderte Formgebung \u2013 Handschellenkoffer passend f\u00fcr Asp\/Scharnier\/Kette\/faltbare starre Handschellen.<br \/>\nUS-KYDEX-Material \u2013 Hergestellt aus hochwertigem KYDEX, Verschlei\u00dffestigkeit und Rei\u00dffestigkeit. Hochtemperatur-Formung f\u00fcr lang anhaltende Form, leicht und bequem zu tragen.<br \/>\nVerstellbare Haltekraft \u2013 Die Halterung kann an verschiedene Handschellen angepasst werden.<br \/>\nTaktischer Molle-Adapter \u2013 Faserverst\u00e4rkter Polymer-Molle-Adapter passt f\u00fcr taktische Westen\/G\u00fcrtel.<br \/>\nNach dem Verkauf Service \u2013 Alle Produkte, die von unserem Unternehmen gekauft werden, sind garantiert eine gute Reparatur f\u00fcr ein Leben lang. Wenn Sie Probleme bei der Verwendung unserer Probleme haben, kontaktieren Sie uns jederzeit.<br \/>\n<div class=\"main-cross-sell\" data-asin=\"B09MPYY3YC\">\n\n\t<div class=\"WooZone-cross-sell-loader\">\n\t\t<div>\n\t\t\t<div id=\"floatingBarsG\">\n\t\t\t\t<div class=\"blockG\" id=\"rotateG_01\"><\/div>\n\t\t\t\t<div class=\"blockG\" id=\"rotateG_02\"><\/div>\n\t\t\t\t<div class=\"blockG\" id=\"rotateG_03\"><\/div>\n\t\t\t\t<div class=\"blockG\" id=\"rotateG_04\"><\/div>\n\t\t\t\t<div class=\"blockG\" id=\"rotateG_05\"><\/div>\n\t\t\t\t<div class=\"blockG\" id=\"rotateG_06\"><\/div>\n\t\t\t\t<div class=\"blockG\" id=\"rotateG_07\"><\/div>\n\t\t\t\t<div class=\"blockG\" id=\"rotateG_08\"><\/div>\n\t\t\t<\/div>\n\t\t\t<div class=\"WooZone-cross-sell-loader-text\"><\/div>\n\t\t<\/div>\n\t<\/div>\n\n\t\t\n<\/div>\n<div style=\"clear:both;\"><\/div><\/p>\n","protected":false},"excerpt":{"rendered":"<p>Ma\u00dfgeschneiderte Formgebung \u2013 Handschellenkoffer passend f\u00fcr Asp\/Scharnier\/Kette\/faltbare starre Handschellen.<br \/>\nUS-KYDEX-Material \u2013 Hergestellt aus hochwertigem KYDEX, Verschlei\u00dffestigkeit und Rei\u00dffestigkeit. Hochtemperatur-Formung f\u00fcr lang anhaltende Form, leicht und bequem zu tragen.<br \/>\nVerstellbare Haltekraft \u2013 Die Halterung kann an verschiedene Handschellen angepasst werden.<\/p>\n","protected":false},"featured_media":219998,"comment_status":"open","ping_status":"closed","template":"","meta":[],"product_brand":[],"product_cat":[652,3064],"product_tag":[],"class_list":{"0":"post-219997","1":"product","2":"type-product","3":"status-publish","4":"has-post-thumbnail","6":"product_cat-erotik-markt-xxl","7":"product_cat-fesseln-bondage","8":"pa_binding-ausruestung","9":"pa_brand-gun-flower","10":"pa_color-molle-black","11":"pa_manufacturer-gun-flower","12":"pa_size-fit-asp-hinged-chain-handcuffs","13":"pa_weight-0-28625-pounds","15":"first","16":"instock","17":"shipping-taxable","18":"purchasable","19":"product-type-simple","20":"customify-col","21":"product-has-gallery"},"yoast_head":"<!-- This site is optimized with the Yoast SEO plugin v27.4 - https:\/\/yoast.com\/product\/yoast-seo-wordpress\/ -->\n<title>Kydex HandschellenBeutel f\u00fcr den Einsatz mit G\u00fcrtel, HandschellenEtui passend f\u00fcr die meisten Handschellen in Standardgr\u00f6\u00dfe, AspHandschellen, aufklappbare Handschellen, Kettenhandschellen, - Markt-XXL<\/title>\n<meta name=\"description\" content=\"Markt-XXL Kydex HandschellenBeutel f\u00fcr den Einsatz mit G\u00fcrtel, HandschellenEtui passend f\u00fcr die meisten Handschellen in Standardgr\u00f6\u00dfe, AspHandschellen, aufklappbare Handschellen, Kettenhandschellen,\" \/>\n<meta name=\"robots\" content=\"index, follow, max-snippet:-1, max-image-preview:large, max-video-preview:-1\" \/>\n<link rel=\"canonical\" href=\"https:\/\/marktxxl.de\/markt\/produkt\/kydex-handschellenbeutel-fuer-den-einsatz-mit-guertel-handschellenetui-passend-fuer-die-meisten-handschellen-in-standardgroesse-asphandschellen-aufklappbare-handschellen-kettenhandschellen\/\" \/>\n<meta property=\"og:locale\" content=\"de_DE\" \/>\n<meta property=\"og:type\" content=\"article\" \/>\n<meta property=\"og:title\" content=\"Kydex HandschellenBeutel f\u00fcr den Einsatz mit G\u00fcrtel, HandschellenEtui passend f\u00fcr die meisten Handschellen in Standardgr\u00f6\u00dfe, AspHandschellen, aufklappbare Handschellen, Kettenhandschellen, - Markt-XXL\" \/>\n<meta property=\"og:description\" content=\"Markt-XXL Kydex HandschellenBeutel f\u00fcr den Einsatz mit G\u00fcrtel, HandschellenEtui passend f\u00fcr die meisten Handschellen in Standardgr\u00f6\u00dfe, AspHandschellen, aufklappbare Handschellen, Kettenhandschellen,\" \/>\n<meta property=\"og:url\" content=\"https:\/\/marktxxl.de\/markt\/produkt\/kydex-handschellenbeutel-fuer-den-einsatz-mit-guertel-handschellenetui-passend-fuer-die-meisten-handschellen-in-standardgroesse-asphandschellen-aufklappbare-handschellen-kettenhandschellen\/\" \/>\n<meta property=\"og:site_name\" content=\"Markt-XXL\" \/>\n<meta name=\"twitter:card\" content=\"summary_large_image\" \/>\n<script type=\"application\/ld+json\" class=\"yoast-schema-graph\">{\"@context\":\"https:\\\/\\\/schema.org\",\"@graph\":[{\"@type\":\"WebPage\",\"@id\":\"https:\\\/\\\/marktxxl.de\\\/markt\\\/produkt\\\/kydex-handschellenbeutel-fuer-den-einsatz-mit-guertel-handschellenetui-passend-fuer-die-meisten-handschellen-in-standardgroesse-asphandschellen-aufklappbare-handschellen-kettenhandschellen\\\/\",\"url\":\"https:\\\/\\\/marktxxl.de\\\/markt\\\/produkt\\\/kydex-handschellenbeutel-fuer-den-einsatz-mit-guertel-handschellenetui-passend-fuer-die-meisten-handschellen-in-standardgroesse-asphandschellen-aufklappbare-handschellen-kettenhandschellen\\\/\",\"name\":\"Kydex HandschellenBeutel f\u00fcr den Einsatz mit G\u00fcrtel, HandschellenEtui passend f\u00fcr die meisten Handschellen in Standardgr\u00f6\u00dfe, AspHandschellen, aufklappbare Handschellen, Kettenhandschellen, - Markt-XXL\",\"isPartOf\":{\"@id\":\"https:\\\/\\\/marktxxl.de\\\/markt\\\/#website\"},\"primaryImageOfPage\":{\"@id\":\"https:\\\/\\\/marktxxl.de\\\/markt\\\/produkt\\\/kydex-handschellenbeutel-fuer-den-einsatz-mit-guertel-handschellenetui-passend-fuer-die-meisten-handschellen-in-standardgroesse-asphandschellen-aufklappbare-handschellen-kettenhandschellen\\\/#primaryimage\"},\"image\":{\"@id\":\"https:\\\/\\\/marktxxl.de\\\/markt\\\/produkt\\\/kydex-handschellenbeutel-fuer-den-einsatz-mit-guertel-handschellenetui-passend-fuer-die-meisten-handschellen-in-standardgroesse-asphandschellen-aufklappbare-handschellen-kettenhandschellen\\\/#primaryimage\"},\"thumbnailUrl\":\"https:\\\/\\\/m.media-amazon.com\\\/images\\\/I\\\/51xFUBM3UrL._SL500_.jpg\",\"datePublished\":\"2024-07-28T10:24:24+00:00\",\"description\":\"Markt-XXL Kydex HandschellenBeutel f\u00fcr den Einsatz mit G\u00fcrtel, HandschellenEtui passend f\u00fcr die meisten Handschellen in Standardgr\u00f6\u00dfe, AspHandschellen, aufklappbare Handschellen, Kettenhandschellen,\",\"breadcrumb\":{\"@id\":\"https:\\\/\\\/marktxxl.de\\\/markt\\\/produkt\\\/kydex-handschellenbeutel-fuer-den-einsatz-mit-guertel-handschellenetui-passend-fuer-die-meisten-handschellen-in-standardgroesse-asphandschellen-aufklappbare-handschellen-kettenhandschellen\\\/#breadcrumb\"},\"inLanguage\":\"de\",\"potentialAction\":[{\"@type\":\"ReadAction\",\"target\":[\"https:\\\/\\\/marktxxl.de\\\/markt\\\/produkt\\\/kydex-handschellenbeutel-fuer-den-einsatz-mit-guertel-handschellenetui-passend-fuer-die-meisten-handschellen-in-standardgroesse-asphandschellen-aufklappbare-handschellen-kettenhandschellen\\\/\"]}]},{\"@type\":\"ImageObject\",\"inLanguage\":\"de\",\"@id\":\"https:\\\/\\\/marktxxl.de\\\/markt\\\/produkt\\\/kydex-handschellenbeutel-fuer-den-einsatz-mit-guertel-handschellenetui-passend-fuer-die-meisten-handschellen-in-standardgroesse-asphandschellen-aufklappbare-handschellen-kettenhandschellen\\\/#primaryimage\",\"url\":\"https:\\\/\\\/m.media-amazon.com\\\/images\\\/I\\\/51xFUBM3UrL._SL500_.jpg\",\"contentUrl\":\"https:\\\/\\\/m.media-amazon.com\\\/images\\\/I\\\/51xFUBM3UrL._SL500_.jpg\",\"width\":500,\"height\":500},{\"@type\":\"BreadcrumbList\",\"@id\":\"https:\\\/\\\/marktxxl.de\\\/markt\\\/produkt\\\/kydex-handschellenbeutel-fuer-den-einsatz-mit-guertel-handschellenetui-passend-fuer-die-meisten-handschellen-in-standardgroesse-asphandschellen-aufklappbare-handschellen-kettenhandschellen\\\/#breadcrumb\",\"itemListElement\":[{\"@type\":\"ListItem\",\"position\":1,\"name\":\"Startseite\",\"item\":\"https:\\\/\\\/marktxxl.de\\\/markt\\\/\"},{\"@type\":\"ListItem\",\"position\":2,\"name\":\"Markt\",\"item\":\"https:\\\/\\\/marktxxl.de\\\/markt\\\/\"},{\"@type\":\"ListItem\",\"position\":3,\"name\":\"Kydex HandschellenBeutel f\u00fcr den Einsatz mit G\u00fcrtel, HandschellenEtui passend f\u00fcr die meisten Handschellen in Standardgr\u00f6\u00dfe, AspHandschellen, aufklappbare Handschellen, Kettenhandschellen,\"}]},{\"@type\":\"WebSite\",\"@id\":\"https:\\\/\\\/marktxxl.de\\\/markt\\\/#website\",\"url\":\"https:\\\/\\\/marktxxl.de\\\/markt\\\/\",\"name\":\"Markt-XXL\",\"description\":\"Ihr Markt Online\",\"publisher\":{\"@id\":\"https:\\\/\\\/marktxxl.de\\\/markt\\\/#organization\"},\"potentialAction\":[{\"@type\":\"SearchAction\",\"target\":{\"@type\":\"EntryPoint\",\"urlTemplate\":\"https:\\\/\\\/marktxxl.de\\\/markt\\\/?s={search_term_string}\"},\"query-input\":{\"@type\":\"PropertyValueSpecification\",\"valueRequired\":true,\"valueName\":\"search_term_string\"}}],\"inLanguage\":\"de\"},{\"@type\":\"Organization\",\"@id\":\"https:\\\/\\\/marktxxl.de\\\/markt\\\/#organization\",\"name\":\"Markt-XXL\",\"url\":\"https:\\\/\\\/marktxxl.de\\\/markt\\\/\",\"logo\":{\"@type\":\"ImageObject\",\"inLanguage\":\"de\",\"@id\":\"https:\\\/\\\/marktxxl.de\\\/markt\\\/#\\\/schema\\\/logo\\\/image\\\/\",\"url\":\"https:\\\/\\\/marktxxl.de\\\/markt\\\/wp-content\\\/uploads\\\/sites\\\/3\\\/2020\\\/12\\\/logo.png\",\"contentUrl\":\"https:\\\/\\\/marktxxl.de\\\/markt\\\/wp-content\\\/uploads\\\/sites\\\/3\\\/2020\\\/12\\\/logo.png\",\"width\":200,\"height\":70,\"caption\":\"Markt-XXL\"},\"image\":{\"@id\":\"https:\\\/\\\/marktxxl.de\\\/markt\\\/#\\\/schema\\\/logo\\\/image\\\/\"}}]}<\/script>\n<!-- \/ Yoast SEO plugin. -->","yoast_head_json":{"title":"Kydex HandschellenBeutel f\u00fcr den Einsatz mit G\u00fcrtel, HandschellenEtui passend f\u00fcr die meisten Handschellen in Standardgr\u00f6\u00dfe, AspHandschellen, aufklappbare Handschellen, Kettenhandschellen, - Markt-XXL","description":"Markt-XXL Kydex HandschellenBeutel f\u00fcr den Einsatz mit G\u00fcrtel, HandschellenEtui passend f\u00fcr die meisten Handschellen in Standardgr\u00f6\u00dfe, AspHandschellen, aufklappbare Handschellen, Kettenhandschellen,","robots":{"index":"index","follow":"follow","max-snippet":"max-snippet:-1","max-image-preview":"max-image-preview:large","max-video-preview":"max-video-preview:-1"},"canonical":"https:\/\/marktxxl.de\/markt\/produkt\/kydex-handschellenbeutel-fuer-den-einsatz-mit-guertel-handschellenetui-passend-fuer-die-meisten-handschellen-in-standardgroesse-asphandschellen-aufklappbare-handschellen-kettenhandschellen\/","og_locale":"de_DE","og_type":"article","og_title":"Kydex HandschellenBeutel f\u00fcr den Einsatz mit G\u00fcrtel, HandschellenEtui passend f\u00fcr die meisten Handschellen in Standardgr\u00f6\u00dfe, AspHandschellen, aufklappbare Handschellen, Kettenhandschellen, - Markt-XXL","og_description":"Markt-XXL Kydex HandschellenBeutel f\u00fcr den Einsatz mit G\u00fcrtel, HandschellenEtui passend f\u00fcr die meisten Handschellen in Standardgr\u00f6\u00dfe, AspHandschellen, aufklappbare Handschellen, Kettenhandschellen,","og_url":"https:\/\/marktxxl.de\/markt\/produkt\/kydex-handschellenbeutel-fuer-den-einsatz-mit-guertel-handschellenetui-passend-fuer-die-meisten-handschellen-in-standardgroesse-asphandschellen-aufklappbare-handschellen-kettenhandschellen\/","og_site_name":"Markt-XXL","twitter_card":"summary_large_image","schema":{"@context":"https:\/\/schema.org","@graph":[{"@type":"WebPage","@id":"https:\/\/marktxxl.de\/markt\/produkt\/kydex-handschellenbeutel-fuer-den-einsatz-mit-guertel-handschellenetui-passend-fuer-die-meisten-handschellen-in-standardgroesse-asphandschellen-aufklappbare-handschellen-kettenhandschellen\/","url":"https:\/\/marktxxl.de\/markt\/produkt\/kydex-handschellenbeutel-fuer-den-einsatz-mit-guertel-handschellenetui-passend-fuer-die-meisten-handschellen-in-standardgroesse-asphandschellen-aufklappbare-handschellen-kettenhandschellen\/","name":"Kydex HandschellenBeutel f\u00fcr den Einsatz mit G\u00fcrtel, HandschellenEtui passend f\u00fcr die meisten Handschellen in Standardgr\u00f6\u00dfe, AspHandschellen, aufklappbare Handschellen, Kettenhandschellen, - Markt-XXL","isPartOf":{"@id":"https:\/\/marktxxl.de\/markt\/#website"},"primaryImageOfPage":{"@id":"https:\/\/marktxxl.de\/markt\/produkt\/kydex-handschellenbeutel-fuer-den-einsatz-mit-guertel-handschellenetui-passend-fuer-die-meisten-handschellen-in-standardgroesse-asphandschellen-aufklappbare-handschellen-kettenhandschellen\/#primaryimage"},"image":{"@id":"https:\/\/marktxxl.de\/markt\/produkt\/kydex-handschellenbeutel-fuer-den-einsatz-mit-guertel-handschellenetui-passend-fuer-die-meisten-handschellen-in-standardgroesse-asphandschellen-aufklappbare-handschellen-kettenhandschellen\/#primaryimage"},"thumbnailUrl":"https:\/\/m.media-amazon.com\/images\/I\/51xFUBM3UrL._SL500_.jpg","datePublished":"2024-07-28T10:24:24+00:00","description":"Markt-XXL Kydex HandschellenBeutel f\u00fcr den Einsatz mit G\u00fcrtel, HandschellenEtui passend f\u00fcr die meisten Handschellen in Standardgr\u00f6\u00dfe, AspHandschellen, aufklappbare Handschellen, Kettenhandschellen,","breadcrumb":{"@id":"https:\/\/marktxxl.de\/markt\/produkt\/kydex-handschellenbeutel-fuer-den-einsatz-mit-guertel-handschellenetui-passend-fuer-die-meisten-handschellen-in-standardgroesse-asphandschellen-aufklappbare-handschellen-kettenhandschellen\/#breadcrumb"},"inLanguage":"de","potentialAction":[{"@type":"ReadAction","target":["https:\/\/marktxxl.de\/markt\/produkt\/kydex-handschellenbeutel-fuer-den-einsatz-mit-guertel-handschellenetui-passend-fuer-die-meisten-handschellen-in-standardgroesse-asphandschellen-aufklappbare-handschellen-kettenhandschellen\/"]}]},{"@type":"ImageObject","inLanguage":"de","@id":"https:\/\/marktxxl.de\/markt\/produkt\/kydex-handschellenbeutel-fuer-den-einsatz-mit-guertel-handschellenetui-passend-fuer-die-meisten-handschellen-in-standardgroesse-asphandschellen-aufklappbare-handschellen-kettenhandschellen\/#primaryimage","url":"https:\/\/m.media-amazon.com\/images\/I\/51xFUBM3UrL._SL500_.jpg","contentUrl":"https:\/\/m.media-amazon.com\/images\/I\/51xFUBM3UrL._SL500_.jpg","width":500,"height":500},{"@type":"BreadcrumbList","@id":"https:\/\/marktxxl.de\/markt\/produkt\/kydex-handschellenbeutel-fuer-den-einsatz-mit-guertel-handschellenetui-passend-fuer-die-meisten-handschellen-in-standardgroesse-asphandschellen-aufklappbare-handschellen-kettenhandschellen\/#breadcrumb","itemListElement":[{"@type":"ListItem","position":1,"name":"Startseite","item":"https:\/\/marktxxl.de\/markt\/"},{"@type":"ListItem","position":2,"name":"Markt","item":"https:\/\/marktxxl.de\/markt\/"},{"@type":"ListItem","position":3,"name":"Kydex HandschellenBeutel f\u00fcr den Einsatz mit G\u00fcrtel, HandschellenEtui passend f\u00fcr die meisten Handschellen in Standardgr\u00f6\u00dfe, AspHandschellen, aufklappbare Handschellen, Kettenhandschellen,"}]},{"@type":"WebSite","@id":"https:\/\/marktxxl.de\/markt\/#website","url":"https:\/\/marktxxl.de\/markt\/","name":"Markt-XXL","description":"Ihr Markt Online","publisher":{"@id":"https:\/\/marktxxl.de\/markt\/#organization"},"potentialAction":[{"@type":"SearchAction","target":{"@type":"EntryPoint","urlTemplate":"https:\/\/marktxxl.de\/markt\/?s={search_term_string}"},"query-input":{"@type":"PropertyValueSpecification","valueRequired":true,"valueName":"search_term_string"}}],"inLanguage":"de"},{"@type":"Organization","@id":"https:\/\/marktxxl.de\/markt\/#organization","name":"Markt-XXL","url":"https:\/\/marktxxl.de\/markt\/","logo":{"@type":"ImageObject","inLanguage":"de","@id":"https:\/\/marktxxl.de\/markt\/#\/schema\/logo\/image\/","url":"https:\/\/marktxxl.de\/markt\/wp-content\/uploads\/sites\/3\/2020\/12\/logo.png","contentUrl":"https:\/\/marktxxl.de\/markt\/wp-content\/uploads\/sites\/3\/2020\/12\/logo.png","width":200,"height":70,"caption":"Markt-XXL"},"image":{"@id":"https:\/\/marktxxl.de\/markt\/#\/schema\/logo\/image\/"}}]}},"_links":{"self":[{"href":"https:\/\/marktxxl.de\/markt\/wp-json\/wp\/v2\/product\/219997","targetHints":{"allow":["GET"]}}],"collection":[{"href":"https:\/\/marktxxl.de\/markt\/wp-json\/wp\/v2\/product"}],"about":[{"href":"https:\/\/marktxxl.de\/markt\/wp-json\/wp\/v2\/types\/product"}],"replies":[{"embeddable":true,"href":"https:\/\/marktxxl.de\/markt\/wp-json\/wp\/v2\/comments?post=219997"}],"wp:featuredmedia":[{"embeddable":true,"href":"https:\/\/marktxxl.de\/markt\/wp-json\/wp\/v2\/media\/219998"}],"wp:attachment":[{"href":"https:\/\/marktxxl.de\/markt\/wp-json\/wp\/v2\/media?parent=219997"}],"wp:term":[{"taxonomy":"product_brand","embeddable":true,"href":"https:\/\/marktxxl.de\/markt\/wp-json\/wp\/v2\/product_brand?post=219997"},{"taxonomy":"product_cat","embeddable":true,"href":"https:\/\/marktxxl.de\/markt\/wp-json\/wp\/v2\/product_cat?post=219997"},{"taxonomy":"product_tag","embeddable":true,"href":"https:\/\/marktxxl.de\/markt\/wp-json\/wp\/v2\/product_tag?post=219997"}],"curies":[{"name":"wp","href":"https:\/\/api.w.org\/{rel}","templated":true}]}}