{"id":219620,"date":"2024-07-28T12:07:53","date_gmt":"2024-07-28T10:07:53","guid":{"rendered":"https:\/\/marktxxl.de\/markt\/produkt\/always-infinity-damenbinden-mit-fluegeln-normale-saugfaehigkeit-geruchlos-50-stueck-verpackung-kann-variieren\/"},"modified":"2024-07-28T12:07:53","modified_gmt":"2024-07-28T10:07:53","slug":"always-infinity-damenbinden-mit-fluegeln-normale-saugfaehigkeit-geruchlos-50-stueck-verpackung-kann-variieren","status":"publish","type":"product","link":"https:\/\/marktxxl.de\/markt\/produkt\/always-infinity-damenbinden-mit-fluegeln-normale-saugfaehigkeit-geruchlos-50-stueck-verpackung-kann-variieren\/","title":{"rendered":"Always Infinity Damenbinden mit Fl\u00fcgeln, normale Saugf\u00e4higkeit, geruchlos, 50 St\u00fcck (Verpackung kann variieren)"},"content":{"rendered":"<p>Unser saugf\u00e4higstes d\u00fcnnes Pad, absorbiert das 10-fache seines Gewichts<br \/>\nUltraleichtes und passgenaues FlexFoam-Material passt sich Ihrem K\u00f6rper an, sodass Sie es kaum sp\u00fcren werden<br \/>\nImmer My Fit hilft Ihnen, den besten Schutz zu erhalten, indem Sie Ihr Pad an Ihre K\u00f6rperform und Slipgr\u00f6\u00dfe anpassen. Verwenden Sie die Gr\u00f6\u00dfentabelle in den Bildern, um Ihre Passform zu finden<br \/>\nAlways Infinity, Gr\u00f6\u00dfe 1, normale Pads mit Flexi-Wings bieten Ihnen unglaublichen Schutz<br \/>\nKaufen Sie jetzt feminine Einlagen und sparen Sie Zeit sp\u00e4ter<br \/>\n<div class=\"main-cross-sell\" data-asin=\"B019O9HNDO\">\n\n\t<div class=\"WooZone-cross-sell-loader\">\n\t\t<div>\n\t\t\t<div id=\"floatingBarsG\">\n\t\t\t\t<div class=\"blockG\" id=\"rotateG_01\"><\/div>\n\t\t\t\t<div class=\"blockG\" id=\"rotateG_02\"><\/div>\n\t\t\t\t<div class=\"blockG\" id=\"rotateG_03\"><\/div>\n\t\t\t\t<div class=\"blockG\" id=\"rotateG_04\"><\/div>\n\t\t\t\t<div class=\"blockG\" id=\"rotateG_05\"><\/div>\n\t\t\t\t<div class=\"blockG\" id=\"rotateG_06\"><\/div>\n\t\t\t\t<div class=\"blockG\" id=\"rotateG_07\"><\/div>\n\t\t\t\t<div class=\"blockG\" id=\"rotateG_08\"><\/div>\n\t\t\t<\/div>\n\t\t\t<div class=\"WooZone-cross-sell-loader-text\"><\/div>\n\t\t<\/div>\n\t<\/div>\n\n\t\t\n<\/div>\n<div style=\"clear:both;\"><\/div><\/p>\n","protected":false},"excerpt":{"rendered":"<p>Unser saugf\u00e4higstes d\u00fcnnes Pad, absorbiert das 10-fache seines Gewichts<br \/>\nUltraleichtes und passgenaues FlexFoam-Material passt sich Ihrem K\u00f6rper an, sodass Sie es kaum sp\u00fcren werden<br \/>\nImmer My Fit hilft Ihnen, den besten Schutz zu erhalten, indem Sie Ihr Pad an Ihre K\u00f6rperform und Slipgr\u00f6\u00dfe anpassen. Verwenden Sie die Gr\u00f6\u00dfentabelle in den Bildern, um Ihre Passform zu finden<\/p>\n","protected":false},"featured_media":219621,"comment_status":"open","ping_status":"closed","template":"","meta":[],"product_brand":[],"product_cat":[566,5680],"product_tag":[],"class_list":{"0":"post-219620","1":"product","2":"type-product","3":"status-publish","4":"has-post-thumbnail","6":"product_cat-drogerie-koerperpflege","7":"product_cat-intime-pflege-hygiene","8":"pa_binding-badartikel","9":"pa_brand-always","10":"pa_height-7-99211-zoll","11":"pa_length-7-59841-zoll","12":"pa_manufacturer-always","13":"pa_model-55195","14":"pa_size-regular-size-1","15":"pa_width-4-37007-zoll","17":"first","18":"instock","19":"shipping-taxable","20":"purchasable","21":"product-type-simple","22":"customify-col","23":"product-has-gallery"},"yoast_head":"<!-- This site is optimized with the Yoast SEO plugin v27.3 - https:\/\/yoast.com\/product\/yoast-seo-wordpress\/ -->\n<title>Always Infinity Damenbinden mit Fl\u00fcgeln, normale Saugf\u00e4higkeit, geruchlos, 50 St\u00fcck (Verpackung kann variieren) - Markt-XXL<\/title>\n<meta name=\"description\" content=\"Markt-XXL Always Infinity Damenbinden mit Fl\u00fcgeln, normale Saugf\u00e4higkeit, geruchlos, 50 St\u00fcck (Verpackung kann variieren)\" \/>\n<meta name=\"robots\" content=\"index, follow, max-snippet:-1, max-image-preview:large, max-video-preview:-1\" \/>\n<link rel=\"canonical\" href=\"https:\/\/marktxxl.de\/markt\/produkt\/always-infinity-damenbinden-mit-fluegeln-normale-saugfaehigkeit-geruchlos-50-stueck-verpackung-kann-variieren\/\" \/>\n<meta property=\"og:locale\" content=\"de_DE\" \/>\n<meta property=\"og:type\" content=\"article\" \/>\n<meta property=\"og:title\" content=\"Always Infinity Damenbinden mit Fl\u00fcgeln, normale Saugf\u00e4higkeit, geruchlos, 50 St\u00fcck (Verpackung kann variieren) - Markt-XXL\" \/>\n<meta property=\"og:description\" content=\"Markt-XXL Always Infinity Damenbinden mit Fl\u00fcgeln, normale Saugf\u00e4higkeit, geruchlos, 50 St\u00fcck (Verpackung kann variieren)\" \/>\n<meta property=\"og:url\" content=\"https:\/\/marktxxl.de\/markt\/produkt\/always-infinity-damenbinden-mit-fluegeln-normale-saugfaehigkeit-geruchlos-50-stueck-verpackung-kann-variieren\/\" \/>\n<meta property=\"og:site_name\" content=\"Markt-XXL\" \/>\n<meta name=\"twitter:card\" content=\"summary_large_image\" \/>\n<script type=\"application\/ld+json\" class=\"yoast-schema-graph\">{\"@context\":\"https:\\\/\\\/schema.org\",\"@graph\":[{\"@type\":\"WebPage\",\"@id\":\"https:\\\/\\\/marktxxl.de\\\/markt\\\/produkt\\\/always-infinity-damenbinden-mit-fluegeln-normale-saugfaehigkeit-geruchlos-50-stueck-verpackung-kann-variieren\\\/\",\"url\":\"https:\\\/\\\/marktxxl.de\\\/markt\\\/produkt\\\/always-infinity-damenbinden-mit-fluegeln-normale-saugfaehigkeit-geruchlos-50-stueck-verpackung-kann-variieren\\\/\",\"name\":\"Always Infinity Damenbinden mit Fl\u00fcgeln, normale Saugf\u00e4higkeit, geruchlos, 50 St\u00fcck (Verpackung kann variieren) - Markt-XXL\",\"isPartOf\":{\"@id\":\"https:\\\/\\\/marktxxl.de\\\/markt\\\/#website\"},\"primaryImageOfPage\":{\"@id\":\"https:\\\/\\\/marktxxl.de\\\/markt\\\/produkt\\\/always-infinity-damenbinden-mit-fluegeln-normale-saugfaehigkeit-geruchlos-50-stueck-verpackung-kann-variieren\\\/#primaryimage\"},\"image\":{\"@id\":\"https:\\\/\\\/marktxxl.de\\\/markt\\\/produkt\\\/always-infinity-damenbinden-mit-fluegeln-normale-saugfaehigkeit-geruchlos-50-stueck-verpackung-kann-variieren\\\/#primaryimage\"},\"thumbnailUrl\":\"https:\\\/\\\/m.media-amazon.com\\\/images\\\/I\\\/515L3RHXcYL._SL500_.jpg\",\"datePublished\":\"2024-07-28T10:07:53+00:00\",\"description\":\"Markt-XXL Always Infinity Damenbinden mit Fl\u00fcgeln, normale Saugf\u00e4higkeit, geruchlos, 50 St\u00fcck (Verpackung kann variieren)\",\"breadcrumb\":{\"@id\":\"https:\\\/\\\/marktxxl.de\\\/markt\\\/produkt\\\/always-infinity-damenbinden-mit-fluegeln-normale-saugfaehigkeit-geruchlos-50-stueck-verpackung-kann-variieren\\\/#breadcrumb\"},\"inLanguage\":\"de\",\"potentialAction\":[{\"@type\":\"ReadAction\",\"target\":[\"https:\\\/\\\/marktxxl.de\\\/markt\\\/produkt\\\/always-infinity-damenbinden-mit-fluegeln-normale-saugfaehigkeit-geruchlos-50-stueck-verpackung-kann-variieren\\\/\"]}]},{\"@type\":\"ImageObject\",\"inLanguage\":\"de\",\"@id\":\"https:\\\/\\\/marktxxl.de\\\/markt\\\/produkt\\\/always-infinity-damenbinden-mit-fluegeln-normale-saugfaehigkeit-geruchlos-50-stueck-verpackung-kann-variieren\\\/#primaryimage\",\"url\":\"https:\\\/\\\/m.media-amazon.com\\\/images\\\/I\\\/515L3RHXcYL._SL500_.jpg\",\"contentUrl\":\"https:\\\/\\\/m.media-amazon.com\\\/images\\\/I\\\/515L3RHXcYL._SL500_.jpg\",\"width\":500,\"height\":500},{\"@type\":\"BreadcrumbList\",\"@id\":\"https:\\\/\\\/marktxxl.de\\\/markt\\\/produkt\\\/always-infinity-damenbinden-mit-fluegeln-normale-saugfaehigkeit-geruchlos-50-stueck-verpackung-kann-variieren\\\/#breadcrumb\",\"itemListElement\":[{\"@type\":\"ListItem\",\"position\":1,\"name\":\"Startseite\",\"item\":\"https:\\\/\\\/marktxxl.de\\\/markt\\\/\"},{\"@type\":\"ListItem\",\"position\":2,\"name\":\"Markt\",\"item\":\"https:\\\/\\\/marktxxl.de\\\/markt\\\/\"},{\"@type\":\"ListItem\",\"position\":3,\"name\":\"Always Infinity Damenbinden mit Fl\u00fcgeln, normale Saugf\u00e4higkeit, geruchlos, 50 St\u00fcck (Verpackung kann variieren)\"}]},{\"@type\":\"WebSite\",\"@id\":\"https:\\\/\\\/marktxxl.de\\\/markt\\\/#website\",\"url\":\"https:\\\/\\\/marktxxl.de\\\/markt\\\/\",\"name\":\"Markt-XXL\",\"description\":\"Ihr Markt Online\",\"publisher\":{\"@id\":\"https:\\\/\\\/marktxxl.de\\\/markt\\\/#organization\"},\"potentialAction\":[{\"@type\":\"SearchAction\",\"target\":{\"@type\":\"EntryPoint\",\"urlTemplate\":\"https:\\\/\\\/marktxxl.de\\\/markt\\\/?s={search_term_string}\"},\"query-input\":{\"@type\":\"PropertyValueSpecification\",\"valueRequired\":true,\"valueName\":\"search_term_string\"}}],\"inLanguage\":\"de\"},{\"@type\":\"Organization\",\"@id\":\"https:\\\/\\\/marktxxl.de\\\/markt\\\/#organization\",\"name\":\"Markt-XXL\",\"url\":\"https:\\\/\\\/marktxxl.de\\\/markt\\\/\",\"logo\":{\"@type\":\"ImageObject\",\"inLanguage\":\"de\",\"@id\":\"https:\\\/\\\/marktxxl.de\\\/markt\\\/#\\\/schema\\\/logo\\\/image\\\/\",\"url\":\"https:\\\/\\\/marktxxl.de\\\/markt\\\/wp-content\\\/uploads\\\/sites\\\/3\\\/2020\\\/12\\\/logo.png\",\"contentUrl\":\"https:\\\/\\\/marktxxl.de\\\/markt\\\/wp-content\\\/uploads\\\/sites\\\/3\\\/2020\\\/12\\\/logo.png\",\"width\":200,\"height\":70,\"caption\":\"Markt-XXL\"},\"image\":{\"@id\":\"https:\\\/\\\/marktxxl.de\\\/markt\\\/#\\\/schema\\\/logo\\\/image\\\/\"}}]}<\/script>\n<!-- \/ Yoast SEO plugin. -->","yoast_head_json":{"title":"Always Infinity Damenbinden mit Fl\u00fcgeln, normale Saugf\u00e4higkeit, geruchlos, 50 St\u00fcck (Verpackung kann variieren) - Markt-XXL","description":"Markt-XXL Always Infinity Damenbinden mit Fl\u00fcgeln, normale Saugf\u00e4higkeit, geruchlos, 50 St\u00fcck (Verpackung kann variieren)","robots":{"index":"index","follow":"follow","max-snippet":"max-snippet:-1","max-image-preview":"max-image-preview:large","max-video-preview":"max-video-preview:-1"},"canonical":"https:\/\/marktxxl.de\/markt\/produkt\/always-infinity-damenbinden-mit-fluegeln-normale-saugfaehigkeit-geruchlos-50-stueck-verpackung-kann-variieren\/","og_locale":"de_DE","og_type":"article","og_title":"Always Infinity Damenbinden mit Fl\u00fcgeln, normale Saugf\u00e4higkeit, geruchlos, 50 St\u00fcck (Verpackung kann variieren) - Markt-XXL","og_description":"Markt-XXL Always Infinity Damenbinden mit Fl\u00fcgeln, normale Saugf\u00e4higkeit, geruchlos, 50 St\u00fcck (Verpackung kann variieren)","og_url":"https:\/\/marktxxl.de\/markt\/produkt\/always-infinity-damenbinden-mit-fluegeln-normale-saugfaehigkeit-geruchlos-50-stueck-verpackung-kann-variieren\/","og_site_name":"Markt-XXL","twitter_card":"summary_large_image","schema":{"@context":"https:\/\/schema.org","@graph":[{"@type":"WebPage","@id":"https:\/\/marktxxl.de\/markt\/produkt\/always-infinity-damenbinden-mit-fluegeln-normale-saugfaehigkeit-geruchlos-50-stueck-verpackung-kann-variieren\/","url":"https:\/\/marktxxl.de\/markt\/produkt\/always-infinity-damenbinden-mit-fluegeln-normale-saugfaehigkeit-geruchlos-50-stueck-verpackung-kann-variieren\/","name":"Always Infinity Damenbinden mit Fl\u00fcgeln, normale Saugf\u00e4higkeit, geruchlos, 50 St\u00fcck (Verpackung kann variieren) - Markt-XXL","isPartOf":{"@id":"https:\/\/marktxxl.de\/markt\/#website"},"primaryImageOfPage":{"@id":"https:\/\/marktxxl.de\/markt\/produkt\/always-infinity-damenbinden-mit-fluegeln-normale-saugfaehigkeit-geruchlos-50-stueck-verpackung-kann-variieren\/#primaryimage"},"image":{"@id":"https:\/\/marktxxl.de\/markt\/produkt\/always-infinity-damenbinden-mit-fluegeln-normale-saugfaehigkeit-geruchlos-50-stueck-verpackung-kann-variieren\/#primaryimage"},"thumbnailUrl":"https:\/\/m.media-amazon.com\/images\/I\/515L3RHXcYL._SL500_.jpg","datePublished":"2024-07-28T10:07:53+00:00","description":"Markt-XXL Always Infinity Damenbinden mit Fl\u00fcgeln, normale Saugf\u00e4higkeit, geruchlos, 50 St\u00fcck (Verpackung kann variieren)","breadcrumb":{"@id":"https:\/\/marktxxl.de\/markt\/produkt\/always-infinity-damenbinden-mit-fluegeln-normale-saugfaehigkeit-geruchlos-50-stueck-verpackung-kann-variieren\/#breadcrumb"},"inLanguage":"de","potentialAction":[{"@type":"ReadAction","target":["https:\/\/marktxxl.de\/markt\/produkt\/always-infinity-damenbinden-mit-fluegeln-normale-saugfaehigkeit-geruchlos-50-stueck-verpackung-kann-variieren\/"]}]},{"@type":"ImageObject","inLanguage":"de","@id":"https:\/\/marktxxl.de\/markt\/produkt\/always-infinity-damenbinden-mit-fluegeln-normale-saugfaehigkeit-geruchlos-50-stueck-verpackung-kann-variieren\/#primaryimage","url":"https:\/\/m.media-amazon.com\/images\/I\/515L3RHXcYL._SL500_.jpg","contentUrl":"https:\/\/m.media-amazon.com\/images\/I\/515L3RHXcYL._SL500_.jpg","width":500,"height":500},{"@type":"BreadcrumbList","@id":"https:\/\/marktxxl.de\/markt\/produkt\/always-infinity-damenbinden-mit-fluegeln-normale-saugfaehigkeit-geruchlos-50-stueck-verpackung-kann-variieren\/#breadcrumb","itemListElement":[{"@type":"ListItem","position":1,"name":"Startseite","item":"https:\/\/marktxxl.de\/markt\/"},{"@type":"ListItem","position":2,"name":"Markt","item":"https:\/\/marktxxl.de\/markt\/"},{"@type":"ListItem","position":3,"name":"Always Infinity Damenbinden mit Fl\u00fcgeln, normale Saugf\u00e4higkeit, geruchlos, 50 St\u00fcck (Verpackung kann variieren)"}]},{"@type":"WebSite","@id":"https:\/\/marktxxl.de\/markt\/#website","url":"https:\/\/marktxxl.de\/markt\/","name":"Markt-XXL","description":"Ihr Markt Online","publisher":{"@id":"https:\/\/marktxxl.de\/markt\/#organization"},"potentialAction":[{"@type":"SearchAction","target":{"@type":"EntryPoint","urlTemplate":"https:\/\/marktxxl.de\/markt\/?s={search_term_string}"},"query-input":{"@type":"PropertyValueSpecification","valueRequired":true,"valueName":"search_term_string"}}],"inLanguage":"de"},{"@type":"Organization","@id":"https:\/\/marktxxl.de\/markt\/#organization","name":"Markt-XXL","url":"https:\/\/marktxxl.de\/markt\/","logo":{"@type":"ImageObject","inLanguage":"de","@id":"https:\/\/marktxxl.de\/markt\/#\/schema\/logo\/image\/","url":"https:\/\/marktxxl.de\/markt\/wp-content\/uploads\/sites\/3\/2020\/12\/logo.png","contentUrl":"https:\/\/marktxxl.de\/markt\/wp-content\/uploads\/sites\/3\/2020\/12\/logo.png","width":200,"height":70,"caption":"Markt-XXL"},"image":{"@id":"https:\/\/marktxxl.de\/markt\/#\/schema\/logo\/image\/"}}]}},"_links":{"self":[{"href":"https:\/\/marktxxl.de\/markt\/wp-json\/wp\/v2\/product\/219620","targetHints":{"allow":["GET"]}}],"collection":[{"href":"https:\/\/marktxxl.de\/markt\/wp-json\/wp\/v2\/product"}],"about":[{"href":"https:\/\/marktxxl.de\/markt\/wp-json\/wp\/v2\/types\/product"}],"replies":[{"embeddable":true,"href":"https:\/\/marktxxl.de\/markt\/wp-json\/wp\/v2\/comments?post=219620"}],"wp:featuredmedia":[{"embeddable":true,"href":"https:\/\/marktxxl.de\/markt\/wp-json\/wp\/v2\/media\/219621"}],"wp:attachment":[{"href":"https:\/\/marktxxl.de\/markt\/wp-json\/wp\/v2\/media?parent=219620"}],"wp:term":[{"taxonomy":"product_brand","embeddable":true,"href":"https:\/\/marktxxl.de\/markt\/wp-json\/wp\/v2\/product_brand?post=219620"},{"taxonomy":"product_cat","embeddable":true,"href":"https:\/\/marktxxl.de\/markt\/wp-json\/wp\/v2\/product_cat?post=219620"},{"taxonomy":"product_tag","embeddable":true,"href":"https:\/\/marktxxl.de\/markt\/wp-json\/wp\/v2\/product_tag?post=219620"}],"curies":[{"name":"wp","href":"https:\/\/api.w.org\/{rel}","templated":true}]}}