{"id":219175,"date":"2024-07-28T10:49:55","date_gmt":"2024-07-28T08:49:55","guid":{"rendered":"https:\/\/marktxxl.de\/markt\/produkt\/216a-toner-set-mit-chip-kompatibel-fuer-hp-216a-color-laserjet-pro-mfp-m183fw-m182nw-m182n-m155a-m155nw-m183-m182-m155-w2410a-w2411a-w2412a-w2413a-schwarz-cyan-gelb-magenta-4er-pack\/"},"modified":"2024-07-28T10:49:55","modified_gmt":"2024-07-28T08:49:55","slug":"216a-toner-set-mit-chip-kompatibel-fuer-hp-216a-color-laserjet-pro-mfp-m183fw-m182nw-m182n-m155a-m155nw-m183-m182-m155-w2410a-w2411a-w2412a-w2413a-schwarz-cyan-gelb-magenta-4er-pack","status":"publish","type":"product","link":"https:\/\/marktxxl.de\/markt\/produkt\/216a-toner-set-mit-chip-kompatibel-fuer-hp-216a-color-laserjet-pro-mfp-m183fw-m182nw-m182n-m155a-m155nw-m183-m182-m155-w2410a-w2411a-w2412a-w2413a-schwarz-cyan-gelb-magenta-4er-pack\/","title":{"rendered":"216A Toner Set Mit Chip Kompatibel f\u00fcr HP 216A Color Laserjet Pro MFP M183fw M182nw M182n M155a M155nw M183 M182 M155 W2410A W2411A W2412A W2413A (Schwarz Cyan Gelb Magenta, 4er-Pack)"},"content":{"rendered":"<p>[Mit Chip] Cool Toner 216A Kompatibel f\u00fcr HP Color LaserJet Pro M183fw Toner f\u00fcr HP 216A Toner Set W2410A W2411A W2412A W2413A<br \/>\nPackungsinhalt: 1x W2410A Schwarz 1x W2411A Cyan 1x W2412A Gelb 1x W2413A Magenta als Ersatz f\u00fcr 216A Toner Set<br \/>\nKompatible Drucker: Color LaserJet Pro MFP M183fw M182nw M182n M183 M182, Color LaserJet Pro M155a M155nw M155 Serie Drucker<br \/>\nSeitenleistung: 216A Schwarz ca. 1050 Seiten, 216A Cyan Gelb Magenta ca. 850 Seiten DIN A4 bei 5% Deckung<br \/>\nDieses Produkt hat einen Chip, Sie m\u00fcssen den 216A W2410A Original Chips nicht auf ihn \u00fcbertragen m\u00fcssen<br \/>\n<div class=\"main-cross-sell\" data-asin=\"B0D7M93Z16\">\n\n\t<div class=\"WooZone-cross-sell-loader\">\n\t\t<div>\n\t\t\t<div id=\"floatingBarsG\">\n\t\t\t\t<div class=\"blockG\" id=\"rotateG_01\"><\/div>\n\t\t\t\t<div class=\"blockG\" id=\"rotateG_02\"><\/div>\n\t\t\t\t<div class=\"blockG\" id=\"rotateG_03\"><\/div>\n\t\t\t\t<div class=\"blockG\" id=\"rotateG_04\"><\/div>\n\t\t\t\t<div class=\"blockG\" id=\"rotateG_05\"><\/div>\n\t\t\t\t<div class=\"blockG\" id=\"rotateG_06\"><\/div>\n\t\t\t\t<div class=\"blockG\" id=\"rotateG_07\"><\/div>\n\t\t\t\t<div class=\"blockG\" id=\"rotateG_08\"><\/div>\n\t\t\t<\/div>\n\t\t\t<div class=\"WooZone-cross-sell-loader-text\"><\/div>\n\t\t<\/div>\n\t<\/div>\n\n\t\t\n<\/div>\n<div style=\"clear:both;\"><\/div><\/p>\n","protected":false},"excerpt":{"rendered":"<p>[Mit Chip] Cool Toner 216A Kompatibel f\u00fcr HP Color LaserJet Pro M183fw Toner f\u00fcr HP 216A Toner Set W2410A W2411A W2412A W2413A<br \/>\nPackungsinhalt: 1x W2410A Schwarz 1x W2411A Cyan 1x W2412A Gelb 1x W2413A Magenta als Ersatz f\u00fcr 216A Toner Set<br \/>\nKompatible Drucker: Color LaserJet Pro MFP M183fw M182nw M182n M183 M182, Color LaserJet Pro M155a M155nw M155 Serie Drucker<\/p>\n","protected":false},"featured_media":219176,"comment_status":"open","ping_status":"closed","template":"","meta":[],"product_brand":[],"product_cat":[504,8208],"product_tag":[],"class_list":{"0":"post-219175","1":"product","2":"type-product","3":"status-publish","4":"has-post-thumbnail","6":"product_cat-buerobedarf-schreibwaren","7":"product_cat-bueroelektronik","8":"pa_brand-cool-toner","9":"pa_color-216aplus4pkplusschwarz-cyan-gelb-magentapluswc","10":"pa_manufacturer-cool-toner-not-hp-original-fuer-hp-216a","11":"pa_model-216a-m183fw-toner","12":"pa_size-4-packs","13":"pa_warranty-no-warranty","15":"first","16":"instock","17":"shipping-taxable","18":"purchasable","19":"product-type-simple","20":"customify-col","21":"product-has-gallery"},"yoast_head":"<!-- This site is optimized with the Yoast SEO plugin v27.4 - https:\/\/yoast.com\/product\/yoast-seo-wordpress\/ -->\n<title>216A Toner Set Mit Chip Kompatibel f\u00fcr HP 216A Color Laserjet Pro MFP M183fw M182nw M182n M155a M155nw M183 M182 M155 W2410A W2411A W2412A W2413A (Schwarz Cyan Gelb Magenta, 4er-Pack) - Markt-XXL<\/title>\n<meta name=\"description\" content=\"Markt-XXL 216A Toner Set Mit Chip Kompatibel f\u00fcr HP 216A Color Laserjet Pro MFP M183fw M182nw M182n M155a M155nw M183 M182 M155 W2410A W2411A W2412A W2413A (Schwarz Cyan Gelb Magenta, 4er-Pack)\" \/>\n<meta name=\"robots\" content=\"index, follow, max-snippet:-1, max-image-preview:large, max-video-preview:-1\" \/>\n<link rel=\"canonical\" href=\"https:\/\/marktxxl.de\/markt\/produkt\/216a-toner-set-mit-chip-kompatibel-fuer-hp-216a-color-laserjet-pro-mfp-m183fw-m182nw-m182n-m155a-m155nw-m183-m182-m155-w2410a-w2411a-w2412a-w2413a-schwarz-cyan-gelb-magenta-4er-pack\/\" \/>\n<meta property=\"og:locale\" content=\"de_DE\" \/>\n<meta property=\"og:type\" content=\"article\" \/>\n<meta property=\"og:title\" content=\"216A Toner Set Mit Chip Kompatibel f\u00fcr HP 216A Color Laserjet Pro MFP M183fw M182nw M182n M155a M155nw M183 M182 M155 W2410A W2411A W2412A W2413A (Schwarz Cyan Gelb Magenta, 4er-Pack) - Markt-XXL\" \/>\n<meta property=\"og:description\" content=\"Markt-XXL 216A Toner Set Mit Chip Kompatibel f\u00fcr HP 216A Color Laserjet Pro MFP M183fw M182nw M182n M155a M155nw M183 M182 M155 W2410A W2411A W2412A W2413A (Schwarz Cyan Gelb Magenta, 4er-Pack)\" \/>\n<meta property=\"og:url\" content=\"https:\/\/marktxxl.de\/markt\/produkt\/216a-toner-set-mit-chip-kompatibel-fuer-hp-216a-color-laserjet-pro-mfp-m183fw-m182nw-m182n-m155a-m155nw-m183-m182-m155-w2410a-w2411a-w2412a-w2413a-schwarz-cyan-gelb-magenta-4er-pack\/\" \/>\n<meta property=\"og:site_name\" content=\"Markt-XXL\" \/>\n<meta name=\"twitter:card\" content=\"summary_large_image\" \/>\n<meta name=\"twitter:label1\" content=\"Gesch\u00e4tzte Lesezeit\" \/>\n\t<meta name=\"twitter:data1\" content=\"1\u00a0Minute\" \/>\n<script type=\"application\/ld+json\" class=\"yoast-schema-graph\">{\"@context\":\"https:\\\/\\\/schema.org\",\"@graph\":[{\"@type\":\"WebPage\",\"@id\":\"https:\\\/\\\/marktxxl.de\\\/markt\\\/produkt\\\/216a-toner-set-mit-chip-kompatibel-fuer-hp-216a-color-laserjet-pro-mfp-m183fw-m182nw-m182n-m155a-m155nw-m183-m182-m155-w2410a-w2411a-w2412a-w2413a-schwarz-cyan-gelb-magenta-4er-pack\\\/\",\"url\":\"https:\\\/\\\/marktxxl.de\\\/markt\\\/produkt\\\/216a-toner-set-mit-chip-kompatibel-fuer-hp-216a-color-laserjet-pro-mfp-m183fw-m182nw-m182n-m155a-m155nw-m183-m182-m155-w2410a-w2411a-w2412a-w2413a-schwarz-cyan-gelb-magenta-4er-pack\\\/\",\"name\":\"216A Toner Set Mit Chip Kompatibel f\u00fcr HP 216A Color Laserjet Pro MFP M183fw M182nw M182n M155a M155nw M183 M182 M155 W2410A W2411A W2412A W2413A (Schwarz Cyan Gelb Magenta, 4er-Pack) - Markt-XXL\",\"isPartOf\":{\"@id\":\"https:\\\/\\\/marktxxl.de\\\/markt\\\/#website\"},\"primaryImageOfPage\":{\"@id\":\"https:\\\/\\\/marktxxl.de\\\/markt\\\/produkt\\\/216a-toner-set-mit-chip-kompatibel-fuer-hp-216a-color-laserjet-pro-mfp-m183fw-m182nw-m182n-m155a-m155nw-m183-m182-m155-w2410a-w2411a-w2412a-w2413a-schwarz-cyan-gelb-magenta-4er-pack\\\/#primaryimage\"},\"image\":{\"@id\":\"https:\\\/\\\/marktxxl.de\\\/markt\\\/produkt\\\/216a-toner-set-mit-chip-kompatibel-fuer-hp-216a-color-laserjet-pro-mfp-m183fw-m182nw-m182n-m155a-m155nw-m183-m182-m155-w2410a-w2411a-w2412a-w2413a-schwarz-cyan-gelb-magenta-4er-pack\\\/#primaryimage\"},\"thumbnailUrl\":\"https:\\\/\\\/m.media-amazon.com\\\/images\\\/I\\\/51M9DJpRe7L._SL500_.jpg\",\"datePublished\":\"2024-07-28T08:49:55+00:00\",\"description\":\"Markt-XXL 216A Toner Set Mit Chip Kompatibel f\u00fcr HP 216A Color Laserjet Pro MFP M183fw M182nw M182n M155a M155nw M183 M182 M155 W2410A W2411A W2412A W2413A (Schwarz Cyan Gelb Magenta, 4er-Pack)\",\"breadcrumb\":{\"@id\":\"https:\\\/\\\/marktxxl.de\\\/markt\\\/produkt\\\/216a-toner-set-mit-chip-kompatibel-fuer-hp-216a-color-laserjet-pro-mfp-m183fw-m182nw-m182n-m155a-m155nw-m183-m182-m155-w2410a-w2411a-w2412a-w2413a-schwarz-cyan-gelb-magenta-4er-pack\\\/#breadcrumb\"},\"inLanguage\":\"de\",\"potentialAction\":[{\"@type\":\"ReadAction\",\"target\":[\"https:\\\/\\\/marktxxl.de\\\/markt\\\/produkt\\\/216a-toner-set-mit-chip-kompatibel-fuer-hp-216a-color-laserjet-pro-mfp-m183fw-m182nw-m182n-m155a-m155nw-m183-m182-m155-w2410a-w2411a-w2412a-w2413a-schwarz-cyan-gelb-magenta-4er-pack\\\/\"]}]},{\"@type\":\"ImageObject\",\"inLanguage\":\"de\",\"@id\":\"https:\\\/\\\/marktxxl.de\\\/markt\\\/produkt\\\/216a-toner-set-mit-chip-kompatibel-fuer-hp-216a-color-laserjet-pro-mfp-m183fw-m182nw-m182n-m155a-m155nw-m183-m182-m155-w2410a-w2411a-w2412a-w2413a-schwarz-cyan-gelb-magenta-4er-pack\\\/#primaryimage\",\"url\":\"https:\\\/\\\/m.media-amazon.com\\\/images\\\/I\\\/51M9DJpRe7L._SL500_.jpg\",\"contentUrl\":\"https:\\\/\\\/m.media-amazon.com\\\/images\\\/I\\\/51M9DJpRe7L._SL500_.jpg\",\"width\":500,\"height\":500},{\"@type\":\"BreadcrumbList\",\"@id\":\"https:\\\/\\\/marktxxl.de\\\/markt\\\/produkt\\\/216a-toner-set-mit-chip-kompatibel-fuer-hp-216a-color-laserjet-pro-mfp-m183fw-m182nw-m182n-m155a-m155nw-m183-m182-m155-w2410a-w2411a-w2412a-w2413a-schwarz-cyan-gelb-magenta-4er-pack\\\/#breadcrumb\",\"itemListElement\":[{\"@type\":\"ListItem\",\"position\":1,\"name\":\"Startseite\",\"item\":\"https:\\\/\\\/marktxxl.de\\\/markt\\\/\"},{\"@type\":\"ListItem\",\"position\":2,\"name\":\"Markt\",\"item\":\"https:\\\/\\\/marktxxl.de\\\/markt\\\/\"},{\"@type\":\"ListItem\",\"position\":3,\"name\":\"216A Toner Set Mit Chip Kompatibel f\u00fcr HP 216A Color Laserjet Pro MFP M183fw M182nw M182n M155a M155nw M183 M182 M155 W2410A W2411A W2412A W2413A (Schwarz Cyan Gelb Magenta, 4er-Pack)\"}]},{\"@type\":\"WebSite\",\"@id\":\"https:\\\/\\\/marktxxl.de\\\/markt\\\/#website\",\"url\":\"https:\\\/\\\/marktxxl.de\\\/markt\\\/\",\"name\":\"Markt-XXL\",\"description\":\"Ihr Markt Online\",\"publisher\":{\"@id\":\"https:\\\/\\\/marktxxl.de\\\/markt\\\/#organization\"},\"potentialAction\":[{\"@type\":\"SearchAction\",\"target\":{\"@type\":\"EntryPoint\",\"urlTemplate\":\"https:\\\/\\\/marktxxl.de\\\/markt\\\/?s={search_term_string}\"},\"query-input\":{\"@type\":\"PropertyValueSpecification\",\"valueRequired\":true,\"valueName\":\"search_term_string\"}}],\"inLanguage\":\"de\"},{\"@type\":\"Organization\",\"@id\":\"https:\\\/\\\/marktxxl.de\\\/markt\\\/#organization\",\"name\":\"Markt-XXL\",\"url\":\"https:\\\/\\\/marktxxl.de\\\/markt\\\/\",\"logo\":{\"@type\":\"ImageObject\",\"inLanguage\":\"de\",\"@id\":\"https:\\\/\\\/marktxxl.de\\\/markt\\\/#\\\/schema\\\/logo\\\/image\\\/\",\"url\":\"https:\\\/\\\/marktxxl.de\\\/markt\\\/wp-content\\\/uploads\\\/sites\\\/3\\\/2020\\\/12\\\/logo.png\",\"contentUrl\":\"https:\\\/\\\/marktxxl.de\\\/markt\\\/wp-content\\\/uploads\\\/sites\\\/3\\\/2020\\\/12\\\/logo.png\",\"width\":200,\"height\":70,\"caption\":\"Markt-XXL\"},\"image\":{\"@id\":\"https:\\\/\\\/marktxxl.de\\\/markt\\\/#\\\/schema\\\/logo\\\/image\\\/\"}}]}<\/script>\n<!-- \/ Yoast SEO plugin. -->","yoast_head_json":{"title":"216A Toner Set Mit Chip Kompatibel f\u00fcr HP 216A Color Laserjet Pro MFP M183fw M182nw M182n M155a M155nw M183 M182 M155 W2410A W2411A W2412A W2413A (Schwarz Cyan Gelb Magenta, 4er-Pack) - Markt-XXL","description":"Markt-XXL 216A Toner Set Mit Chip Kompatibel f\u00fcr HP 216A Color Laserjet Pro MFP M183fw M182nw M182n M155a M155nw M183 M182 M155 W2410A W2411A W2412A W2413A (Schwarz Cyan Gelb Magenta, 4er-Pack)","robots":{"index":"index","follow":"follow","max-snippet":"max-snippet:-1","max-image-preview":"max-image-preview:large","max-video-preview":"max-video-preview:-1"},"canonical":"https:\/\/marktxxl.de\/markt\/produkt\/216a-toner-set-mit-chip-kompatibel-fuer-hp-216a-color-laserjet-pro-mfp-m183fw-m182nw-m182n-m155a-m155nw-m183-m182-m155-w2410a-w2411a-w2412a-w2413a-schwarz-cyan-gelb-magenta-4er-pack\/","og_locale":"de_DE","og_type":"article","og_title":"216A Toner Set Mit Chip Kompatibel f\u00fcr HP 216A Color Laserjet Pro MFP M183fw M182nw M182n M155a M155nw M183 M182 M155 W2410A W2411A W2412A W2413A (Schwarz Cyan Gelb Magenta, 4er-Pack) - Markt-XXL","og_description":"Markt-XXL 216A Toner Set Mit Chip Kompatibel f\u00fcr HP 216A Color Laserjet Pro MFP M183fw M182nw M182n M155a M155nw M183 M182 M155 W2410A W2411A W2412A W2413A (Schwarz Cyan Gelb Magenta, 4er-Pack)","og_url":"https:\/\/marktxxl.de\/markt\/produkt\/216a-toner-set-mit-chip-kompatibel-fuer-hp-216a-color-laserjet-pro-mfp-m183fw-m182nw-m182n-m155a-m155nw-m183-m182-m155-w2410a-w2411a-w2412a-w2413a-schwarz-cyan-gelb-magenta-4er-pack\/","og_site_name":"Markt-XXL","twitter_card":"summary_large_image","twitter_misc":{"Gesch\u00e4tzte Lesezeit":"1\u00a0Minute"},"schema":{"@context":"https:\/\/schema.org","@graph":[{"@type":"WebPage","@id":"https:\/\/marktxxl.de\/markt\/produkt\/216a-toner-set-mit-chip-kompatibel-fuer-hp-216a-color-laserjet-pro-mfp-m183fw-m182nw-m182n-m155a-m155nw-m183-m182-m155-w2410a-w2411a-w2412a-w2413a-schwarz-cyan-gelb-magenta-4er-pack\/","url":"https:\/\/marktxxl.de\/markt\/produkt\/216a-toner-set-mit-chip-kompatibel-fuer-hp-216a-color-laserjet-pro-mfp-m183fw-m182nw-m182n-m155a-m155nw-m183-m182-m155-w2410a-w2411a-w2412a-w2413a-schwarz-cyan-gelb-magenta-4er-pack\/","name":"216A Toner Set Mit Chip Kompatibel f\u00fcr HP 216A Color Laserjet Pro MFP M183fw M182nw M182n M155a M155nw M183 M182 M155 W2410A W2411A W2412A W2413A (Schwarz Cyan Gelb Magenta, 4er-Pack) - Markt-XXL","isPartOf":{"@id":"https:\/\/marktxxl.de\/markt\/#website"},"primaryImageOfPage":{"@id":"https:\/\/marktxxl.de\/markt\/produkt\/216a-toner-set-mit-chip-kompatibel-fuer-hp-216a-color-laserjet-pro-mfp-m183fw-m182nw-m182n-m155a-m155nw-m183-m182-m155-w2410a-w2411a-w2412a-w2413a-schwarz-cyan-gelb-magenta-4er-pack\/#primaryimage"},"image":{"@id":"https:\/\/marktxxl.de\/markt\/produkt\/216a-toner-set-mit-chip-kompatibel-fuer-hp-216a-color-laserjet-pro-mfp-m183fw-m182nw-m182n-m155a-m155nw-m183-m182-m155-w2410a-w2411a-w2412a-w2413a-schwarz-cyan-gelb-magenta-4er-pack\/#primaryimage"},"thumbnailUrl":"https:\/\/m.media-amazon.com\/images\/I\/51M9DJpRe7L._SL500_.jpg","datePublished":"2024-07-28T08:49:55+00:00","description":"Markt-XXL 216A Toner Set Mit Chip Kompatibel f\u00fcr HP 216A Color Laserjet Pro MFP M183fw M182nw M182n M155a M155nw M183 M182 M155 W2410A W2411A W2412A W2413A (Schwarz Cyan Gelb Magenta, 4er-Pack)","breadcrumb":{"@id":"https:\/\/marktxxl.de\/markt\/produkt\/216a-toner-set-mit-chip-kompatibel-fuer-hp-216a-color-laserjet-pro-mfp-m183fw-m182nw-m182n-m155a-m155nw-m183-m182-m155-w2410a-w2411a-w2412a-w2413a-schwarz-cyan-gelb-magenta-4er-pack\/#breadcrumb"},"inLanguage":"de","potentialAction":[{"@type":"ReadAction","target":["https:\/\/marktxxl.de\/markt\/produkt\/216a-toner-set-mit-chip-kompatibel-fuer-hp-216a-color-laserjet-pro-mfp-m183fw-m182nw-m182n-m155a-m155nw-m183-m182-m155-w2410a-w2411a-w2412a-w2413a-schwarz-cyan-gelb-magenta-4er-pack\/"]}]},{"@type":"ImageObject","inLanguage":"de","@id":"https:\/\/marktxxl.de\/markt\/produkt\/216a-toner-set-mit-chip-kompatibel-fuer-hp-216a-color-laserjet-pro-mfp-m183fw-m182nw-m182n-m155a-m155nw-m183-m182-m155-w2410a-w2411a-w2412a-w2413a-schwarz-cyan-gelb-magenta-4er-pack\/#primaryimage","url":"https:\/\/m.media-amazon.com\/images\/I\/51M9DJpRe7L._SL500_.jpg","contentUrl":"https:\/\/m.media-amazon.com\/images\/I\/51M9DJpRe7L._SL500_.jpg","width":500,"height":500},{"@type":"BreadcrumbList","@id":"https:\/\/marktxxl.de\/markt\/produkt\/216a-toner-set-mit-chip-kompatibel-fuer-hp-216a-color-laserjet-pro-mfp-m183fw-m182nw-m182n-m155a-m155nw-m183-m182-m155-w2410a-w2411a-w2412a-w2413a-schwarz-cyan-gelb-magenta-4er-pack\/#breadcrumb","itemListElement":[{"@type":"ListItem","position":1,"name":"Startseite","item":"https:\/\/marktxxl.de\/markt\/"},{"@type":"ListItem","position":2,"name":"Markt","item":"https:\/\/marktxxl.de\/markt\/"},{"@type":"ListItem","position":3,"name":"216A Toner Set Mit Chip Kompatibel f\u00fcr HP 216A Color Laserjet Pro MFP M183fw M182nw M182n M155a M155nw M183 M182 M155 W2410A W2411A W2412A W2413A (Schwarz Cyan Gelb Magenta, 4er-Pack)"}]},{"@type":"WebSite","@id":"https:\/\/marktxxl.de\/markt\/#website","url":"https:\/\/marktxxl.de\/markt\/","name":"Markt-XXL","description":"Ihr Markt Online","publisher":{"@id":"https:\/\/marktxxl.de\/markt\/#organization"},"potentialAction":[{"@type":"SearchAction","target":{"@type":"EntryPoint","urlTemplate":"https:\/\/marktxxl.de\/markt\/?s={search_term_string}"},"query-input":{"@type":"PropertyValueSpecification","valueRequired":true,"valueName":"search_term_string"}}],"inLanguage":"de"},{"@type":"Organization","@id":"https:\/\/marktxxl.de\/markt\/#organization","name":"Markt-XXL","url":"https:\/\/marktxxl.de\/markt\/","logo":{"@type":"ImageObject","inLanguage":"de","@id":"https:\/\/marktxxl.de\/markt\/#\/schema\/logo\/image\/","url":"https:\/\/marktxxl.de\/markt\/wp-content\/uploads\/sites\/3\/2020\/12\/logo.png","contentUrl":"https:\/\/marktxxl.de\/markt\/wp-content\/uploads\/sites\/3\/2020\/12\/logo.png","width":200,"height":70,"caption":"Markt-XXL"},"image":{"@id":"https:\/\/marktxxl.de\/markt\/#\/schema\/logo\/image\/"}}]}},"_links":{"self":[{"href":"https:\/\/marktxxl.de\/markt\/wp-json\/wp\/v2\/product\/219175","targetHints":{"allow":["GET"]}}],"collection":[{"href":"https:\/\/marktxxl.de\/markt\/wp-json\/wp\/v2\/product"}],"about":[{"href":"https:\/\/marktxxl.de\/markt\/wp-json\/wp\/v2\/types\/product"}],"replies":[{"embeddable":true,"href":"https:\/\/marktxxl.de\/markt\/wp-json\/wp\/v2\/comments?post=219175"}],"wp:featuredmedia":[{"embeddable":true,"href":"https:\/\/marktxxl.de\/markt\/wp-json\/wp\/v2\/media\/219176"}],"wp:attachment":[{"href":"https:\/\/marktxxl.de\/markt\/wp-json\/wp\/v2\/media?parent=219175"}],"wp:term":[{"taxonomy":"product_brand","embeddable":true,"href":"https:\/\/marktxxl.de\/markt\/wp-json\/wp\/v2\/product_brand?post=219175"},{"taxonomy":"product_cat","embeddable":true,"href":"https:\/\/marktxxl.de\/markt\/wp-json\/wp\/v2\/product_cat?post=219175"},{"taxonomy":"product_tag","embeddable":true,"href":"https:\/\/marktxxl.de\/markt\/wp-json\/wp\/v2\/product_tag?post=219175"}],"curies":[{"name":"wp","href":"https:\/\/api.w.org\/{rel}","templated":true}]}}