{"id":219136,"date":"2024-07-28T10:49:35","date_gmt":"2024-07-28T08:49:35","guid":{"rendered":"https:\/\/marktxxl.de\/markt\/produkt\/beamer-4k-elektrischer-fokus-6d-4p-trapezkorrektur-zoom-unterstuetzt-5g-wifi-zweikanal-bluetooth-20000l-native-1080p-projektor-mini-led-beamer-kompatibel-mit-tv-stick-smartphone-tablet\/"},"modified":"2024-07-28T10:49:35","modified_gmt":"2024-07-28T08:49:35","slug":"beamer-4k-elektrischer-fokus-6d-4p-trapezkorrektur-zoom-unterstuetzt-5g-wifi-zweikanal-bluetooth-20000l-native-1080p-projektor-mini-led-beamer-kompatibel-mit-tv-stick-smartphone-tablet","status":"publish","type":"product","link":"https:\/\/marktxxl.de\/markt\/produkt\/beamer-4k-elektrischer-fokus-6d-4p-trapezkorrektur-zoom-unterstuetzt-5g-wifi-zweikanal-bluetooth-20000l-native-1080p-projektor-mini-led-beamer-kompatibel-mit-tv-stick-smartphone-tablet\/","title":{"rendered":"Beamer 4K [Elektrischer Fokus &amp; 6D\/4P Trapezkorrektur &amp; Zoom] Unterst\u00fctzt, 5G WiFi Zweikanal-Bluetooth 20000L Native 1080P Projektor, Mini LED Beamer Kompatibel mit TV-Stick Smartphone Tablet Laptop"},"content":{"rendered":"<p>[Elektrischer Fokus &amp; 6D\/4P Trapezkorrektur &amp; 25%-100% Zoomfunktion] Die Sch\u00e4rfe und das Trapez k\u00f6nnen bei der Montage an W\u00e4nden und Decken oder in den Ecken nicht einfach angepasst werden. Aus diesem Grund bieten wir bei diesem Projektor einen elektrischen Fokus, eine elektrische 4D\/4P-Trapezkorrektur (vertikal, horizontal und 4 Ecken) und eine stufenlose Zoomfunktion (25%-100%). Der Beamer kann \u00fcberall dort installiert werden, und das Bild l\u00e4sst sich einfach mit der Fernbedienung einstellen.<br \/>\n[H\u00f6here Aufl\u00f6sung &amp; Farbs\u00e4ttigung &amp; 500 ANSI-Helligkeit] Der Beamer verf\u00fcgt \u00fcber neueste LED-Lichtquelle, hochmodernen 3-LCD-Farbverarbeitungschip und neueste W\u00e4rmeableitungstechnologie. Die Helligkeits- und Sch\u00e4rfeleistung wurde um 30% verbessert, w\u00e4hrend das L\u00fcfterger\u00e4usch um 70% reduziert wurde. Das Kontrastverh\u00e4ltnis von 15000:1 sorgt f\u00fcr die Wiederherstellung komplexer Farbdetails je nach Einsatzumgebung, was den Kunden eine lebensechte, dynamische und farbenfrohe Bildqualit\u00e4t bietet.<br \/>\n[Schnellere 2.4G\/5G WLAN-Verbindung &amp; Zweikanal-Bluetooth] Mit eingebautem neuestem 2.4G\/5G WLAN- &amp; Bluetooth-Chip l\u00e4sst sich dieser Projektor in 5s \u00fcber WLAN mit Smartphone\/Tablet\/Laptop verbinden. Sie k\u00f6nnen auch eine Bluetooth-Soundbar, Lautsprecher oder Kopfh\u00f6rer an diesen Beamer f\u00fcr eine bessere Klangqualit\u00e4t anschlie\u00dfen. Au\u00dferdem kann dieser Projektor \u00fcber das integrierte Zweikanal-Bluetooth auch als Bluetooth-Lautsprecher dienen. Damit schl\u00e4gt der Beamer zwei Fliegen mit einer Klappe.<br \/>\n[Breite Kompatibilit\u00e4t und Anwendungsbereich] Mit HDMI-, USB-, AV- und 3,5mm-AUX-Anschl\u00fcssen sowie einem HDMI- und AV-Kabel unterst\u00fctzt dieser Mini-Beamer eine Vielzahl von Ger\u00e4ten wie TV-Stick\/-Box, Spielekonsole, Computer, Smartphone &amp; Laptop, DVD-Player, USB-Stick usw. Richten Sie Ihr tragbares Heimkino ein und genie\u00dfen Sie das Filmerlebnis auf gro\u00dfen Leinw\u00e4nden von 36 bis 300 Zoll bei Projektionsabst\u00e4nden von 1.2 bis 5 m. Dies ist eine perfekte Wahl f\u00fcr Ihren Filmabend.<br \/>\n[Intelligent &amp; Kundenspezifisch] Der Beamer hat ein revolution\u00e4res Betriebssystem, das nicht nur Funktionen wie E-Fokus, E-Trapezkorrektur, stufenloser Zoom und Zweikanal-Bluetooth bietet, sondern auch einige praktische Funktionen wie Startsignal-Eingang, Tastenton, Bildschirmschoner, Timer und Hintergrundbild. Neben dem Standardmodus bieten wir auch die Modi Light, Soft, Game und User an, um Ihre individuellen Projektionsbed\u00fcrfnisse \u00fcber die HDMI-, USB- und AV-Signaleing\u00e4nge zu erf\u00fcllen.<br \/>\n<div class=\"main-cross-sell\" data-asin=\"B0CNT31H56\">\n\n\t<div class=\"WooZone-cross-sell-loader\">\n\t\t<div>\n\t\t\t<div id=\"floatingBarsG\">\n\t\t\t\t<div class=\"blockG\" id=\"rotateG_01\"><\/div>\n\t\t\t\t<div class=\"blockG\" id=\"rotateG_02\"><\/div>\n\t\t\t\t<div class=\"blockG\" id=\"rotateG_03\"><\/div>\n\t\t\t\t<div class=\"blockG\" id=\"rotateG_04\"><\/div>\n\t\t\t\t<div class=\"blockG\" id=\"rotateG_05\"><\/div>\n\t\t\t\t<div class=\"blockG\" id=\"rotateG_06\"><\/div>\n\t\t\t\t<div class=\"blockG\" id=\"rotateG_07\"><\/div>\n\t\t\t\t<div class=\"blockG\" id=\"rotateG_08\"><\/div>\n\t\t\t<\/div>\n\t\t\t<div class=\"WooZone-cross-sell-loader-text\"><\/div>\n\t\t<\/div>\n\t<\/div>\n\n\t\t\n<\/div>\n<div style=\"clear:both;\"><\/div><\/p>\n","protected":false},"excerpt":{"rendered":"<p>[Elektrischer Fokus &amp; 6D\/4P Trapezkorrektur &amp; 25%-100% Zoomfunktion] Die Sch\u00e4rfe und das Trapez k\u00f6nnen bei der Montage an W\u00e4nden und Decken oder in den Ecken nicht einfach angepasst werden. Aus diesem Grund bieten wir bei diesem Projektor einen elektrischen Fokus, eine elektrische 4D\/4P-Trapezkorrektur (vertikal, horizontal und 4 Ecken) und eine stufenlose Zoomfunktion (25%-100%). Der Beamer kann \u00fcberall dort installiert werden, und das Bild l\u00e4sst sich einfach mit der Fernbedienung einstellen.<br \/>\n[H\u00f6here Aufl\u00f6sung &amp; Farbs\u00e4ttigung &amp; 500 ANSI-Helligkeit] Der Beamer verf\u00fcgt \u00fcber neueste LED-Lichtquelle, hochmodernen 3-LCD-Farbverarbeitungschip und neueste W\u00e4rmeableitungstechnologie. Die Helligkeits- und Sch\u00e4rfeleistung wurde um 30% verbessert, w\u00e4hrend das L\u00fcfterger\u00e4usch um 70% reduziert wurde. Das Kontrastverh\u00e4ltnis von 15000:1 sorgt f\u00fcr die Wiederherstellung komplexer Farbdetails je nach Einsatzumgebung, was den Kunden eine lebensechte, dynamische und farbenfrohe Bildqualit\u00e4t bietet.<br \/>\n[Schnellere 2.4G\/5G WLAN-Verbindung &amp; Zweikanal-Bluetooth] Mit eingebautem neuestem 2.4G\/5G WLAN- &amp; Bluetooth-Chip l\u00e4sst sich dieser Projektor in 5s \u00fcber WLAN mit Smartphone\/Tablet\/Laptop verbinden. Sie k\u00f6nnen auch eine Bluetooth-Soundbar, Lautsprecher oder Kopfh\u00f6rer an diesen Beamer f\u00fcr eine bessere Klangqualit\u00e4t anschlie\u00dfen. Au\u00dferdem kann dieser Projektor \u00fcber das integrierte Zweikanal-Bluetooth auch als Bluetooth-Lautsprecher dienen. Damit schl\u00e4gt der Beamer zwei Fliegen mit einer Klappe.<\/p>\n","protected":false},"featured_media":219137,"comment_status":"open","ping_status":"closed","template":"","meta":[],"product_brand":[],"product_cat":[504,8208],"product_tag":[],"class_list":{"0":"post-219136","1":"product","2":"type-product","3":"status-publish","4":"has-post-thumbnail","6":"product_cat-buerobedarf-schreibwaren","7":"product_cat-bueroelektronik","8":"pa_binding-buerobedarf-schreibwaren","9":"pa_brand-yezmek","10":"pa_height-5-118110231-zoll","11":"pa_length-7-480314953-zoll","12":"pa_model-55092","13":"pa_warranty-3-jahre-herstellergarantie","14":"pa_width-6-299212592-zoll","16":"first","17":"instock","18":"sale","19":"shipping-taxable","20":"purchasable","21":"product-type-simple","22":"customify-col","23":"product-has-gallery"},"yoast_head":"<!-- This site is optimized with the Yoast SEO plugin v27.3 - https:\/\/yoast.com\/product\/yoast-seo-wordpress\/ -->\n<title>Beamer 4K [Elektrischer Fokus &amp; 6D\/4P Trapezkorrektur &amp; Zoom] Unterst\u00fctzt, 5G WiFi Zweikanal-Bluetooth 20000L Native 1080P Projektor, Mini LED Beamer Kompatibel mit TV-Stick Smartphone Tablet Laptop - Markt-XXL<\/title>\n<meta name=\"description\" content=\"Markt-XXL Beamer 4K [Elektrischer Fokus &amp; 6D\/4P Trapezkorrektur &amp; Zoom] Unterst\u00fctzt, 5G WiFi Zweikanal-Bluetooth 20000L Native 1080P Projektor, Mini LED Beamer Kompatibel mit TV-Stick Smartphone Tablet Laptop\" \/>\n<meta name=\"robots\" content=\"index, follow, max-snippet:-1, max-image-preview:large, max-video-preview:-1\" \/>\n<link rel=\"canonical\" href=\"https:\/\/marktxxl.de\/markt\/produkt\/beamer-4k-elektrischer-fokus-6d-4p-trapezkorrektur-zoom-unterstuetzt-5g-wifi-zweikanal-bluetooth-20000l-native-1080p-projektor-mini-led-beamer-kompatibel-mit-tv-stick-smartphone-tablet\/\" \/>\n<meta property=\"og:locale\" content=\"de_DE\" \/>\n<meta property=\"og:type\" content=\"article\" \/>\n<meta property=\"og:title\" content=\"Beamer 4K [Elektrischer Fokus &amp; 6D\/4P Trapezkorrektur &amp; Zoom] Unterst\u00fctzt, 5G WiFi Zweikanal-Bluetooth 20000L Native 1080P Projektor, Mini LED Beamer Kompatibel mit TV-Stick Smartphone Tablet Laptop - Markt-XXL\" \/>\n<meta property=\"og:description\" content=\"Markt-XXL Beamer 4K [Elektrischer Fokus &amp; 6D\/4P Trapezkorrektur &amp; Zoom] Unterst\u00fctzt, 5G WiFi Zweikanal-Bluetooth 20000L Native 1080P Projektor, Mini LED Beamer Kompatibel mit TV-Stick Smartphone Tablet Laptop\" \/>\n<meta property=\"og:url\" content=\"https:\/\/marktxxl.de\/markt\/produkt\/beamer-4k-elektrischer-fokus-6d-4p-trapezkorrektur-zoom-unterstuetzt-5g-wifi-zweikanal-bluetooth-20000l-native-1080p-projektor-mini-led-beamer-kompatibel-mit-tv-stick-smartphone-tablet\/\" \/>\n<meta property=\"og:site_name\" content=\"Markt-XXL\" \/>\n<meta name=\"twitter:card\" content=\"summary_large_image\" \/>\n<meta name=\"twitter:label1\" content=\"Gesch\u00e4tzte Lesezeit\" \/>\n\t<meta name=\"twitter:data1\" content=\"2\u00a0Minuten\" \/>\n<script type=\"application\/ld+json\" class=\"yoast-schema-graph\">{\"@context\":\"https:\\\/\\\/schema.org\",\"@graph\":[{\"@type\":\"WebPage\",\"@id\":\"https:\\\/\\\/marktxxl.de\\\/markt\\\/produkt\\\/beamer-4k-elektrischer-fokus-6d-4p-trapezkorrektur-zoom-unterstuetzt-5g-wifi-zweikanal-bluetooth-20000l-native-1080p-projektor-mini-led-beamer-kompatibel-mit-tv-stick-smartphone-tablet\\\/\",\"url\":\"https:\\\/\\\/marktxxl.de\\\/markt\\\/produkt\\\/beamer-4k-elektrischer-fokus-6d-4p-trapezkorrektur-zoom-unterstuetzt-5g-wifi-zweikanal-bluetooth-20000l-native-1080p-projektor-mini-led-beamer-kompatibel-mit-tv-stick-smartphone-tablet\\\/\",\"name\":\"Beamer 4K [Elektrischer Fokus &amp; 6D\\\/4P Trapezkorrektur &amp; Zoom] Unterst\u00fctzt, 5G WiFi Zweikanal-Bluetooth 20000L Native 1080P Projektor, Mini LED Beamer Kompatibel mit TV-Stick Smartphone Tablet Laptop - Markt-XXL\",\"isPartOf\":{\"@id\":\"https:\\\/\\\/marktxxl.de\\\/markt\\\/#website\"},\"primaryImageOfPage\":{\"@id\":\"https:\\\/\\\/marktxxl.de\\\/markt\\\/produkt\\\/beamer-4k-elektrischer-fokus-6d-4p-trapezkorrektur-zoom-unterstuetzt-5g-wifi-zweikanal-bluetooth-20000l-native-1080p-projektor-mini-led-beamer-kompatibel-mit-tv-stick-smartphone-tablet\\\/#primaryimage\"},\"image\":{\"@id\":\"https:\\\/\\\/marktxxl.de\\\/markt\\\/produkt\\\/beamer-4k-elektrischer-fokus-6d-4p-trapezkorrektur-zoom-unterstuetzt-5g-wifi-zweikanal-bluetooth-20000l-native-1080p-projektor-mini-led-beamer-kompatibel-mit-tv-stick-smartphone-tablet\\\/#primaryimage\"},\"thumbnailUrl\":\"https:\\\/\\\/m.media-amazon.com\\\/images\\\/I\\\/51sGmalmAmL._SL500_.jpg\",\"datePublished\":\"2024-07-28T08:49:35+00:00\",\"description\":\"Markt-XXL Beamer 4K [Elektrischer Fokus &amp; 6D\\\/4P Trapezkorrektur &amp; Zoom] Unterst\u00fctzt, 5G WiFi Zweikanal-Bluetooth 20000L Native 1080P Projektor, Mini LED Beamer Kompatibel mit TV-Stick Smartphone Tablet Laptop\",\"breadcrumb\":{\"@id\":\"https:\\\/\\\/marktxxl.de\\\/markt\\\/produkt\\\/beamer-4k-elektrischer-fokus-6d-4p-trapezkorrektur-zoom-unterstuetzt-5g-wifi-zweikanal-bluetooth-20000l-native-1080p-projektor-mini-led-beamer-kompatibel-mit-tv-stick-smartphone-tablet\\\/#breadcrumb\"},\"inLanguage\":\"de\",\"potentialAction\":[{\"@type\":\"ReadAction\",\"target\":[\"https:\\\/\\\/marktxxl.de\\\/markt\\\/produkt\\\/beamer-4k-elektrischer-fokus-6d-4p-trapezkorrektur-zoom-unterstuetzt-5g-wifi-zweikanal-bluetooth-20000l-native-1080p-projektor-mini-led-beamer-kompatibel-mit-tv-stick-smartphone-tablet\\\/\"]}]},{\"@type\":\"ImageObject\",\"inLanguage\":\"de\",\"@id\":\"https:\\\/\\\/marktxxl.de\\\/markt\\\/produkt\\\/beamer-4k-elektrischer-fokus-6d-4p-trapezkorrektur-zoom-unterstuetzt-5g-wifi-zweikanal-bluetooth-20000l-native-1080p-projektor-mini-led-beamer-kompatibel-mit-tv-stick-smartphone-tablet\\\/#primaryimage\",\"url\":\"https:\\\/\\\/m.media-amazon.com\\\/images\\\/I\\\/51sGmalmAmL._SL500_.jpg\",\"contentUrl\":\"https:\\\/\\\/m.media-amazon.com\\\/images\\\/I\\\/51sGmalmAmL._SL500_.jpg\",\"width\":500,\"height\":500},{\"@type\":\"BreadcrumbList\",\"@id\":\"https:\\\/\\\/marktxxl.de\\\/markt\\\/produkt\\\/beamer-4k-elektrischer-fokus-6d-4p-trapezkorrektur-zoom-unterstuetzt-5g-wifi-zweikanal-bluetooth-20000l-native-1080p-projektor-mini-led-beamer-kompatibel-mit-tv-stick-smartphone-tablet\\\/#breadcrumb\",\"itemListElement\":[{\"@type\":\"ListItem\",\"position\":1,\"name\":\"Startseite\",\"item\":\"https:\\\/\\\/marktxxl.de\\\/markt\\\/\"},{\"@type\":\"ListItem\",\"position\":2,\"name\":\"Markt\",\"item\":\"https:\\\/\\\/marktxxl.de\\\/markt\\\/\"},{\"@type\":\"ListItem\",\"position\":3,\"name\":\"Beamer 4K [Elektrischer Fokus &amp; 6D\\\/4P Trapezkorrektur &amp; Zoom] Unterst\u00fctzt, 5G WiFi Zweikanal-Bluetooth 20000L Native 1080P Projektor, Mini LED Beamer Kompatibel mit TV-Stick Smartphone Tablet Laptop\"}]},{\"@type\":\"WebSite\",\"@id\":\"https:\\\/\\\/marktxxl.de\\\/markt\\\/#website\",\"url\":\"https:\\\/\\\/marktxxl.de\\\/markt\\\/\",\"name\":\"Markt-XXL\",\"description\":\"Ihr Markt Online\",\"publisher\":{\"@id\":\"https:\\\/\\\/marktxxl.de\\\/markt\\\/#organization\"},\"potentialAction\":[{\"@type\":\"SearchAction\",\"target\":{\"@type\":\"EntryPoint\",\"urlTemplate\":\"https:\\\/\\\/marktxxl.de\\\/markt\\\/?s={search_term_string}\"},\"query-input\":{\"@type\":\"PropertyValueSpecification\",\"valueRequired\":true,\"valueName\":\"search_term_string\"}}],\"inLanguage\":\"de\"},{\"@type\":\"Organization\",\"@id\":\"https:\\\/\\\/marktxxl.de\\\/markt\\\/#organization\",\"name\":\"Markt-XXL\",\"url\":\"https:\\\/\\\/marktxxl.de\\\/markt\\\/\",\"logo\":{\"@type\":\"ImageObject\",\"inLanguage\":\"de\",\"@id\":\"https:\\\/\\\/marktxxl.de\\\/markt\\\/#\\\/schema\\\/logo\\\/image\\\/\",\"url\":\"https:\\\/\\\/marktxxl.de\\\/markt\\\/wp-content\\\/uploads\\\/sites\\\/3\\\/2020\\\/12\\\/logo.png\",\"contentUrl\":\"https:\\\/\\\/marktxxl.de\\\/markt\\\/wp-content\\\/uploads\\\/sites\\\/3\\\/2020\\\/12\\\/logo.png\",\"width\":200,\"height\":70,\"caption\":\"Markt-XXL\"},\"image\":{\"@id\":\"https:\\\/\\\/marktxxl.de\\\/markt\\\/#\\\/schema\\\/logo\\\/image\\\/\"}}]}<\/script>\n<!-- \/ Yoast SEO plugin. -->","yoast_head_json":{"title":"Beamer 4K [Elektrischer Fokus &amp; 6D\/4P Trapezkorrektur &amp; Zoom] Unterst\u00fctzt, 5G WiFi Zweikanal-Bluetooth 20000L Native 1080P Projektor, Mini LED Beamer Kompatibel mit TV-Stick Smartphone Tablet Laptop - Markt-XXL","description":"Markt-XXL Beamer 4K [Elektrischer Fokus &amp; 6D\/4P Trapezkorrektur &amp; Zoom] Unterst\u00fctzt, 5G WiFi Zweikanal-Bluetooth 20000L Native 1080P Projektor, Mini LED Beamer Kompatibel mit TV-Stick Smartphone Tablet Laptop","robots":{"index":"index","follow":"follow","max-snippet":"max-snippet:-1","max-image-preview":"max-image-preview:large","max-video-preview":"max-video-preview:-1"},"canonical":"https:\/\/marktxxl.de\/markt\/produkt\/beamer-4k-elektrischer-fokus-6d-4p-trapezkorrektur-zoom-unterstuetzt-5g-wifi-zweikanal-bluetooth-20000l-native-1080p-projektor-mini-led-beamer-kompatibel-mit-tv-stick-smartphone-tablet\/","og_locale":"de_DE","og_type":"article","og_title":"Beamer 4K [Elektrischer Fokus &amp; 6D\/4P Trapezkorrektur &amp; Zoom] Unterst\u00fctzt, 5G WiFi Zweikanal-Bluetooth 20000L Native 1080P Projektor, Mini LED Beamer Kompatibel mit TV-Stick Smartphone Tablet Laptop - Markt-XXL","og_description":"Markt-XXL Beamer 4K [Elektrischer Fokus &amp; 6D\/4P Trapezkorrektur &amp; Zoom] Unterst\u00fctzt, 5G WiFi Zweikanal-Bluetooth 20000L Native 1080P Projektor, Mini LED Beamer Kompatibel mit TV-Stick Smartphone Tablet Laptop","og_url":"https:\/\/marktxxl.de\/markt\/produkt\/beamer-4k-elektrischer-fokus-6d-4p-trapezkorrektur-zoom-unterstuetzt-5g-wifi-zweikanal-bluetooth-20000l-native-1080p-projektor-mini-led-beamer-kompatibel-mit-tv-stick-smartphone-tablet\/","og_site_name":"Markt-XXL","twitter_card":"summary_large_image","twitter_misc":{"Gesch\u00e4tzte Lesezeit":"2\u00a0Minuten"},"schema":{"@context":"https:\/\/schema.org","@graph":[{"@type":"WebPage","@id":"https:\/\/marktxxl.de\/markt\/produkt\/beamer-4k-elektrischer-fokus-6d-4p-trapezkorrektur-zoom-unterstuetzt-5g-wifi-zweikanal-bluetooth-20000l-native-1080p-projektor-mini-led-beamer-kompatibel-mit-tv-stick-smartphone-tablet\/","url":"https:\/\/marktxxl.de\/markt\/produkt\/beamer-4k-elektrischer-fokus-6d-4p-trapezkorrektur-zoom-unterstuetzt-5g-wifi-zweikanal-bluetooth-20000l-native-1080p-projektor-mini-led-beamer-kompatibel-mit-tv-stick-smartphone-tablet\/","name":"Beamer 4K [Elektrischer Fokus &amp; 6D\/4P Trapezkorrektur &amp; Zoom] Unterst\u00fctzt, 5G WiFi Zweikanal-Bluetooth 20000L Native 1080P Projektor, Mini LED Beamer Kompatibel mit TV-Stick Smartphone Tablet Laptop - Markt-XXL","isPartOf":{"@id":"https:\/\/marktxxl.de\/markt\/#website"},"primaryImageOfPage":{"@id":"https:\/\/marktxxl.de\/markt\/produkt\/beamer-4k-elektrischer-fokus-6d-4p-trapezkorrektur-zoom-unterstuetzt-5g-wifi-zweikanal-bluetooth-20000l-native-1080p-projektor-mini-led-beamer-kompatibel-mit-tv-stick-smartphone-tablet\/#primaryimage"},"image":{"@id":"https:\/\/marktxxl.de\/markt\/produkt\/beamer-4k-elektrischer-fokus-6d-4p-trapezkorrektur-zoom-unterstuetzt-5g-wifi-zweikanal-bluetooth-20000l-native-1080p-projektor-mini-led-beamer-kompatibel-mit-tv-stick-smartphone-tablet\/#primaryimage"},"thumbnailUrl":"https:\/\/m.media-amazon.com\/images\/I\/51sGmalmAmL._SL500_.jpg","datePublished":"2024-07-28T08:49:35+00:00","description":"Markt-XXL Beamer 4K [Elektrischer Fokus &amp; 6D\/4P Trapezkorrektur &amp; Zoom] Unterst\u00fctzt, 5G WiFi Zweikanal-Bluetooth 20000L Native 1080P Projektor, Mini LED Beamer Kompatibel mit TV-Stick Smartphone Tablet Laptop","breadcrumb":{"@id":"https:\/\/marktxxl.de\/markt\/produkt\/beamer-4k-elektrischer-fokus-6d-4p-trapezkorrektur-zoom-unterstuetzt-5g-wifi-zweikanal-bluetooth-20000l-native-1080p-projektor-mini-led-beamer-kompatibel-mit-tv-stick-smartphone-tablet\/#breadcrumb"},"inLanguage":"de","potentialAction":[{"@type":"ReadAction","target":["https:\/\/marktxxl.de\/markt\/produkt\/beamer-4k-elektrischer-fokus-6d-4p-trapezkorrektur-zoom-unterstuetzt-5g-wifi-zweikanal-bluetooth-20000l-native-1080p-projektor-mini-led-beamer-kompatibel-mit-tv-stick-smartphone-tablet\/"]}]},{"@type":"ImageObject","inLanguage":"de","@id":"https:\/\/marktxxl.de\/markt\/produkt\/beamer-4k-elektrischer-fokus-6d-4p-trapezkorrektur-zoom-unterstuetzt-5g-wifi-zweikanal-bluetooth-20000l-native-1080p-projektor-mini-led-beamer-kompatibel-mit-tv-stick-smartphone-tablet\/#primaryimage","url":"https:\/\/m.media-amazon.com\/images\/I\/51sGmalmAmL._SL500_.jpg","contentUrl":"https:\/\/m.media-amazon.com\/images\/I\/51sGmalmAmL._SL500_.jpg","width":500,"height":500},{"@type":"BreadcrumbList","@id":"https:\/\/marktxxl.de\/markt\/produkt\/beamer-4k-elektrischer-fokus-6d-4p-trapezkorrektur-zoom-unterstuetzt-5g-wifi-zweikanal-bluetooth-20000l-native-1080p-projektor-mini-led-beamer-kompatibel-mit-tv-stick-smartphone-tablet\/#breadcrumb","itemListElement":[{"@type":"ListItem","position":1,"name":"Startseite","item":"https:\/\/marktxxl.de\/markt\/"},{"@type":"ListItem","position":2,"name":"Markt","item":"https:\/\/marktxxl.de\/markt\/"},{"@type":"ListItem","position":3,"name":"Beamer 4K [Elektrischer Fokus &amp; 6D\/4P Trapezkorrektur &amp; Zoom] Unterst\u00fctzt, 5G WiFi Zweikanal-Bluetooth 20000L Native 1080P Projektor, Mini LED Beamer Kompatibel mit TV-Stick Smartphone Tablet Laptop"}]},{"@type":"WebSite","@id":"https:\/\/marktxxl.de\/markt\/#website","url":"https:\/\/marktxxl.de\/markt\/","name":"Markt-XXL","description":"Ihr Markt Online","publisher":{"@id":"https:\/\/marktxxl.de\/markt\/#organization"},"potentialAction":[{"@type":"SearchAction","target":{"@type":"EntryPoint","urlTemplate":"https:\/\/marktxxl.de\/markt\/?s={search_term_string}"},"query-input":{"@type":"PropertyValueSpecification","valueRequired":true,"valueName":"search_term_string"}}],"inLanguage":"de"},{"@type":"Organization","@id":"https:\/\/marktxxl.de\/markt\/#organization","name":"Markt-XXL","url":"https:\/\/marktxxl.de\/markt\/","logo":{"@type":"ImageObject","inLanguage":"de","@id":"https:\/\/marktxxl.de\/markt\/#\/schema\/logo\/image\/","url":"https:\/\/marktxxl.de\/markt\/wp-content\/uploads\/sites\/3\/2020\/12\/logo.png","contentUrl":"https:\/\/marktxxl.de\/markt\/wp-content\/uploads\/sites\/3\/2020\/12\/logo.png","width":200,"height":70,"caption":"Markt-XXL"},"image":{"@id":"https:\/\/marktxxl.de\/markt\/#\/schema\/logo\/image\/"}}]}},"_links":{"self":[{"href":"https:\/\/marktxxl.de\/markt\/wp-json\/wp\/v2\/product\/219136","targetHints":{"allow":["GET"]}}],"collection":[{"href":"https:\/\/marktxxl.de\/markt\/wp-json\/wp\/v2\/product"}],"about":[{"href":"https:\/\/marktxxl.de\/markt\/wp-json\/wp\/v2\/types\/product"}],"replies":[{"embeddable":true,"href":"https:\/\/marktxxl.de\/markt\/wp-json\/wp\/v2\/comments?post=219136"}],"wp:featuredmedia":[{"embeddable":true,"href":"https:\/\/marktxxl.de\/markt\/wp-json\/wp\/v2\/media\/219137"}],"wp:attachment":[{"href":"https:\/\/marktxxl.de\/markt\/wp-json\/wp\/v2\/media?parent=219136"}],"wp:term":[{"taxonomy":"product_brand","embeddable":true,"href":"https:\/\/marktxxl.de\/markt\/wp-json\/wp\/v2\/product_brand?post=219136"},{"taxonomy":"product_cat","embeddable":true,"href":"https:\/\/marktxxl.de\/markt\/wp-json\/wp\/v2\/product_cat?post=219136"},{"taxonomy":"product_tag","embeddable":true,"href":"https:\/\/marktxxl.de\/markt\/wp-json\/wp\/v2\/product_tag?post=219136"}],"curies":[{"name":"wp","href":"https:\/\/api.w.org\/{rel}","templated":true}]}}