{"id":218877,"date":"2024-07-28T10:17:27","date_gmt":"2024-07-28T08:17:27","guid":{"rendered":"https:\/\/marktxxl.de\/markt\/produkt\/tubiaz-10-meter-led-lichterschlauch-aussen-bunt-100leds-wasserfest-led-schlauch-fuer-ausse-dimmbar-memory-funktion-fuer-weihnachten-ip65\/"},"modified":"2024-07-28T10:17:27","modified_gmt":"2024-07-28T08:17:27","slug":"tubiaz-10-meter-led-lichterschlauch-aussen-bunt-100leds-wasserfest-led-schlauch-fuer-ausse-dimmbar-memory-funktion-fuer-weihnachten-ip65","status":"publish","type":"product","link":"https:\/\/marktxxl.de\/markt\/produkt\/tubiaz-10-meter-led-lichterschlauch-aussen-bunt-100leds-wasserfest-led-schlauch-fuer-ausse-dimmbar-memory-funktion-fuer-weihnachten-ip65\/","title":{"rendered":"Tubiaz 10 Meter LED Lichterschlauch Au\u00dfen, Bunt 100LEDs Wasserfest LED Schlauch f\u00fcr Au\u00dfe, Dimmbar &amp; Memory-Funktion, f\u00fcr Weihnachten, IP65"},"content":{"rendered":"<p>\u2605Verbesserte Verschlei\u00dffestigkeit: Die Lichterkette verf\u00fcgt \u00fcber 100 LEDs auf einer Gesamtl\u00e4nge von 10 Metern. Die \u00e4u\u00dfere, transparente R\u00f6hre besteht aus hochwertigem PVC und hat verbesserte Reibradgetriebe, die die LEDs im Inneren besser sch\u00fctzen und damit haltbarer und sicherer machen. Die Lichterkette kann aufgrund des geringen Verformungswiderstands in jede gew\u00fcnschte Form gebracht werden.<br \/>\n\u2605Speicherfunktion: Mit der Taste auf dem Stecker k\u00f6nnen Sie bequem den gew\u00fcnschten Beleuchtungsmodus einstellen oder wechseln. Nach der Auswahl des Modus besteht keine Notwendigkeit mehr, den Lieblings-Beleuchtungsmodus erneut auszuw\u00e4hlen, da dieser automatisch beim n\u00e4chsten Einschalten gestartet wird.<br \/>\n\u26058 Beleuchtungsmodi: Mit den 8 verschiedenen Beleuchtungsmodi, einschlie\u00dflich Dauerlicht, Wellen, kontinuierliches Licht, schneller Blitz, langsamer Blitz, Verfolgungslicht, Serienblitz und ausgefallene Blitzmuster, k\u00f6nnen Sie den Modus ausw\u00e4hlen, der am besten zu Ihrem Haus und Garten passt und eine charmante und romantische Atmosph\u00e4re schafft.<br \/>\n\u2605IP65-Lichterkette f\u00fcr den Au\u00dfenbereich: Das Kabel der Lichterkette ist wasserdicht und hat die Schutzart IP65, was ihn ideal f\u00fcr den langfristigen Gebrauch im Innen- und Au\u00dfenbereich (f\u00fcr Regen, Nebel oder Schnee) macht. Bitte beachten Sie jedoch, dass der Stecker nicht wasserdicht ist und nicht im Freien verwendet werden darf.<br \/>\n\u2605Vielseitig einsetzbar: Die Lichterkette eignet sich perfekt zur Schaffung einer gem\u00fctlichen Atmosph\u00e4re und Lichtshows im Garten, auf dem Balkon, im Hof, auf dem Rasen, auf der Veranda, am Fenster usw.<br \/>\n<div class=\"main-cross-sell\" data-asin=\"B0CLY3XFGR\">\n\n\t<div class=\"WooZone-cross-sell-loader\">\n\t\t<div>\n\t\t\t<div id=\"floatingBarsG\">\n\t\t\t\t<div class=\"blockG\" id=\"rotateG_01\"><\/div>\n\t\t\t\t<div class=\"blockG\" id=\"rotateG_02\"><\/div>\n\t\t\t\t<div class=\"blockG\" id=\"rotateG_03\"><\/div>\n\t\t\t\t<div class=\"blockG\" id=\"rotateG_04\"><\/div>\n\t\t\t\t<div class=\"blockG\" id=\"rotateG_05\"><\/div>\n\t\t\t\t<div class=\"blockG\" id=\"rotateG_06\"><\/div>\n\t\t\t\t<div class=\"blockG\" id=\"rotateG_07\"><\/div>\n\t\t\t\t<div class=\"blockG\" id=\"rotateG_08\"><\/div>\n\t\t\t<\/div>\n\t\t\t<div class=\"WooZone-cross-sell-loader-text\"><\/div>\n\t\t<\/div>\n\t<\/div>\n\n\t\t\n<\/div>\n<div style=\"clear:both;\"><\/div><\/p>\n","protected":false},"excerpt":{"rendered":"<p>\u2605Verbesserte Verschlei\u00dffestigkeit: Die Lichterkette verf\u00fcgt \u00fcber 100 LEDs auf einer Gesamtl\u00e4nge von 10 Metern. Die \u00e4u\u00dfere, transparente R\u00f6hre besteht aus hochwertigem PVC und hat verbesserte Reibradgetriebe, die die LEDs im Inneren besser sch\u00fctzen und damit haltbarer und sicherer machen. Die Lichterkette kann aufgrund des geringen Verformungswiderstands in jede gew\u00fcnschte Form gebracht werden.<br \/>\n\u2605Speicherfunktion: Mit der Taste auf dem Stecker k\u00f6nnen Sie bequem den gew\u00fcnschten Beleuchtungsmodus einstellen oder wechseln. Nach der Auswahl des Modus besteht keine Notwendigkeit mehr, den Lieblings-Beleuchtungsmodus erneut auszuw\u00e4hlen, da dieser automatisch beim n\u00e4chsten Einschalten gestartet wird.<br \/>\n\u26058 Beleuchtungsmodi: Mit den 8 verschiedenen Beleuchtungsmodi, einschlie\u00dflich Dauerlicht, Wellen, kontinuierliches Licht, schneller Blitz, langsamer Blitz, Verfolgungslicht, Serienblitz und ausgefallene Blitzmuster, k\u00f6nnen Sie den Modus ausw\u00e4hlen, der am besten zu Ihrem Haus und Garten passt und eine charmante und romantische Atmosph\u00e4re schafft.<\/p>\n","protected":false},"featured_media":218878,"comment_status":"open","ping_status":"closed","template":"","meta":[],"product_brand":[],"product_cat":[2108,15623],"product_tag":[],"class_list":{"0":"post-218877","1":"product","2":"type-product","3":"status-publish","4":"has-post-thumbnail","6":"product_cat-beleuchtung","7":"product_cat-lichtschlaeuche","8":"pa_brand-tubiaz","9":"pa_color-bunt","10":"pa_manufacturer-tubiaz","11":"pa_size-10m","13":"first","14":"instock","15":"shipping-taxable","16":"purchasable","17":"product-type-simple","18":"customify-col","19":"product-has-gallery"},"yoast_head":"<!-- This site is optimized with the Yoast SEO plugin v27.4 - https:\/\/yoast.com\/product\/yoast-seo-wordpress\/ -->\n<title>Tubiaz 10 Meter LED Lichterschlauch Au\u00dfen, Bunt 100LEDs Wasserfest LED Schlauch f\u00fcr Au\u00dfe, Dimmbar &amp; Memory-Funktion, f\u00fcr Weihnachten, IP65 - Markt-XXL<\/title>\n<meta name=\"description\" content=\"Markt-XXL Tubiaz 10 Meter LED Lichterschlauch Au\u00dfen, Bunt 100LEDs Wasserfest LED Schlauch f\u00fcr Au\u00dfe, Dimmbar &amp; Memory-Funktion, f\u00fcr Weihnachten, IP65\" \/>\n<meta name=\"robots\" content=\"index, follow, max-snippet:-1, max-image-preview:large, max-video-preview:-1\" \/>\n<link rel=\"canonical\" href=\"https:\/\/marktxxl.de\/markt\/produkt\/tubiaz-10-meter-led-lichterschlauch-aussen-bunt-100leds-wasserfest-led-schlauch-fuer-ausse-dimmbar-memory-funktion-fuer-weihnachten-ip65\/\" \/>\n<meta property=\"og:locale\" content=\"de_DE\" \/>\n<meta property=\"og:type\" content=\"article\" \/>\n<meta property=\"og:title\" content=\"Tubiaz 10 Meter LED Lichterschlauch Au\u00dfen, Bunt 100LEDs Wasserfest LED Schlauch f\u00fcr Au\u00dfe, Dimmbar &amp; Memory-Funktion, f\u00fcr Weihnachten, IP65 - Markt-XXL\" \/>\n<meta property=\"og:description\" content=\"Markt-XXL Tubiaz 10 Meter LED Lichterschlauch Au\u00dfen, Bunt 100LEDs Wasserfest LED Schlauch f\u00fcr Au\u00dfe, Dimmbar &amp; Memory-Funktion, f\u00fcr Weihnachten, IP65\" \/>\n<meta property=\"og:url\" content=\"https:\/\/marktxxl.de\/markt\/produkt\/tubiaz-10-meter-led-lichterschlauch-aussen-bunt-100leds-wasserfest-led-schlauch-fuer-ausse-dimmbar-memory-funktion-fuer-weihnachten-ip65\/\" \/>\n<meta property=\"og:site_name\" content=\"Markt-XXL\" \/>\n<meta name=\"twitter:card\" content=\"summary_large_image\" \/>\n<meta name=\"twitter:label1\" content=\"Gesch\u00e4tzte Lesezeit\" \/>\n\t<meta name=\"twitter:data1\" content=\"1\u00a0Minute\" \/>\n<script type=\"application\/ld+json\" class=\"yoast-schema-graph\">{\"@context\":\"https:\\\/\\\/schema.org\",\"@graph\":[{\"@type\":\"WebPage\",\"@id\":\"https:\\\/\\\/marktxxl.de\\\/markt\\\/produkt\\\/tubiaz-10-meter-led-lichterschlauch-aussen-bunt-100leds-wasserfest-led-schlauch-fuer-ausse-dimmbar-memory-funktion-fuer-weihnachten-ip65\\\/\",\"url\":\"https:\\\/\\\/marktxxl.de\\\/markt\\\/produkt\\\/tubiaz-10-meter-led-lichterschlauch-aussen-bunt-100leds-wasserfest-led-schlauch-fuer-ausse-dimmbar-memory-funktion-fuer-weihnachten-ip65\\\/\",\"name\":\"Tubiaz 10 Meter LED Lichterschlauch Au\u00dfen, Bunt 100LEDs Wasserfest LED Schlauch f\u00fcr Au\u00dfe, Dimmbar &amp; Memory-Funktion, f\u00fcr Weihnachten, IP65 - Markt-XXL\",\"isPartOf\":{\"@id\":\"https:\\\/\\\/marktxxl.de\\\/markt\\\/#website\"},\"primaryImageOfPage\":{\"@id\":\"https:\\\/\\\/marktxxl.de\\\/markt\\\/produkt\\\/tubiaz-10-meter-led-lichterschlauch-aussen-bunt-100leds-wasserfest-led-schlauch-fuer-ausse-dimmbar-memory-funktion-fuer-weihnachten-ip65\\\/#primaryimage\"},\"image\":{\"@id\":\"https:\\\/\\\/marktxxl.de\\\/markt\\\/produkt\\\/tubiaz-10-meter-led-lichterschlauch-aussen-bunt-100leds-wasserfest-led-schlauch-fuer-ausse-dimmbar-memory-funktion-fuer-weihnachten-ip65\\\/#primaryimage\"},\"thumbnailUrl\":\"https:\\\/\\\/m.media-amazon.com\\\/images\\\/I\\\/51Xk00+JqvL._SL500_.jpg\",\"datePublished\":\"2024-07-28T08:17:27+00:00\",\"description\":\"Markt-XXL Tubiaz 10 Meter LED Lichterschlauch Au\u00dfen, Bunt 100LEDs Wasserfest LED Schlauch f\u00fcr Au\u00dfe, Dimmbar &amp; Memory-Funktion, f\u00fcr Weihnachten, IP65\",\"breadcrumb\":{\"@id\":\"https:\\\/\\\/marktxxl.de\\\/markt\\\/produkt\\\/tubiaz-10-meter-led-lichterschlauch-aussen-bunt-100leds-wasserfest-led-schlauch-fuer-ausse-dimmbar-memory-funktion-fuer-weihnachten-ip65\\\/#breadcrumb\"},\"inLanguage\":\"de\",\"potentialAction\":[{\"@type\":\"ReadAction\",\"target\":[\"https:\\\/\\\/marktxxl.de\\\/markt\\\/produkt\\\/tubiaz-10-meter-led-lichterschlauch-aussen-bunt-100leds-wasserfest-led-schlauch-fuer-ausse-dimmbar-memory-funktion-fuer-weihnachten-ip65\\\/\"]}]},{\"@type\":\"ImageObject\",\"inLanguage\":\"de\",\"@id\":\"https:\\\/\\\/marktxxl.de\\\/markt\\\/produkt\\\/tubiaz-10-meter-led-lichterschlauch-aussen-bunt-100leds-wasserfest-led-schlauch-fuer-ausse-dimmbar-memory-funktion-fuer-weihnachten-ip65\\\/#primaryimage\",\"url\":\"https:\\\/\\\/m.media-amazon.com\\\/images\\\/I\\\/51Xk00+JqvL._SL500_.jpg\",\"contentUrl\":\"https:\\\/\\\/m.media-amazon.com\\\/images\\\/I\\\/51Xk00+JqvL._SL500_.jpg\",\"width\":500,\"height\":500},{\"@type\":\"BreadcrumbList\",\"@id\":\"https:\\\/\\\/marktxxl.de\\\/markt\\\/produkt\\\/tubiaz-10-meter-led-lichterschlauch-aussen-bunt-100leds-wasserfest-led-schlauch-fuer-ausse-dimmbar-memory-funktion-fuer-weihnachten-ip65\\\/#breadcrumb\",\"itemListElement\":[{\"@type\":\"ListItem\",\"position\":1,\"name\":\"Startseite\",\"item\":\"https:\\\/\\\/marktxxl.de\\\/markt\\\/\"},{\"@type\":\"ListItem\",\"position\":2,\"name\":\"Markt\",\"item\":\"https:\\\/\\\/marktxxl.de\\\/markt\\\/\"},{\"@type\":\"ListItem\",\"position\":3,\"name\":\"Tubiaz 10 Meter LED Lichterschlauch Au\u00dfen, Bunt 100LEDs Wasserfest LED Schlauch f\u00fcr Au\u00dfe, Dimmbar &amp; Memory-Funktion, f\u00fcr Weihnachten, IP65\"}]},{\"@type\":\"WebSite\",\"@id\":\"https:\\\/\\\/marktxxl.de\\\/markt\\\/#website\",\"url\":\"https:\\\/\\\/marktxxl.de\\\/markt\\\/\",\"name\":\"Markt-XXL\",\"description\":\"Ihr Markt Online\",\"publisher\":{\"@id\":\"https:\\\/\\\/marktxxl.de\\\/markt\\\/#organization\"},\"potentialAction\":[{\"@type\":\"SearchAction\",\"target\":{\"@type\":\"EntryPoint\",\"urlTemplate\":\"https:\\\/\\\/marktxxl.de\\\/markt\\\/?s={search_term_string}\"},\"query-input\":{\"@type\":\"PropertyValueSpecification\",\"valueRequired\":true,\"valueName\":\"search_term_string\"}}],\"inLanguage\":\"de\"},{\"@type\":\"Organization\",\"@id\":\"https:\\\/\\\/marktxxl.de\\\/markt\\\/#organization\",\"name\":\"Markt-XXL\",\"url\":\"https:\\\/\\\/marktxxl.de\\\/markt\\\/\",\"logo\":{\"@type\":\"ImageObject\",\"inLanguage\":\"de\",\"@id\":\"https:\\\/\\\/marktxxl.de\\\/markt\\\/#\\\/schema\\\/logo\\\/image\\\/\",\"url\":\"https:\\\/\\\/marktxxl.de\\\/markt\\\/wp-content\\\/uploads\\\/sites\\\/3\\\/2020\\\/12\\\/logo.png\",\"contentUrl\":\"https:\\\/\\\/marktxxl.de\\\/markt\\\/wp-content\\\/uploads\\\/sites\\\/3\\\/2020\\\/12\\\/logo.png\",\"width\":200,\"height\":70,\"caption\":\"Markt-XXL\"},\"image\":{\"@id\":\"https:\\\/\\\/marktxxl.de\\\/markt\\\/#\\\/schema\\\/logo\\\/image\\\/\"}}]}<\/script>\n<!-- \/ Yoast SEO plugin. -->","yoast_head_json":{"title":"Tubiaz 10 Meter LED Lichterschlauch Au\u00dfen, Bunt 100LEDs Wasserfest LED Schlauch f\u00fcr Au\u00dfe, Dimmbar &amp; Memory-Funktion, f\u00fcr Weihnachten, IP65 - Markt-XXL","description":"Markt-XXL Tubiaz 10 Meter LED Lichterschlauch Au\u00dfen, Bunt 100LEDs Wasserfest LED Schlauch f\u00fcr Au\u00dfe, Dimmbar &amp; Memory-Funktion, f\u00fcr Weihnachten, IP65","robots":{"index":"index","follow":"follow","max-snippet":"max-snippet:-1","max-image-preview":"max-image-preview:large","max-video-preview":"max-video-preview:-1"},"canonical":"https:\/\/marktxxl.de\/markt\/produkt\/tubiaz-10-meter-led-lichterschlauch-aussen-bunt-100leds-wasserfest-led-schlauch-fuer-ausse-dimmbar-memory-funktion-fuer-weihnachten-ip65\/","og_locale":"de_DE","og_type":"article","og_title":"Tubiaz 10 Meter LED Lichterschlauch Au\u00dfen, Bunt 100LEDs Wasserfest LED Schlauch f\u00fcr Au\u00dfe, Dimmbar &amp; Memory-Funktion, f\u00fcr Weihnachten, IP65 - Markt-XXL","og_description":"Markt-XXL Tubiaz 10 Meter LED Lichterschlauch Au\u00dfen, Bunt 100LEDs Wasserfest LED Schlauch f\u00fcr Au\u00dfe, Dimmbar &amp; Memory-Funktion, f\u00fcr Weihnachten, IP65","og_url":"https:\/\/marktxxl.de\/markt\/produkt\/tubiaz-10-meter-led-lichterschlauch-aussen-bunt-100leds-wasserfest-led-schlauch-fuer-ausse-dimmbar-memory-funktion-fuer-weihnachten-ip65\/","og_site_name":"Markt-XXL","twitter_card":"summary_large_image","twitter_misc":{"Gesch\u00e4tzte Lesezeit":"1\u00a0Minute"},"schema":{"@context":"https:\/\/schema.org","@graph":[{"@type":"WebPage","@id":"https:\/\/marktxxl.de\/markt\/produkt\/tubiaz-10-meter-led-lichterschlauch-aussen-bunt-100leds-wasserfest-led-schlauch-fuer-ausse-dimmbar-memory-funktion-fuer-weihnachten-ip65\/","url":"https:\/\/marktxxl.de\/markt\/produkt\/tubiaz-10-meter-led-lichterschlauch-aussen-bunt-100leds-wasserfest-led-schlauch-fuer-ausse-dimmbar-memory-funktion-fuer-weihnachten-ip65\/","name":"Tubiaz 10 Meter LED Lichterschlauch Au\u00dfen, Bunt 100LEDs Wasserfest LED Schlauch f\u00fcr Au\u00dfe, Dimmbar &amp; Memory-Funktion, f\u00fcr Weihnachten, IP65 - Markt-XXL","isPartOf":{"@id":"https:\/\/marktxxl.de\/markt\/#website"},"primaryImageOfPage":{"@id":"https:\/\/marktxxl.de\/markt\/produkt\/tubiaz-10-meter-led-lichterschlauch-aussen-bunt-100leds-wasserfest-led-schlauch-fuer-ausse-dimmbar-memory-funktion-fuer-weihnachten-ip65\/#primaryimage"},"image":{"@id":"https:\/\/marktxxl.de\/markt\/produkt\/tubiaz-10-meter-led-lichterschlauch-aussen-bunt-100leds-wasserfest-led-schlauch-fuer-ausse-dimmbar-memory-funktion-fuer-weihnachten-ip65\/#primaryimage"},"thumbnailUrl":"https:\/\/m.media-amazon.com\/images\/I\/51Xk00+JqvL._SL500_.jpg","datePublished":"2024-07-28T08:17:27+00:00","description":"Markt-XXL Tubiaz 10 Meter LED Lichterschlauch Au\u00dfen, Bunt 100LEDs Wasserfest LED Schlauch f\u00fcr Au\u00dfe, Dimmbar &amp; Memory-Funktion, f\u00fcr Weihnachten, IP65","breadcrumb":{"@id":"https:\/\/marktxxl.de\/markt\/produkt\/tubiaz-10-meter-led-lichterschlauch-aussen-bunt-100leds-wasserfest-led-schlauch-fuer-ausse-dimmbar-memory-funktion-fuer-weihnachten-ip65\/#breadcrumb"},"inLanguage":"de","potentialAction":[{"@type":"ReadAction","target":["https:\/\/marktxxl.de\/markt\/produkt\/tubiaz-10-meter-led-lichterschlauch-aussen-bunt-100leds-wasserfest-led-schlauch-fuer-ausse-dimmbar-memory-funktion-fuer-weihnachten-ip65\/"]}]},{"@type":"ImageObject","inLanguage":"de","@id":"https:\/\/marktxxl.de\/markt\/produkt\/tubiaz-10-meter-led-lichterschlauch-aussen-bunt-100leds-wasserfest-led-schlauch-fuer-ausse-dimmbar-memory-funktion-fuer-weihnachten-ip65\/#primaryimage","url":"https:\/\/m.media-amazon.com\/images\/I\/51Xk00+JqvL._SL500_.jpg","contentUrl":"https:\/\/m.media-amazon.com\/images\/I\/51Xk00+JqvL._SL500_.jpg","width":500,"height":500},{"@type":"BreadcrumbList","@id":"https:\/\/marktxxl.de\/markt\/produkt\/tubiaz-10-meter-led-lichterschlauch-aussen-bunt-100leds-wasserfest-led-schlauch-fuer-ausse-dimmbar-memory-funktion-fuer-weihnachten-ip65\/#breadcrumb","itemListElement":[{"@type":"ListItem","position":1,"name":"Startseite","item":"https:\/\/marktxxl.de\/markt\/"},{"@type":"ListItem","position":2,"name":"Markt","item":"https:\/\/marktxxl.de\/markt\/"},{"@type":"ListItem","position":3,"name":"Tubiaz 10 Meter LED Lichterschlauch Au\u00dfen, Bunt 100LEDs Wasserfest LED Schlauch f\u00fcr Au\u00dfe, Dimmbar &amp; Memory-Funktion, f\u00fcr Weihnachten, IP65"}]},{"@type":"WebSite","@id":"https:\/\/marktxxl.de\/markt\/#website","url":"https:\/\/marktxxl.de\/markt\/","name":"Markt-XXL","description":"Ihr Markt Online","publisher":{"@id":"https:\/\/marktxxl.de\/markt\/#organization"},"potentialAction":[{"@type":"SearchAction","target":{"@type":"EntryPoint","urlTemplate":"https:\/\/marktxxl.de\/markt\/?s={search_term_string}"},"query-input":{"@type":"PropertyValueSpecification","valueRequired":true,"valueName":"search_term_string"}}],"inLanguage":"de"},{"@type":"Organization","@id":"https:\/\/marktxxl.de\/markt\/#organization","name":"Markt-XXL","url":"https:\/\/marktxxl.de\/markt\/","logo":{"@type":"ImageObject","inLanguage":"de","@id":"https:\/\/marktxxl.de\/markt\/#\/schema\/logo\/image\/","url":"https:\/\/marktxxl.de\/markt\/wp-content\/uploads\/sites\/3\/2020\/12\/logo.png","contentUrl":"https:\/\/marktxxl.de\/markt\/wp-content\/uploads\/sites\/3\/2020\/12\/logo.png","width":200,"height":70,"caption":"Markt-XXL"},"image":{"@id":"https:\/\/marktxxl.de\/markt\/#\/schema\/logo\/image\/"}}]}},"_links":{"self":[{"href":"https:\/\/marktxxl.de\/markt\/wp-json\/wp\/v2\/product\/218877","targetHints":{"allow":["GET"]}}],"collection":[{"href":"https:\/\/marktxxl.de\/markt\/wp-json\/wp\/v2\/product"}],"about":[{"href":"https:\/\/marktxxl.de\/markt\/wp-json\/wp\/v2\/types\/product"}],"replies":[{"embeddable":true,"href":"https:\/\/marktxxl.de\/markt\/wp-json\/wp\/v2\/comments?post=218877"}],"wp:featuredmedia":[{"embeddable":true,"href":"https:\/\/marktxxl.de\/markt\/wp-json\/wp\/v2\/media\/218878"}],"wp:attachment":[{"href":"https:\/\/marktxxl.de\/markt\/wp-json\/wp\/v2\/media?parent=218877"}],"wp:term":[{"taxonomy":"product_brand","embeddable":true,"href":"https:\/\/marktxxl.de\/markt\/wp-json\/wp\/v2\/product_brand?post=218877"},{"taxonomy":"product_cat","embeddable":true,"href":"https:\/\/marktxxl.de\/markt\/wp-json\/wp\/v2\/product_cat?post=218877"},{"taxonomy":"product_tag","embeddable":true,"href":"https:\/\/marktxxl.de\/markt\/wp-json\/wp\/v2\/product_tag?post=218877"}],"curies":[{"name":"wp","href":"https:\/\/api.w.org\/{rel}","templated":true}]}}