{"id":218659,"date":"2024-07-28T09:48:12","date_gmt":"2024-07-28T07:48:12","guid":{"rendered":"https:\/\/marktxxl.de\/markt\/produkt\/calcuso-bueroklammern-farbig-sortierte-belastbare-bueroklammern-fuer-den-schul-buerobedarf-480-stueck-6-farben-je-80-stueck\/"},"modified":"2024-07-28T09:48:12","modified_gmt":"2024-07-28T07:48:12","slug":"calcuso-bueroklammern-farbig-sortierte-belastbare-bueroklammern-fuer-den-schul-buerobedarf-480-stueck-6-farben-je-80-stueck","status":"publish","type":"product","link":"https:\/\/marktxxl.de\/markt\/produkt\/calcuso-bueroklammern-farbig-sortierte-belastbare-bueroklammern-fuer-den-schul-buerobedarf-480-stueck-6-farben-je-80-stueck\/","title":{"rendered":"CALCUSO B\u00fcroklammern: Farbig sortierte belastbare B\u00fcroklammern f\u00fcr den Schul-\/B\u00fcrobedarf, 480 St\u00fcck, 6 Farben je 80 St\u00fcck"},"content":{"rendered":"<p>480 bunte B\u00fcroklammern<br \/>\n6 verschiedene Farben: Gr\u00fcn, Blau, Lila, Pink, Orange, Gelb<br \/>\nPraktische Aufbewahrung in einer wiederverwendbaren Box<br \/>\nLanglebig und farbig sortiert<br \/>\n<div class=\"main-cross-sell\" data-asin=\"B07W4V8SCZ\">\n\n\t<div class=\"WooZone-cross-sell-loader\">\n\t\t<div>\n\t\t\t<div id=\"floatingBarsG\">\n\t\t\t\t<div class=\"blockG\" id=\"rotateG_01\"><\/div>\n\t\t\t\t<div class=\"blockG\" id=\"rotateG_02\"><\/div>\n\t\t\t\t<div class=\"blockG\" id=\"rotateG_03\"><\/div>\n\t\t\t\t<div class=\"blockG\" id=\"rotateG_04\"><\/div>\n\t\t\t\t<div class=\"blockG\" id=\"rotateG_05\"><\/div>\n\t\t\t\t<div class=\"blockG\" id=\"rotateG_06\"><\/div>\n\t\t\t\t<div class=\"blockG\" id=\"rotateG_07\"><\/div>\n\t\t\t\t<div class=\"blockG\" id=\"rotateG_08\"><\/div>\n\t\t\t<\/div>\n\t\t\t<div class=\"WooZone-cross-sell-loader-text\"><\/div>\n\t\t<\/div>\n\t<\/div>\n\n\t\t\n<\/div>\n<div style=\"clear:both;\"><\/div><\/p>\n","protected":false},"excerpt":{"rendered":"<p>480 bunte B\u00fcroklammern<br \/>\n6 verschiedene Farben: Gr\u00fcn, Blau, Lila, Pink, Orange, Gelb<br \/>\nPraktische Aufbewahrung in einer wiederverwendbaren Box<\/p>\n","protected":false},"featured_media":218660,"comment_status":"open","ping_status":"closed","template":"","meta":[],"product_brand":[],"product_cat":[504,8208],"product_tag":[],"class_list":{"0":"post-218659","1":"product","2":"type-product","3":"status-publish","4":"has-post-thumbnail","6":"product_cat-buerobedarf-schreibwaren","7":"product_cat-bueroelektronik","8":"pa_binding-buerobedarf-schreibwaren","9":"pa_brand-calcuso","10":"pa_brand-thames-hudson","11":"pa_height-0-0393700787-zoll","12":"pa_length-5-511811018-zoll","13":"pa_manufacturer-calcuso","14":"pa_model-55004","15":"pa_size-bueroklammern","16":"pa_width-1-181102361-zoll","18":"first","19":"instock","20":"shipping-taxable","21":"purchasable","22":"product-type-simple","23":"customify-col","24":"product-has-gallery"},"yoast_head":"<!-- This site is optimized with the Yoast SEO plugin v27.3 - https:\/\/yoast.com\/product\/yoast-seo-wordpress\/ -->\n<title>CALCUSO B\u00fcroklammern: Farbig sortierte belastbare B\u00fcroklammern f\u00fcr den Schul-\/B\u00fcrobedarf, 480 St\u00fcck, 6 Farben je 80 St\u00fcck - Markt-XXL<\/title>\n<meta name=\"description\" content=\"Markt-XXL CALCUSO B\u00fcroklammern: Farbig sortierte belastbare B\u00fcroklammern f\u00fcr den Schul-\/B\u00fcrobedarf, 480 St\u00fcck, 6 Farben je 80 St\u00fcck\" \/>\n<meta name=\"robots\" content=\"index, follow, max-snippet:-1, max-image-preview:large, max-video-preview:-1\" \/>\n<link rel=\"canonical\" href=\"https:\/\/marktxxl.de\/markt\/produkt\/calcuso-bueroklammern-farbig-sortierte-belastbare-bueroklammern-fuer-den-schul-buerobedarf-480-stueck-6-farben-je-80-stueck\/\" \/>\n<meta property=\"og:locale\" content=\"de_DE\" \/>\n<meta property=\"og:type\" content=\"article\" \/>\n<meta property=\"og:title\" content=\"CALCUSO B\u00fcroklammern: Farbig sortierte belastbare B\u00fcroklammern f\u00fcr den Schul-\/B\u00fcrobedarf, 480 St\u00fcck, 6 Farben je 80 St\u00fcck - Markt-XXL\" \/>\n<meta property=\"og:description\" content=\"Markt-XXL CALCUSO B\u00fcroklammern: Farbig sortierte belastbare B\u00fcroklammern f\u00fcr den Schul-\/B\u00fcrobedarf, 480 St\u00fcck, 6 Farben je 80 St\u00fcck\" \/>\n<meta property=\"og:url\" content=\"https:\/\/marktxxl.de\/markt\/produkt\/calcuso-bueroklammern-farbig-sortierte-belastbare-bueroklammern-fuer-den-schul-buerobedarf-480-stueck-6-farben-je-80-stueck\/\" \/>\n<meta property=\"og:site_name\" content=\"Markt-XXL\" \/>\n<meta name=\"twitter:card\" content=\"summary_large_image\" \/>\n<script type=\"application\/ld+json\" class=\"yoast-schema-graph\">{\"@context\":\"https:\\\/\\\/schema.org\",\"@graph\":[{\"@type\":\"WebPage\",\"@id\":\"https:\\\/\\\/marktxxl.de\\\/markt\\\/produkt\\\/calcuso-bueroklammern-farbig-sortierte-belastbare-bueroklammern-fuer-den-schul-buerobedarf-480-stueck-6-farben-je-80-stueck\\\/\",\"url\":\"https:\\\/\\\/marktxxl.de\\\/markt\\\/produkt\\\/calcuso-bueroklammern-farbig-sortierte-belastbare-bueroklammern-fuer-den-schul-buerobedarf-480-stueck-6-farben-je-80-stueck\\\/\",\"name\":\"CALCUSO B\u00fcroklammern: Farbig sortierte belastbare B\u00fcroklammern f\u00fcr den Schul-\\\/B\u00fcrobedarf, 480 St\u00fcck, 6 Farben je 80 St\u00fcck - Markt-XXL\",\"isPartOf\":{\"@id\":\"https:\\\/\\\/marktxxl.de\\\/markt\\\/#website\"},\"primaryImageOfPage\":{\"@id\":\"https:\\\/\\\/marktxxl.de\\\/markt\\\/produkt\\\/calcuso-bueroklammern-farbig-sortierte-belastbare-bueroklammern-fuer-den-schul-buerobedarf-480-stueck-6-farben-je-80-stueck\\\/#primaryimage\"},\"image\":{\"@id\":\"https:\\\/\\\/marktxxl.de\\\/markt\\\/produkt\\\/calcuso-bueroklammern-farbig-sortierte-belastbare-bueroklammern-fuer-den-schul-buerobedarf-480-stueck-6-farben-je-80-stueck\\\/#primaryimage\"},\"thumbnailUrl\":\"https:\\\/\\\/m.media-amazon.com\\\/images\\\/I\\\/51HGQ6SREeL._SL500_.jpg\",\"datePublished\":\"2024-07-28T07:48:12+00:00\",\"description\":\"Markt-XXL CALCUSO B\u00fcroklammern: Farbig sortierte belastbare B\u00fcroklammern f\u00fcr den Schul-\\\/B\u00fcrobedarf, 480 St\u00fcck, 6 Farben je 80 St\u00fcck\",\"breadcrumb\":{\"@id\":\"https:\\\/\\\/marktxxl.de\\\/markt\\\/produkt\\\/calcuso-bueroklammern-farbig-sortierte-belastbare-bueroklammern-fuer-den-schul-buerobedarf-480-stueck-6-farben-je-80-stueck\\\/#breadcrumb\"},\"inLanguage\":\"de\",\"potentialAction\":[{\"@type\":\"ReadAction\",\"target\":[\"https:\\\/\\\/marktxxl.de\\\/markt\\\/produkt\\\/calcuso-bueroklammern-farbig-sortierte-belastbare-bueroklammern-fuer-den-schul-buerobedarf-480-stueck-6-farben-je-80-stueck\\\/\"]}]},{\"@type\":\"ImageObject\",\"inLanguage\":\"de\",\"@id\":\"https:\\\/\\\/marktxxl.de\\\/markt\\\/produkt\\\/calcuso-bueroklammern-farbig-sortierte-belastbare-bueroklammern-fuer-den-schul-buerobedarf-480-stueck-6-farben-je-80-stueck\\\/#primaryimage\",\"url\":\"https:\\\/\\\/m.media-amazon.com\\\/images\\\/I\\\/51HGQ6SREeL._SL500_.jpg\",\"contentUrl\":\"https:\\\/\\\/m.media-amazon.com\\\/images\\\/I\\\/51HGQ6SREeL._SL500_.jpg\",\"width\":500,\"height\":500},{\"@type\":\"BreadcrumbList\",\"@id\":\"https:\\\/\\\/marktxxl.de\\\/markt\\\/produkt\\\/calcuso-bueroklammern-farbig-sortierte-belastbare-bueroklammern-fuer-den-schul-buerobedarf-480-stueck-6-farben-je-80-stueck\\\/#breadcrumb\",\"itemListElement\":[{\"@type\":\"ListItem\",\"position\":1,\"name\":\"Startseite\",\"item\":\"https:\\\/\\\/marktxxl.de\\\/markt\\\/\"},{\"@type\":\"ListItem\",\"position\":2,\"name\":\"Markt\",\"item\":\"https:\\\/\\\/marktxxl.de\\\/markt\\\/\"},{\"@type\":\"ListItem\",\"position\":3,\"name\":\"CALCUSO B\u00fcroklammern: Farbig sortierte belastbare B\u00fcroklammern f\u00fcr den Schul-\\\/B\u00fcrobedarf, 480 St\u00fcck, 6 Farben je 80 St\u00fcck\"}]},{\"@type\":\"WebSite\",\"@id\":\"https:\\\/\\\/marktxxl.de\\\/markt\\\/#website\",\"url\":\"https:\\\/\\\/marktxxl.de\\\/markt\\\/\",\"name\":\"Markt-XXL\",\"description\":\"Ihr Markt Online\",\"publisher\":{\"@id\":\"https:\\\/\\\/marktxxl.de\\\/markt\\\/#organization\"},\"potentialAction\":[{\"@type\":\"SearchAction\",\"target\":{\"@type\":\"EntryPoint\",\"urlTemplate\":\"https:\\\/\\\/marktxxl.de\\\/markt\\\/?s={search_term_string}\"},\"query-input\":{\"@type\":\"PropertyValueSpecification\",\"valueRequired\":true,\"valueName\":\"search_term_string\"}}],\"inLanguage\":\"de\"},{\"@type\":\"Organization\",\"@id\":\"https:\\\/\\\/marktxxl.de\\\/markt\\\/#organization\",\"name\":\"Markt-XXL\",\"url\":\"https:\\\/\\\/marktxxl.de\\\/markt\\\/\",\"logo\":{\"@type\":\"ImageObject\",\"inLanguage\":\"de\",\"@id\":\"https:\\\/\\\/marktxxl.de\\\/markt\\\/#\\\/schema\\\/logo\\\/image\\\/\",\"url\":\"https:\\\/\\\/marktxxl.de\\\/markt\\\/wp-content\\\/uploads\\\/sites\\\/3\\\/2020\\\/12\\\/logo.png\",\"contentUrl\":\"https:\\\/\\\/marktxxl.de\\\/markt\\\/wp-content\\\/uploads\\\/sites\\\/3\\\/2020\\\/12\\\/logo.png\",\"width\":200,\"height\":70,\"caption\":\"Markt-XXL\"},\"image\":{\"@id\":\"https:\\\/\\\/marktxxl.de\\\/markt\\\/#\\\/schema\\\/logo\\\/image\\\/\"}}]}<\/script>\n<!-- \/ Yoast SEO plugin. -->","yoast_head_json":{"title":"CALCUSO B\u00fcroklammern: Farbig sortierte belastbare B\u00fcroklammern f\u00fcr den Schul-\/B\u00fcrobedarf, 480 St\u00fcck, 6 Farben je 80 St\u00fcck - Markt-XXL","description":"Markt-XXL CALCUSO B\u00fcroklammern: Farbig sortierte belastbare B\u00fcroklammern f\u00fcr den Schul-\/B\u00fcrobedarf, 480 St\u00fcck, 6 Farben je 80 St\u00fcck","robots":{"index":"index","follow":"follow","max-snippet":"max-snippet:-1","max-image-preview":"max-image-preview:large","max-video-preview":"max-video-preview:-1"},"canonical":"https:\/\/marktxxl.de\/markt\/produkt\/calcuso-bueroklammern-farbig-sortierte-belastbare-bueroklammern-fuer-den-schul-buerobedarf-480-stueck-6-farben-je-80-stueck\/","og_locale":"de_DE","og_type":"article","og_title":"CALCUSO B\u00fcroklammern: Farbig sortierte belastbare B\u00fcroklammern f\u00fcr den Schul-\/B\u00fcrobedarf, 480 St\u00fcck, 6 Farben je 80 St\u00fcck - Markt-XXL","og_description":"Markt-XXL CALCUSO B\u00fcroklammern: Farbig sortierte belastbare B\u00fcroklammern f\u00fcr den Schul-\/B\u00fcrobedarf, 480 St\u00fcck, 6 Farben je 80 St\u00fcck","og_url":"https:\/\/marktxxl.de\/markt\/produkt\/calcuso-bueroklammern-farbig-sortierte-belastbare-bueroklammern-fuer-den-schul-buerobedarf-480-stueck-6-farben-je-80-stueck\/","og_site_name":"Markt-XXL","twitter_card":"summary_large_image","schema":{"@context":"https:\/\/schema.org","@graph":[{"@type":"WebPage","@id":"https:\/\/marktxxl.de\/markt\/produkt\/calcuso-bueroklammern-farbig-sortierte-belastbare-bueroklammern-fuer-den-schul-buerobedarf-480-stueck-6-farben-je-80-stueck\/","url":"https:\/\/marktxxl.de\/markt\/produkt\/calcuso-bueroklammern-farbig-sortierte-belastbare-bueroklammern-fuer-den-schul-buerobedarf-480-stueck-6-farben-je-80-stueck\/","name":"CALCUSO B\u00fcroklammern: Farbig sortierte belastbare B\u00fcroklammern f\u00fcr den Schul-\/B\u00fcrobedarf, 480 St\u00fcck, 6 Farben je 80 St\u00fcck - Markt-XXL","isPartOf":{"@id":"https:\/\/marktxxl.de\/markt\/#website"},"primaryImageOfPage":{"@id":"https:\/\/marktxxl.de\/markt\/produkt\/calcuso-bueroklammern-farbig-sortierte-belastbare-bueroklammern-fuer-den-schul-buerobedarf-480-stueck-6-farben-je-80-stueck\/#primaryimage"},"image":{"@id":"https:\/\/marktxxl.de\/markt\/produkt\/calcuso-bueroklammern-farbig-sortierte-belastbare-bueroklammern-fuer-den-schul-buerobedarf-480-stueck-6-farben-je-80-stueck\/#primaryimage"},"thumbnailUrl":"https:\/\/m.media-amazon.com\/images\/I\/51HGQ6SREeL._SL500_.jpg","datePublished":"2024-07-28T07:48:12+00:00","description":"Markt-XXL CALCUSO B\u00fcroklammern: Farbig sortierte belastbare B\u00fcroklammern f\u00fcr den Schul-\/B\u00fcrobedarf, 480 St\u00fcck, 6 Farben je 80 St\u00fcck","breadcrumb":{"@id":"https:\/\/marktxxl.de\/markt\/produkt\/calcuso-bueroklammern-farbig-sortierte-belastbare-bueroklammern-fuer-den-schul-buerobedarf-480-stueck-6-farben-je-80-stueck\/#breadcrumb"},"inLanguage":"de","potentialAction":[{"@type":"ReadAction","target":["https:\/\/marktxxl.de\/markt\/produkt\/calcuso-bueroklammern-farbig-sortierte-belastbare-bueroklammern-fuer-den-schul-buerobedarf-480-stueck-6-farben-je-80-stueck\/"]}]},{"@type":"ImageObject","inLanguage":"de","@id":"https:\/\/marktxxl.de\/markt\/produkt\/calcuso-bueroklammern-farbig-sortierte-belastbare-bueroklammern-fuer-den-schul-buerobedarf-480-stueck-6-farben-je-80-stueck\/#primaryimage","url":"https:\/\/m.media-amazon.com\/images\/I\/51HGQ6SREeL._SL500_.jpg","contentUrl":"https:\/\/m.media-amazon.com\/images\/I\/51HGQ6SREeL._SL500_.jpg","width":500,"height":500},{"@type":"BreadcrumbList","@id":"https:\/\/marktxxl.de\/markt\/produkt\/calcuso-bueroklammern-farbig-sortierte-belastbare-bueroklammern-fuer-den-schul-buerobedarf-480-stueck-6-farben-je-80-stueck\/#breadcrumb","itemListElement":[{"@type":"ListItem","position":1,"name":"Startseite","item":"https:\/\/marktxxl.de\/markt\/"},{"@type":"ListItem","position":2,"name":"Markt","item":"https:\/\/marktxxl.de\/markt\/"},{"@type":"ListItem","position":3,"name":"CALCUSO B\u00fcroklammern: Farbig sortierte belastbare B\u00fcroklammern f\u00fcr den Schul-\/B\u00fcrobedarf, 480 St\u00fcck, 6 Farben je 80 St\u00fcck"}]},{"@type":"WebSite","@id":"https:\/\/marktxxl.de\/markt\/#website","url":"https:\/\/marktxxl.de\/markt\/","name":"Markt-XXL","description":"Ihr Markt Online","publisher":{"@id":"https:\/\/marktxxl.de\/markt\/#organization"},"potentialAction":[{"@type":"SearchAction","target":{"@type":"EntryPoint","urlTemplate":"https:\/\/marktxxl.de\/markt\/?s={search_term_string}"},"query-input":{"@type":"PropertyValueSpecification","valueRequired":true,"valueName":"search_term_string"}}],"inLanguage":"de"},{"@type":"Organization","@id":"https:\/\/marktxxl.de\/markt\/#organization","name":"Markt-XXL","url":"https:\/\/marktxxl.de\/markt\/","logo":{"@type":"ImageObject","inLanguage":"de","@id":"https:\/\/marktxxl.de\/markt\/#\/schema\/logo\/image\/","url":"https:\/\/marktxxl.de\/markt\/wp-content\/uploads\/sites\/3\/2020\/12\/logo.png","contentUrl":"https:\/\/marktxxl.de\/markt\/wp-content\/uploads\/sites\/3\/2020\/12\/logo.png","width":200,"height":70,"caption":"Markt-XXL"},"image":{"@id":"https:\/\/marktxxl.de\/markt\/#\/schema\/logo\/image\/"}}]}},"_links":{"self":[{"href":"https:\/\/marktxxl.de\/markt\/wp-json\/wp\/v2\/product\/218659","targetHints":{"allow":["GET"]}}],"collection":[{"href":"https:\/\/marktxxl.de\/markt\/wp-json\/wp\/v2\/product"}],"about":[{"href":"https:\/\/marktxxl.de\/markt\/wp-json\/wp\/v2\/types\/product"}],"replies":[{"embeddable":true,"href":"https:\/\/marktxxl.de\/markt\/wp-json\/wp\/v2\/comments?post=218659"}],"wp:featuredmedia":[{"embeddable":true,"href":"https:\/\/marktxxl.de\/markt\/wp-json\/wp\/v2\/media\/218660"}],"wp:attachment":[{"href":"https:\/\/marktxxl.de\/markt\/wp-json\/wp\/v2\/media?parent=218659"}],"wp:term":[{"taxonomy":"product_brand","embeddable":true,"href":"https:\/\/marktxxl.de\/markt\/wp-json\/wp\/v2\/product_brand?post=218659"},{"taxonomy":"product_cat","embeddable":true,"href":"https:\/\/marktxxl.de\/markt\/wp-json\/wp\/v2\/product_cat?post=218659"},{"taxonomy":"product_tag","embeddable":true,"href":"https:\/\/marktxxl.de\/markt\/wp-json\/wp\/v2\/product_tag?post=218659"}],"curies":[{"name":"wp","href":"https:\/\/api.w.org\/{rel}","templated":true}]}}