{"id":218019,"date":"2024-07-28T08:29:22","date_gmt":"2024-07-28T06:29:22","guid":{"rendered":"https:\/\/marktxxl.de\/markt\/produkt\/budermmy-sneaker-socken-damen-6-paar-fuesslinge-baumwolle-sportsocken-atmungsaktives-kurz-socken-damen-gepolsterte-laufsocken\/"},"modified":"2024-07-28T08:29:22","modified_gmt":"2024-07-28T06:29:22","slug":"budermmy-sneaker-socken-damen-6-paar-fuesslinge-baumwolle-sportsocken-atmungsaktives-kurz-socken-damen-gepolsterte-laufsocken","status":"publish","type":"product","link":"https:\/\/marktxxl.de\/markt\/produkt\/budermmy-sneaker-socken-damen-6-paar-fuesslinge-baumwolle-sportsocken-atmungsaktives-kurz-socken-damen-gepolsterte-laufsocken\/","title":{"rendered":"BUDERMMY Sneaker Socken Damen 6 Paar F\u00fc\u00dflinge Baumwolle Sportsocken Atmungsaktives Kurz Socken Damen Gepolsterte Laufsocken"},"content":{"rendered":"<p>\u3010Wundersch\u00f6ne k\u00fchle Farben\u3011&#8212;Wir haben eine Reihe von Sorbet-Farbgarnen ausgew\u00e4hlt, um diese lustigen Farben herzustellen. Es wird gesagt, dass Bewegung gl\u00fccklicher macht und wir vertrauen darauf, dass diese Farben die Trainingsmotivation steigern oder Ihren Tag versch\u00f6nern k\u00f6nnen!<br \/>\n\u3010Fu\u00dfgew\u00f6lbest\u00fctze und -d\u00e4mpfung\u3011 &#8211; Laufsocken Damen bieten guten Halt und D\u00e4mpfung mit extra weichen Pl\u00fcschsohlenpolstern an den Fersen- und Vorfu\u00dfbereichen, Haltbarkeit und Rutschfestigkeit der Socken verbessern, w\u00e4hrend des Trainings sch\u00fctzt es effektiv Ihre F\u00fc\u00dfe.<br \/>\n\u3010Gittergewebe\u3011 -Diese Sportsocken sind mit atmungsaktivem Gittergewebe auf der Oberfl\u00e4che ausgestattet, das eine hervorragende Luftdurchl\u00e4ssigkeit aufweist, die W\u00e4rme und Schwei\u00df schneller ableiten kann, w\u00e4hrend die Luftzirkulation aufrechterhalten wird um schlechten Geruch und Bakterien zu vermeiden.<br \/>\n\u3010Kn\u00f6chelschutz\u3011 -An der Ferse sorgt eine Lasche daf\u00fcr, dass Reibungen durch deinen Sportschuh nicht zu nervigen Blasen f\u00fchren. Die nahtlose Zehenpartie verhindert Abrieb und Irritationen, die Socken sitzen gut am Fu\u00df, ohne sich zu bewegen oder zu rutschen.<br \/>\n\u3010Sportsocken Damen\u3011 &#8212; Es gibt 35-38, 39-42, Gr\u00f6\u00dfen, w\u00e4hlen Sie aus, geeignet f\u00fcr verschiedene hochintensive Sportarten (Laufen, Training, Tennis, andern, Trekking, Wandern Outdoor usw.), professionelle Sportsocken, sind eher f\u00fcr den Einsatz im Sport geeignet.<br \/>\n<div class=\"main-cross-sell\" data-asin=\"B0BZLN9NCK\">\n\n\t<div class=\"WooZone-cross-sell-loader\">\n\t\t<div>\n\t\t\t<div id=\"floatingBarsG\">\n\t\t\t\t<div class=\"blockG\" id=\"rotateG_01\"><\/div>\n\t\t\t\t<div class=\"blockG\" id=\"rotateG_02\"><\/div>\n\t\t\t\t<div class=\"blockG\" id=\"rotateG_03\"><\/div>\n\t\t\t\t<div class=\"blockG\" id=\"rotateG_04\"><\/div>\n\t\t\t\t<div class=\"blockG\" id=\"rotateG_05\"><\/div>\n\t\t\t\t<div class=\"blockG\" id=\"rotateG_06\"><\/div>\n\t\t\t\t<div class=\"blockG\" id=\"rotateG_07\"><\/div>\n\t\t\t\t<div class=\"blockG\" id=\"rotateG_08\"><\/div>\n\t\t\t<\/div>\n\t\t\t<div class=\"WooZone-cross-sell-loader-text\"><\/div>\n\t\t<\/div>\n\t<\/div>\n\n\t\t\n<\/div>\n<div style=\"clear:both;\"><\/div><\/p>\n","protected":false},"excerpt":{"rendered":"<p>\u3010Wundersch\u00f6ne k\u00fchle Farben\u3011&#8212;Wir haben eine Reihe von Sorbet-Farbgarnen ausgew\u00e4hlt, um diese lustigen Farben herzustellen. Es wird gesagt, dass Bewegung gl\u00fccklicher macht und wir vertrauen darauf, dass diese Farben die Trainingsmotivation steigern oder Ihren Tag versch\u00f6nern k\u00f6nnen!<br \/>\n\u3010Fu\u00dfgew\u00f6lbest\u00fctze und -d\u00e4mpfung\u3011 &#8211; Laufsocken Damen bieten guten Halt und D\u00e4mpfung mit extra weichen Pl\u00fcschsohlenpolstern an den Fersen- und Vorfu\u00dfbereichen, Haltbarkeit und Rutschfestigkeit der Socken verbessern, w\u00e4hrend des Trainings sch\u00fctzt es effektiv Ihre F\u00fc\u00dfe.<br \/>\n\u3010Gittergewebe\u3011 -Diese Sportsocken sind mit atmungsaktivem Gittergewebe auf der Oberfl\u00e4che ausgestattet, das eine hervorragende Luftdurchl\u00e4ssigkeit aufweist, die W\u00e4rme und Schwei\u00df schneller ableiten kann, w\u00e4hrend die Luftzirkulation aufrechterhalten wird um schlechten Geruch und Bakterien zu vermeiden.<\/p>\n","protected":false},"featured_media":218020,"comment_status":"open","ping_status":"closed","template":"","meta":[],"product_brand":[],"product_cat":[1186,3920],"product_tag":[],"class_list":{"0":"post-218019","1":"product","2":"type-product","3":"status-publish","4":"has-post-thumbnail","6":"product_cat-bekleidung","7":"product_cat-damen","8":"pa_brand-budermmy","9":"pa_manufacturer-budermmy","10":"pa_model-54863","12":"first","13":"instock","14":"shipping-taxable","15":"product-type-simple","16":"customify-col","17":"product-has-gallery"},"yoast_head":"<!-- This site is optimized with the Yoast SEO plugin v27.4 - https:\/\/yoast.com\/product\/yoast-seo-wordpress\/ -->\n<title>BUDERMMY Sneaker Socken Damen 6 Paar F\u00fc\u00dflinge Baumwolle Sportsocken Atmungsaktives Kurz Socken Damen Gepolsterte Laufsocken - Markt-XXL<\/title>\n<meta name=\"description\" content=\"Markt-XXL BUDERMMY Sneaker Socken Damen 6 Paar F\u00fc\u00dflinge Baumwolle Sportsocken Atmungsaktives Kurz Socken Damen Gepolsterte Laufsocken\" \/>\n<meta name=\"robots\" content=\"index, follow, max-snippet:-1, max-image-preview:large, max-video-preview:-1\" \/>\n<link rel=\"canonical\" href=\"https:\/\/marktxxl.de\/markt\/produkt\/budermmy-sneaker-socken-damen-6-paar-fuesslinge-baumwolle-sportsocken-atmungsaktives-kurz-socken-damen-gepolsterte-laufsocken\/\" \/>\n<meta property=\"og:locale\" content=\"de_DE\" \/>\n<meta property=\"og:type\" content=\"article\" \/>\n<meta property=\"og:title\" content=\"BUDERMMY Sneaker Socken Damen 6 Paar F\u00fc\u00dflinge Baumwolle Sportsocken Atmungsaktives Kurz Socken Damen Gepolsterte Laufsocken - Markt-XXL\" \/>\n<meta property=\"og:description\" content=\"Markt-XXL BUDERMMY Sneaker Socken Damen 6 Paar F\u00fc\u00dflinge Baumwolle Sportsocken Atmungsaktives Kurz Socken Damen Gepolsterte Laufsocken\" \/>\n<meta property=\"og:url\" content=\"https:\/\/marktxxl.de\/markt\/produkt\/budermmy-sneaker-socken-damen-6-paar-fuesslinge-baumwolle-sportsocken-atmungsaktives-kurz-socken-damen-gepolsterte-laufsocken\/\" \/>\n<meta property=\"og:site_name\" content=\"Markt-XXL\" \/>\n<meta name=\"twitter:card\" content=\"summary_large_image\" \/>\n<meta name=\"twitter:label1\" content=\"Gesch\u00e4tzte Lesezeit\" \/>\n\t<meta name=\"twitter:data1\" content=\"1\u00a0Minute\" \/>\n<script type=\"application\/ld+json\" class=\"yoast-schema-graph\">{\"@context\":\"https:\\\/\\\/schema.org\",\"@graph\":[{\"@type\":\"WebPage\",\"@id\":\"https:\\\/\\\/marktxxl.de\\\/markt\\\/produkt\\\/budermmy-sneaker-socken-damen-6-paar-fuesslinge-baumwolle-sportsocken-atmungsaktives-kurz-socken-damen-gepolsterte-laufsocken\\\/\",\"url\":\"https:\\\/\\\/marktxxl.de\\\/markt\\\/produkt\\\/budermmy-sneaker-socken-damen-6-paar-fuesslinge-baumwolle-sportsocken-atmungsaktives-kurz-socken-damen-gepolsterte-laufsocken\\\/\",\"name\":\"BUDERMMY Sneaker Socken Damen 6 Paar F\u00fc\u00dflinge Baumwolle Sportsocken Atmungsaktives Kurz Socken Damen Gepolsterte Laufsocken - Markt-XXL\",\"isPartOf\":{\"@id\":\"https:\\\/\\\/marktxxl.de\\\/markt\\\/#website\"},\"primaryImageOfPage\":{\"@id\":\"https:\\\/\\\/marktxxl.de\\\/markt\\\/produkt\\\/budermmy-sneaker-socken-damen-6-paar-fuesslinge-baumwolle-sportsocken-atmungsaktives-kurz-socken-damen-gepolsterte-laufsocken\\\/#primaryimage\"},\"image\":{\"@id\":\"https:\\\/\\\/marktxxl.de\\\/markt\\\/produkt\\\/budermmy-sneaker-socken-damen-6-paar-fuesslinge-baumwolle-sportsocken-atmungsaktives-kurz-socken-damen-gepolsterte-laufsocken\\\/#primaryimage\"},\"thumbnailUrl\":\"https:\\\/\\\/m.media-amazon.com\\\/images\\\/I\\\/41NB+cKqmYL._SL500_.jpg\",\"datePublished\":\"2024-07-28T06:29:22+00:00\",\"description\":\"Markt-XXL BUDERMMY Sneaker Socken Damen 6 Paar F\u00fc\u00dflinge Baumwolle Sportsocken Atmungsaktives Kurz Socken Damen Gepolsterte Laufsocken\",\"breadcrumb\":{\"@id\":\"https:\\\/\\\/marktxxl.de\\\/markt\\\/produkt\\\/budermmy-sneaker-socken-damen-6-paar-fuesslinge-baumwolle-sportsocken-atmungsaktives-kurz-socken-damen-gepolsterte-laufsocken\\\/#breadcrumb\"},\"inLanguage\":\"de\",\"potentialAction\":[{\"@type\":\"ReadAction\",\"target\":[\"https:\\\/\\\/marktxxl.de\\\/markt\\\/produkt\\\/budermmy-sneaker-socken-damen-6-paar-fuesslinge-baumwolle-sportsocken-atmungsaktives-kurz-socken-damen-gepolsterte-laufsocken\\\/\"]}]},{\"@type\":\"ImageObject\",\"inLanguage\":\"de\",\"@id\":\"https:\\\/\\\/marktxxl.de\\\/markt\\\/produkt\\\/budermmy-sneaker-socken-damen-6-paar-fuesslinge-baumwolle-sportsocken-atmungsaktives-kurz-socken-damen-gepolsterte-laufsocken\\\/#primaryimage\",\"url\":\"https:\\\/\\\/m.media-amazon.com\\\/images\\\/I\\\/41NB+cKqmYL._SL500_.jpg\",\"contentUrl\":\"https:\\\/\\\/m.media-amazon.com\\\/images\\\/I\\\/41NB+cKqmYL._SL500_.jpg\",\"width\":500,\"height\":500},{\"@type\":\"BreadcrumbList\",\"@id\":\"https:\\\/\\\/marktxxl.de\\\/markt\\\/produkt\\\/budermmy-sneaker-socken-damen-6-paar-fuesslinge-baumwolle-sportsocken-atmungsaktives-kurz-socken-damen-gepolsterte-laufsocken\\\/#breadcrumb\",\"itemListElement\":[{\"@type\":\"ListItem\",\"position\":1,\"name\":\"Startseite\",\"item\":\"https:\\\/\\\/marktxxl.de\\\/markt\\\/\"},{\"@type\":\"ListItem\",\"position\":2,\"name\":\"Markt\",\"item\":\"https:\\\/\\\/marktxxl.de\\\/markt\\\/\"},{\"@type\":\"ListItem\",\"position\":3,\"name\":\"BUDERMMY Sneaker Socken Damen 6 Paar F\u00fc\u00dflinge Baumwolle Sportsocken Atmungsaktives Kurz Socken Damen Gepolsterte Laufsocken\"}]},{\"@type\":\"WebSite\",\"@id\":\"https:\\\/\\\/marktxxl.de\\\/markt\\\/#website\",\"url\":\"https:\\\/\\\/marktxxl.de\\\/markt\\\/\",\"name\":\"Markt-XXL\",\"description\":\"Ihr Markt Online\",\"publisher\":{\"@id\":\"https:\\\/\\\/marktxxl.de\\\/markt\\\/#organization\"},\"potentialAction\":[{\"@type\":\"SearchAction\",\"target\":{\"@type\":\"EntryPoint\",\"urlTemplate\":\"https:\\\/\\\/marktxxl.de\\\/markt\\\/?s={search_term_string}\"},\"query-input\":{\"@type\":\"PropertyValueSpecification\",\"valueRequired\":true,\"valueName\":\"search_term_string\"}}],\"inLanguage\":\"de\"},{\"@type\":\"Organization\",\"@id\":\"https:\\\/\\\/marktxxl.de\\\/markt\\\/#organization\",\"name\":\"Markt-XXL\",\"url\":\"https:\\\/\\\/marktxxl.de\\\/markt\\\/\",\"logo\":{\"@type\":\"ImageObject\",\"inLanguage\":\"de\",\"@id\":\"https:\\\/\\\/marktxxl.de\\\/markt\\\/#\\\/schema\\\/logo\\\/image\\\/\",\"url\":\"https:\\\/\\\/marktxxl.de\\\/markt\\\/wp-content\\\/uploads\\\/sites\\\/3\\\/2020\\\/12\\\/logo.png\",\"contentUrl\":\"https:\\\/\\\/marktxxl.de\\\/markt\\\/wp-content\\\/uploads\\\/sites\\\/3\\\/2020\\\/12\\\/logo.png\",\"width\":200,\"height\":70,\"caption\":\"Markt-XXL\"},\"image\":{\"@id\":\"https:\\\/\\\/marktxxl.de\\\/markt\\\/#\\\/schema\\\/logo\\\/image\\\/\"}}]}<\/script>\n<!-- \/ Yoast SEO plugin. -->","yoast_head_json":{"title":"BUDERMMY Sneaker Socken Damen 6 Paar F\u00fc\u00dflinge Baumwolle Sportsocken Atmungsaktives Kurz Socken Damen Gepolsterte Laufsocken - Markt-XXL","description":"Markt-XXL BUDERMMY Sneaker Socken Damen 6 Paar F\u00fc\u00dflinge Baumwolle Sportsocken Atmungsaktives Kurz Socken Damen Gepolsterte Laufsocken","robots":{"index":"index","follow":"follow","max-snippet":"max-snippet:-1","max-image-preview":"max-image-preview:large","max-video-preview":"max-video-preview:-1"},"canonical":"https:\/\/marktxxl.de\/markt\/produkt\/budermmy-sneaker-socken-damen-6-paar-fuesslinge-baumwolle-sportsocken-atmungsaktives-kurz-socken-damen-gepolsterte-laufsocken\/","og_locale":"de_DE","og_type":"article","og_title":"BUDERMMY Sneaker Socken Damen 6 Paar F\u00fc\u00dflinge Baumwolle Sportsocken Atmungsaktives Kurz Socken Damen Gepolsterte Laufsocken - Markt-XXL","og_description":"Markt-XXL BUDERMMY Sneaker Socken Damen 6 Paar F\u00fc\u00dflinge Baumwolle Sportsocken Atmungsaktives Kurz Socken Damen Gepolsterte Laufsocken","og_url":"https:\/\/marktxxl.de\/markt\/produkt\/budermmy-sneaker-socken-damen-6-paar-fuesslinge-baumwolle-sportsocken-atmungsaktives-kurz-socken-damen-gepolsterte-laufsocken\/","og_site_name":"Markt-XXL","twitter_card":"summary_large_image","twitter_misc":{"Gesch\u00e4tzte Lesezeit":"1\u00a0Minute"},"schema":{"@context":"https:\/\/schema.org","@graph":[{"@type":"WebPage","@id":"https:\/\/marktxxl.de\/markt\/produkt\/budermmy-sneaker-socken-damen-6-paar-fuesslinge-baumwolle-sportsocken-atmungsaktives-kurz-socken-damen-gepolsterte-laufsocken\/","url":"https:\/\/marktxxl.de\/markt\/produkt\/budermmy-sneaker-socken-damen-6-paar-fuesslinge-baumwolle-sportsocken-atmungsaktives-kurz-socken-damen-gepolsterte-laufsocken\/","name":"BUDERMMY Sneaker Socken Damen 6 Paar F\u00fc\u00dflinge Baumwolle Sportsocken Atmungsaktives Kurz Socken Damen Gepolsterte Laufsocken - Markt-XXL","isPartOf":{"@id":"https:\/\/marktxxl.de\/markt\/#website"},"primaryImageOfPage":{"@id":"https:\/\/marktxxl.de\/markt\/produkt\/budermmy-sneaker-socken-damen-6-paar-fuesslinge-baumwolle-sportsocken-atmungsaktives-kurz-socken-damen-gepolsterte-laufsocken\/#primaryimage"},"image":{"@id":"https:\/\/marktxxl.de\/markt\/produkt\/budermmy-sneaker-socken-damen-6-paar-fuesslinge-baumwolle-sportsocken-atmungsaktives-kurz-socken-damen-gepolsterte-laufsocken\/#primaryimage"},"thumbnailUrl":"https:\/\/m.media-amazon.com\/images\/I\/41NB+cKqmYL._SL500_.jpg","datePublished":"2024-07-28T06:29:22+00:00","description":"Markt-XXL BUDERMMY Sneaker Socken Damen 6 Paar F\u00fc\u00dflinge Baumwolle Sportsocken Atmungsaktives Kurz Socken Damen Gepolsterte Laufsocken","breadcrumb":{"@id":"https:\/\/marktxxl.de\/markt\/produkt\/budermmy-sneaker-socken-damen-6-paar-fuesslinge-baumwolle-sportsocken-atmungsaktives-kurz-socken-damen-gepolsterte-laufsocken\/#breadcrumb"},"inLanguage":"de","potentialAction":[{"@type":"ReadAction","target":["https:\/\/marktxxl.de\/markt\/produkt\/budermmy-sneaker-socken-damen-6-paar-fuesslinge-baumwolle-sportsocken-atmungsaktives-kurz-socken-damen-gepolsterte-laufsocken\/"]}]},{"@type":"ImageObject","inLanguage":"de","@id":"https:\/\/marktxxl.de\/markt\/produkt\/budermmy-sneaker-socken-damen-6-paar-fuesslinge-baumwolle-sportsocken-atmungsaktives-kurz-socken-damen-gepolsterte-laufsocken\/#primaryimage","url":"https:\/\/m.media-amazon.com\/images\/I\/41NB+cKqmYL._SL500_.jpg","contentUrl":"https:\/\/m.media-amazon.com\/images\/I\/41NB+cKqmYL._SL500_.jpg","width":500,"height":500},{"@type":"BreadcrumbList","@id":"https:\/\/marktxxl.de\/markt\/produkt\/budermmy-sneaker-socken-damen-6-paar-fuesslinge-baumwolle-sportsocken-atmungsaktives-kurz-socken-damen-gepolsterte-laufsocken\/#breadcrumb","itemListElement":[{"@type":"ListItem","position":1,"name":"Startseite","item":"https:\/\/marktxxl.de\/markt\/"},{"@type":"ListItem","position":2,"name":"Markt","item":"https:\/\/marktxxl.de\/markt\/"},{"@type":"ListItem","position":3,"name":"BUDERMMY Sneaker Socken Damen 6 Paar F\u00fc\u00dflinge Baumwolle Sportsocken Atmungsaktives Kurz Socken Damen Gepolsterte Laufsocken"}]},{"@type":"WebSite","@id":"https:\/\/marktxxl.de\/markt\/#website","url":"https:\/\/marktxxl.de\/markt\/","name":"Markt-XXL","description":"Ihr Markt Online","publisher":{"@id":"https:\/\/marktxxl.de\/markt\/#organization"},"potentialAction":[{"@type":"SearchAction","target":{"@type":"EntryPoint","urlTemplate":"https:\/\/marktxxl.de\/markt\/?s={search_term_string}"},"query-input":{"@type":"PropertyValueSpecification","valueRequired":true,"valueName":"search_term_string"}}],"inLanguage":"de"},{"@type":"Organization","@id":"https:\/\/marktxxl.de\/markt\/#organization","name":"Markt-XXL","url":"https:\/\/marktxxl.de\/markt\/","logo":{"@type":"ImageObject","inLanguage":"de","@id":"https:\/\/marktxxl.de\/markt\/#\/schema\/logo\/image\/","url":"https:\/\/marktxxl.de\/markt\/wp-content\/uploads\/sites\/3\/2020\/12\/logo.png","contentUrl":"https:\/\/marktxxl.de\/markt\/wp-content\/uploads\/sites\/3\/2020\/12\/logo.png","width":200,"height":70,"caption":"Markt-XXL"},"image":{"@id":"https:\/\/marktxxl.de\/markt\/#\/schema\/logo\/image\/"}}]}},"_links":{"self":[{"href":"https:\/\/marktxxl.de\/markt\/wp-json\/wp\/v2\/product\/218019","targetHints":{"allow":["GET"]}}],"collection":[{"href":"https:\/\/marktxxl.de\/markt\/wp-json\/wp\/v2\/product"}],"about":[{"href":"https:\/\/marktxxl.de\/markt\/wp-json\/wp\/v2\/types\/product"}],"replies":[{"embeddable":true,"href":"https:\/\/marktxxl.de\/markt\/wp-json\/wp\/v2\/comments?post=218019"}],"wp:featuredmedia":[{"embeddable":true,"href":"https:\/\/marktxxl.de\/markt\/wp-json\/wp\/v2\/media\/218020"}],"wp:attachment":[{"href":"https:\/\/marktxxl.de\/markt\/wp-json\/wp\/v2\/media?parent=218019"}],"wp:term":[{"taxonomy":"product_brand","embeddable":true,"href":"https:\/\/marktxxl.de\/markt\/wp-json\/wp\/v2\/product_brand?post=218019"},{"taxonomy":"product_cat","embeddable":true,"href":"https:\/\/marktxxl.de\/markt\/wp-json\/wp\/v2\/product_cat?post=218019"},{"taxonomy":"product_tag","embeddable":true,"href":"https:\/\/marktxxl.de\/markt\/wp-json\/wp\/v2\/product_tag?post=218019"}],"curies":[{"name":"wp","href":"https:\/\/api.w.org\/{rel}","templated":true}]}}