{"id":217987,"date":"2024-07-28T08:27:08","date_gmt":"2024-07-28T06:27:08","guid":{"rendered":"https:\/\/marktxxl.de\/markt\/produkt\/klebe-bh-push-uptraegerloser-bhwiederverwendbare-unsichtbar-silikon-rueckenfreier-bh-haut-freundlich-selbstklebend-bhfuer-abendkleid-brautkleid-badeanzug-und-andere-rueckenfreie-kleidung%ef%bc%88cu\/"},"modified":"2024-07-28T08:27:08","modified_gmt":"2024-07-28T06:27:08","slug":"klebe-bh-push-uptraegerloser-bhwiederverwendbare-unsichtbar-silikon-rueckenfreier-bh-haut-freundlich-selbstklebend-bhfuer-abendkleid-brautkleid-badeanzug-und-andere-rueckenfreie-kleidung%ef%bc%88cu","status":"publish","type":"product","link":"https:\/\/marktxxl.de\/markt\/produkt\/klebe-bh-push-uptraegerloser-bhwiederverwendbare-unsichtbar-silikon-rueckenfreier-bh-haut-freundlich-selbstklebend-bhfuer-abendkleid-brautkleid-badeanzug-und-andere-rueckenfreie-kleidung%ef%bc%88cu\/","title":{"rendered":"Klebe BH Push Up,Tr\u00e4gerloser BH,Wiederverwendbare Unsichtbar Silikon R\u00fcckenfreier BH Haut Freundlich Selbstklebend BH,f\u00fcr Abendkleid Brautkleid Badeanzug und Andere R\u00fcckenfreie Kleidung\uff08Cup-Gr\u00f6\u00dfe: B\uff09"},"content":{"rendered":"<div class=\"main-cross-sell\" data-asin=\"B0D8V2Z75Z\">\n\n\t<div class=\"WooZone-cross-sell-loader\">\n\t\t<div>\n\t\t\t<div id=\"floatingBarsG\">\n\t\t\t\t<div class=\"blockG\" id=\"rotateG_01\"><\/div>\n\t\t\t\t<div class=\"blockG\" id=\"rotateG_02\"><\/div>\n\t\t\t\t<div class=\"blockG\" id=\"rotateG_03\"><\/div>\n\t\t\t\t<div class=\"blockG\" id=\"rotateG_04\"><\/div>\n\t\t\t\t<div class=\"blockG\" id=\"rotateG_05\"><\/div>\n\t\t\t\t<div class=\"blockG\" id=\"rotateG_06\"><\/div>\n\t\t\t\t<div class=\"blockG\" id=\"rotateG_07\"><\/div>\n\t\t\t\t<div class=\"blockG\" id=\"rotateG_08\"><\/div>\n\t\t\t<\/div>\n\t\t\t<div class=\"WooZone-cross-sell-loader-text\"><\/div>\n\t\t<\/div>\n\t<\/div>\n\n\t\t\n<\/div>\n<div style=\"clear:both;\"><\/div>\n","protected":false},"excerpt":{"rendered":"","protected":false},"featured_media":217988,"comment_status":"open","ping_status":"closed","template":"","meta":[],"product_brand":[],"product_cat":[1186,3920],"product_tag":[],"class_list":{"0":"post-217987","1":"product","2":"type-product","3":"status-publish","4":"has-post-thumbnail","6":"product_cat-bekleidung","7":"product_cat-damen","8":"pa_binding-textilien","9":"pa_brand-nanquan","11":"first","12":"instock","13":"shipping-taxable","14":"product-type-simple","15":"customify-col","16":"product-has-gallery"},"yoast_head":"<!-- This site is optimized with the Yoast SEO plugin v27.3 - https:\/\/yoast.com\/product\/yoast-seo-wordpress\/ -->\n<title>Klebe BH Push Up,Tr\u00e4gerloser BH,Wiederverwendbare Unsichtbar Silikon R\u00fcckenfreier BH Haut Freundlich Selbstklebend BH,f\u00fcr Abendkleid Brautkleid Badeanzug und Andere R\u00fcckenfreie Kleidung\uff08Cup-Gr\u00f6\u00dfe: B\uff09 - Markt-XXL<\/title>\n<meta name=\"description\" content=\"Markt-XXL Klebe BH Push Up,Tr\u00e4gerloser BH,Wiederverwendbare Unsichtbar Silikon R\u00fcckenfreier BH Haut Freundlich Selbstklebend BH,f\u00fcr Abendkleid Brautkleid Badeanzug und Andere R\u00fcckenfreie Kleidung\uff08Cup-Gr\u00f6\u00dfe: B\uff09\" \/>\n<meta name=\"robots\" content=\"index, follow, max-snippet:-1, max-image-preview:large, max-video-preview:-1\" \/>\n<link rel=\"canonical\" href=\"https:\/\/marktxxl.de\/markt\/produkt\/klebe-bh-push-uptraegerloser-bhwiederverwendbare-unsichtbar-silikon-rueckenfreier-bh-haut-freundlich-selbstklebend-bhfuer-abendkleid-brautkleid-badeanzug-und-andere-rueckenfreie-kleidung\uff08cu\/\" \/>\n<meta property=\"og:locale\" content=\"de_DE\" \/>\n<meta property=\"og:type\" content=\"article\" \/>\n<meta property=\"og:title\" content=\"Klebe BH Push Up,Tr\u00e4gerloser BH,Wiederverwendbare Unsichtbar Silikon R\u00fcckenfreier BH Haut Freundlich Selbstklebend BH,f\u00fcr Abendkleid Brautkleid Badeanzug und Andere R\u00fcckenfreie Kleidung\uff08Cup-Gr\u00f6\u00dfe: B\uff09 - Markt-XXL\" \/>\n<meta property=\"og:description\" content=\"Markt-XXL Klebe BH Push Up,Tr\u00e4gerloser BH,Wiederverwendbare Unsichtbar Silikon R\u00fcckenfreier BH Haut Freundlich Selbstklebend BH,f\u00fcr Abendkleid Brautkleid Badeanzug und Andere R\u00fcckenfreie Kleidung\uff08Cup-Gr\u00f6\u00dfe: B\uff09\" \/>\n<meta property=\"og:url\" content=\"https:\/\/marktxxl.de\/markt\/produkt\/klebe-bh-push-uptraegerloser-bhwiederverwendbare-unsichtbar-silikon-rueckenfreier-bh-haut-freundlich-selbstklebend-bhfuer-abendkleid-brautkleid-badeanzug-und-andere-rueckenfreie-kleidung\uff08cu\/\" \/>\n<meta property=\"og:site_name\" content=\"Markt-XXL\" \/>\n<meta name=\"twitter:card\" content=\"summary_large_image\" \/>\n<script type=\"application\/ld+json\" class=\"yoast-schema-graph\">{\"@context\":\"https:\\\/\\\/schema.org\",\"@graph\":[{\"@type\":\"WebPage\",\"@id\":\"https:\\\/\\\/marktxxl.de\\\/markt\\\/produkt\\\/klebe-bh-push-uptraegerloser-bhwiederverwendbare-unsichtbar-silikon-rueckenfreier-bh-haut-freundlich-selbstklebend-bhfuer-abendkleid-brautkleid-badeanzug-und-andere-rueckenfreie-kleidung%ef%bc%88cu\\\/\",\"url\":\"https:\\\/\\\/marktxxl.de\\\/markt\\\/produkt\\\/klebe-bh-push-uptraegerloser-bhwiederverwendbare-unsichtbar-silikon-rueckenfreier-bh-haut-freundlich-selbstklebend-bhfuer-abendkleid-brautkleid-badeanzug-und-andere-rueckenfreie-kleidung%ef%bc%88cu\\\/\",\"name\":\"Klebe BH Push Up,Tr\u00e4gerloser BH,Wiederverwendbare Unsichtbar Silikon R\u00fcckenfreier BH Haut Freundlich Selbstklebend BH,f\u00fcr Abendkleid Brautkleid Badeanzug und Andere R\u00fcckenfreie Kleidung\uff08Cup-Gr\u00f6\u00dfe: B\uff09 - Markt-XXL\",\"isPartOf\":{\"@id\":\"https:\\\/\\\/marktxxl.de\\\/markt\\\/#website\"},\"primaryImageOfPage\":{\"@id\":\"https:\\\/\\\/marktxxl.de\\\/markt\\\/produkt\\\/klebe-bh-push-uptraegerloser-bhwiederverwendbare-unsichtbar-silikon-rueckenfreier-bh-haut-freundlich-selbstklebend-bhfuer-abendkleid-brautkleid-badeanzug-und-andere-rueckenfreie-kleidung%ef%bc%88cu\\\/#primaryimage\"},\"image\":{\"@id\":\"https:\\\/\\\/marktxxl.de\\\/markt\\\/produkt\\\/klebe-bh-push-uptraegerloser-bhwiederverwendbare-unsichtbar-silikon-rueckenfreier-bh-haut-freundlich-selbstklebend-bhfuer-abendkleid-brautkleid-badeanzug-und-andere-rueckenfreie-kleidung%ef%bc%88cu\\\/#primaryimage\"},\"thumbnailUrl\":\"https:\\\/\\\/m.media-amazon.com\\\/images\\\/I\\\/31+cMoKJoQL._SL500_.jpg\",\"datePublished\":\"2024-07-28T06:27:08+00:00\",\"description\":\"Markt-XXL Klebe BH Push Up,Tr\u00e4gerloser BH,Wiederverwendbare Unsichtbar Silikon R\u00fcckenfreier BH Haut Freundlich Selbstklebend BH,f\u00fcr Abendkleid Brautkleid Badeanzug und Andere R\u00fcckenfreie Kleidung\uff08Cup-Gr\u00f6\u00dfe: B\uff09\",\"breadcrumb\":{\"@id\":\"https:\\\/\\\/marktxxl.de\\\/markt\\\/produkt\\\/klebe-bh-push-uptraegerloser-bhwiederverwendbare-unsichtbar-silikon-rueckenfreier-bh-haut-freundlich-selbstklebend-bhfuer-abendkleid-brautkleid-badeanzug-und-andere-rueckenfreie-kleidung%ef%bc%88cu\\\/#breadcrumb\"},\"inLanguage\":\"de\",\"potentialAction\":[{\"@type\":\"ReadAction\",\"target\":[\"https:\\\/\\\/marktxxl.de\\\/markt\\\/produkt\\\/klebe-bh-push-uptraegerloser-bhwiederverwendbare-unsichtbar-silikon-rueckenfreier-bh-haut-freundlich-selbstklebend-bhfuer-abendkleid-brautkleid-badeanzug-und-andere-rueckenfreie-kleidung%ef%bc%88cu\\\/\"]}]},{\"@type\":\"ImageObject\",\"inLanguage\":\"de\",\"@id\":\"https:\\\/\\\/marktxxl.de\\\/markt\\\/produkt\\\/klebe-bh-push-uptraegerloser-bhwiederverwendbare-unsichtbar-silikon-rueckenfreier-bh-haut-freundlich-selbstklebend-bhfuer-abendkleid-brautkleid-badeanzug-und-andere-rueckenfreie-kleidung%ef%bc%88cu\\\/#primaryimage\",\"url\":\"https:\\\/\\\/m.media-amazon.com\\\/images\\\/I\\\/31+cMoKJoQL._SL500_.jpg\",\"contentUrl\":\"https:\\\/\\\/m.media-amazon.com\\\/images\\\/I\\\/31+cMoKJoQL._SL500_.jpg\",\"width\":500,\"height\":500},{\"@type\":\"BreadcrumbList\",\"@id\":\"https:\\\/\\\/marktxxl.de\\\/markt\\\/produkt\\\/klebe-bh-push-uptraegerloser-bhwiederverwendbare-unsichtbar-silikon-rueckenfreier-bh-haut-freundlich-selbstklebend-bhfuer-abendkleid-brautkleid-badeanzug-und-andere-rueckenfreie-kleidung%ef%bc%88cu\\\/#breadcrumb\",\"itemListElement\":[{\"@type\":\"ListItem\",\"position\":1,\"name\":\"Startseite\",\"item\":\"https:\\\/\\\/marktxxl.de\\\/markt\\\/\"},{\"@type\":\"ListItem\",\"position\":2,\"name\":\"Markt\",\"item\":\"https:\\\/\\\/marktxxl.de\\\/markt\\\/\"},{\"@type\":\"ListItem\",\"position\":3,\"name\":\"Klebe BH Push Up,Tr\u00e4gerloser BH,Wiederverwendbare Unsichtbar Silikon R\u00fcckenfreier BH Haut Freundlich Selbstklebend BH,f\u00fcr Abendkleid Brautkleid Badeanzug und Andere R\u00fcckenfreie Kleidung\uff08Cup-Gr\u00f6\u00dfe: B\uff09\"}]},{\"@type\":\"WebSite\",\"@id\":\"https:\\\/\\\/marktxxl.de\\\/markt\\\/#website\",\"url\":\"https:\\\/\\\/marktxxl.de\\\/markt\\\/\",\"name\":\"Markt-XXL\",\"description\":\"Ihr Markt Online\",\"publisher\":{\"@id\":\"https:\\\/\\\/marktxxl.de\\\/markt\\\/#organization\"},\"potentialAction\":[{\"@type\":\"SearchAction\",\"target\":{\"@type\":\"EntryPoint\",\"urlTemplate\":\"https:\\\/\\\/marktxxl.de\\\/markt\\\/?s={search_term_string}\"},\"query-input\":{\"@type\":\"PropertyValueSpecification\",\"valueRequired\":true,\"valueName\":\"search_term_string\"}}],\"inLanguage\":\"de\"},{\"@type\":\"Organization\",\"@id\":\"https:\\\/\\\/marktxxl.de\\\/markt\\\/#organization\",\"name\":\"Markt-XXL\",\"url\":\"https:\\\/\\\/marktxxl.de\\\/markt\\\/\",\"logo\":{\"@type\":\"ImageObject\",\"inLanguage\":\"de\",\"@id\":\"https:\\\/\\\/marktxxl.de\\\/markt\\\/#\\\/schema\\\/logo\\\/image\\\/\",\"url\":\"https:\\\/\\\/marktxxl.de\\\/markt\\\/wp-content\\\/uploads\\\/sites\\\/3\\\/2020\\\/12\\\/logo.png\",\"contentUrl\":\"https:\\\/\\\/marktxxl.de\\\/markt\\\/wp-content\\\/uploads\\\/sites\\\/3\\\/2020\\\/12\\\/logo.png\",\"width\":200,\"height\":70,\"caption\":\"Markt-XXL\"},\"image\":{\"@id\":\"https:\\\/\\\/marktxxl.de\\\/markt\\\/#\\\/schema\\\/logo\\\/image\\\/\"}}]}<\/script>\n<!-- \/ Yoast SEO plugin. -->","yoast_head_json":{"title":"Klebe BH Push Up,Tr\u00e4gerloser BH,Wiederverwendbare Unsichtbar Silikon R\u00fcckenfreier BH Haut Freundlich Selbstklebend BH,f\u00fcr Abendkleid Brautkleid Badeanzug und Andere R\u00fcckenfreie Kleidung\uff08Cup-Gr\u00f6\u00dfe: B\uff09 - Markt-XXL","description":"Markt-XXL Klebe BH Push Up,Tr\u00e4gerloser BH,Wiederverwendbare Unsichtbar Silikon R\u00fcckenfreier BH Haut Freundlich Selbstklebend BH,f\u00fcr Abendkleid Brautkleid Badeanzug und Andere R\u00fcckenfreie Kleidung\uff08Cup-Gr\u00f6\u00dfe: B\uff09","robots":{"index":"index","follow":"follow","max-snippet":"max-snippet:-1","max-image-preview":"max-image-preview:large","max-video-preview":"max-video-preview:-1"},"canonical":"https:\/\/marktxxl.de\/markt\/produkt\/klebe-bh-push-uptraegerloser-bhwiederverwendbare-unsichtbar-silikon-rueckenfreier-bh-haut-freundlich-selbstklebend-bhfuer-abendkleid-brautkleid-badeanzug-und-andere-rueckenfreie-kleidung\uff08cu\/","og_locale":"de_DE","og_type":"article","og_title":"Klebe BH Push Up,Tr\u00e4gerloser BH,Wiederverwendbare Unsichtbar Silikon R\u00fcckenfreier BH Haut Freundlich Selbstklebend BH,f\u00fcr Abendkleid Brautkleid Badeanzug und Andere R\u00fcckenfreie Kleidung\uff08Cup-Gr\u00f6\u00dfe: B\uff09 - Markt-XXL","og_description":"Markt-XXL Klebe BH Push Up,Tr\u00e4gerloser BH,Wiederverwendbare Unsichtbar Silikon R\u00fcckenfreier BH Haut Freundlich Selbstklebend BH,f\u00fcr Abendkleid Brautkleid Badeanzug und Andere R\u00fcckenfreie Kleidung\uff08Cup-Gr\u00f6\u00dfe: B\uff09","og_url":"https:\/\/marktxxl.de\/markt\/produkt\/klebe-bh-push-uptraegerloser-bhwiederverwendbare-unsichtbar-silikon-rueckenfreier-bh-haut-freundlich-selbstklebend-bhfuer-abendkleid-brautkleid-badeanzug-und-andere-rueckenfreie-kleidung\uff08cu\/","og_site_name":"Markt-XXL","twitter_card":"summary_large_image","schema":{"@context":"https:\/\/schema.org","@graph":[{"@type":"WebPage","@id":"https:\/\/marktxxl.de\/markt\/produkt\/klebe-bh-push-uptraegerloser-bhwiederverwendbare-unsichtbar-silikon-rueckenfreier-bh-haut-freundlich-selbstklebend-bhfuer-abendkleid-brautkleid-badeanzug-und-andere-rueckenfreie-kleidung%ef%bc%88cu\/","url":"https:\/\/marktxxl.de\/markt\/produkt\/klebe-bh-push-uptraegerloser-bhwiederverwendbare-unsichtbar-silikon-rueckenfreier-bh-haut-freundlich-selbstklebend-bhfuer-abendkleid-brautkleid-badeanzug-und-andere-rueckenfreie-kleidung%ef%bc%88cu\/","name":"Klebe BH Push Up,Tr\u00e4gerloser BH,Wiederverwendbare Unsichtbar Silikon R\u00fcckenfreier BH Haut Freundlich Selbstklebend BH,f\u00fcr Abendkleid Brautkleid Badeanzug und Andere R\u00fcckenfreie Kleidung\uff08Cup-Gr\u00f6\u00dfe: B\uff09 - Markt-XXL","isPartOf":{"@id":"https:\/\/marktxxl.de\/markt\/#website"},"primaryImageOfPage":{"@id":"https:\/\/marktxxl.de\/markt\/produkt\/klebe-bh-push-uptraegerloser-bhwiederverwendbare-unsichtbar-silikon-rueckenfreier-bh-haut-freundlich-selbstklebend-bhfuer-abendkleid-brautkleid-badeanzug-und-andere-rueckenfreie-kleidung%ef%bc%88cu\/#primaryimage"},"image":{"@id":"https:\/\/marktxxl.de\/markt\/produkt\/klebe-bh-push-uptraegerloser-bhwiederverwendbare-unsichtbar-silikon-rueckenfreier-bh-haut-freundlich-selbstklebend-bhfuer-abendkleid-brautkleid-badeanzug-und-andere-rueckenfreie-kleidung%ef%bc%88cu\/#primaryimage"},"thumbnailUrl":"https:\/\/m.media-amazon.com\/images\/I\/31+cMoKJoQL._SL500_.jpg","datePublished":"2024-07-28T06:27:08+00:00","description":"Markt-XXL Klebe BH Push Up,Tr\u00e4gerloser BH,Wiederverwendbare Unsichtbar Silikon R\u00fcckenfreier BH Haut Freundlich Selbstklebend BH,f\u00fcr Abendkleid Brautkleid Badeanzug und Andere R\u00fcckenfreie Kleidung\uff08Cup-Gr\u00f6\u00dfe: B\uff09","breadcrumb":{"@id":"https:\/\/marktxxl.de\/markt\/produkt\/klebe-bh-push-uptraegerloser-bhwiederverwendbare-unsichtbar-silikon-rueckenfreier-bh-haut-freundlich-selbstklebend-bhfuer-abendkleid-brautkleid-badeanzug-und-andere-rueckenfreie-kleidung%ef%bc%88cu\/#breadcrumb"},"inLanguage":"de","potentialAction":[{"@type":"ReadAction","target":["https:\/\/marktxxl.de\/markt\/produkt\/klebe-bh-push-uptraegerloser-bhwiederverwendbare-unsichtbar-silikon-rueckenfreier-bh-haut-freundlich-selbstklebend-bhfuer-abendkleid-brautkleid-badeanzug-und-andere-rueckenfreie-kleidung%ef%bc%88cu\/"]}]},{"@type":"ImageObject","inLanguage":"de","@id":"https:\/\/marktxxl.de\/markt\/produkt\/klebe-bh-push-uptraegerloser-bhwiederverwendbare-unsichtbar-silikon-rueckenfreier-bh-haut-freundlich-selbstklebend-bhfuer-abendkleid-brautkleid-badeanzug-und-andere-rueckenfreie-kleidung%ef%bc%88cu\/#primaryimage","url":"https:\/\/m.media-amazon.com\/images\/I\/31+cMoKJoQL._SL500_.jpg","contentUrl":"https:\/\/m.media-amazon.com\/images\/I\/31+cMoKJoQL._SL500_.jpg","width":500,"height":500},{"@type":"BreadcrumbList","@id":"https:\/\/marktxxl.de\/markt\/produkt\/klebe-bh-push-uptraegerloser-bhwiederverwendbare-unsichtbar-silikon-rueckenfreier-bh-haut-freundlich-selbstklebend-bhfuer-abendkleid-brautkleid-badeanzug-und-andere-rueckenfreie-kleidung%ef%bc%88cu\/#breadcrumb","itemListElement":[{"@type":"ListItem","position":1,"name":"Startseite","item":"https:\/\/marktxxl.de\/markt\/"},{"@type":"ListItem","position":2,"name":"Markt","item":"https:\/\/marktxxl.de\/markt\/"},{"@type":"ListItem","position":3,"name":"Klebe BH Push Up,Tr\u00e4gerloser BH,Wiederverwendbare Unsichtbar Silikon R\u00fcckenfreier BH Haut Freundlich Selbstklebend BH,f\u00fcr Abendkleid Brautkleid Badeanzug und Andere R\u00fcckenfreie Kleidung\uff08Cup-Gr\u00f6\u00dfe: B\uff09"}]},{"@type":"WebSite","@id":"https:\/\/marktxxl.de\/markt\/#website","url":"https:\/\/marktxxl.de\/markt\/","name":"Markt-XXL","description":"Ihr Markt Online","publisher":{"@id":"https:\/\/marktxxl.de\/markt\/#organization"},"potentialAction":[{"@type":"SearchAction","target":{"@type":"EntryPoint","urlTemplate":"https:\/\/marktxxl.de\/markt\/?s={search_term_string}"},"query-input":{"@type":"PropertyValueSpecification","valueRequired":true,"valueName":"search_term_string"}}],"inLanguage":"de"},{"@type":"Organization","@id":"https:\/\/marktxxl.de\/markt\/#organization","name":"Markt-XXL","url":"https:\/\/marktxxl.de\/markt\/","logo":{"@type":"ImageObject","inLanguage":"de","@id":"https:\/\/marktxxl.de\/markt\/#\/schema\/logo\/image\/","url":"https:\/\/marktxxl.de\/markt\/wp-content\/uploads\/sites\/3\/2020\/12\/logo.png","contentUrl":"https:\/\/marktxxl.de\/markt\/wp-content\/uploads\/sites\/3\/2020\/12\/logo.png","width":200,"height":70,"caption":"Markt-XXL"},"image":{"@id":"https:\/\/marktxxl.de\/markt\/#\/schema\/logo\/image\/"}}]}},"_links":{"self":[{"href":"https:\/\/marktxxl.de\/markt\/wp-json\/wp\/v2\/product\/217987","targetHints":{"allow":["GET"]}}],"collection":[{"href":"https:\/\/marktxxl.de\/markt\/wp-json\/wp\/v2\/product"}],"about":[{"href":"https:\/\/marktxxl.de\/markt\/wp-json\/wp\/v2\/types\/product"}],"replies":[{"embeddable":true,"href":"https:\/\/marktxxl.de\/markt\/wp-json\/wp\/v2\/comments?post=217987"}],"wp:featuredmedia":[{"embeddable":true,"href":"https:\/\/marktxxl.de\/markt\/wp-json\/wp\/v2\/media\/217988"}],"wp:attachment":[{"href":"https:\/\/marktxxl.de\/markt\/wp-json\/wp\/v2\/media?parent=217987"}],"wp:term":[{"taxonomy":"product_brand","embeddable":true,"href":"https:\/\/marktxxl.de\/markt\/wp-json\/wp\/v2\/product_brand?post=217987"},{"taxonomy":"product_cat","embeddable":true,"href":"https:\/\/marktxxl.de\/markt\/wp-json\/wp\/v2\/product_cat?post=217987"},{"taxonomy":"product_tag","embeddable":true,"href":"https:\/\/marktxxl.de\/markt\/wp-json\/wp\/v2\/product_tag?post=217987"}],"curies":[{"name":"wp","href":"https:\/\/api.w.org\/{rel}","templated":true}]}}