{"id":217917,"date":"2024-07-28T08:20:35","date_gmt":"2024-07-28T06:20:35","guid":{"rendered":"https:\/\/marktxxl.de\/markt\/produkt\/giyaluzw-sport-leggings-damen-booty-scrunch-butt-gym-leggings-damen-leggings-high-waist-lange-yoga-hose-push-up-fitness-outdoor-frauen-sporthose\/"},"modified":"2024-07-28T08:20:35","modified_gmt":"2024-07-28T06:20:35","slug":"giyaluzw-sport-leggings-damen-booty-scrunch-butt-gym-leggings-damen-leggings-high-waist-lange-yoga-hose-push-up-fitness-outdoor-frauen-sporthose","status":"publish","type":"product","link":"https:\/\/marktxxl.de\/markt\/produkt\/giyaluzw-sport-leggings-damen-booty-scrunch-butt-gym-leggings-damen-leggings-high-waist-lange-yoga-hose-push-up-fitness-outdoor-frauen-sporthose\/","title":{"rendered":"Giyaluzw Sport Leggings Damen Booty Scrunch Butt Gym Leggings Damen Leggings High Waist Lange Yoga Hose Push up Fitness Outdoor Frauen Sporthose"},"content":{"rendered":"<p>3D-Pfirsich-Ges\u00e4\u00df: F\u00fcgen Sie Scrunch butt Design vom Stei\u00dfbein bis zum unteren Teil hinzu, trennen Sie bewusst die linke und rechte Ges\u00e4\u00dfmuskulatur und heben Sie die H\u00fcftlinie an, um die kontur des Pfirsich-Hintern hervorzuheben. Das gewebte Bereichsband unter dem Ges\u00e4\u00df betont die Ges\u00e4\u00dfmuskulatur zus\u00e4tzlich und bringt Ihre sch\u00f6ne Beinform und Figur zur Geltung, was Ihnen nach dem Training ein Erfolgserlebnis und Selbstvertrauen gibt.<br \/>\nFeuchtigkeitstransportierend: Die Giyaluzw Sport Leggings Damen leitet Feuchtigkeit leicht ab und ist bequem. Selbst bei intensivem Training kann es Ihre Muskeln gut sch\u00fctzen, ohne Reibung zu verursachen, und dabei helfen, Feuchtigkeit abzuleiten und Sie k\u00fchl und trocken zu halten.<br \/>\nHochwertige Matrialien: Besteht aus Polyester und Elasthan und verf\u00fcgt \u00fcber eine extrem hohe Elastizit\u00e4t, Dehnbarkeit und Wickeleigenschaften. Die Leggings k\u00f6nnen die die Muskeln sch\u00fctzen und die Kraftentwicklung erleichtern. Es f\u00fchlt sich beim Tragen leicht und nicht einengend an. Komfort beim Training ist absolut garantiert.<br \/>\nModische Outfit: Schlichtes Design, vielseitig passende Stile. Der Oberk\u00f6rper kann mit einer engen Weste oder einem \u00e4rmellosen Hemd usw. kombiniert werden. Er kann als Heimkleidung zu Hause, als Fitnesshose im Fitnessstudio oder als lange Unterhose zum Warmhalten im Winter verwendet werden.<br \/>\nVerschiedene Anl\u00e4sse: Geeignet zum Einkaufen, Fitness und Sport. Das t\u00e4gliche Tragen von Sporthose kann die durch Einkaufen und Gehen verursachten Beinschmerzen lindern, Ihre Figur ver\u00e4ndern und gute K\u00f6rperlinien zeigen. Zeigen Sie Ihr sportbegeistertes Temperament und Ihre sexy Sch\u00f6nheit auf lebendige und sonnige Weise. (Die Gr\u00f6\u00dfe f\u00e4llt klein aus. Wenn Sie sich \u00fcber die Gr\u00f6\u00dfe nicht sicher sind, w\u00e4hlen Sie die gr\u00f6\u00dfere Gr\u00f6\u00dfe.)<br \/>\n<div class=\"main-cross-sell\" data-asin=\"B0CRKB9J37\">\n\n\t<div class=\"WooZone-cross-sell-loader\">\n\t\t<div>\n\t\t\t<div id=\"floatingBarsG\">\n\t\t\t\t<div class=\"blockG\" id=\"rotateG_01\"><\/div>\n\t\t\t\t<div class=\"blockG\" id=\"rotateG_02\"><\/div>\n\t\t\t\t<div class=\"blockG\" id=\"rotateG_03\"><\/div>\n\t\t\t\t<div class=\"blockG\" id=\"rotateG_04\"><\/div>\n\t\t\t\t<div class=\"blockG\" id=\"rotateG_05\"><\/div>\n\t\t\t\t<div class=\"blockG\" id=\"rotateG_06\"><\/div>\n\t\t\t\t<div class=\"blockG\" id=\"rotateG_07\"><\/div>\n\t\t\t\t<div class=\"blockG\" id=\"rotateG_08\"><\/div>\n\t\t\t<\/div>\n\t\t\t<div class=\"WooZone-cross-sell-loader-text\"><\/div>\n\t\t<\/div>\n\t<\/div>\n\n\t\t\n<\/div>\n<div style=\"clear:both;\"><\/div><\/p>\n","protected":false},"excerpt":{"rendered":"<p>3D-Pfirsich-Ges\u00e4\u00df: F\u00fcgen Sie Scrunch butt Design vom Stei\u00dfbein bis zum unteren Teil hinzu, trennen Sie bewusst die linke und rechte Ges\u00e4\u00dfmuskulatur und heben Sie die H\u00fcftlinie an, um die kontur des Pfirsich-Hintern hervorzuheben. Das gewebte Bereichsband unter dem Ges\u00e4\u00df betont die Ges\u00e4\u00dfmuskulatur zus\u00e4tzlich und bringt Ihre sch\u00f6ne Beinform und Figur zur Geltung, was Ihnen nach dem Training ein Erfolgserlebnis und Selbstvertrauen gibt.<br \/>\nFeuchtigkeitstransportierend: Die Giyaluzw Sport Leggings Damen leitet Feuchtigkeit leicht ab und ist bequem. Selbst bei intensivem Training kann es Ihre Muskeln gut sch\u00fctzen, ohne Reibung zu verursachen, und dabei helfen, Feuchtigkeit abzuleiten und Sie k\u00fchl und trocken zu halten.<br \/>\nHochwertige Matrialien: Besteht aus Polyester und Elasthan und verf\u00fcgt \u00fcber eine extrem hohe Elastizit\u00e4t, Dehnbarkeit und Wickeleigenschaften. Die Leggings k\u00f6nnen die die Muskeln sch\u00fctzen und die Kraftentwicklung erleichtern. Es f\u00fchlt sich beim Tragen leicht und nicht einengend an. Komfort beim Training ist absolut garantiert.<\/p>\n","protected":false},"featured_media":217918,"comment_status":"open","ping_status":"closed","template":"","meta":[],"product_brand":[],"product_cat":[1186,3920],"product_tag":[],"class_list":{"0":"post-217917","1":"product","2":"type-product","3":"status-publish","4":"has-post-thumbnail","6":"product_cat-bekleidung","7":"product_cat-damen","8":"pa_binding-textilien","9":"pa_brand-giyaluzw","10":"pa_manufacturer-giyaluzw","12":"first","13":"instock","14":"shipping-taxable","15":"product-type-simple","16":"customify-col","17":"product-has-gallery"},"yoast_head":"<!-- This site is optimized with the Yoast SEO plugin v27.4 - https:\/\/yoast.com\/product\/yoast-seo-wordpress\/ -->\n<title>Giyaluzw Sport Leggings Damen Booty Scrunch Butt Gym Leggings Damen Leggings High Waist Lange Yoga Hose Push up Fitness Outdoor Frauen Sporthose - Markt-XXL<\/title>\n<meta name=\"description\" content=\"Markt-XXL Giyaluzw Sport Leggings Damen Booty Scrunch Butt Gym Leggings Damen Leggings High Waist Lange Yoga Hose Push up Fitness Outdoor Frauen Sporthose\" \/>\n<meta name=\"robots\" content=\"index, follow, max-snippet:-1, max-image-preview:large, max-video-preview:-1\" \/>\n<link rel=\"canonical\" href=\"https:\/\/marktxxl.de\/markt\/produkt\/giyaluzw-sport-leggings-damen-booty-scrunch-butt-gym-leggings-damen-leggings-high-waist-lange-yoga-hose-push-up-fitness-outdoor-frauen-sporthose\/\" \/>\n<meta property=\"og:locale\" content=\"de_DE\" \/>\n<meta property=\"og:type\" content=\"article\" \/>\n<meta property=\"og:title\" content=\"Giyaluzw Sport Leggings Damen Booty Scrunch Butt Gym Leggings Damen Leggings High Waist Lange Yoga Hose Push up Fitness Outdoor Frauen Sporthose - Markt-XXL\" \/>\n<meta property=\"og:description\" content=\"Markt-XXL Giyaluzw Sport Leggings Damen Booty Scrunch Butt Gym Leggings Damen Leggings High Waist Lange Yoga Hose Push up Fitness Outdoor Frauen Sporthose\" \/>\n<meta property=\"og:url\" content=\"https:\/\/marktxxl.de\/markt\/produkt\/giyaluzw-sport-leggings-damen-booty-scrunch-butt-gym-leggings-damen-leggings-high-waist-lange-yoga-hose-push-up-fitness-outdoor-frauen-sporthose\/\" \/>\n<meta property=\"og:site_name\" content=\"Markt-XXL\" \/>\n<meta name=\"twitter:card\" content=\"summary_large_image\" \/>\n<meta name=\"twitter:label1\" content=\"Gesch\u00e4tzte Lesezeit\" \/>\n\t<meta name=\"twitter:data1\" content=\"1\u00a0Minute\" \/>\n<script type=\"application\/ld+json\" class=\"yoast-schema-graph\">{\"@context\":\"https:\\\/\\\/schema.org\",\"@graph\":[{\"@type\":\"WebPage\",\"@id\":\"https:\\\/\\\/marktxxl.de\\\/markt\\\/produkt\\\/giyaluzw-sport-leggings-damen-booty-scrunch-butt-gym-leggings-damen-leggings-high-waist-lange-yoga-hose-push-up-fitness-outdoor-frauen-sporthose\\\/\",\"url\":\"https:\\\/\\\/marktxxl.de\\\/markt\\\/produkt\\\/giyaluzw-sport-leggings-damen-booty-scrunch-butt-gym-leggings-damen-leggings-high-waist-lange-yoga-hose-push-up-fitness-outdoor-frauen-sporthose\\\/\",\"name\":\"Giyaluzw Sport Leggings Damen Booty Scrunch Butt Gym Leggings Damen Leggings High Waist Lange Yoga Hose Push up Fitness Outdoor Frauen Sporthose - Markt-XXL\",\"isPartOf\":{\"@id\":\"https:\\\/\\\/marktxxl.de\\\/markt\\\/#website\"},\"primaryImageOfPage\":{\"@id\":\"https:\\\/\\\/marktxxl.de\\\/markt\\\/produkt\\\/giyaluzw-sport-leggings-damen-booty-scrunch-butt-gym-leggings-damen-leggings-high-waist-lange-yoga-hose-push-up-fitness-outdoor-frauen-sporthose\\\/#primaryimage\"},\"image\":{\"@id\":\"https:\\\/\\\/marktxxl.de\\\/markt\\\/produkt\\\/giyaluzw-sport-leggings-damen-booty-scrunch-butt-gym-leggings-damen-leggings-high-waist-lange-yoga-hose-push-up-fitness-outdoor-frauen-sporthose\\\/#primaryimage\"},\"thumbnailUrl\":\"https:\\\/\\\/m.media-amazon.com\\\/images\\\/I\\\/3192EK6p+pL._SL500_.jpg\",\"datePublished\":\"2024-07-28T06:20:35+00:00\",\"description\":\"Markt-XXL Giyaluzw Sport Leggings Damen Booty Scrunch Butt Gym Leggings Damen Leggings High Waist Lange Yoga Hose Push up Fitness Outdoor Frauen Sporthose\",\"breadcrumb\":{\"@id\":\"https:\\\/\\\/marktxxl.de\\\/markt\\\/produkt\\\/giyaluzw-sport-leggings-damen-booty-scrunch-butt-gym-leggings-damen-leggings-high-waist-lange-yoga-hose-push-up-fitness-outdoor-frauen-sporthose\\\/#breadcrumb\"},\"inLanguage\":\"de\",\"potentialAction\":[{\"@type\":\"ReadAction\",\"target\":[\"https:\\\/\\\/marktxxl.de\\\/markt\\\/produkt\\\/giyaluzw-sport-leggings-damen-booty-scrunch-butt-gym-leggings-damen-leggings-high-waist-lange-yoga-hose-push-up-fitness-outdoor-frauen-sporthose\\\/\"]}]},{\"@type\":\"ImageObject\",\"inLanguage\":\"de\",\"@id\":\"https:\\\/\\\/marktxxl.de\\\/markt\\\/produkt\\\/giyaluzw-sport-leggings-damen-booty-scrunch-butt-gym-leggings-damen-leggings-high-waist-lange-yoga-hose-push-up-fitness-outdoor-frauen-sporthose\\\/#primaryimage\",\"url\":\"https:\\\/\\\/m.media-amazon.com\\\/images\\\/I\\\/3192EK6p+pL._SL500_.jpg\",\"contentUrl\":\"https:\\\/\\\/m.media-amazon.com\\\/images\\\/I\\\/3192EK6p+pL._SL500_.jpg\",\"width\":375,\"height\":500},{\"@type\":\"BreadcrumbList\",\"@id\":\"https:\\\/\\\/marktxxl.de\\\/markt\\\/produkt\\\/giyaluzw-sport-leggings-damen-booty-scrunch-butt-gym-leggings-damen-leggings-high-waist-lange-yoga-hose-push-up-fitness-outdoor-frauen-sporthose\\\/#breadcrumb\",\"itemListElement\":[{\"@type\":\"ListItem\",\"position\":1,\"name\":\"Startseite\",\"item\":\"https:\\\/\\\/marktxxl.de\\\/markt\\\/\"},{\"@type\":\"ListItem\",\"position\":2,\"name\":\"Markt\",\"item\":\"https:\\\/\\\/marktxxl.de\\\/markt\\\/\"},{\"@type\":\"ListItem\",\"position\":3,\"name\":\"Giyaluzw Sport Leggings Damen Booty Scrunch Butt Gym Leggings Damen Leggings High Waist Lange Yoga Hose Push up Fitness Outdoor Frauen Sporthose\"}]},{\"@type\":\"WebSite\",\"@id\":\"https:\\\/\\\/marktxxl.de\\\/markt\\\/#website\",\"url\":\"https:\\\/\\\/marktxxl.de\\\/markt\\\/\",\"name\":\"Markt-XXL\",\"description\":\"Ihr Markt Online\",\"publisher\":{\"@id\":\"https:\\\/\\\/marktxxl.de\\\/markt\\\/#organization\"},\"potentialAction\":[{\"@type\":\"SearchAction\",\"target\":{\"@type\":\"EntryPoint\",\"urlTemplate\":\"https:\\\/\\\/marktxxl.de\\\/markt\\\/?s={search_term_string}\"},\"query-input\":{\"@type\":\"PropertyValueSpecification\",\"valueRequired\":true,\"valueName\":\"search_term_string\"}}],\"inLanguage\":\"de\"},{\"@type\":\"Organization\",\"@id\":\"https:\\\/\\\/marktxxl.de\\\/markt\\\/#organization\",\"name\":\"Markt-XXL\",\"url\":\"https:\\\/\\\/marktxxl.de\\\/markt\\\/\",\"logo\":{\"@type\":\"ImageObject\",\"inLanguage\":\"de\",\"@id\":\"https:\\\/\\\/marktxxl.de\\\/markt\\\/#\\\/schema\\\/logo\\\/image\\\/\",\"url\":\"https:\\\/\\\/marktxxl.de\\\/markt\\\/wp-content\\\/uploads\\\/sites\\\/3\\\/2020\\\/12\\\/logo.png\",\"contentUrl\":\"https:\\\/\\\/marktxxl.de\\\/markt\\\/wp-content\\\/uploads\\\/sites\\\/3\\\/2020\\\/12\\\/logo.png\",\"width\":200,\"height\":70,\"caption\":\"Markt-XXL\"},\"image\":{\"@id\":\"https:\\\/\\\/marktxxl.de\\\/markt\\\/#\\\/schema\\\/logo\\\/image\\\/\"}}]}<\/script>\n<!-- \/ Yoast SEO plugin. -->","yoast_head_json":{"title":"Giyaluzw Sport Leggings Damen Booty Scrunch Butt Gym Leggings Damen Leggings High Waist Lange Yoga Hose Push up Fitness Outdoor Frauen Sporthose - Markt-XXL","description":"Markt-XXL Giyaluzw Sport Leggings Damen Booty Scrunch Butt Gym Leggings Damen Leggings High Waist Lange Yoga Hose Push up Fitness Outdoor Frauen Sporthose","robots":{"index":"index","follow":"follow","max-snippet":"max-snippet:-1","max-image-preview":"max-image-preview:large","max-video-preview":"max-video-preview:-1"},"canonical":"https:\/\/marktxxl.de\/markt\/produkt\/giyaluzw-sport-leggings-damen-booty-scrunch-butt-gym-leggings-damen-leggings-high-waist-lange-yoga-hose-push-up-fitness-outdoor-frauen-sporthose\/","og_locale":"de_DE","og_type":"article","og_title":"Giyaluzw Sport Leggings Damen Booty Scrunch Butt Gym Leggings Damen Leggings High Waist Lange Yoga Hose Push up Fitness Outdoor Frauen Sporthose - Markt-XXL","og_description":"Markt-XXL Giyaluzw Sport Leggings Damen Booty Scrunch Butt Gym Leggings Damen Leggings High Waist Lange Yoga Hose Push up Fitness Outdoor Frauen Sporthose","og_url":"https:\/\/marktxxl.de\/markt\/produkt\/giyaluzw-sport-leggings-damen-booty-scrunch-butt-gym-leggings-damen-leggings-high-waist-lange-yoga-hose-push-up-fitness-outdoor-frauen-sporthose\/","og_site_name":"Markt-XXL","twitter_card":"summary_large_image","twitter_misc":{"Gesch\u00e4tzte Lesezeit":"1\u00a0Minute"},"schema":{"@context":"https:\/\/schema.org","@graph":[{"@type":"WebPage","@id":"https:\/\/marktxxl.de\/markt\/produkt\/giyaluzw-sport-leggings-damen-booty-scrunch-butt-gym-leggings-damen-leggings-high-waist-lange-yoga-hose-push-up-fitness-outdoor-frauen-sporthose\/","url":"https:\/\/marktxxl.de\/markt\/produkt\/giyaluzw-sport-leggings-damen-booty-scrunch-butt-gym-leggings-damen-leggings-high-waist-lange-yoga-hose-push-up-fitness-outdoor-frauen-sporthose\/","name":"Giyaluzw Sport Leggings Damen Booty Scrunch Butt Gym Leggings Damen Leggings High Waist Lange Yoga Hose Push up Fitness Outdoor Frauen Sporthose - Markt-XXL","isPartOf":{"@id":"https:\/\/marktxxl.de\/markt\/#website"},"primaryImageOfPage":{"@id":"https:\/\/marktxxl.de\/markt\/produkt\/giyaluzw-sport-leggings-damen-booty-scrunch-butt-gym-leggings-damen-leggings-high-waist-lange-yoga-hose-push-up-fitness-outdoor-frauen-sporthose\/#primaryimage"},"image":{"@id":"https:\/\/marktxxl.de\/markt\/produkt\/giyaluzw-sport-leggings-damen-booty-scrunch-butt-gym-leggings-damen-leggings-high-waist-lange-yoga-hose-push-up-fitness-outdoor-frauen-sporthose\/#primaryimage"},"thumbnailUrl":"https:\/\/m.media-amazon.com\/images\/I\/3192EK6p+pL._SL500_.jpg","datePublished":"2024-07-28T06:20:35+00:00","description":"Markt-XXL Giyaluzw Sport Leggings Damen Booty Scrunch Butt Gym Leggings Damen Leggings High Waist Lange Yoga Hose Push up Fitness Outdoor Frauen Sporthose","breadcrumb":{"@id":"https:\/\/marktxxl.de\/markt\/produkt\/giyaluzw-sport-leggings-damen-booty-scrunch-butt-gym-leggings-damen-leggings-high-waist-lange-yoga-hose-push-up-fitness-outdoor-frauen-sporthose\/#breadcrumb"},"inLanguage":"de","potentialAction":[{"@type":"ReadAction","target":["https:\/\/marktxxl.de\/markt\/produkt\/giyaluzw-sport-leggings-damen-booty-scrunch-butt-gym-leggings-damen-leggings-high-waist-lange-yoga-hose-push-up-fitness-outdoor-frauen-sporthose\/"]}]},{"@type":"ImageObject","inLanguage":"de","@id":"https:\/\/marktxxl.de\/markt\/produkt\/giyaluzw-sport-leggings-damen-booty-scrunch-butt-gym-leggings-damen-leggings-high-waist-lange-yoga-hose-push-up-fitness-outdoor-frauen-sporthose\/#primaryimage","url":"https:\/\/m.media-amazon.com\/images\/I\/3192EK6p+pL._SL500_.jpg","contentUrl":"https:\/\/m.media-amazon.com\/images\/I\/3192EK6p+pL._SL500_.jpg","width":375,"height":500},{"@type":"BreadcrumbList","@id":"https:\/\/marktxxl.de\/markt\/produkt\/giyaluzw-sport-leggings-damen-booty-scrunch-butt-gym-leggings-damen-leggings-high-waist-lange-yoga-hose-push-up-fitness-outdoor-frauen-sporthose\/#breadcrumb","itemListElement":[{"@type":"ListItem","position":1,"name":"Startseite","item":"https:\/\/marktxxl.de\/markt\/"},{"@type":"ListItem","position":2,"name":"Markt","item":"https:\/\/marktxxl.de\/markt\/"},{"@type":"ListItem","position":3,"name":"Giyaluzw Sport Leggings Damen Booty Scrunch Butt Gym Leggings Damen Leggings High Waist Lange Yoga Hose Push up Fitness Outdoor Frauen Sporthose"}]},{"@type":"WebSite","@id":"https:\/\/marktxxl.de\/markt\/#website","url":"https:\/\/marktxxl.de\/markt\/","name":"Markt-XXL","description":"Ihr Markt Online","publisher":{"@id":"https:\/\/marktxxl.de\/markt\/#organization"},"potentialAction":[{"@type":"SearchAction","target":{"@type":"EntryPoint","urlTemplate":"https:\/\/marktxxl.de\/markt\/?s={search_term_string}"},"query-input":{"@type":"PropertyValueSpecification","valueRequired":true,"valueName":"search_term_string"}}],"inLanguage":"de"},{"@type":"Organization","@id":"https:\/\/marktxxl.de\/markt\/#organization","name":"Markt-XXL","url":"https:\/\/marktxxl.de\/markt\/","logo":{"@type":"ImageObject","inLanguage":"de","@id":"https:\/\/marktxxl.de\/markt\/#\/schema\/logo\/image\/","url":"https:\/\/marktxxl.de\/markt\/wp-content\/uploads\/sites\/3\/2020\/12\/logo.png","contentUrl":"https:\/\/marktxxl.de\/markt\/wp-content\/uploads\/sites\/3\/2020\/12\/logo.png","width":200,"height":70,"caption":"Markt-XXL"},"image":{"@id":"https:\/\/marktxxl.de\/markt\/#\/schema\/logo\/image\/"}}]}},"_links":{"self":[{"href":"https:\/\/marktxxl.de\/markt\/wp-json\/wp\/v2\/product\/217917","targetHints":{"allow":["GET"]}}],"collection":[{"href":"https:\/\/marktxxl.de\/markt\/wp-json\/wp\/v2\/product"}],"about":[{"href":"https:\/\/marktxxl.de\/markt\/wp-json\/wp\/v2\/types\/product"}],"replies":[{"embeddable":true,"href":"https:\/\/marktxxl.de\/markt\/wp-json\/wp\/v2\/comments?post=217917"}],"wp:featuredmedia":[{"embeddable":true,"href":"https:\/\/marktxxl.de\/markt\/wp-json\/wp\/v2\/media\/217918"}],"wp:attachment":[{"href":"https:\/\/marktxxl.de\/markt\/wp-json\/wp\/v2\/media?parent=217917"}],"wp:term":[{"taxonomy":"product_brand","embeddable":true,"href":"https:\/\/marktxxl.de\/markt\/wp-json\/wp\/v2\/product_brand?post=217917"},{"taxonomy":"product_cat","embeddable":true,"href":"https:\/\/marktxxl.de\/markt\/wp-json\/wp\/v2\/product_cat?post=217917"},{"taxonomy":"product_tag","embeddable":true,"href":"https:\/\/marktxxl.de\/markt\/wp-json\/wp\/v2\/product_tag?post=217917"}],"curies":[{"name":"wp","href":"https:\/\/api.w.org\/{rel}","templated":true}]}}