{"id":217909,"date":"2024-07-28T08:20:28","date_gmt":"2024-07-28T06:20:28","guid":{"rendered":"https:\/\/marktxxl.de\/markt\/produkt\/caldodo-bambus-sneaker-socken-damen-35-38-39-42-fuesslinge-herren-6-paar-fuesslinge-sneakersocken-sportsocken-geschenke-fuer-frauen-laufsocken-unsichtbare-anti-schweiss-socken\/"},"modified":"2024-07-28T08:20:28","modified_gmt":"2024-07-28T06:20:28","slug":"caldodo-bambus-sneaker-socken-damen-35-38-39-42-fuesslinge-herren-6-paar-fuesslinge-sneakersocken-sportsocken-geschenke-fuer-frauen-laufsocken-unsichtbare-anti-schweiss-socken","status":"publish","type":"product","link":"https:\/\/marktxxl.de\/markt\/produkt\/caldodo-bambus-sneaker-socken-damen-35-38-39-42-fuesslinge-herren-6-paar-fuesslinge-sneakersocken-sportsocken-geschenke-fuer-frauen-laufsocken-unsichtbare-anti-schweiss-socken\/","title":{"rendered":"Caldodo Bambus Sneaker Socken Damen 35-38 39-42 F\u00fcsslinge Herren, 6 Paar F\u00fc\u00dflinge Sneakersocken Sportsocken, Geschenke f\u00fcr Frauen, Laufsocken Unsichtbare Anti Schwei\u00df Socken"},"content":{"rendered":"<p>Bambus Socken: Diese Sneaker Socken bestehen aus Bambusviskosen, die antibakteriell sind und Feuchtigkeit absorbieren k\u00f6nnen. In den Bambussocken werden Ihre F\u00fc\u00dfe nicht so leicht wegen Schwei\u00df und Bakterien stinken. Der h\u00f6here Baumwollanteil sorgt f\u00fcr mehr Tragekomfort<br \/>\nRutschfeste Unsichtbare Socken: Die F\u00fc\u00dflinge k\u00f6nnen in Ihren Sportschuhen unsichtbar bleiben. Mehrere Silikonstreifen an der Ferse lassen die Sportsocken beim Gehen an Ort und Stelle halten<br \/>\nFu\u00dfgew\u00f6lbest\u00fctze Design: Diese Laufsocken f\u00fcgen den normalen Socken zus\u00e4tzliche Kompressionsriemen f\u00fcr das Fu\u00dfgew\u00f6lbe hinzu. Unsere Damensocken sind nicht nur f\u00fcr den allt\u00e4glichen Gebrauch, sondern bieten auch dem Fu\u00dfgew\u00f6lbe zus\u00e4tzliche Unterst\u00fctzung beim Gehen, Joggen und Laufen<br \/>\nAtmungsaktiv &amp; Frisch: Bambusviskosen erm\u00f6glichen es Ihren F\u00fc\u00dfen, zu atmen und trocken und frisch zu bleiben. Ein Mesh-Bereich am Spann verbessert die Atmungsaktivit\u00e4t der kurzen Socken, was bedeutet, dass dies eher f\u00fcr Fr\u00fchling oder Sommer geeignet sind<br \/>\nMehrere Kombinationen: Klassische Schwarz und Wei\u00df, moderne bunte Farbkombination &#8211; wir bieten Ihnen Anti-Schwei\u00df Socken in verschiedenen Farben. Unsere modischen und praktischen Socken sind f\u00fcr viele Anl\u00e4sse geeignet, wie etwa Jogging, Radfahren, Klettern oder L\u00e4ssig<br \/>\n<div class=\"main-cross-sell\" data-asin=\"B0CZH9TN3C\">\n\n\t<div class=\"WooZone-cross-sell-loader\">\n\t\t<div>\n\t\t\t<div id=\"floatingBarsG\">\n\t\t\t\t<div class=\"blockG\" id=\"rotateG_01\"><\/div>\n\t\t\t\t<div class=\"blockG\" id=\"rotateG_02\"><\/div>\n\t\t\t\t<div class=\"blockG\" id=\"rotateG_03\"><\/div>\n\t\t\t\t<div class=\"blockG\" id=\"rotateG_04\"><\/div>\n\t\t\t\t<div class=\"blockG\" id=\"rotateG_05\"><\/div>\n\t\t\t\t<div class=\"blockG\" id=\"rotateG_06\"><\/div>\n\t\t\t\t<div class=\"blockG\" id=\"rotateG_07\"><\/div>\n\t\t\t\t<div class=\"blockG\" id=\"rotateG_08\"><\/div>\n\t\t\t<\/div>\n\t\t\t<div class=\"WooZone-cross-sell-loader-text\"><\/div>\n\t\t<\/div>\n\t<\/div>\n\n\t\t\n<\/div>\n<div style=\"clear:both;\"><\/div><\/p>\n","protected":false},"excerpt":{"rendered":"<p>Bambus Socken: Diese Sneaker Socken bestehen aus Bambusviskosen, die antibakteriell sind und Feuchtigkeit absorbieren k\u00f6nnen. In den Bambussocken werden Ihre F\u00fc\u00dfe nicht so leicht wegen Schwei\u00df und Bakterien stinken. Der h\u00f6here Baumwollanteil sorgt f\u00fcr mehr Tragekomfort<br \/>\nRutschfeste Unsichtbare Socken: Die F\u00fc\u00dflinge k\u00f6nnen in Ihren Sportschuhen unsichtbar bleiben. Mehrere Silikonstreifen an der Ferse lassen die Sportsocken beim Gehen an Ort und Stelle halten<br \/>\nFu\u00dfgew\u00f6lbest\u00fctze Design: Diese Laufsocken f\u00fcgen den normalen Socken zus\u00e4tzliche Kompressionsriemen f\u00fcr das Fu\u00dfgew\u00f6lbe hinzu. Unsere Damensocken sind nicht nur f\u00fcr den allt\u00e4glichen Gebrauch, sondern bieten auch dem Fu\u00dfgew\u00f6lbe zus\u00e4tzliche Unterst\u00fctzung beim Gehen, Joggen und Laufen<\/p>\n","protected":false},"featured_media":217910,"comment_status":"open","ping_status":"closed","template":"","meta":[],"product_brand":[],"product_cat":[1186,3920],"product_tag":[],"class_list":{"0":"post-217909","1":"product","2":"type-product","3":"status-publish","4":"has-post-thumbnail","6":"product_cat-bekleidung","7":"product_cat-damen","8":"pa_binding-textilien","9":"pa_brand-caldodo","10":"pa_manufacturer-caldodo","11":"pa_model-skn90010","13":"first","14":"instock","15":"shipping-taxable","16":"product-type-simple","17":"customify-col","18":"product-has-gallery"},"yoast_head":"<!-- This site is optimized with the Yoast SEO plugin v27.4 - https:\/\/yoast.com\/product\/yoast-seo-wordpress\/ -->\n<title>Caldodo Bambus Sneaker Socken Damen 35-38 39-42 F\u00fcsslinge Herren, 6 Paar F\u00fc\u00dflinge Sneakersocken Sportsocken, Geschenke f\u00fcr Frauen, Laufsocken Unsichtbare Anti Schwei\u00df Socken - Markt-XXL<\/title>\n<meta name=\"description\" content=\"Markt-XXL Caldodo Bambus Sneaker Socken Damen 35-38 39-42 F\u00fcsslinge Herren, 6 Paar F\u00fc\u00dflinge Sneakersocken Sportsocken, Geschenke f\u00fcr Frauen, Laufsocken Unsichtbare Anti Schwei\u00df Socken\" \/>\n<meta name=\"robots\" content=\"index, follow, max-snippet:-1, max-image-preview:large, max-video-preview:-1\" \/>\n<link rel=\"canonical\" href=\"https:\/\/marktxxl.de\/markt\/produkt\/caldodo-bambus-sneaker-socken-damen-35-38-39-42-fuesslinge-herren-6-paar-fuesslinge-sneakersocken-sportsocken-geschenke-fuer-frauen-laufsocken-unsichtbare-anti-schweiss-socken\/\" \/>\n<meta property=\"og:locale\" content=\"de_DE\" \/>\n<meta property=\"og:type\" content=\"article\" \/>\n<meta property=\"og:title\" content=\"Caldodo Bambus Sneaker Socken Damen 35-38 39-42 F\u00fcsslinge Herren, 6 Paar F\u00fc\u00dflinge Sneakersocken Sportsocken, Geschenke f\u00fcr Frauen, Laufsocken Unsichtbare Anti Schwei\u00df Socken - Markt-XXL\" \/>\n<meta property=\"og:description\" content=\"Markt-XXL Caldodo Bambus Sneaker Socken Damen 35-38 39-42 F\u00fcsslinge Herren, 6 Paar F\u00fc\u00dflinge Sneakersocken Sportsocken, Geschenke f\u00fcr Frauen, Laufsocken Unsichtbare Anti Schwei\u00df Socken\" \/>\n<meta property=\"og:url\" content=\"https:\/\/marktxxl.de\/markt\/produkt\/caldodo-bambus-sneaker-socken-damen-35-38-39-42-fuesslinge-herren-6-paar-fuesslinge-sneakersocken-sportsocken-geschenke-fuer-frauen-laufsocken-unsichtbare-anti-schweiss-socken\/\" \/>\n<meta property=\"og:site_name\" content=\"Markt-XXL\" \/>\n<meta name=\"twitter:card\" content=\"summary_large_image\" \/>\n<meta name=\"twitter:label1\" content=\"Gesch\u00e4tzte Lesezeit\" \/>\n\t<meta name=\"twitter:data1\" content=\"1\u00a0Minute\" \/>\n<script type=\"application\/ld+json\" class=\"yoast-schema-graph\">{\"@context\":\"https:\\\/\\\/schema.org\",\"@graph\":[{\"@type\":\"WebPage\",\"@id\":\"https:\\\/\\\/marktxxl.de\\\/markt\\\/produkt\\\/caldodo-bambus-sneaker-socken-damen-35-38-39-42-fuesslinge-herren-6-paar-fuesslinge-sneakersocken-sportsocken-geschenke-fuer-frauen-laufsocken-unsichtbare-anti-schweiss-socken\\\/\",\"url\":\"https:\\\/\\\/marktxxl.de\\\/markt\\\/produkt\\\/caldodo-bambus-sneaker-socken-damen-35-38-39-42-fuesslinge-herren-6-paar-fuesslinge-sneakersocken-sportsocken-geschenke-fuer-frauen-laufsocken-unsichtbare-anti-schweiss-socken\\\/\",\"name\":\"Caldodo Bambus Sneaker Socken Damen 35-38 39-42 F\u00fcsslinge Herren, 6 Paar F\u00fc\u00dflinge Sneakersocken Sportsocken, Geschenke f\u00fcr Frauen, Laufsocken Unsichtbare Anti Schwei\u00df Socken - Markt-XXL\",\"isPartOf\":{\"@id\":\"https:\\\/\\\/marktxxl.de\\\/markt\\\/#website\"},\"primaryImageOfPage\":{\"@id\":\"https:\\\/\\\/marktxxl.de\\\/markt\\\/produkt\\\/caldodo-bambus-sneaker-socken-damen-35-38-39-42-fuesslinge-herren-6-paar-fuesslinge-sneakersocken-sportsocken-geschenke-fuer-frauen-laufsocken-unsichtbare-anti-schweiss-socken\\\/#primaryimage\"},\"image\":{\"@id\":\"https:\\\/\\\/marktxxl.de\\\/markt\\\/produkt\\\/caldodo-bambus-sneaker-socken-damen-35-38-39-42-fuesslinge-herren-6-paar-fuesslinge-sneakersocken-sportsocken-geschenke-fuer-frauen-laufsocken-unsichtbare-anti-schweiss-socken\\\/#primaryimage\"},\"thumbnailUrl\":\"https:\\\/\\\/m.media-amazon.com\\\/images\\\/I\\\/41CYgj+8kcL._SL500_.jpg\",\"datePublished\":\"2024-07-28T06:20:28+00:00\",\"description\":\"Markt-XXL Caldodo Bambus Sneaker Socken Damen 35-38 39-42 F\u00fcsslinge Herren, 6 Paar F\u00fc\u00dflinge Sneakersocken Sportsocken, Geschenke f\u00fcr Frauen, Laufsocken Unsichtbare Anti Schwei\u00df Socken\",\"breadcrumb\":{\"@id\":\"https:\\\/\\\/marktxxl.de\\\/markt\\\/produkt\\\/caldodo-bambus-sneaker-socken-damen-35-38-39-42-fuesslinge-herren-6-paar-fuesslinge-sneakersocken-sportsocken-geschenke-fuer-frauen-laufsocken-unsichtbare-anti-schweiss-socken\\\/#breadcrumb\"},\"inLanguage\":\"de\",\"potentialAction\":[{\"@type\":\"ReadAction\",\"target\":[\"https:\\\/\\\/marktxxl.de\\\/markt\\\/produkt\\\/caldodo-bambus-sneaker-socken-damen-35-38-39-42-fuesslinge-herren-6-paar-fuesslinge-sneakersocken-sportsocken-geschenke-fuer-frauen-laufsocken-unsichtbare-anti-schweiss-socken\\\/\"]}]},{\"@type\":\"ImageObject\",\"inLanguage\":\"de\",\"@id\":\"https:\\\/\\\/marktxxl.de\\\/markt\\\/produkt\\\/caldodo-bambus-sneaker-socken-damen-35-38-39-42-fuesslinge-herren-6-paar-fuesslinge-sneakersocken-sportsocken-geschenke-fuer-frauen-laufsocken-unsichtbare-anti-schweiss-socken\\\/#primaryimage\",\"url\":\"https:\\\/\\\/m.media-amazon.com\\\/images\\\/I\\\/41CYgj+8kcL._SL500_.jpg\",\"contentUrl\":\"https:\\\/\\\/m.media-amazon.com\\\/images\\\/I\\\/41CYgj+8kcL._SL500_.jpg\",\"width\":500,\"height\":500},{\"@type\":\"BreadcrumbList\",\"@id\":\"https:\\\/\\\/marktxxl.de\\\/markt\\\/produkt\\\/caldodo-bambus-sneaker-socken-damen-35-38-39-42-fuesslinge-herren-6-paar-fuesslinge-sneakersocken-sportsocken-geschenke-fuer-frauen-laufsocken-unsichtbare-anti-schweiss-socken\\\/#breadcrumb\",\"itemListElement\":[{\"@type\":\"ListItem\",\"position\":1,\"name\":\"Startseite\",\"item\":\"https:\\\/\\\/marktxxl.de\\\/markt\\\/\"},{\"@type\":\"ListItem\",\"position\":2,\"name\":\"Markt\",\"item\":\"https:\\\/\\\/marktxxl.de\\\/markt\\\/\"},{\"@type\":\"ListItem\",\"position\":3,\"name\":\"Caldodo Bambus Sneaker Socken Damen 35-38 39-42 F\u00fcsslinge Herren, 6 Paar F\u00fc\u00dflinge Sneakersocken Sportsocken, Geschenke f\u00fcr Frauen, Laufsocken Unsichtbare Anti Schwei\u00df Socken\"}]},{\"@type\":\"WebSite\",\"@id\":\"https:\\\/\\\/marktxxl.de\\\/markt\\\/#website\",\"url\":\"https:\\\/\\\/marktxxl.de\\\/markt\\\/\",\"name\":\"Markt-XXL\",\"description\":\"Ihr Markt Online\",\"publisher\":{\"@id\":\"https:\\\/\\\/marktxxl.de\\\/markt\\\/#organization\"},\"potentialAction\":[{\"@type\":\"SearchAction\",\"target\":{\"@type\":\"EntryPoint\",\"urlTemplate\":\"https:\\\/\\\/marktxxl.de\\\/markt\\\/?s={search_term_string}\"},\"query-input\":{\"@type\":\"PropertyValueSpecification\",\"valueRequired\":true,\"valueName\":\"search_term_string\"}}],\"inLanguage\":\"de\"},{\"@type\":\"Organization\",\"@id\":\"https:\\\/\\\/marktxxl.de\\\/markt\\\/#organization\",\"name\":\"Markt-XXL\",\"url\":\"https:\\\/\\\/marktxxl.de\\\/markt\\\/\",\"logo\":{\"@type\":\"ImageObject\",\"inLanguage\":\"de\",\"@id\":\"https:\\\/\\\/marktxxl.de\\\/markt\\\/#\\\/schema\\\/logo\\\/image\\\/\",\"url\":\"https:\\\/\\\/marktxxl.de\\\/markt\\\/wp-content\\\/uploads\\\/sites\\\/3\\\/2020\\\/12\\\/logo.png\",\"contentUrl\":\"https:\\\/\\\/marktxxl.de\\\/markt\\\/wp-content\\\/uploads\\\/sites\\\/3\\\/2020\\\/12\\\/logo.png\",\"width\":200,\"height\":70,\"caption\":\"Markt-XXL\"},\"image\":{\"@id\":\"https:\\\/\\\/marktxxl.de\\\/markt\\\/#\\\/schema\\\/logo\\\/image\\\/\"}}]}<\/script>\n<!-- \/ Yoast SEO plugin. -->","yoast_head_json":{"title":"Caldodo Bambus Sneaker Socken Damen 35-38 39-42 F\u00fcsslinge Herren, 6 Paar F\u00fc\u00dflinge Sneakersocken Sportsocken, Geschenke f\u00fcr Frauen, Laufsocken Unsichtbare Anti Schwei\u00df Socken - Markt-XXL","description":"Markt-XXL Caldodo Bambus Sneaker Socken Damen 35-38 39-42 F\u00fcsslinge Herren, 6 Paar F\u00fc\u00dflinge Sneakersocken Sportsocken, Geschenke f\u00fcr Frauen, Laufsocken Unsichtbare Anti Schwei\u00df Socken","robots":{"index":"index","follow":"follow","max-snippet":"max-snippet:-1","max-image-preview":"max-image-preview:large","max-video-preview":"max-video-preview:-1"},"canonical":"https:\/\/marktxxl.de\/markt\/produkt\/caldodo-bambus-sneaker-socken-damen-35-38-39-42-fuesslinge-herren-6-paar-fuesslinge-sneakersocken-sportsocken-geschenke-fuer-frauen-laufsocken-unsichtbare-anti-schweiss-socken\/","og_locale":"de_DE","og_type":"article","og_title":"Caldodo Bambus Sneaker Socken Damen 35-38 39-42 F\u00fcsslinge Herren, 6 Paar F\u00fc\u00dflinge Sneakersocken Sportsocken, Geschenke f\u00fcr Frauen, Laufsocken Unsichtbare Anti Schwei\u00df Socken - Markt-XXL","og_description":"Markt-XXL Caldodo Bambus Sneaker Socken Damen 35-38 39-42 F\u00fcsslinge Herren, 6 Paar F\u00fc\u00dflinge Sneakersocken Sportsocken, Geschenke f\u00fcr Frauen, Laufsocken Unsichtbare Anti Schwei\u00df Socken","og_url":"https:\/\/marktxxl.de\/markt\/produkt\/caldodo-bambus-sneaker-socken-damen-35-38-39-42-fuesslinge-herren-6-paar-fuesslinge-sneakersocken-sportsocken-geschenke-fuer-frauen-laufsocken-unsichtbare-anti-schweiss-socken\/","og_site_name":"Markt-XXL","twitter_card":"summary_large_image","twitter_misc":{"Gesch\u00e4tzte Lesezeit":"1\u00a0Minute"},"schema":{"@context":"https:\/\/schema.org","@graph":[{"@type":"WebPage","@id":"https:\/\/marktxxl.de\/markt\/produkt\/caldodo-bambus-sneaker-socken-damen-35-38-39-42-fuesslinge-herren-6-paar-fuesslinge-sneakersocken-sportsocken-geschenke-fuer-frauen-laufsocken-unsichtbare-anti-schweiss-socken\/","url":"https:\/\/marktxxl.de\/markt\/produkt\/caldodo-bambus-sneaker-socken-damen-35-38-39-42-fuesslinge-herren-6-paar-fuesslinge-sneakersocken-sportsocken-geschenke-fuer-frauen-laufsocken-unsichtbare-anti-schweiss-socken\/","name":"Caldodo Bambus Sneaker Socken Damen 35-38 39-42 F\u00fcsslinge Herren, 6 Paar F\u00fc\u00dflinge Sneakersocken Sportsocken, Geschenke f\u00fcr Frauen, Laufsocken Unsichtbare Anti Schwei\u00df Socken - Markt-XXL","isPartOf":{"@id":"https:\/\/marktxxl.de\/markt\/#website"},"primaryImageOfPage":{"@id":"https:\/\/marktxxl.de\/markt\/produkt\/caldodo-bambus-sneaker-socken-damen-35-38-39-42-fuesslinge-herren-6-paar-fuesslinge-sneakersocken-sportsocken-geschenke-fuer-frauen-laufsocken-unsichtbare-anti-schweiss-socken\/#primaryimage"},"image":{"@id":"https:\/\/marktxxl.de\/markt\/produkt\/caldodo-bambus-sneaker-socken-damen-35-38-39-42-fuesslinge-herren-6-paar-fuesslinge-sneakersocken-sportsocken-geschenke-fuer-frauen-laufsocken-unsichtbare-anti-schweiss-socken\/#primaryimage"},"thumbnailUrl":"https:\/\/m.media-amazon.com\/images\/I\/41CYgj+8kcL._SL500_.jpg","datePublished":"2024-07-28T06:20:28+00:00","description":"Markt-XXL Caldodo Bambus Sneaker Socken Damen 35-38 39-42 F\u00fcsslinge Herren, 6 Paar F\u00fc\u00dflinge Sneakersocken Sportsocken, Geschenke f\u00fcr Frauen, Laufsocken Unsichtbare Anti Schwei\u00df Socken","breadcrumb":{"@id":"https:\/\/marktxxl.de\/markt\/produkt\/caldodo-bambus-sneaker-socken-damen-35-38-39-42-fuesslinge-herren-6-paar-fuesslinge-sneakersocken-sportsocken-geschenke-fuer-frauen-laufsocken-unsichtbare-anti-schweiss-socken\/#breadcrumb"},"inLanguage":"de","potentialAction":[{"@type":"ReadAction","target":["https:\/\/marktxxl.de\/markt\/produkt\/caldodo-bambus-sneaker-socken-damen-35-38-39-42-fuesslinge-herren-6-paar-fuesslinge-sneakersocken-sportsocken-geschenke-fuer-frauen-laufsocken-unsichtbare-anti-schweiss-socken\/"]}]},{"@type":"ImageObject","inLanguage":"de","@id":"https:\/\/marktxxl.de\/markt\/produkt\/caldodo-bambus-sneaker-socken-damen-35-38-39-42-fuesslinge-herren-6-paar-fuesslinge-sneakersocken-sportsocken-geschenke-fuer-frauen-laufsocken-unsichtbare-anti-schweiss-socken\/#primaryimage","url":"https:\/\/m.media-amazon.com\/images\/I\/41CYgj+8kcL._SL500_.jpg","contentUrl":"https:\/\/m.media-amazon.com\/images\/I\/41CYgj+8kcL._SL500_.jpg","width":500,"height":500},{"@type":"BreadcrumbList","@id":"https:\/\/marktxxl.de\/markt\/produkt\/caldodo-bambus-sneaker-socken-damen-35-38-39-42-fuesslinge-herren-6-paar-fuesslinge-sneakersocken-sportsocken-geschenke-fuer-frauen-laufsocken-unsichtbare-anti-schweiss-socken\/#breadcrumb","itemListElement":[{"@type":"ListItem","position":1,"name":"Startseite","item":"https:\/\/marktxxl.de\/markt\/"},{"@type":"ListItem","position":2,"name":"Markt","item":"https:\/\/marktxxl.de\/markt\/"},{"@type":"ListItem","position":3,"name":"Caldodo Bambus Sneaker Socken Damen 35-38 39-42 F\u00fcsslinge Herren, 6 Paar F\u00fc\u00dflinge Sneakersocken Sportsocken, Geschenke f\u00fcr Frauen, Laufsocken Unsichtbare Anti Schwei\u00df Socken"}]},{"@type":"WebSite","@id":"https:\/\/marktxxl.de\/markt\/#website","url":"https:\/\/marktxxl.de\/markt\/","name":"Markt-XXL","description":"Ihr Markt Online","publisher":{"@id":"https:\/\/marktxxl.de\/markt\/#organization"},"potentialAction":[{"@type":"SearchAction","target":{"@type":"EntryPoint","urlTemplate":"https:\/\/marktxxl.de\/markt\/?s={search_term_string}"},"query-input":{"@type":"PropertyValueSpecification","valueRequired":true,"valueName":"search_term_string"}}],"inLanguage":"de"},{"@type":"Organization","@id":"https:\/\/marktxxl.de\/markt\/#organization","name":"Markt-XXL","url":"https:\/\/marktxxl.de\/markt\/","logo":{"@type":"ImageObject","inLanguage":"de","@id":"https:\/\/marktxxl.de\/markt\/#\/schema\/logo\/image\/","url":"https:\/\/marktxxl.de\/markt\/wp-content\/uploads\/sites\/3\/2020\/12\/logo.png","contentUrl":"https:\/\/marktxxl.de\/markt\/wp-content\/uploads\/sites\/3\/2020\/12\/logo.png","width":200,"height":70,"caption":"Markt-XXL"},"image":{"@id":"https:\/\/marktxxl.de\/markt\/#\/schema\/logo\/image\/"}}]}},"_links":{"self":[{"href":"https:\/\/marktxxl.de\/markt\/wp-json\/wp\/v2\/product\/217909","targetHints":{"allow":["GET"]}}],"collection":[{"href":"https:\/\/marktxxl.de\/markt\/wp-json\/wp\/v2\/product"}],"about":[{"href":"https:\/\/marktxxl.de\/markt\/wp-json\/wp\/v2\/types\/product"}],"replies":[{"embeddable":true,"href":"https:\/\/marktxxl.de\/markt\/wp-json\/wp\/v2\/comments?post=217909"}],"wp:featuredmedia":[{"embeddable":true,"href":"https:\/\/marktxxl.de\/markt\/wp-json\/wp\/v2\/media\/217910"}],"wp:attachment":[{"href":"https:\/\/marktxxl.de\/markt\/wp-json\/wp\/v2\/media?parent=217909"}],"wp:term":[{"taxonomy":"product_brand","embeddable":true,"href":"https:\/\/marktxxl.de\/markt\/wp-json\/wp\/v2\/product_brand?post=217909"},{"taxonomy":"product_cat","embeddable":true,"href":"https:\/\/marktxxl.de\/markt\/wp-json\/wp\/v2\/product_cat?post=217909"},{"taxonomy":"product_tag","embeddable":true,"href":"https:\/\/marktxxl.de\/markt\/wp-json\/wp\/v2\/product_tag?post=217909"}],"curies":[{"name":"wp","href":"https:\/\/api.w.org\/{rel}","templated":true}]}}