{"id":217316,"date":"2024-07-28T07:27:44","date_gmt":"2024-07-28T05:27:44","guid":{"rendered":"https:\/\/marktxxl.de\/markt\/produkt\/framar-silber-straehnenfolie-fuer-friseur-alufolie-friseur-alufolie-fuer-straehnen-set-haarfolie-straehnchenfolie-friseur-folie-straehnen-straehnchen-folie-alufolie-breit-straehnenpapier\/"},"modified":"2024-07-28T07:27:44","modified_gmt":"2024-07-28T05:27:44","slug":"framar-silber-straehnenfolie-fuer-friseur-alufolie-friseur-alufolie-fuer-straehnen-set-haarfolie-straehnchenfolie-friseur-folie-straehnen-straehnchen-folie-alufolie-breit-straehnenpapier","status":"publish","type":"product","link":"https:\/\/marktxxl.de\/markt\/produkt\/framar-silber-straehnenfolie-fuer-friseur-alufolie-friseur-alufolie-fuer-straehnen-set-haarfolie-straehnchenfolie-friseur-folie-straehnen-straehnchen-folie-alufolie-breit-straehnenpapier\/","title":{"rendered":"FRAMAR Silber Str\u00e4hnenfolie F\u00fcr Friseur &#8211; Alufolie Friseur, Alufolie F\u00fcr Str\u00e4hnen Set, Haarfolie, Str\u00e4hnchenfolie, Friseur Folie Str\u00e4hnen, Str\u00e4hnchen Folie, Alufolie Breit, Str\u00e4hnenpapier \u2013 250 Blatt"},"content":{"rendered":"<p>Hohe Qualit\u00e4t \u2013 die weltweit beste Haarf\u00e4rbefolie. Diese haltbaren gepr\u00e4gten Folien kleben oder rei\u00dfen nicht, wenn sie aus der Box kommen. Kein Verrutschen und ultimativer Halt. Sie machen auch nicht viel L\u00e4rm, wenn sie verwendet werden, wie andere billigere Folien.<br \/>\nSpart Zeit \u2013 Diese Pop-Up-Haarfolien lassen sich leicht herausziehen und haben einen 1,2 cm vorgefalteten Rand, sodass Sie direkt aus der Box ins Haar gehen k\u00f6nnen. Sparen Sie wertvolle Zeit beim Schneiden gr\u00f6\u00dferer Folien.<br \/>\nHergestellt f\u00fcr den Haarf\u00e4rber: Kommt in 12,7 x 27,9 cm, ohne dass Sie Ihre Folien schneiden oder rei\u00dfen m\u00fcssen. Diese wurden f\u00fcr Sie gemacht!<br \/>\nGER\u00c4UMIG &#8211; Einfach zu bedienen an allen Stationen, mit minimalem Platzbedarf. Erm\u00f6glicht eine optimale Organisation<br \/>\nSignature Color \u2013 Framar&#8217;s Signature Star Struck Silver Color, in der gepr\u00e4gten Oberfl\u00e4che. Folien haben eine saubere, solide Optik.<br \/>\n<div class=\"main-cross-sell\" data-asin=\"B0BW9NMBJ3\">\n\n\t<div class=\"WooZone-cross-sell-loader\">\n\t\t<div>\n\t\t\t<div id=\"floatingBarsG\">\n\t\t\t\t<div class=\"blockG\" id=\"rotateG_01\"><\/div>\n\t\t\t\t<div class=\"blockG\" id=\"rotateG_02\"><\/div>\n\t\t\t\t<div class=\"blockG\" id=\"rotateG_03\"><\/div>\n\t\t\t\t<div class=\"blockG\" id=\"rotateG_04\"><\/div>\n\t\t\t\t<div class=\"blockG\" id=\"rotateG_05\"><\/div>\n\t\t\t\t<div class=\"blockG\" id=\"rotateG_06\"><\/div>\n\t\t\t\t<div class=\"blockG\" id=\"rotateG_07\"><\/div>\n\t\t\t\t<div class=\"blockG\" id=\"rotateG_08\"><\/div>\n\t\t\t<\/div>\n\t\t\t<div class=\"WooZone-cross-sell-loader-text\"><\/div>\n\t\t<\/div>\n\t<\/div>\n\n\t\t\n<\/div>\n<div style=\"clear:both;\"><\/div><\/p>\n","protected":false},"excerpt":{"rendered":"<p>Hohe Qualit\u00e4t \u2013 die weltweit beste Haarf\u00e4rbefolie. Diese haltbaren gepr\u00e4gten Folien kleben oder rei\u00dfen nicht, wenn sie aus der Box kommen. Kein Verrutschen und ultimativer Halt. Sie machen auch nicht viel L\u00e4rm, wenn sie verwendet werden, wie andere billigere Folien.<br \/>\nSpart Zeit \u2013 Diese Pop-Up-Haarfolien lassen sich leicht herausziehen und haben einen 1,2 cm vorgefalteten Rand, sodass Sie direkt aus der Box ins Haar gehen k\u00f6nnen. Sparen Sie wertvolle Zeit beim Schneiden gr\u00f6\u00dferer Folien.<br \/>\nHergestellt f\u00fcr den Haarf\u00e4rber: Kommt in 12,7 x 27,9 cm, ohne dass Sie Ihre Folien schneiden oder rei\u00dfen m\u00fcssen. Diese wurden f\u00fcr Sie gemacht!<\/p>\n","protected":false},"featured_media":217317,"comment_status":"open","ping_status":"closed","template":"","meta":[],"product_brand":[],"product_cat":[2858],"product_tag":[],"class_list":{"0":"post-217316","1":"product","2":"type-product","3":"status-publish","4":"has-post-thumbnail","6":"product_cat-beauty","7":"pa_binding-misc","8":"pa_brand-framar","9":"pa_manufacturer-framar","10":"pa_size-1-stueck-1-erpack","12":"first","13":"instock","14":"shipping-taxable","15":"product-type-simple","16":"customify-col","17":"product-has-gallery"},"yoast_head":"<!-- This site is optimized with the Yoast SEO plugin v27.3 - https:\/\/yoast.com\/product\/yoast-seo-wordpress\/ -->\n<title>FRAMAR Silber Str\u00e4hnenfolie F\u00fcr Friseur - Alufolie Friseur, Alufolie F\u00fcr Str\u00e4hnen Set, Haarfolie, Str\u00e4hnchenfolie, Friseur Folie Str\u00e4hnen, Str\u00e4hnchen Folie, Alufolie Breit, Str\u00e4hnenpapier \u2013 250 Blatt - Markt-XXL<\/title>\n<meta name=\"description\" content=\"Markt-XXL FRAMAR Silber Str\u00e4hnenfolie F\u00fcr Friseur - Alufolie Friseur, Alufolie F\u00fcr Str\u00e4hnen Set, Haarfolie, Str\u00e4hnchenfolie, Friseur Folie Str\u00e4hnen, Str\u00e4hnchen Folie, Alufolie Breit, Str\u00e4hnenpapier \u2013 250 Blatt\" \/>\n<meta name=\"robots\" content=\"index, follow, max-snippet:-1, max-image-preview:large, max-video-preview:-1\" \/>\n<link rel=\"canonical\" href=\"https:\/\/marktxxl.de\/markt\/produkt\/framar-silber-straehnenfolie-fuer-friseur-alufolie-friseur-alufolie-fuer-straehnen-set-haarfolie-straehnchenfolie-friseur-folie-straehnen-straehnchen-folie-alufolie-breit-straehnenpapier\/\" \/>\n<meta property=\"og:locale\" content=\"de_DE\" \/>\n<meta property=\"og:type\" content=\"article\" \/>\n<meta property=\"og:title\" content=\"FRAMAR Silber Str\u00e4hnenfolie F\u00fcr Friseur - Alufolie Friseur, Alufolie F\u00fcr Str\u00e4hnen Set, Haarfolie, Str\u00e4hnchenfolie, Friseur Folie Str\u00e4hnen, Str\u00e4hnchen Folie, Alufolie Breit, Str\u00e4hnenpapier \u2013 250 Blatt - Markt-XXL\" \/>\n<meta property=\"og:description\" content=\"Markt-XXL FRAMAR Silber Str\u00e4hnenfolie F\u00fcr Friseur - Alufolie Friseur, Alufolie F\u00fcr Str\u00e4hnen Set, Haarfolie, Str\u00e4hnchenfolie, Friseur Folie Str\u00e4hnen, Str\u00e4hnchen Folie, Alufolie Breit, Str\u00e4hnenpapier \u2013 250 Blatt\" \/>\n<meta property=\"og:url\" content=\"https:\/\/marktxxl.de\/markt\/produkt\/framar-silber-straehnenfolie-fuer-friseur-alufolie-friseur-alufolie-fuer-straehnen-set-haarfolie-straehnchenfolie-friseur-folie-straehnen-straehnchen-folie-alufolie-breit-straehnenpapier\/\" \/>\n<meta property=\"og:site_name\" content=\"Markt-XXL\" \/>\n<meta name=\"twitter:card\" content=\"summary_large_image\" \/>\n<meta name=\"twitter:label1\" content=\"Gesch\u00e4tzte Lesezeit\" \/>\n\t<meta name=\"twitter:data1\" content=\"1\u00a0Minute\" \/>\n<script type=\"application\/ld+json\" class=\"yoast-schema-graph\">{\"@context\":\"https:\\\/\\\/schema.org\",\"@graph\":[{\"@type\":\"WebPage\",\"@id\":\"https:\\\/\\\/marktxxl.de\\\/markt\\\/produkt\\\/framar-silber-straehnenfolie-fuer-friseur-alufolie-friseur-alufolie-fuer-straehnen-set-haarfolie-straehnchenfolie-friseur-folie-straehnen-straehnchen-folie-alufolie-breit-straehnenpapier\\\/\",\"url\":\"https:\\\/\\\/marktxxl.de\\\/markt\\\/produkt\\\/framar-silber-straehnenfolie-fuer-friseur-alufolie-friseur-alufolie-fuer-straehnen-set-haarfolie-straehnchenfolie-friseur-folie-straehnen-straehnchen-folie-alufolie-breit-straehnenpapier\\\/\",\"name\":\"FRAMAR Silber Str\u00e4hnenfolie F\u00fcr Friseur - Alufolie Friseur, Alufolie F\u00fcr Str\u00e4hnen Set, Haarfolie, Str\u00e4hnchenfolie, Friseur Folie Str\u00e4hnen, Str\u00e4hnchen Folie, Alufolie Breit, Str\u00e4hnenpapier \u2013 250 Blatt - Markt-XXL\",\"isPartOf\":{\"@id\":\"https:\\\/\\\/marktxxl.de\\\/markt\\\/#website\"},\"primaryImageOfPage\":{\"@id\":\"https:\\\/\\\/marktxxl.de\\\/markt\\\/produkt\\\/framar-silber-straehnenfolie-fuer-friseur-alufolie-friseur-alufolie-fuer-straehnen-set-haarfolie-straehnchenfolie-friseur-folie-straehnen-straehnchen-folie-alufolie-breit-straehnenpapier\\\/#primaryimage\"},\"image\":{\"@id\":\"https:\\\/\\\/marktxxl.de\\\/markt\\\/produkt\\\/framar-silber-straehnenfolie-fuer-friseur-alufolie-friseur-alufolie-fuer-straehnen-set-haarfolie-straehnchenfolie-friseur-folie-straehnen-straehnchen-folie-alufolie-breit-straehnenpapier\\\/#primaryimage\"},\"thumbnailUrl\":\"https:\\\/\\\/m.media-amazon.com\\\/images\\\/I\\\/41Koba56B6L._SL500_.jpg\",\"datePublished\":\"2024-07-28T05:27:44+00:00\",\"description\":\"Markt-XXL FRAMAR Silber Str\u00e4hnenfolie F\u00fcr Friseur - Alufolie Friseur, Alufolie F\u00fcr Str\u00e4hnen Set, Haarfolie, Str\u00e4hnchenfolie, Friseur Folie Str\u00e4hnen, Str\u00e4hnchen Folie, Alufolie Breit, Str\u00e4hnenpapier \u2013 250 Blatt\",\"breadcrumb\":{\"@id\":\"https:\\\/\\\/marktxxl.de\\\/markt\\\/produkt\\\/framar-silber-straehnenfolie-fuer-friseur-alufolie-friseur-alufolie-fuer-straehnen-set-haarfolie-straehnchenfolie-friseur-folie-straehnen-straehnchen-folie-alufolie-breit-straehnenpapier\\\/#breadcrumb\"},\"inLanguage\":\"de\",\"potentialAction\":[{\"@type\":\"ReadAction\",\"target\":[\"https:\\\/\\\/marktxxl.de\\\/markt\\\/produkt\\\/framar-silber-straehnenfolie-fuer-friseur-alufolie-friseur-alufolie-fuer-straehnen-set-haarfolie-straehnchenfolie-friseur-folie-straehnen-straehnchen-folie-alufolie-breit-straehnenpapier\\\/\"]}]},{\"@type\":\"ImageObject\",\"inLanguage\":\"de\",\"@id\":\"https:\\\/\\\/marktxxl.de\\\/markt\\\/produkt\\\/framar-silber-straehnenfolie-fuer-friseur-alufolie-friseur-alufolie-fuer-straehnen-set-haarfolie-straehnchenfolie-friseur-folie-straehnen-straehnchen-folie-alufolie-breit-straehnenpapier\\\/#primaryimage\",\"url\":\"https:\\\/\\\/m.media-amazon.com\\\/images\\\/I\\\/41Koba56B6L._SL500_.jpg\",\"contentUrl\":\"https:\\\/\\\/m.media-amazon.com\\\/images\\\/I\\\/41Koba56B6L._SL500_.jpg\",\"width\":480,\"height\":500},{\"@type\":\"BreadcrumbList\",\"@id\":\"https:\\\/\\\/marktxxl.de\\\/markt\\\/produkt\\\/framar-silber-straehnenfolie-fuer-friseur-alufolie-friseur-alufolie-fuer-straehnen-set-haarfolie-straehnchenfolie-friseur-folie-straehnen-straehnchen-folie-alufolie-breit-straehnenpapier\\\/#breadcrumb\",\"itemListElement\":[{\"@type\":\"ListItem\",\"position\":1,\"name\":\"Startseite\",\"item\":\"https:\\\/\\\/marktxxl.de\\\/markt\\\/\"},{\"@type\":\"ListItem\",\"position\":2,\"name\":\"Markt\",\"item\":\"https:\\\/\\\/marktxxl.de\\\/markt\\\/\"},{\"@type\":\"ListItem\",\"position\":3,\"name\":\"FRAMAR Silber Str\u00e4hnenfolie F\u00fcr Friseur &#8211; Alufolie Friseur, Alufolie F\u00fcr Str\u00e4hnen Set, Haarfolie, Str\u00e4hnchenfolie, Friseur Folie Str\u00e4hnen, Str\u00e4hnchen Folie, Alufolie Breit, Str\u00e4hnenpapier \u2013 250 Blatt\"}]},{\"@type\":\"WebSite\",\"@id\":\"https:\\\/\\\/marktxxl.de\\\/markt\\\/#website\",\"url\":\"https:\\\/\\\/marktxxl.de\\\/markt\\\/\",\"name\":\"Markt-XXL\",\"description\":\"Ihr Markt Online\",\"publisher\":{\"@id\":\"https:\\\/\\\/marktxxl.de\\\/markt\\\/#organization\"},\"potentialAction\":[{\"@type\":\"SearchAction\",\"target\":{\"@type\":\"EntryPoint\",\"urlTemplate\":\"https:\\\/\\\/marktxxl.de\\\/markt\\\/?s={search_term_string}\"},\"query-input\":{\"@type\":\"PropertyValueSpecification\",\"valueRequired\":true,\"valueName\":\"search_term_string\"}}],\"inLanguage\":\"de\"},{\"@type\":\"Organization\",\"@id\":\"https:\\\/\\\/marktxxl.de\\\/markt\\\/#organization\",\"name\":\"Markt-XXL\",\"url\":\"https:\\\/\\\/marktxxl.de\\\/markt\\\/\",\"logo\":{\"@type\":\"ImageObject\",\"inLanguage\":\"de\",\"@id\":\"https:\\\/\\\/marktxxl.de\\\/markt\\\/#\\\/schema\\\/logo\\\/image\\\/\",\"url\":\"https:\\\/\\\/marktxxl.de\\\/markt\\\/wp-content\\\/uploads\\\/sites\\\/3\\\/2020\\\/12\\\/logo.png\",\"contentUrl\":\"https:\\\/\\\/marktxxl.de\\\/markt\\\/wp-content\\\/uploads\\\/sites\\\/3\\\/2020\\\/12\\\/logo.png\",\"width\":200,\"height\":70,\"caption\":\"Markt-XXL\"},\"image\":{\"@id\":\"https:\\\/\\\/marktxxl.de\\\/markt\\\/#\\\/schema\\\/logo\\\/image\\\/\"}}]}<\/script>\n<!-- \/ Yoast SEO plugin. -->","yoast_head_json":{"title":"FRAMAR Silber Str\u00e4hnenfolie F\u00fcr Friseur - Alufolie Friseur, Alufolie F\u00fcr Str\u00e4hnen Set, Haarfolie, Str\u00e4hnchenfolie, Friseur Folie Str\u00e4hnen, Str\u00e4hnchen Folie, Alufolie Breit, Str\u00e4hnenpapier \u2013 250 Blatt - Markt-XXL","description":"Markt-XXL FRAMAR Silber Str\u00e4hnenfolie F\u00fcr Friseur - Alufolie Friseur, Alufolie F\u00fcr Str\u00e4hnen Set, Haarfolie, Str\u00e4hnchenfolie, Friseur Folie Str\u00e4hnen, Str\u00e4hnchen Folie, Alufolie Breit, Str\u00e4hnenpapier \u2013 250 Blatt","robots":{"index":"index","follow":"follow","max-snippet":"max-snippet:-1","max-image-preview":"max-image-preview:large","max-video-preview":"max-video-preview:-1"},"canonical":"https:\/\/marktxxl.de\/markt\/produkt\/framar-silber-straehnenfolie-fuer-friseur-alufolie-friseur-alufolie-fuer-straehnen-set-haarfolie-straehnchenfolie-friseur-folie-straehnen-straehnchen-folie-alufolie-breit-straehnenpapier\/","og_locale":"de_DE","og_type":"article","og_title":"FRAMAR Silber Str\u00e4hnenfolie F\u00fcr Friseur - Alufolie Friseur, Alufolie F\u00fcr Str\u00e4hnen Set, Haarfolie, Str\u00e4hnchenfolie, Friseur Folie Str\u00e4hnen, Str\u00e4hnchen Folie, Alufolie Breit, Str\u00e4hnenpapier \u2013 250 Blatt - Markt-XXL","og_description":"Markt-XXL FRAMAR Silber Str\u00e4hnenfolie F\u00fcr Friseur - Alufolie Friseur, Alufolie F\u00fcr Str\u00e4hnen Set, Haarfolie, Str\u00e4hnchenfolie, Friseur Folie Str\u00e4hnen, Str\u00e4hnchen Folie, Alufolie Breit, Str\u00e4hnenpapier \u2013 250 Blatt","og_url":"https:\/\/marktxxl.de\/markt\/produkt\/framar-silber-straehnenfolie-fuer-friseur-alufolie-friseur-alufolie-fuer-straehnen-set-haarfolie-straehnchenfolie-friseur-folie-straehnen-straehnchen-folie-alufolie-breit-straehnenpapier\/","og_site_name":"Markt-XXL","twitter_card":"summary_large_image","twitter_misc":{"Gesch\u00e4tzte Lesezeit":"1\u00a0Minute"},"schema":{"@context":"https:\/\/schema.org","@graph":[{"@type":"WebPage","@id":"https:\/\/marktxxl.de\/markt\/produkt\/framar-silber-straehnenfolie-fuer-friseur-alufolie-friseur-alufolie-fuer-straehnen-set-haarfolie-straehnchenfolie-friseur-folie-straehnen-straehnchen-folie-alufolie-breit-straehnenpapier\/","url":"https:\/\/marktxxl.de\/markt\/produkt\/framar-silber-straehnenfolie-fuer-friseur-alufolie-friseur-alufolie-fuer-straehnen-set-haarfolie-straehnchenfolie-friseur-folie-straehnen-straehnchen-folie-alufolie-breit-straehnenpapier\/","name":"FRAMAR Silber Str\u00e4hnenfolie F\u00fcr Friseur - Alufolie Friseur, Alufolie F\u00fcr Str\u00e4hnen Set, Haarfolie, Str\u00e4hnchenfolie, Friseur Folie Str\u00e4hnen, Str\u00e4hnchen Folie, Alufolie Breit, Str\u00e4hnenpapier \u2013 250 Blatt - Markt-XXL","isPartOf":{"@id":"https:\/\/marktxxl.de\/markt\/#website"},"primaryImageOfPage":{"@id":"https:\/\/marktxxl.de\/markt\/produkt\/framar-silber-straehnenfolie-fuer-friseur-alufolie-friseur-alufolie-fuer-straehnen-set-haarfolie-straehnchenfolie-friseur-folie-straehnen-straehnchen-folie-alufolie-breit-straehnenpapier\/#primaryimage"},"image":{"@id":"https:\/\/marktxxl.de\/markt\/produkt\/framar-silber-straehnenfolie-fuer-friseur-alufolie-friseur-alufolie-fuer-straehnen-set-haarfolie-straehnchenfolie-friseur-folie-straehnen-straehnchen-folie-alufolie-breit-straehnenpapier\/#primaryimage"},"thumbnailUrl":"https:\/\/m.media-amazon.com\/images\/I\/41Koba56B6L._SL500_.jpg","datePublished":"2024-07-28T05:27:44+00:00","description":"Markt-XXL FRAMAR Silber Str\u00e4hnenfolie F\u00fcr Friseur - Alufolie Friseur, Alufolie F\u00fcr Str\u00e4hnen Set, Haarfolie, Str\u00e4hnchenfolie, Friseur Folie Str\u00e4hnen, Str\u00e4hnchen Folie, Alufolie Breit, Str\u00e4hnenpapier \u2013 250 Blatt","breadcrumb":{"@id":"https:\/\/marktxxl.de\/markt\/produkt\/framar-silber-straehnenfolie-fuer-friseur-alufolie-friseur-alufolie-fuer-straehnen-set-haarfolie-straehnchenfolie-friseur-folie-straehnen-straehnchen-folie-alufolie-breit-straehnenpapier\/#breadcrumb"},"inLanguage":"de","potentialAction":[{"@type":"ReadAction","target":["https:\/\/marktxxl.de\/markt\/produkt\/framar-silber-straehnenfolie-fuer-friseur-alufolie-friseur-alufolie-fuer-straehnen-set-haarfolie-straehnchenfolie-friseur-folie-straehnen-straehnchen-folie-alufolie-breit-straehnenpapier\/"]}]},{"@type":"ImageObject","inLanguage":"de","@id":"https:\/\/marktxxl.de\/markt\/produkt\/framar-silber-straehnenfolie-fuer-friseur-alufolie-friseur-alufolie-fuer-straehnen-set-haarfolie-straehnchenfolie-friseur-folie-straehnen-straehnchen-folie-alufolie-breit-straehnenpapier\/#primaryimage","url":"https:\/\/m.media-amazon.com\/images\/I\/41Koba56B6L._SL500_.jpg","contentUrl":"https:\/\/m.media-amazon.com\/images\/I\/41Koba56B6L._SL500_.jpg","width":480,"height":500},{"@type":"BreadcrumbList","@id":"https:\/\/marktxxl.de\/markt\/produkt\/framar-silber-straehnenfolie-fuer-friseur-alufolie-friseur-alufolie-fuer-straehnen-set-haarfolie-straehnchenfolie-friseur-folie-straehnen-straehnchen-folie-alufolie-breit-straehnenpapier\/#breadcrumb","itemListElement":[{"@type":"ListItem","position":1,"name":"Startseite","item":"https:\/\/marktxxl.de\/markt\/"},{"@type":"ListItem","position":2,"name":"Markt","item":"https:\/\/marktxxl.de\/markt\/"},{"@type":"ListItem","position":3,"name":"FRAMAR Silber Str\u00e4hnenfolie F\u00fcr Friseur &#8211; Alufolie Friseur, Alufolie F\u00fcr Str\u00e4hnen Set, Haarfolie, Str\u00e4hnchenfolie, Friseur Folie Str\u00e4hnen, Str\u00e4hnchen Folie, Alufolie Breit, Str\u00e4hnenpapier \u2013 250 Blatt"}]},{"@type":"WebSite","@id":"https:\/\/marktxxl.de\/markt\/#website","url":"https:\/\/marktxxl.de\/markt\/","name":"Markt-XXL","description":"Ihr Markt Online","publisher":{"@id":"https:\/\/marktxxl.de\/markt\/#organization"},"potentialAction":[{"@type":"SearchAction","target":{"@type":"EntryPoint","urlTemplate":"https:\/\/marktxxl.de\/markt\/?s={search_term_string}"},"query-input":{"@type":"PropertyValueSpecification","valueRequired":true,"valueName":"search_term_string"}}],"inLanguage":"de"},{"@type":"Organization","@id":"https:\/\/marktxxl.de\/markt\/#organization","name":"Markt-XXL","url":"https:\/\/marktxxl.de\/markt\/","logo":{"@type":"ImageObject","inLanguage":"de","@id":"https:\/\/marktxxl.de\/markt\/#\/schema\/logo\/image\/","url":"https:\/\/marktxxl.de\/markt\/wp-content\/uploads\/sites\/3\/2020\/12\/logo.png","contentUrl":"https:\/\/marktxxl.de\/markt\/wp-content\/uploads\/sites\/3\/2020\/12\/logo.png","width":200,"height":70,"caption":"Markt-XXL"},"image":{"@id":"https:\/\/marktxxl.de\/markt\/#\/schema\/logo\/image\/"}}]}},"_links":{"self":[{"href":"https:\/\/marktxxl.de\/markt\/wp-json\/wp\/v2\/product\/217316","targetHints":{"allow":["GET"]}}],"collection":[{"href":"https:\/\/marktxxl.de\/markt\/wp-json\/wp\/v2\/product"}],"about":[{"href":"https:\/\/marktxxl.de\/markt\/wp-json\/wp\/v2\/types\/product"}],"replies":[{"embeddable":true,"href":"https:\/\/marktxxl.de\/markt\/wp-json\/wp\/v2\/comments?post=217316"}],"wp:featuredmedia":[{"embeddable":true,"href":"https:\/\/marktxxl.de\/markt\/wp-json\/wp\/v2\/media\/217317"}],"wp:attachment":[{"href":"https:\/\/marktxxl.de\/markt\/wp-json\/wp\/v2\/media?parent=217316"}],"wp:term":[{"taxonomy":"product_brand","embeddable":true,"href":"https:\/\/marktxxl.de\/markt\/wp-json\/wp\/v2\/product_brand?post=217316"},{"taxonomy":"product_cat","embeddable":true,"href":"https:\/\/marktxxl.de\/markt\/wp-json\/wp\/v2\/product_cat?post=217316"},{"taxonomy":"product_tag","embeddable":true,"href":"https:\/\/marktxxl.de\/markt\/wp-json\/wp\/v2\/product_tag?post=217316"}],"curies":[{"name":"wp","href":"https:\/\/api.w.org\/{rel}","templated":true}]}}