{"id":217162,"date":"2024-07-28T07:18:05","date_gmt":"2024-07-28T05:18:05","guid":{"rendered":"https:\/\/marktxxl.de\/markt\/produkt\/exklusive-edelstahl-heizkoerper-rosette-sven-variabel-doppelrosette-fuer-heizung-rohrdurchmesser-o-16\/"},"modified":"2024-07-28T07:18:05","modified_gmt":"2024-07-28T05:18:05","slug":"exklusive-edelstahl-heizkoerper-rosette-sven-variabel-doppelrosette-fuer-heizung-rohrdurchmesser-o-16","status":"publish","type":"product","link":"https:\/\/marktxxl.de\/markt\/produkt\/exklusive-edelstahl-heizkoerper-rosette-sven-variabel-doppelrosette-fuer-heizung-rohrdurchmesser-o-16\/","title":{"rendered":"EXKLUSIVE EDELSTAHL Heizk\u00f6rper Rosette &#8220;Sven&#8221; VARIABEL &#8211; Doppelrosette f\u00fcr HEIZUNG (Rohrdurchmesser \u00d8 16)"},"content":{"rendered":"<p>\ud83d\udd14 GR\u00d6\u00dfE BESTIMMEN:: Den Umfang des Rohrs mit einem Ma\u00dfband in &#8220;mm&#8221; messen und durch 3,14 teilen. z.B. Rohrumfang=40mm; 48mm : 3,14=15,3mm \u219215mm Rosette ausw\u00e4hlen.<br \/>\n\u2705 Gesamtgr\u00f6\u00dfe 50x110mm | Material: 4mm V2A Edelstahl | Lieferumfang: 1x Rosette bestehend aus 6 Teilen\u2705 Rohrabstand: 15mm + 16mm Rohre: von ca. 34 &#8211; 66mm | 18mm Rohre: von ca. 36 &#8211; 66mm | 20mm Rohre: von ca. 38 &#8211; 62mm<br \/>\n\u2705 Rohrabstand: 50mm (gemessen von Rohrmitte zu Rohrmitte) | Rohrdurchmesser: siehe Auswahl<br \/>\n\u2705 BITTE ERST EINEN ARTIKEL ZUM TESTEN KAUFEN. Aus diesem Grund bieten wir den Versand f\u00fcr einen Artikel auch g\u00fcnstiger an. Testen Sie die Rosette an allen Rohren die damit ausgestattet werden sollen. Es kann beim Einbau der Rohre zu Unterschieden kommen, so dass die Rostte an der einen Stelle passt und an der Anderen nicht.<br \/>\n\u2705 Der Artikel wird auf der Sichtseite von Hand geschliffen. Da dieser Schleifprozess zum Teil nicht maschinell erfolgt kann es vorkommen, dass sich Fingerabdr\u00fccke auf dem Artikel befinden. Die R\u00fcckseite ist ungeschliffen, da sie auf dem Boden liegt und nicht sichtbar ist.<br \/>\n<div class=\"main-cross-sell\" data-asin=\"B06XWQGVSS\">\n\n\t<div class=\"WooZone-cross-sell-loader\">\n\t\t<div>\n\t\t\t<div id=\"floatingBarsG\">\n\t\t\t\t<div class=\"blockG\" id=\"rotateG_01\"><\/div>\n\t\t\t\t<div class=\"blockG\" id=\"rotateG_02\"><\/div>\n\t\t\t\t<div class=\"blockG\" id=\"rotateG_03\"><\/div>\n\t\t\t\t<div class=\"blockG\" id=\"rotateG_04\"><\/div>\n\t\t\t\t<div class=\"blockG\" id=\"rotateG_05\"><\/div>\n\t\t\t\t<div class=\"blockG\" id=\"rotateG_06\"><\/div>\n\t\t\t\t<div class=\"blockG\" id=\"rotateG_07\"><\/div>\n\t\t\t\t<div class=\"blockG\" id=\"rotateG_08\"><\/div>\n\t\t\t<\/div>\n\t\t\t<div class=\"WooZone-cross-sell-loader-text\"><\/div>\n\t\t<\/div>\n\t<\/div>\n\n\t\t\n<\/div>\n<div style=\"clear:both;\"><\/div><\/p>\n","protected":false},"excerpt":{"rendered":"<p>\ud83d\udd14 GR\u00d6\u00dfE BESTIMMEN:: Den Umfang des Rohrs mit einem Ma\u00dfband in &#8220;mm&#8221; messen und durch 3,14 teilen. z.B. Rohrumfang=40mm; 48mm : 3,14=15,3mm \u219215mm Rosette ausw\u00e4hlen.<br \/>\n\u2705 Gesamtgr\u00f6\u00dfe 50x110mm | Material: 4mm V2A Edelstahl | Lieferumfang: 1x Rosette bestehend aus 6 Teilen\u2705 Rohrabstand: 15mm + 16mm Rohre: von ca. 34 &#8211; 66mm | 18mm Rohre: von ca. 36 &#8211; 66mm | 20mm Rohre: von ca. 38 &#8211; 62mm<br \/>\n\u2705 Rohrabstand: 50mm (gemessen von Rohrmitte zu Rohrmitte) | Rohrdurchmesser: siehe Auswahl<\/p>\n","protected":false},"featured_media":217163,"comment_status":"open","ping_status":"closed","template":"","meta":[],"product_brand":[],"product_cat":[1983,11319],"product_tag":[],"class_list":{"0":"post-217162","1":"product","2":"type-product","3":"status-publish","4":"has-post-thumbnail","6":"product_cat-baumarkt","7":"product_cat-sanitaer","8":"pa_binding-haushaltswaren","9":"pa_brand-busch-jaeger-3","10":"pa_brand-dub-spencer","11":"pa_height-0-15748-zoll","12":"pa_length-4-3307-zoll","13":"pa_manufacturer-dub-gmbh","14":"pa_size-rohrdurchmesser-o-16","15":"pa_width-1-9685-zoll","17":"first","18":"instock","19":"shipping-taxable","20":"purchasable","21":"product-type-simple","22":"customify-col","23":"product-has-gallery"},"yoast_head":"<!-- This site is optimized with the Yoast SEO plugin v27.3 - https:\/\/yoast.com\/product\/yoast-seo-wordpress\/ -->\n<title>EXKLUSIVE EDELSTAHL Heizk\u00f6rper Rosette &quot;Sven&quot; VARIABEL - Doppelrosette f\u00fcr HEIZUNG (Rohrdurchmesser \u00d8 16) - Markt-XXL<\/title>\n<meta name=\"description\" content=\"Markt-XXL EXKLUSIVE EDELSTAHL Heizk\u00f6rper Rosette &quot;Sven&quot; VARIABEL - Doppelrosette f\u00fcr HEIZUNG (Rohrdurchmesser \u00d8 16)\" \/>\n<meta name=\"robots\" content=\"index, follow, max-snippet:-1, max-image-preview:large, max-video-preview:-1\" \/>\n<link rel=\"canonical\" href=\"https:\/\/marktxxl.de\/markt\/produkt\/exklusive-edelstahl-heizkoerper-rosette-sven-variabel-doppelrosette-fuer-heizung-rohrdurchmesser-o-16\/\" \/>\n<meta property=\"og:locale\" content=\"de_DE\" \/>\n<meta property=\"og:type\" content=\"article\" \/>\n<meta property=\"og:title\" content=\"EXKLUSIVE EDELSTAHL Heizk\u00f6rper Rosette &quot;Sven&quot; VARIABEL - Doppelrosette f\u00fcr HEIZUNG (Rohrdurchmesser \u00d8 16) - Markt-XXL\" \/>\n<meta property=\"og:description\" content=\"Markt-XXL EXKLUSIVE EDELSTAHL Heizk\u00f6rper Rosette &quot;Sven&quot; VARIABEL - Doppelrosette f\u00fcr HEIZUNG (Rohrdurchmesser \u00d8 16)\" \/>\n<meta property=\"og:url\" content=\"https:\/\/marktxxl.de\/markt\/produkt\/exklusive-edelstahl-heizkoerper-rosette-sven-variabel-doppelrosette-fuer-heizung-rohrdurchmesser-o-16\/\" \/>\n<meta property=\"og:site_name\" content=\"Markt-XXL\" \/>\n<meta name=\"twitter:card\" content=\"summary_large_image\" \/>\n<meta name=\"twitter:label1\" content=\"Gesch\u00e4tzte Lesezeit\" \/>\n\t<meta name=\"twitter:data1\" content=\"1\u00a0Minute\" \/>\n<script type=\"application\/ld+json\" class=\"yoast-schema-graph\">{\"@context\":\"https:\\\/\\\/schema.org\",\"@graph\":[{\"@type\":\"WebPage\",\"@id\":\"https:\\\/\\\/marktxxl.de\\\/markt\\\/produkt\\\/exklusive-edelstahl-heizkoerper-rosette-sven-variabel-doppelrosette-fuer-heizung-rohrdurchmesser-o-16\\\/\",\"url\":\"https:\\\/\\\/marktxxl.de\\\/markt\\\/produkt\\\/exklusive-edelstahl-heizkoerper-rosette-sven-variabel-doppelrosette-fuer-heizung-rohrdurchmesser-o-16\\\/\",\"name\":\"EXKLUSIVE EDELSTAHL Heizk\u00f6rper Rosette \\\"Sven\\\" VARIABEL - Doppelrosette f\u00fcr HEIZUNG (Rohrdurchmesser \u00d8 16) - Markt-XXL\",\"isPartOf\":{\"@id\":\"https:\\\/\\\/marktxxl.de\\\/markt\\\/#website\"},\"primaryImageOfPage\":{\"@id\":\"https:\\\/\\\/marktxxl.de\\\/markt\\\/produkt\\\/exklusive-edelstahl-heizkoerper-rosette-sven-variabel-doppelrosette-fuer-heizung-rohrdurchmesser-o-16\\\/#primaryimage\"},\"image\":{\"@id\":\"https:\\\/\\\/marktxxl.de\\\/markt\\\/produkt\\\/exklusive-edelstahl-heizkoerper-rosette-sven-variabel-doppelrosette-fuer-heizung-rohrdurchmesser-o-16\\\/#primaryimage\"},\"thumbnailUrl\":\"https:\\\/\\\/m.media-amazon.com\\\/images\\\/I\\\/31tRDaXiQQL._SL500_.jpg\",\"datePublished\":\"2024-07-28T05:18:05+00:00\",\"description\":\"Markt-XXL EXKLUSIVE EDELSTAHL Heizk\u00f6rper Rosette \\\"Sven\\\" VARIABEL - Doppelrosette f\u00fcr HEIZUNG (Rohrdurchmesser \u00d8 16)\",\"breadcrumb\":{\"@id\":\"https:\\\/\\\/marktxxl.de\\\/markt\\\/produkt\\\/exklusive-edelstahl-heizkoerper-rosette-sven-variabel-doppelrosette-fuer-heizung-rohrdurchmesser-o-16\\\/#breadcrumb\"},\"inLanguage\":\"de\",\"potentialAction\":[{\"@type\":\"ReadAction\",\"target\":[\"https:\\\/\\\/marktxxl.de\\\/markt\\\/produkt\\\/exklusive-edelstahl-heizkoerper-rosette-sven-variabel-doppelrosette-fuer-heizung-rohrdurchmesser-o-16\\\/\"]}]},{\"@type\":\"ImageObject\",\"inLanguage\":\"de\",\"@id\":\"https:\\\/\\\/marktxxl.de\\\/markt\\\/produkt\\\/exklusive-edelstahl-heizkoerper-rosette-sven-variabel-doppelrosette-fuer-heizung-rohrdurchmesser-o-16\\\/#primaryimage\",\"url\":\"https:\\\/\\\/m.media-amazon.com\\\/images\\\/I\\\/31tRDaXiQQL._SL500_.jpg\",\"contentUrl\":\"https:\\\/\\\/m.media-amazon.com\\\/images\\\/I\\\/31tRDaXiQQL._SL500_.jpg\",\"width\":500,\"height\":500},{\"@type\":\"BreadcrumbList\",\"@id\":\"https:\\\/\\\/marktxxl.de\\\/markt\\\/produkt\\\/exklusive-edelstahl-heizkoerper-rosette-sven-variabel-doppelrosette-fuer-heizung-rohrdurchmesser-o-16\\\/#breadcrumb\",\"itemListElement\":[{\"@type\":\"ListItem\",\"position\":1,\"name\":\"Startseite\",\"item\":\"https:\\\/\\\/marktxxl.de\\\/markt\\\/\"},{\"@type\":\"ListItem\",\"position\":2,\"name\":\"Markt\",\"item\":\"https:\\\/\\\/marktxxl.de\\\/markt\\\/\"},{\"@type\":\"ListItem\",\"position\":3,\"name\":\"EXKLUSIVE EDELSTAHL Heizk\u00f6rper Rosette &#8220;Sven&#8221; VARIABEL &#8211; Doppelrosette f\u00fcr HEIZUNG (Rohrdurchmesser \u00d8 16)\"}]},{\"@type\":\"WebSite\",\"@id\":\"https:\\\/\\\/marktxxl.de\\\/markt\\\/#website\",\"url\":\"https:\\\/\\\/marktxxl.de\\\/markt\\\/\",\"name\":\"Markt-XXL\",\"description\":\"Ihr Markt Online\",\"publisher\":{\"@id\":\"https:\\\/\\\/marktxxl.de\\\/markt\\\/#organization\"},\"potentialAction\":[{\"@type\":\"SearchAction\",\"target\":{\"@type\":\"EntryPoint\",\"urlTemplate\":\"https:\\\/\\\/marktxxl.de\\\/markt\\\/?s={search_term_string}\"},\"query-input\":{\"@type\":\"PropertyValueSpecification\",\"valueRequired\":true,\"valueName\":\"search_term_string\"}}],\"inLanguage\":\"de\"},{\"@type\":\"Organization\",\"@id\":\"https:\\\/\\\/marktxxl.de\\\/markt\\\/#organization\",\"name\":\"Markt-XXL\",\"url\":\"https:\\\/\\\/marktxxl.de\\\/markt\\\/\",\"logo\":{\"@type\":\"ImageObject\",\"inLanguage\":\"de\",\"@id\":\"https:\\\/\\\/marktxxl.de\\\/markt\\\/#\\\/schema\\\/logo\\\/image\\\/\",\"url\":\"https:\\\/\\\/marktxxl.de\\\/markt\\\/wp-content\\\/uploads\\\/sites\\\/3\\\/2020\\\/12\\\/logo.png\",\"contentUrl\":\"https:\\\/\\\/marktxxl.de\\\/markt\\\/wp-content\\\/uploads\\\/sites\\\/3\\\/2020\\\/12\\\/logo.png\",\"width\":200,\"height\":70,\"caption\":\"Markt-XXL\"},\"image\":{\"@id\":\"https:\\\/\\\/marktxxl.de\\\/markt\\\/#\\\/schema\\\/logo\\\/image\\\/\"}}]}<\/script>\n<!-- \/ Yoast SEO plugin. -->","yoast_head_json":{"title":"EXKLUSIVE EDELSTAHL Heizk\u00f6rper Rosette \"Sven\" VARIABEL - Doppelrosette f\u00fcr HEIZUNG (Rohrdurchmesser \u00d8 16) - Markt-XXL","description":"Markt-XXL EXKLUSIVE EDELSTAHL Heizk\u00f6rper Rosette \"Sven\" VARIABEL - Doppelrosette f\u00fcr HEIZUNG (Rohrdurchmesser \u00d8 16)","robots":{"index":"index","follow":"follow","max-snippet":"max-snippet:-1","max-image-preview":"max-image-preview:large","max-video-preview":"max-video-preview:-1"},"canonical":"https:\/\/marktxxl.de\/markt\/produkt\/exklusive-edelstahl-heizkoerper-rosette-sven-variabel-doppelrosette-fuer-heizung-rohrdurchmesser-o-16\/","og_locale":"de_DE","og_type":"article","og_title":"EXKLUSIVE EDELSTAHL Heizk\u00f6rper Rosette \"Sven\" VARIABEL - Doppelrosette f\u00fcr HEIZUNG (Rohrdurchmesser \u00d8 16) - Markt-XXL","og_description":"Markt-XXL EXKLUSIVE EDELSTAHL Heizk\u00f6rper Rosette \"Sven\" VARIABEL - Doppelrosette f\u00fcr HEIZUNG (Rohrdurchmesser \u00d8 16)","og_url":"https:\/\/marktxxl.de\/markt\/produkt\/exklusive-edelstahl-heizkoerper-rosette-sven-variabel-doppelrosette-fuer-heizung-rohrdurchmesser-o-16\/","og_site_name":"Markt-XXL","twitter_card":"summary_large_image","twitter_misc":{"Gesch\u00e4tzte Lesezeit":"1\u00a0Minute"},"schema":{"@context":"https:\/\/schema.org","@graph":[{"@type":"WebPage","@id":"https:\/\/marktxxl.de\/markt\/produkt\/exklusive-edelstahl-heizkoerper-rosette-sven-variabel-doppelrosette-fuer-heizung-rohrdurchmesser-o-16\/","url":"https:\/\/marktxxl.de\/markt\/produkt\/exklusive-edelstahl-heizkoerper-rosette-sven-variabel-doppelrosette-fuer-heizung-rohrdurchmesser-o-16\/","name":"EXKLUSIVE EDELSTAHL Heizk\u00f6rper Rosette \"Sven\" VARIABEL - Doppelrosette f\u00fcr HEIZUNG (Rohrdurchmesser \u00d8 16) - Markt-XXL","isPartOf":{"@id":"https:\/\/marktxxl.de\/markt\/#website"},"primaryImageOfPage":{"@id":"https:\/\/marktxxl.de\/markt\/produkt\/exklusive-edelstahl-heizkoerper-rosette-sven-variabel-doppelrosette-fuer-heizung-rohrdurchmesser-o-16\/#primaryimage"},"image":{"@id":"https:\/\/marktxxl.de\/markt\/produkt\/exklusive-edelstahl-heizkoerper-rosette-sven-variabel-doppelrosette-fuer-heizung-rohrdurchmesser-o-16\/#primaryimage"},"thumbnailUrl":"https:\/\/m.media-amazon.com\/images\/I\/31tRDaXiQQL._SL500_.jpg","datePublished":"2024-07-28T05:18:05+00:00","description":"Markt-XXL EXKLUSIVE EDELSTAHL Heizk\u00f6rper Rosette \"Sven\" VARIABEL - Doppelrosette f\u00fcr HEIZUNG (Rohrdurchmesser \u00d8 16)","breadcrumb":{"@id":"https:\/\/marktxxl.de\/markt\/produkt\/exklusive-edelstahl-heizkoerper-rosette-sven-variabel-doppelrosette-fuer-heizung-rohrdurchmesser-o-16\/#breadcrumb"},"inLanguage":"de","potentialAction":[{"@type":"ReadAction","target":["https:\/\/marktxxl.de\/markt\/produkt\/exklusive-edelstahl-heizkoerper-rosette-sven-variabel-doppelrosette-fuer-heizung-rohrdurchmesser-o-16\/"]}]},{"@type":"ImageObject","inLanguage":"de","@id":"https:\/\/marktxxl.de\/markt\/produkt\/exklusive-edelstahl-heizkoerper-rosette-sven-variabel-doppelrosette-fuer-heizung-rohrdurchmesser-o-16\/#primaryimage","url":"https:\/\/m.media-amazon.com\/images\/I\/31tRDaXiQQL._SL500_.jpg","contentUrl":"https:\/\/m.media-amazon.com\/images\/I\/31tRDaXiQQL._SL500_.jpg","width":500,"height":500},{"@type":"BreadcrumbList","@id":"https:\/\/marktxxl.de\/markt\/produkt\/exklusive-edelstahl-heizkoerper-rosette-sven-variabel-doppelrosette-fuer-heizung-rohrdurchmesser-o-16\/#breadcrumb","itemListElement":[{"@type":"ListItem","position":1,"name":"Startseite","item":"https:\/\/marktxxl.de\/markt\/"},{"@type":"ListItem","position":2,"name":"Markt","item":"https:\/\/marktxxl.de\/markt\/"},{"@type":"ListItem","position":3,"name":"EXKLUSIVE EDELSTAHL Heizk\u00f6rper Rosette &#8220;Sven&#8221; VARIABEL &#8211; Doppelrosette f\u00fcr HEIZUNG (Rohrdurchmesser \u00d8 16)"}]},{"@type":"WebSite","@id":"https:\/\/marktxxl.de\/markt\/#website","url":"https:\/\/marktxxl.de\/markt\/","name":"Markt-XXL","description":"Ihr Markt Online","publisher":{"@id":"https:\/\/marktxxl.de\/markt\/#organization"},"potentialAction":[{"@type":"SearchAction","target":{"@type":"EntryPoint","urlTemplate":"https:\/\/marktxxl.de\/markt\/?s={search_term_string}"},"query-input":{"@type":"PropertyValueSpecification","valueRequired":true,"valueName":"search_term_string"}}],"inLanguage":"de"},{"@type":"Organization","@id":"https:\/\/marktxxl.de\/markt\/#organization","name":"Markt-XXL","url":"https:\/\/marktxxl.de\/markt\/","logo":{"@type":"ImageObject","inLanguage":"de","@id":"https:\/\/marktxxl.de\/markt\/#\/schema\/logo\/image\/","url":"https:\/\/marktxxl.de\/markt\/wp-content\/uploads\/sites\/3\/2020\/12\/logo.png","contentUrl":"https:\/\/marktxxl.de\/markt\/wp-content\/uploads\/sites\/3\/2020\/12\/logo.png","width":200,"height":70,"caption":"Markt-XXL"},"image":{"@id":"https:\/\/marktxxl.de\/markt\/#\/schema\/logo\/image\/"}}]}},"_links":{"self":[{"href":"https:\/\/marktxxl.de\/markt\/wp-json\/wp\/v2\/product\/217162","targetHints":{"allow":["GET"]}}],"collection":[{"href":"https:\/\/marktxxl.de\/markt\/wp-json\/wp\/v2\/product"}],"about":[{"href":"https:\/\/marktxxl.de\/markt\/wp-json\/wp\/v2\/types\/product"}],"replies":[{"embeddable":true,"href":"https:\/\/marktxxl.de\/markt\/wp-json\/wp\/v2\/comments?post=217162"}],"wp:featuredmedia":[{"embeddable":true,"href":"https:\/\/marktxxl.de\/markt\/wp-json\/wp\/v2\/media\/217163"}],"wp:attachment":[{"href":"https:\/\/marktxxl.de\/markt\/wp-json\/wp\/v2\/media?parent=217162"}],"wp:term":[{"taxonomy":"product_brand","embeddable":true,"href":"https:\/\/marktxxl.de\/markt\/wp-json\/wp\/v2\/product_brand?post=217162"},{"taxonomy":"product_cat","embeddable":true,"href":"https:\/\/marktxxl.de\/markt\/wp-json\/wp\/v2\/product_cat?post=217162"},{"taxonomy":"product_tag","embeddable":true,"href":"https:\/\/marktxxl.de\/markt\/wp-json\/wp\/v2\/product_tag?post=217162"}],"curies":[{"name":"wp","href":"https:\/\/api.w.org\/{rel}","templated":true}]}}