{"id":216997,"date":"2024-07-28T07:08:10","date_gmt":"2024-07-28T05:08:10","guid":{"rendered":"https:\/\/marktxxl.de\/markt\/produkt\/hansgrohe-myfox-duschthermostat-aufputz-duscharmatur-mit-sicherheitssperre-safetystop-bei-40-c-thermostat-fuer-die-dusche-mischbatterie-fuer-1-verbraucher-chrom\/"},"modified":"2024-07-28T07:08:10","modified_gmt":"2024-07-28T05:08:10","slug":"hansgrohe-myfox-duschthermostat-aufputz-duscharmatur-mit-sicherheitssperre-safetystop-bei-40-c-thermostat-fuer-die-dusche-mischbatterie-fuer-1-verbraucher-chrom","status":"publish","type":"product","link":"https:\/\/marktxxl.de\/markt\/produkt\/hansgrohe-myfox-duschthermostat-aufputz-duscharmatur-mit-sicherheitssperre-safetystop-bei-40-c-thermostat-fuer-die-dusche-mischbatterie-fuer-1-verbraucher-chrom\/","title":{"rendered":"hansgrohe MyFox &#8211; Duschthermostat Aufputz, Duscharmatur mit Sicherheitssperre (SafetyStop) bei 40\u00b0 C, Thermostat f\u00fcr die Dusche, Mischbatterie f\u00fcr 1 Verbraucher, Chrom"},"content":{"rendered":"<p>Mehr Komfort: das Thermostat h\u00e4lt die eingestellte Wunschtemperatur und sch\u00fctzt zuverl\u00e4ssig vor zu hei\u00dfem oder zu kaltem Wasser<br \/>\nMehr Sicherheit: ein Knopf am Griff gibt hei\u00dfes Wasser erst auf Wunsch frei und verhindert eine zu hohe Temperatur (SafetyStop)<br \/>\nWasser sparen: in der ersten Einstellung flie\u00dfen max. 10 l\/min; Auf Wunsch gibt eine Taste am Griff die volle Wassermenge frei (EcoStop)<br \/>\nDas gelungene Design unterstreicht die hohe Produktqualit\u00e4t und f\u00fcgt sich harmonisch in moderne Bad-Ambiente ein<br \/>\nGl\u00e4nzender Auftritt: Die brillante, leicht zu reinigende Chromoberfl\u00e4che \u00fcberzeugt mit dauerhaftem Glanz<br \/>\nEinfache Installation: passt an vorhandene Standard-S-Anschl\u00fcsse (Gr\u00f6\u00dfe G 1\/2. DN15); Stichma\u00df 150 mm (+\/-12)<br \/>\nFl\u00fcsterbetrieb: Eingebauter Schalld\u00e4mpfer reduziert das Str\u00f6mungsger\u00e4usch des Wassers \u2013 f\u00fcr extra leisen Betrieb<br \/>\n<div class=\"main-cross-sell\" data-asin=\"B07DLPZC29\">\n\n\t<div class=\"WooZone-cross-sell-loader\">\n\t\t<div>\n\t\t\t<div id=\"floatingBarsG\">\n\t\t\t\t<div class=\"blockG\" id=\"rotateG_01\"><\/div>\n\t\t\t\t<div class=\"blockG\" id=\"rotateG_02\"><\/div>\n\t\t\t\t<div class=\"blockG\" id=\"rotateG_03\"><\/div>\n\t\t\t\t<div class=\"blockG\" id=\"rotateG_04\"><\/div>\n\t\t\t\t<div class=\"blockG\" id=\"rotateG_05\"><\/div>\n\t\t\t\t<div class=\"blockG\" id=\"rotateG_06\"><\/div>\n\t\t\t\t<div class=\"blockG\" id=\"rotateG_07\"><\/div>\n\t\t\t\t<div class=\"blockG\" id=\"rotateG_08\"><\/div>\n\t\t\t<\/div>\n\t\t\t<div class=\"WooZone-cross-sell-loader-text\"><\/div>\n\t\t<\/div>\n\t<\/div>\n\n\t\t\n<\/div>\n<div style=\"clear:both;\"><\/div><\/p>\n","protected":false},"excerpt":{"rendered":"<p>Mehr Komfort: das Thermostat h\u00e4lt die eingestellte Wunschtemperatur und sch\u00fctzt zuverl\u00e4ssig vor zu hei\u00dfem oder zu kaltem Wasser<br \/>\nMehr Sicherheit: ein Knopf am Griff gibt hei\u00dfes Wasser erst auf Wunsch frei und verhindert eine zu hohe Temperatur (SafetyStop)<br \/>\nWasser sparen: in der ersten Einstellung flie\u00dfen max. 10 l\/min; Auf Wunsch gibt eine Taste am Griff die volle Wassermenge frei (EcoStop)<\/p>\n","protected":false},"featured_media":216998,"comment_status":"open","ping_status":"closed","template":"","meta":[],"product_brand":[],"product_cat":[1983,11101],"product_tag":[],"class_list":{"0":"post-216997","1":"product","2":"type-product","3":"status-publish","4":"has-post-thumbnail","6":"product_cat-baumarkt","7":"product_cat-kuechen-badinstallation","8":"pa_binding-werkzeug","9":"pa_brand-hansgrohe","10":"pa_color-verchromt","11":"pa_height-1-6535433054-zoll","12":"pa_length-11-6535432952-zoll","13":"pa_manufacturer-hansgrohe","14":"pa_model-54646","15":"pa_size-29-6-x-10-x-4-2-cm","16":"pa_weight-4-8391466509-pounds","17":"pa_width-3-93700787-zoll","19":"first","20":"instock","21":"sale","22":"shipping-taxable","23":"purchasable","24":"product-type-simple","25":"customify-col","26":"product-has-gallery"},"yoast_head":"<!-- This site is optimized with the Yoast SEO plugin v27.4 - https:\/\/yoast.com\/product\/yoast-seo-wordpress\/ -->\n<title>hansgrohe MyFox - Duschthermostat Aufputz, Duscharmatur mit Sicherheitssperre (SafetyStop) bei 40\u00b0 C, Thermostat f\u00fcr die Dusche, Mischbatterie f\u00fcr 1 Verbraucher, Chrom - Markt-XXL<\/title>\n<meta name=\"description\" content=\"Markt-XXL hansgrohe MyFox - Duschthermostat Aufputz, Duscharmatur mit Sicherheitssperre (SafetyStop) bei 40\u00b0 C, Thermostat f\u00fcr die Dusche, Mischbatterie f\u00fcr 1 Verbraucher, Chrom\" \/>\n<meta name=\"robots\" content=\"index, follow, max-snippet:-1, max-image-preview:large, max-video-preview:-1\" \/>\n<link rel=\"canonical\" href=\"https:\/\/marktxxl.de\/markt\/produkt\/hansgrohe-myfox-duschthermostat-aufputz-duscharmatur-mit-sicherheitssperre-safetystop-bei-40-c-thermostat-fuer-die-dusche-mischbatterie-fuer-1-verbraucher-chrom\/\" \/>\n<meta property=\"og:locale\" content=\"de_DE\" \/>\n<meta property=\"og:type\" content=\"article\" \/>\n<meta property=\"og:title\" content=\"hansgrohe MyFox - Duschthermostat Aufputz, Duscharmatur mit Sicherheitssperre (SafetyStop) bei 40\u00b0 C, Thermostat f\u00fcr die Dusche, Mischbatterie f\u00fcr 1 Verbraucher, Chrom - Markt-XXL\" \/>\n<meta property=\"og:description\" content=\"Markt-XXL hansgrohe MyFox - Duschthermostat Aufputz, Duscharmatur mit Sicherheitssperre (SafetyStop) bei 40\u00b0 C, Thermostat f\u00fcr die Dusche, Mischbatterie f\u00fcr 1 Verbraucher, Chrom\" \/>\n<meta property=\"og:url\" content=\"https:\/\/marktxxl.de\/markt\/produkt\/hansgrohe-myfox-duschthermostat-aufputz-duscharmatur-mit-sicherheitssperre-safetystop-bei-40-c-thermostat-fuer-die-dusche-mischbatterie-fuer-1-verbraucher-chrom\/\" \/>\n<meta property=\"og:site_name\" content=\"Markt-XXL\" \/>\n<meta name=\"twitter:card\" content=\"summary_large_image\" \/>\n<meta name=\"twitter:label1\" content=\"Gesch\u00e4tzte Lesezeit\" \/>\n\t<meta name=\"twitter:data1\" content=\"1\u00a0Minute\" \/>\n<script type=\"application\/ld+json\" class=\"yoast-schema-graph\">{\"@context\":\"https:\\\/\\\/schema.org\",\"@graph\":[{\"@type\":\"WebPage\",\"@id\":\"https:\\\/\\\/marktxxl.de\\\/markt\\\/produkt\\\/hansgrohe-myfox-duschthermostat-aufputz-duscharmatur-mit-sicherheitssperre-safetystop-bei-40-c-thermostat-fuer-die-dusche-mischbatterie-fuer-1-verbraucher-chrom\\\/\",\"url\":\"https:\\\/\\\/marktxxl.de\\\/markt\\\/produkt\\\/hansgrohe-myfox-duschthermostat-aufputz-duscharmatur-mit-sicherheitssperre-safetystop-bei-40-c-thermostat-fuer-die-dusche-mischbatterie-fuer-1-verbraucher-chrom\\\/\",\"name\":\"hansgrohe MyFox - Duschthermostat Aufputz, Duscharmatur mit Sicherheitssperre (SafetyStop) bei 40\u00b0 C, Thermostat f\u00fcr die Dusche, Mischbatterie f\u00fcr 1 Verbraucher, Chrom - Markt-XXL\",\"isPartOf\":{\"@id\":\"https:\\\/\\\/marktxxl.de\\\/markt\\\/#website\"},\"primaryImageOfPage\":{\"@id\":\"https:\\\/\\\/marktxxl.de\\\/markt\\\/produkt\\\/hansgrohe-myfox-duschthermostat-aufputz-duscharmatur-mit-sicherheitssperre-safetystop-bei-40-c-thermostat-fuer-die-dusche-mischbatterie-fuer-1-verbraucher-chrom\\\/#primaryimage\"},\"image\":{\"@id\":\"https:\\\/\\\/marktxxl.de\\\/markt\\\/produkt\\\/hansgrohe-myfox-duschthermostat-aufputz-duscharmatur-mit-sicherheitssperre-safetystop-bei-40-c-thermostat-fuer-die-dusche-mischbatterie-fuer-1-verbraucher-chrom\\\/#primaryimage\"},\"thumbnailUrl\":\"https:\\\/\\\/m.media-amazon.com\\\/images\\\/I\\\/31+Bfx22flL._SL500_.jpg\",\"datePublished\":\"2024-07-28T05:08:10+00:00\",\"description\":\"Markt-XXL hansgrohe MyFox - Duschthermostat Aufputz, Duscharmatur mit Sicherheitssperre (SafetyStop) bei 40\u00b0 C, Thermostat f\u00fcr die Dusche, Mischbatterie f\u00fcr 1 Verbraucher, Chrom\",\"breadcrumb\":{\"@id\":\"https:\\\/\\\/marktxxl.de\\\/markt\\\/produkt\\\/hansgrohe-myfox-duschthermostat-aufputz-duscharmatur-mit-sicherheitssperre-safetystop-bei-40-c-thermostat-fuer-die-dusche-mischbatterie-fuer-1-verbraucher-chrom\\\/#breadcrumb\"},\"inLanguage\":\"de\",\"potentialAction\":[{\"@type\":\"ReadAction\",\"target\":[\"https:\\\/\\\/marktxxl.de\\\/markt\\\/produkt\\\/hansgrohe-myfox-duschthermostat-aufputz-duscharmatur-mit-sicherheitssperre-safetystop-bei-40-c-thermostat-fuer-die-dusche-mischbatterie-fuer-1-verbraucher-chrom\\\/\"]}]},{\"@type\":\"ImageObject\",\"inLanguage\":\"de\",\"@id\":\"https:\\\/\\\/marktxxl.de\\\/markt\\\/produkt\\\/hansgrohe-myfox-duschthermostat-aufputz-duscharmatur-mit-sicherheitssperre-safetystop-bei-40-c-thermostat-fuer-die-dusche-mischbatterie-fuer-1-verbraucher-chrom\\\/#primaryimage\",\"url\":\"https:\\\/\\\/m.media-amazon.com\\\/images\\\/I\\\/31+Bfx22flL._SL500_.jpg\",\"contentUrl\":\"https:\\\/\\\/m.media-amazon.com\\\/images\\\/I\\\/31+Bfx22flL._SL500_.jpg\",\"width\":445,\"height\":500},{\"@type\":\"BreadcrumbList\",\"@id\":\"https:\\\/\\\/marktxxl.de\\\/markt\\\/produkt\\\/hansgrohe-myfox-duschthermostat-aufputz-duscharmatur-mit-sicherheitssperre-safetystop-bei-40-c-thermostat-fuer-die-dusche-mischbatterie-fuer-1-verbraucher-chrom\\\/#breadcrumb\",\"itemListElement\":[{\"@type\":\"ListItem\",\"position\":1,\"name\":\"Startseite\",\"item\":\"https:\\\/\\\/marktxxl.de\\\/markt\\\/\"},{\"@type\":\"ListItem\",\"position\":2,\"name\":\"Markt\",\"item\":\"https:\\\/\\\/marktxxl.de\\\/markt\\\/\"},{\"@type\":\"ListItem\",\"position\":3,\"name\":\"hansgrohe MyFox &#8211; Duschthermostat Aufputz, Duscharmatur mit Sicherheitssperre (SafetyStop) bei 40\u00b0 C, Thermostat f\u00fcr die Dusche, Mischbatterie f\u00fcr 1 Verbraucher, Chrom\"}]},{\"@type\":\"WebSite\",\"@id\":\"https:\\\/\\\/marktxxl.de\\\/markt\\\/#website\",\"url\":\"https:\\\/\\\/marktxxl.de\\\/markt\\\/\",\"name\":\"Markt-XXL\",\"description\":\"Ihr Markt Online\",\"publisher\":{\"@id\":\"https:\\\/\\\/marktxxl.de\\\/markt\\\/#organization\"},\"potentialAction\":[{\"@type\":\"SearchAction\",\"target\":{\"@type\":\"EntryPoint\",\"urlTemplate\":\"https:\\\/\\\/marktxxl.de\\\/markt\\\/?s={search_term_string}\"},\"query-input\":{\"@type\":\"PropertyValueSpecification\",\"valueRequired\":true,\"valueName\":\"search_term_string\"}}],\"inLanguage\":\"de\"},{\"@type\":\"Organization\",\"@id\":\"https:\\\/\\\/marktxxl.de\\\/markt\\\/#organization\",\"name\":\"Markt-XXL\",\"url\":\"https:\\\/\\\/marktxxl.de\\\/markt\\\/\",\"logo\":{\"@type\":\"ImageObject\",\"inLanguage\":\"de\",\"@id\":\"https:\\\/\\\/marktxxl.de\\\/markt\\\/#\\\/schema\\\/logo\\\/image\\\/\",\"url\":\"https:\\\/\\\/marktxxl.de\\\/markt\\\/wp-content\\\/uploads\\\/sites\\\/3\\\/2020\\\/12\\\/logo.png\",\"contentUrl\":\"https:\\\/\\\/marktxxl.de\\\/markt\\\/wp-content\\\/uploads\\\/sites\\\/3\\\/2020\\\/12\\\/logo.png\",\"width\":200,\"height\":70,\"caption\":\"Markt-XXL\"},\"image\":{\"@id\":\"https:\\\/\\\/marktxxl.de\\\/markt\\\/#\\\/schema\\\/logo\\\/image\\\/\"}}]}<\/script>\n<!-- \/ Yoast SEO plugin. -->","yoast_head_json":{"title":"hansgrohe MyFox - Duschthermostat Aufputz, Duscharmatur mit Sicherheitssperre (SafetyStop) bei 40\u00b0 C, Thermostat f\u00fcr die Dusche, Mischbatterie f\u00fcr 1 Verbraucher, Chrom - Markt-XXL","description":"Markt-XXL hansgrohe MyFox - Duschthermostat Aufputz, Duscharmatur mit Sicherheitssperre (SafetyStop) bei 40\u00b0 C, Thermostat f\u00fcr die Dusche, Mischbatterie f\u00fcr 1 Verbraucher, Chrom","robots":{"index":"index","follow":"follow","max-snippet":"max-snippet:-1","max-image-preview":"max-image-preview:large","max-video-preview":"max-video-preview:-1"},"canonical":"https:\/\/marktxxl.de\/markt\/produkt\/hansgrohe-myfox-duschthermostat-aufputz-duscharmatur-mit-sicherheitssperre-safetystop-bei-40-c-thermostat-fuer-die-dusche-mischbatterie-fuer-1-verbraucher-chrom\/","og_locale":"de_DE","og_type":"article","og_title":"hansgrohe MyFox - Duschthermostat Aufputz, Duscharmatur mit Sicherheitssperre (SafetyStop) bei 40\u00b0 C, Thermostat f\u00fcr die Dusche, Mischbatterie f\u00fcr 1 Verbraucher, Chrom - Markt-XXL","og_description":"Markt-XXL hansgrohe MyFox - Duschthermostat Aufputz, Duscharmatur mit Sicherheitssperre (SafetyStop) bei 40\u00b0 C, Thermostat f\u00fcr die Dusche, Mischbatterie f\u00fcr 1 Verbraucher, Chrom","og_url":"https:\/\/marktxxl.de\/markt\/produkt\/hansgrohe-myfox-duschthermostat-aufputz-duscharmatur-mit-sicherheitssperre-safetystop-bei-40-c-thermostat-fuer-die-dusche-mischbatterie-fuer-1-verbraucher-chrom\/","og_site_name":"Markt-XXL","twitter_card":"summary_large_image","twitter_misc":{"Gesch\u00e4tzte Lesezeit":"1\u00a0Minute"},"schema":{"@context":"https:\/\/schema.org","@graph":[{"@type":"WebPage","@id":"https:\/\/marktxxl.de\/markt\/produkt\/hansgrohe-myfox-duschthermostat-aufputz-duscharmatur-mit-sicherheitssperre-safetystop-bei-40-c-thermostat-fuer-die-dusche-mischbatterie-fuer-1-verbraucher-chrom\/","url":"https:\/\/marktxxl.de\/markt\/produkt\/hansgrohe-myfox-duschthermostat-aufputz-duscharmatur-mit-sicherheitssperre-safetystop-bei-40-c-thermostat-fuer-die-dusche-mischbatterie-fuer-1-verbraucher-chrom\/","name":"hansgrohe MyFox - Duschthermostat Aufputz, Duscharmatur mit Sicherheitssperre (SafetyStop) bei 40\u00b0 C, Thermostat f\u00fcr die Dusche, Mischbatterie f\u00fcr 1 Verbraucher, Chrom - Markt-XXL","isPartOf":{"@id":"https:\/\/marktxxl.de\/markt\/#website"},"primaryImageOfPage":{"@id":"https:\/\/marktxxl.de\/markt\/produkt\/hansgrohe-myfox-duschthermostat-aufputz-duscharmatur-mit-sicherheitssperre-safetystop-bei-40-c-thermostat-fuer-die-dusche-mischbatterie-fuer-1-verbraucher-chrom\/#primaryimage"},"image":{"@id":"https:\/\/marktxxl.de\/markt\/produkt\/hansgrohe-myfox-duschthermostat-aufputz-duscharmatur-mit-sicherheitssperre-safetystop-bei-40-c-thermostat-fuer-die-dusche-mischbatterie-fuer-1-verbraucher-chrom\/#primaryimage"},"thumbnailUrl":"https:\/\/m.media-amazon.com\/images\/I\/31+Bfx22flL._SL500_.jpg","datePublished":"2024-07-28T05:08:10+00:00","description":"Markt-XXL hansgrohe MyFox - Duschthermostat Aufputz, Duscharmatur mit Sicherheitssperre (SafetyStop) bei 40\u00b0 C, Thermostat f\u00fcr die Dusche, Mischbatterie f\u00fcr 1 Verbraucher, Chrom","breadcrumb":{"@id":"https:\/\/marktxxl.de\/markt\/produkt\/hansgrohe-myfox-duschthermostat-aufputz-duscharmatur-mit-sicherheitssperre-safetystop-bei-40-c-thermostat-fuer-die-dusche-mischbatterie-fuer-1-verbraucher-chrom\/#breadcrumb"},"inLanguage":"de","potentialAction":[{"@type":"ReadAction","target":["https:\/\/marktxxl.de\/markt\/produkt\/hansgrohe-myfox-duschthermostat-aufputz-duscharmatur-mit-sicherheitssperre-safetystop-bei-40-c-thermostat-fuer-die-dusche-mischbatterie-fuer-1-verbraucher-chrom\/"]}]},{"@type":"ImageObject","inLanguage":"de","@id":"https:\/\/marktxxl.de\/markt\/produkt\/hansgrohe-myfox-duschthermostat-aufputz-duscharmatur-mit-sicherheitssperre-safetystop-bei-40-c-thermostat-fuer-die-dusche-mischbatterie-fuer-1-verbraucher-chrom\/#primaryimage","url":"https:\/\/m.media-amazon.com\/images\/I\/31+Bfx22flL._SL500_.jpg","contentUrl":"https:\/\/m.media-amazon.com\/images\/I\/31+Bfx22flL._SL500_.jpg","width":445,"height":500},{"@type":"BreadcrumbList","@id":"https:\/\/marktxxl.de\/markt\/produkt\/hansgrohe-myfox-duschthermostat-aufputz-duscharmatur-mit-sicherheitssperre-safetystop-bei-40-c-thermostat-fuer-die-dusche-mischbatterie-fuer-1-verbraucher-chrom\/#breadcrumb","itemListElement":[{"@type":"ListItem","position":1,"name":"Startseite","item":"https:\/\/marktxxl.de\/markt\/"},{"@type":"ListItem","position":2,"name":"Markt","item":"https:\/\/marktxxl.de\/markt\/"},{"@type":"ListItem","position":3,"name":"hansgrohe MyFox &#8211; Duschthermostat Aufputz, Duscharmatur mit Sicherheitssperre (SafetyStop) bei 40\u00b0 C, Thermostat f\u00fcr die Dusche, Mischbatterie f\u00fcr 1 Verbraucher, Chrom"}]},{"@type":"WebSite","@id":"https:\/\/marktxxl.de\/markt\/#website","url":"https:\/\/marktxxl.de\/markt\/","name":"Markt-XXL","description":"Ihr Markt Online","publisher":{"@id":"https:\/\/marktxxl.de\/markt\/#organization"},"potentialAction":[{"@type":"SearchAction","target":{"@type":"EntryPoint","urlTemplate":"https:\/\/marktxxl.de\/markt\/?s={search_term_string}"},"query-input":{"@type":"PropertyValueSpecification","valueRequired":true,"valueName":"search_term_string"}}],"inLanguage":"de"},{"@type":"Organization","@id":"https:\/\/marktxxl.de\/markt\/#organization","name":"Markt-XXL","url":"https:\/\/marktxxl.de\/markt\/","logo":{"@type":"ImageObject","inLanguage":"de","@id":"https:\/\/marktxxl.de\/markt\/#\/schema\/logo\/image\/","url":"https:\/\/marktxxl.de\/markt\/wp-content\/uploads\/sites\/3\/2020\/12\/logo.png","contentUrl":"https:\/\/marktxxl.de\/markt\/wp-content\/uploads\/sites\/3\/2020\/12\/logo.png","width":200,"height":70,"caption":"Markt-XXL"},"image":{"@id":"https:\/\/marktxxl.de\/markt\/#\/schema\/logo\/image\/"}}]}},"_links":{"self":[{"href":"https:\/\/marktxxl.de\/markt\/wp-json\/wp\/v2\/product\/216997","targetHints":{"allow":["GET"]}}],"collection":[{"href":"https:\/\/marktxxl.de\/markt\/wp-json\/wp\/v2\/product"}],"about":[{"href":"https:\/\/marktxxl.de\/markt\/wp-json\/wp\/v2\/types\/product"}],"replies":[{"embeddable":true,"href":"https:\/\/marktxxl.de\/markt\/wp-json\/wp\/v2\/comments?post=216997"}],"wp:featuredmedia":[{"embeddable":true,"href":"https:\/\/marktxxl.de\/markt\/wp-json\/wp\/v2\/media\/216998"}],"wp:attachment":[{"href":"https:\/\/marktxxl.de\/markt\/wp-json\/wp\/v2\/media?parent=216997"}],"wp:term":[{"taxonomy":"product_brand","embeddable":true,"href":"https:\/\/marktxxl.de\/markt\/wp-json\/wp\/v2\/product_brand?post=216997"},{"taxonomy":"product_cat","embeddable":true,"href":"https:\/\/marktxxl.de\/markt\/wp-json\/wp\/v2\/product_cat?post=216997"},{"taxonomy":"product_tag","embeddable":true,"href":"https:\/\/marktxxl.de\/markt\/wp-json\/wp\/v2\/product_tag?post=216997"}],"curies":[{"name":"wp","href":"https:\/\/api.w.org\/{rel}","templated":true}]}}