{"id":216770,"date":"2024-07-28T06:36:03","date_gmt":"2024-07-28T04:36:03","guid":{"rendered":"https:\/\/marktxxl.de\/markt\/produkt\/kaminess-tischkamin-verstellbare-flamme-3h-brenndauer-tischfeuer-set-ethanol-kamin-indoor-outdoor-inkl-2x-natursteinen-500g-2-brennkammern-bioethanol-kamin-balkon\/"},"modified":"2024-07-28T06:36:03","modified_gmt":"2024-07-28T04:36:03","slug":"kaminess-tischkamin-verstellbare-flamme-3h-brenndauer-tischfeuer-set-ethanol-kamin-indoor-outdoor-inkl-2x-natursteinen-500g-2-brennkammern-bioethanol-kamin-balkon","status":"publish","type":"product","link":"https:\/\/marktxxl.de\/markt\/produkt\/kaminess-tischkamin-verstellbare-flamme-3h-brenndauer-tischfeuer-set-ethanol-kamin-indoor-outdoor-inkl-2x-natursteinen-500g-2-brennkammern-bioethanol-kamin-balkon\/","title":{"rendered":"KAMINESS\u00ae Tischkamin | Verstellbare Flamme &amp; 3h Brenndauer | Tischfeuer Set | Ethanol Kamin Indoor &amp; Outdoor inkl. 2X Natursteinen (500g) &amp; 2 Brennkammern | Bioethanol Kamin | Balkon Deko Terrasse"},"content":{"rendered":"<p>\ud83d\udd25VERSTELLBARE FLAMME: Durch den Ring kann unser Bio Ethanol Kamin auf die gew\u00fcnschte Brenndauer und Flammengr\u00f6\u00dfe eingestellt werden. Bis zu 3 Stunden Brenndauer!<br \/>\n\ud83d\udd25 L\u00c4NGERE BRENNDAUER: Der vergr\u00f6\u00dferte Tank erh\u00f6ht die Brenndauer gegen\u00fcber herk\u00f6mmlichen Marken. So kannst du das spannende Lodern von unserem Tischkamin Indoor &amp; Outdoor l\u00e4nger ungest\u00f6rt genie\u00dfen<br \/>\n\ud83d\udd25 2x NATURSTEINE: Wir verwenden ausschlie\u00dflich erstklassige Materialien! Hizukommen zwei hochwertige Natursteinsorten. Diese Wertigkeit in Kombination mit dem zeitlosen Design bringt in jedes Wohnzimmer eine Lagerfeuer-Atmosph\u00e4re<br \/>\n\ud83d\udd25 SCH\u00d6NE MOMENTE: Perfekt f\u00fcr ein romantisches Outdoor-Dinner an einem lauen Abend im Sommer auf der Terrasse, Balkon oder im Garten. Im Herbst oder Winter ideal f\u00fcr einen gem\u00fctlichen Abend auf dem Sofa im Wohnzimmer, Esszimmer oder K\u00fcche sowie als Deko<br \/>\n\ud83d\udd25 DIE PERFEKTE GESCHENKBOX: Unsere hochwertiger Tischkamin und die edle Verpackung sind die perfekte \u00dcberraschung als Geschenk zum Geburtstag oder an Weihnachten!<br \/>\n<div class=\"main-cross-sell\" data-asin=\"B0CRJ1BJLZ\">\n\n\t<div class=\"WooZone-cross-sell-loader\">\n\t\t<div>\n\t\t\t<div id=\"floatingBarsG\">\n\t\t\t\t<div class=\"blockG\" id=\"rotateG_01\"><\/div>\n\t\t\t\t<div class=\"blockG\" id=\"rotateG_02\"><\/div>\n\t\t\t\t<div class=\"blockG\" id=\"rotateG_03\"><\/div>\n\t\t\t\t<div class=\"blockG\" id=\"rotateG_04\"><\/div>\n\t\t\t\t<div class=\"blockG\" id=\"rotateG_05\"><\/div>\n\t\t\t\t<div class=\"blockG\" id=\"rotateG_06\"><\/div>\n\t\t\t\t<div class=\"blockG\" id=\"rotateG_07\"><\/div>\n\t\t\t\t<div class=\"blockG\" id=\"rotateG_08\"><\/div>\n\t\t\t<\/div>\n\t\t\t<div class=\"WooZone-cross-sell-loader-text\"><\/div>\n\t\t<\/div>\n\t<\/div>\n\n\t\t\n<\/div>\n<div style=\"clear:both;\"><\/div><\/p>\n","protected":false},"excerpt":{"rendered":"<p>\ud83d\udd25VERSTELLBARE FLAMME: Durch den Ring kann unser Bio Ethanol Kamin auf die gew\u00fcnschte Brenndauer und Flammengr\u00f6\u00dfe eingestellt werden. Bis zu 3 Stunden Brenndauer!<br \/>\n\ud83d\udd25 L\u00c4NGERE BRENNDAUER: Der vergr\u00f6\u00dferte Tank erh\u00f6ht die Brenndauer gegen\u00fcber herk\u00f6mmlichen Marken. So kannst du das spannende Lodern von unserem Tischkamin Indoor &amp; Outdoor l\u00e4nger ungest\u00f6rt genie\u00dfen<br \/>\n\ud83d\udd25 2x NATURSTEINE: Wir verwenden ausschlie\u00dflich erstklassige Materialien! Hizukommen zwei hochwertige Natursteinsorten. Diese Wertigkeit in Kombination mit dem zeitlosen Design bringt in jedes Wohnzimmer eine Lagerfeuer-Atmosph\u00e4re<\/p>\n","protected":false},"featured_media":216771,"comment_status":"open","ping_status":"closed","template":"","meta":[],"product_brand":[],"product_cat":[1983,11036],"product_tag":[],"class_list":{"0":"post-216770","1":"product","2":"type-product","3":"status-publish","4":"has-post-thumbnail","6":"product_cat-baumarkt","7":"product_cat-kamine","8":"pa_brand-kaminess","9":"pa_color-anthrazit","10":"pa_manufacturer-kaminess","11":"pa_model-setf05","13":"first","14":"instock","15":"sale","16":"shipping-taxable","17":"purchasable","18":"product-type-simple","19":"customify-col","20":"product-has-gallery"},"yoast_head":"<!-- This site is optimized with the Yoast SEO plugin v27.4 - https:\/\/yoast.com\/product\/yoast-seo-wordpress\/ -->\n<title>KAMINESS\u00ae Tischkamin | Verstellbare Flamme &amp; 3h Brenndauer | Tischfeuer Set | Ethanol Kamin Indoor &amp; Outdoor inkl. 2X Natursteinen (500g) &amp; 2 Brennkammern | Bioethanol Kamin | Balkon Deko Terrasse - Markt-XXL<\/title>\n<meta name=\"description\" content=\"Markt-XXL KAMINESS\u00ae Tischkamin | Verstellbare Flamme &amp; 3h Brenndauer | Tischfeuer Set | Ethanol Kamin Indoor &amp; Outdoor inkl. 2X Natursteinen (500g) &amp; 2 Brennkammern | Bioethanol Kamin | Balkon Deko Terrasse\" \/>\n<meta name=\"robots\" content=\"index, follow, max-snippet:-1, max-image-preview:large, max-video-preview:-1\" \/>\n<link rel=\"canonical\" href=\"https:\/\/marktxxl.de\/markt\/produkt\/kaminess-tischkamin-verstellbare-flamme-3h-brenndauer-tischfeuer-set-ethanol-kamin-indoor-outdoor-inkl-2x-natursteinen-500g-2-brennkammern-bioethanol-kamin-balkon\/\" \/>\n<meta property=\"og:locale\" content=\"de_DE\" \/>\n<meta property=\"og:type\" content=\"article\" \/>\n<meta property=\"og:title\" content=\"KAMINESS\u00ae Tischkamin | Verstellbare Flamme &amp; 3h Brenndauer | Tischfeuer Set | Ethanol Kamin Indoor &amp; Outdoor inkl. 2X Natursteinen (500g) &amp; 2 Brennkammern | Bioethanol Kamin | Balkon Deko Terrasse - Markt-XXL\" \/>\n<meta property=\"og:description\" content=\"Markt-XXL KAMINESS\u00ae Tischkamin | Verstellbare Flamme &amp; 3h Brenndauer | Tischfeuer Set | Ethanol Kamin Indoor &amp; Outdoor inkl. 2X Natursteinen (500g) &amp; 2 Brennkammern | Bioethanol Kamin | Balkon Deko Terrasse\" \/>\n<meta property=\"og:url\" content=\"https:\/\/marktxxl.de\/markt\/produkt\/kaminess-tischkamin-verstellbare-flamme-3h-brenndauer-tischfeuer-set-ethanol-kamin-indoor-outdoor-inkl-2x-natursteinen-500g-2-brennkammern-bioethanol-kamin-balkon\/\" \/>\n<meta property=\"og:site_name\" content=\"Markt-XXL\" \/>\n<meta name=\"twitter:card\" content=\"summary_large_image\" \/>\n<meta name=\"twitter:label1\" content=\"Gesch\u00e4tzte Lesezeit\" \/>\n\t<meta name=\"twitter:data1\" content=\"1\u00a0Minute\" \/>\n<script type=\"application\/ld+json\" class=\"yoast-schema-graph\">{\"@context\":\"https:\\\/\\\/schema.org\",\"@graph\":[{\"@type\":\"WebPage\",\"@id\":\"https:\\\/\\\/marktxxl.de\\\/markt\\\/produkt\\\/kaminess-tischkamin-verstellbare-flamme-3h-brenndauer-tischfeuer-set-ethanol-kamin-indoor-outdoor-inkl-2x-natursteinen-500g-2-brennkammern-bioethanol-kamin-balkon\\\/\",\"url\":\"https:\\\/\\\/marktxxl.de\\\/markt\\\/produkt\\\/kaminess-tischkamin-verstellbare-flamme-3h-brenndauer-tischfeuer-set-ethanol-kamin-indoor-outdoor-inkl-2x-natursteinen-500g-2-brennkammern-bioethanol-kamin-balkon\\\/\",\"name\":\"KAMINESS\u00ae Tischkamin | Verstellbare Flamme &amp; 3h Brenndauer | Tischfeuer Set | Ethanol Kamin Indoor &amp; Outdoor inkl. 2X Natursteinen (500g) &amp; 2 Brennkammern | Bioethanol Kamin | Balkon Deko Terrasse - Markt-XXL\",\"isPartOf\":{\"@id\":\"https:\\\/\\\/marktxxl.de\\\/markt\\\/#website\"},\"primaryImageOfPage\":{\"@id\":\"https:\\\/\\\/marktxxl.de\\\/markt\\\/produkt\\\/kaminess-tischkamin-verstellbare-flamme-3h-brenndauer-tischfeuer-set-ethanol-kamin-indoor-outdoor-inkl-2x-natursteinen-500g-2-brennkammern-bioethanol-kamin-balkon\\\/#primaryimage\"},\"image\":{\"@id\":\"https:\\\/\\\/marktxxl.de\\\/markt\\\/produkt\\\/kaminess-tischkamin-verstellbare-flamme-3h-brenndauer-tischfeuer-set-ethanol-kamin-indoor-outdoor-inkl-2x-natursteinen-500g-2-brennkammern-bioethanol-kamin-balkon\\\/#primaryimage\"},\"thumbnailUrl\":\"https:\\\/\\\/m.media-amazon.com\\\/images\\\/I\\\/51zh0Sr4TPL._SL500_.jpg\",\"datePublished\":\"2024-07-28T04:36:03+00:00\",\"description\":\"Markt-XXL KAMINESS\u00ae Tischkamin | Verstellbare Flamme &amp; 3h Brenndauer | Tischfeuer Set | Ethanol Kamin Indoor &amp; Outdoor inkl. 2X Natursteinen (500g) &amp; 2 Brennkammern | Bioethanol Kamin | Balkon Deko Terrasse\",\"breadcrumb\":{\"@id\":\"https:\\\/\\\/marktxxl.de\\\/markt\\\/produkt\\\/kaminess-tischkamin-verstellbare-flamme-3h-brenndauer-tischfeuer-set-ethanol-kamin-indoor-outdoor-inkl-2x-natursteinen-500g-2-brennkammern-bioethanol-kamin-balkon\\\/#breadcrumb\"},\"inLanguage\":\"de\",\"potentialAction\":[{\"@type\":\"ReadAction\",\"target\":[\"https:\\\/\\\/marktxxl.de\\\/markt\\\/produkt\\\/kaminess-tischkamin-verstellbare-flamme-3h-brenndauer-tischfeuer-set-ethanol-kamin-indoor-outdoor-inkl-2x-natursteinen-500g-2-brennkammern-bioethanol-kamin-balkon\\\/\"]}]},{\"@type\":\"ImageObject\",\"inLanguage\":\"de\",\"@id\":\"https:\\\/\\\/marktxxl.de\\\/markt\\\/produkt\\\/kaminess-tischkamin-verstellbare-flamme-3h-brenndauer-tischfeuer-set-ethanol-kamin-indoor-outdoor-inkl-2x-natursteinen-500g-2-brennkammern-bioethanol-kamin-balkon\\\/#primaryimage\",\"url\":\"https:\\\/\\\/m.media-amazon.com\\\/images\\\/I\\\/51zh0Sr4TPL._SL500_.jpg\",\"contentUrl\":\"https:\\\/\\\/m.media-amazon.com\\\/images\\\/I\\\/51zh0Sr4TPL._SL500_.jpg\",\"width\":500,\"height\":500},{\"@type\":\"BreadcrumbList\",\"@id\":\"https:\\\/\\\/marktxxl.de\\\/markt\\\/produkt\\\/kaminess-tischkamin-verstellbare-flamme-3h-brenndauer-tischfeuer-set-ethanol-kamin-indoor-outdoor-inkl-2x-natursteinen-500g-2-brennkammern-bioethanol-kamin-balkon\\\/#breadcrumb\",\"itemListElement\":[{\"@type\":\"ListItem\",\"position\":1,\"name\":\"Startseite\",\"item\":\"https:\\\/\\\/marktxxl.de\\\/markt\\\/\"},{\"@type\":\"ListItem\",\"position\":2,\"name\":\"Markt\",\"item\":\"https:\\\/\\\/marktxxl.de\\\/markt\\\/\"},{\"@type\":\"ListItem\",\"position\":3,\"name\":\"KAMINESS\u00ae Tischkamin | Verstellbare Flamme &amp; 3h Brenndauer | Tischfeuer Set | Ethanol Kamin Indoor &amp; Outdoor inkl. 2X Natursteinen (500g) &amp; 2 Brennkammern | Bioethanol Kamin | Balkon Deko Terrasse\"}]},{\"@type\":\"WebSite\",\"@id\":\"https:\\\/\\\/marktxxl.de\\\/markt\\\/#website\",\"url\":\"https:\\\/\\\/marktxxl.de\\\/markt\\\/\",\"name\":\"Markt-XXL\",\"description\":\"Ihr Markt Online\",\"publisher\":{\"@id\":\"https:\\\/\\\/marktxxl.de\\\/markt\\\/#organization\"},\"potentialAction\":[{\"@type\":\"SearchAction\",\"target\":{\"@type\":\"EntryPoint\",\"urlTemplate\":\"https:\\\/\\\/marktxxl.de\\\/markt\\\/?s={search_term_string}\"},\"query-input\":{\"@type\":\"PropertyValueSpecification\",\"valueRequired\":true,\"valueName\":\"search_term_string\"}}],\"inLanguage\":\"de\"},{\"@type\":\"Organization\",\"@id\":\"https:\\\/\\\/marktxxl.de\\\/markt\\\/#organization\",\"name\":\"Markt-XXL\",\"url\":\"https:\\\/\\\/marktxxl.de\\\/markt\\\/\",\"logo\":{\"@type\":\"ImageObject\",\"inLanguage\":\"de\",\"@id\":\"https:\\\/\\\/marktxxl.de\\\/markt\\\/#\\\/schema\\\/logo\\\/image\\\/\",\"url\":\"https:\\\/\\\/marktxxl.de\\\/markt\\\/wp-content\\\/uploads\\\/sites\\\/3\\\/2020\\\/12\\\/logo.png\",\"contentUrl\":\"https:\\\/\\\/marktxxl.de\\\/markt\\\/wp-content\\\/uploads\\\/sites\\\/3\\\/2020\\\/12\\\/logo.png\",\"width\":200,\"height\":70,\"caption\":\"Markt-XXL\"},\"image\":{\"@id\":\"https:\\\/\\\/marktxxl.de\\\/markt\\\/#\\\/schema\\\/logo\\\/image\\\/\"}}]}<\/script>\n<!-- \/ Yoast SEO plugin. -->","yoast_head_json":{"title":"KAMINESS\u00ae Tischkamin | Verstellbare Flamme &amp; 3h Brenndauer | Tischfeuer Set | Ethanol Kamin Indoor &amp; Outdoor inkl. 2X Natursteinen (500g) &amp; 2 Brennkammern | Bioethanol Kamin | Balkon Deko Terrasse - Markt-XXL","description":"Markt-XXL KAMINESS\u00ae Tischkamin | Verstellbare Flamme &amp; 3h Brenndauer | Tischfeuer Set | Ethanol Kamin Indoor &amp; Outdoor inkl. 2X Natursteinen (500g) &amp; 2 Brennkammern | Bioethanol Kamin | Balkon Deko Terrasse","robots":{"index":"index","follow":"follow","max-snippet":"max-snippet:-1","max-image-preview":"max-image-preview:large","max-video-preview":"max-video-preview:-1"},"canonical":"https:\/\/marktxxl.de\/markt\/produkt\/kaminess-tischkamin-verstellbare-flamme-3h-brenndauer-tischfeuer-set-ethanol-kamin-indoor-outdoor-inkl-2x-natursteinen-500g-2-brennkammern-bioethanol-kamin-balkon\/","og_locale":"de_DE","og_type":"article","og_title":"KAMINESS\u00ae Tischkamin | Verstellbare Flamme &amp; 3h Brenndauer | Tischfeuer Set | Ethanol Kamin Indoor &amp; Outdoor inkl. 2X Natursteinen (500g) &amp; 2 Brennkammern | Bioethanol Kamin | Balkon Deko Terrasse - Markt-XXL","og_description":"Markt-XXL KAMINESS\u00ae Tischkamin | Verstellbare Flamme &amp; 3h Brenndauer | Tischfeuer Set | Ethanol Kamin Indoor &amp; Outdoor inkl. 2X Natursteinen (500g) &amp; 2 Brennkammern | Bioethanol Kamin | Balkon Deko Terrasse","og_url":"https:\/\/marktxxl.de\/markt\/produkt\/kaminess-tischkamin-verstellbare-flamme-3h-brenndauer-tischfeuer-set-ethanol-kamin-indoor-outdoor-inkl-2x-natursteinen-500g-2-brennkammern-bioethanol-kamin-balkon\/","og_site_name":"Markt-XXL","twitter_card":"summary_large_image","twitter_misc":{"Gesch\u00e4tzte Lesezeit":"1\u00a0Minute"},"schema":{"@context":"https:\/\/schema.org","@graph":[{"@type":"WebPage","@id":"https:\/\/marktxxl.de\/markt\/produkt\/kaminess-tischkamin-verstellbare-flamme-3h-brenndauer-tischfeuer-set-ethanol-kamin-indoor-outdoor-inkl-2x-natursteinen-500g-2-brennkammern-bioethanol-kamin-balkon\/","url":"https:\/\/marktxxl.de\/markt\/produkt\/kaminess-tischkamin-verstellbare-flamme-3h-brenndauer-tischfeuer-set-ethanol-kamin-indoor-outdoor-inkl-2x-natursteinen-500g-2-brennkammern-bioethanol-kamin-balkon\/","name":"KAMINESS\u00ae Tischkamin | Verstellbare Flamme &amp; 3h Brenndauer | Tischfeuer Set | Ethanol Kamin Indoor &amp; Outdoor inkl. 2X Natursteinen (500g) &amp; 2 Brennkammern | Bioethanol Kamin | Balkon Deko Terrasse - Markt-XXL","isPartOf":{"@id":"https:\/\/marktxxl.de\/markt\/#website"},"primaryImageOfPage":{"@id":"https:\/\/marktxxl.de\/markt\/produkt\/kaminess-tischkamin-verstellbare-flamme-3h-brenndauer-tischfeuer-set-ethanol-kamin-indoor-outdoor-inkl-2x-natursteinen-500g-2-brennkammern-bioethanol-kamin-balkon\/#primaryimage"},"image":{"@id":"https:\/\/marktxxl.de\/markt\/produkt\/kaminess-tischkamin-verstellbare-flamme-3h-brenndauer-tischfeuer-set-ethanol-kamin-indoor-outdoor-inkl-2x-natursteinen-500g-2-brennkammern-bioethanol-kamin-balkon\/#primaryimage"},"thumbnailUrl":"https:\/\/m.media-amazon.com\/images\/I\/51zh0Sr4TPL._SL500_.jpg","datePublished":"2024-07-28T04:36:03+00:00","description":"Markt-XXL KAMINESS\u00ae Tischkamin | Verstellbare Flamme &amp; 3h Brenndauer | Tischfeuer Set | Ethanol Kamin Indoor &amp; Outdoor inkl. 2X Natursteinen (500g) &amp; 2 Brennkammern | Bioethanol Kamin | Balkon Deko Terrasse","breadcrumb":{"@id":"https:\/\/marktxxl.de\/markt\/produkt\/kaminess-tischkamin-verstellbare-flamme-3h-brenndauer-tischfeuer-set-ethanol-kamin-indoor-outdoor-inkl-2x-natursteinen-500g-2-brennkammern-bioethanol-kamin-balkon\/#breadcrumb"},"inLanguage":"de","potentialAction":[{"@type":"ReadAction","target":["https:\/\/marktxxl.de\/markt\/produkt\/kaminess-tischkamin-verstellbare-flamme-3h-brenndauer-tischfeuer-set-ethanol-kamin-indoor-outdoor-inkl-2x-natursteinen-500g-2-brennkammern-bioethanol-kamin-balkon\/"]}]},{"@type":"ImageObject","inLanguage":"de","@id":"https:\/\/marktxxl.de\/markt\/produkt\/kaminess-tischkamin-verstellbare-flamme-3h-brenndauer-tischfeuer-set-ethanol-kamin-indoor-outdoor-inkl-2x-natursteinen-500g-2-brennkammern-bioethanol-kamin-balkon\/#primaryimage","url":"https:\/\/m.media-amazon.com\/images\/I\/51zh0Sr4TPL._SL500_.jpg","contentUrl":"https:\/\/m.media-amazon.com\/images\/I\/51zh0Sr4TPL._SL500_.jpg","width":500,"height":500},{"@type":"BreadcrumbList","@id":"https:\/\/marktxxl.de\/markt\/produkt\/kaminess-tischkamin-verstellbare-flamme-3h-brenndauer-tischfeuer-set-ethanol-kamin-indoor-outdoor-inkl-2x-natursteinen-500g-2-brennkammern-bioethanol-kamin-balkon\/#breadcrumb","itemListElement":[{"@type":"ListItem","position":1,"name":"Startseite","item":"https:\/\/marktxxl.de\/markt\/"},{"@type":"ListItem","position":2,"name":"Markt","item":"https:\/\/marktxxl.de\/markt\/"},{"@type":"ListItem","position":3,"name":"KAMINESS\u00ae Tischkamin | Verstellbare Flamme &amp; 3h Brenndauer | Tischfeuer Set | Ethanol Kamin Indoor &amp; Outdoor inkl. 2X Natursteinen (500g) &amp; 2 Brennkammern | Bioethanol Kamin | Balkon Deko Terrasse"}]},{"@type":"WebSite","@id":"https:\/\/marktxxl.de\/markt\/#website","url":"https:\/\/marktxxl.de\/markt\/","name":"Markt-XXL","description":"Ihr Markt Online","publisher":{"@id":"https:\/\/marktxxl.de\/markt\/#organization"},"potentialAction":[{"@type":"SearchAction","target":{"@type":"EntryPoint","urlTemplate":"https:\/\/marktxxl.de\/markt\/?s={search_term_string}"},"query-input":{"@type":"PropertyValueSpecification","valueRequired":true,"valueName":"search_term_string"}}],"inLanguage":"de"},{"@type":"Organization","@id":"https:\/\/marktxxl.de\/markt\/#organization","name":"Markt-XXL","url":"https:\/\/marktxxl.de\/markt\/","logo":{"@type":"ImageObject","inLanguage":"de","@id":"https:\/\/marktxxl.de\/markt\/#\/schema\/logo\/image\/","url":"https:\/\/marktxxl.de\/markt\/wp-content\/uploads\/sites\/3\/2020\/12\/logo.png","contentUrl":"https:\/\/marktxxl.de\/markt\/wp-content\/uploads\/sites\/3\/2020\/12\/logo.png","width":200,"height":70,"caption":"Markt-XXL"},"image":{"@id":"https:\/\/marktxxl.de\/markt\/#\/schema\/logo\/image\/"}}]}},"_links":{"self":[{"href":"https:\/\/marktxxl.de\/markt\/wp-json\/wp\/v2\/product\/216770","targetHints":{"allow":["GET"]}}],"collection":[{"href":"https:\/\/marktxxl.de\/markt\/wp-json\/wp\/v2\/product"}],"about":[{"href":"https:\/\/marktxxl.de\/markt\/wp-json\/wp\/v2\/types\/product"}],"replies":[{"embeddable":true,"href":"https:\/\/marktxxl.de\/markt\/wp-json\/wp\/v2\/comments?post=216770"}],"wp:featuredmedia":[{"embeddable":true,"href":"https:\/\/marktxxl.de\/markt\/wp-json\/wp\/v2\/media\/216771"}],"wp:attachment":[{"href":"https:\/\/marktxxl.de\/markt\/wp-json\/wp\/v2\/media?parent=216770"}],"wp:term":[{"taxonomy":"product_brand","embeddable":true,"href":"https:\/\/marktxxl.de\/markt\/wp-json\/wp\/v2\/product_brand?post=216770"},{"taxonomy":"product_cat","embeddable":true,"href":"https:\/\/marktxxl.de\/markt\/wp-json\/wp\/v2\/product_cat?post=216770"},{"taxonomy":"product_tag","embeddable":true,"href":"https:\/\/marktxxl.de\/markt\/wp-json\/wp\/v2\/product_tag?post=216770"}],"curies":[{"name":"wp","href":"https:\/\/api.w.org\/{rel}","templated":true}]}}