{"id":216618,"date":"2024-07-28T05:36:52","date_gmt":"2024-07-28T03:36:52","guid":{"rendered":"https:\/\/marktxxl.de\/markt\/produkt\/seeway-baby-windel-creme-spatel-3-pack-baby-windel-creme-spatel-applikator-silikon-baby-butt-paste-spatel-fuer-neugeborene-babys-rosa-blau-braun\/"},"modified":"2024-07-28T05:36:52","modified_gmt":"2024-07-28T03:36:52","slug":"seeway-baby-windel-creme-spatel-3-pack-baby-windel-creme-spatel-applikator-silikon-baby-butt-paste-spatel-fuer-neugeborene-babys-rosa-blau-braun","status":"publish","type":"product","link":"https:\/\/marktxxl.de\/markt\/produkt\/seeway-baby-windel-creme-spatel-3-pack-baby-windel-creme-spatel-applikator-silikon-baby-butt-paste-spatel-fuer-neugeborene-babys-rosa-blau-braun\/","title":{"rendered":"Seeway Baby Windel Creme Spatel, 3 Pack Baby Windel Creme Spatel Applikator, Silikon Baby Butt Paste Spatel f\u00fcr Neugeborene Babys (rosa, blau, braun)"},"content":{"rendered":"<p>\u3010Weiches Silikon\u3011 Seeway Windelcremespachtel ist aus weichem, flexiblem BPA-freiem Silikon. Verwenden Sie die reine Silikon-B\u00fcrste, tragen Sie sanft Salbe auf die empfindliche Haut Ihres Babys auf. Machen Sie sich keine Sorgen \u00fcber Kratzer auf der Haut und halten Sie Ihre Finger sauber. Es wird ein n\u00fctzlicher Spachtel f\u00fcr Babys auf Reisen sein.<br \/>\n\u3010Einfach zu reinigen\u3011: Windelcreme wird glatter, dicker und schneller mit unserer Windelcremeb\u00fcrste in Reisegr\u00f6\u00dfe. Sch\u00f6pfen Sie einfach eine gro\u00dfz\u00fcgige Menge Creme auf den Windelspatel, reiben Sie ihn auf den Hintern Ihres Babys und wischen Sie die B\u00fcrste ab oder reinigen Sie sie mit Wasser<br \/>\nSaugnapf-Basis: Wenn das Baby seine Windeln wechselt und sich st\u00e4ndig verdreht, k\u00f6nnen Sie den Windelausschlag-Creme-Applikator einfach ablegen, um das Baby zu tr\u00f6sten. Die Unterseite ist mit einem Saugnapf ausgestattet, der bei Gebrauch leicht aufrecht auf jeder Wohnung stehen kann, w\u00e4hrend sichergestellt wird, dass der Wickeltisch nicht mit der Hautausschlagcreme verschmutzt wird.<br \/>\nAnwendung: Vor dem ersten Gebrauch waschen Sie die Windelcremeb\u00fcrste mit hei\u00dfem Seifenwasser. Stellen Sie immer sicher, dass der Po des Babys gr\u00fcndlich gereinigt und trocken getupft wird, bevor Sie Windelcreme auftragen.<br \/>\nGute Geschenkidee: Tragen Sie die Windelcreme gleichm\u00e4\u00dfig auf den Babyhintern auf, was schneller ist und keine schmutzigen H\u00e4nde verursacht, einfacher zu reinigen. Diese Baby-Po Spatel sind auch ein betr\u00e4chtliches Geschenk f\u00fcr neue Eltern f\u00fcr eine Babyparty. Lieferumfang: 3 Sets Po-Creme-Spatel.<br \/>\n<div class=\"main-cross-sell\" data-asin=\"B0C9JK52MP\">\n\n\t<div class=\"WooZone-cross-sell-loader\">\n\t\t<div>\n\t\t\t<div id=\"floatingBarsG\">\n\t\t\t\t<div class=\"blockG\" id=\"rotateG_01\"><\/div>\n\t\t\t\t<div class=\"blockG\" id=\"rotateG_02\"><\/div>\n\t\t\t\t<div class=\"blockG\" id=\"rotateG_03\"><\/div>\n\t\t\t\t<div class=\"blockG\" id=\"rotateG_04\"><\/div>\n\t\t\t\t<div class=\"blockG\" id=\"rotateG_05\"><\/div>\n\t\t\t\t<div class=\"blockG\" id=\"rotateG_06\"><\/div>\n\t\t\t\t<div class=\"blockG\" id=\"rotateG_07\"><\/div>\n\t\t\t\t<div class=\"blockG\" id=\"rotateG_08\"><\/div>\n\t\t\t<\/div>\n\t\t\t<div class=\"WooZone-cross-sell-loader-text\"><\/div>\n\t\t<\/div>\n\t<\/div>\n\n\t\t\n<\/div>\n<div style=\"clear:both;\"><\/div><\/p>\n","protected":false},"excerpt":{"rendered":"<p>\u3010Weiches Silikon\u3011 Seeway Windelcremespachtel ist aus weichem, flexiblem BPA-freiem Silikon. Verwenden Sie die reine Silikon-B\u00fcrste, tragen Sie sanft Salbe auf die empfindliche Haut Ihres Babys auf. Machen Sie sich keine Sorgen \u00fcber Kratzer auf der Haut und halten Sie Ihre Finger sauber. Es wird ein n\u00fctzlicher Spachtel f\u00fcr Babys auf Reisen sein.<br \/>\n\u3010Einfach zu reinigen\u3011: Windelcreme wird glatter, dicker und schneller mit unserer Windelcremeb\u00fcrste in Reisegr\u00f6\u00dfe. Sch\u00f6pfen Sie einfach eine gro\u00dfz\u00fcgige Menge Creme auf den Windelspatel, reiben Sie ihn auf den Hintern Ihres Babys und wischen Sie die B\u00fcrste ab oder reinigen Sie sie mit Wasser<br \/>\nSaugnapf-Basis: Wenn das Baby seine Windeln wechselt und sich st\u00e4ndig verdreht, k\u00f6nnen Sie den Windelausschlag-Creme-Applikator einfach ablegen, um das Baby zu tr\u00f6sten. Die Unterseite ist mit einem Saugnapf ausgestattet, der bei Gebrauch leicht aufrecht auf jeder Wohnung stehen kann, w\u00e4hrend sichergestellt wird, dass der Wickeltisch nicht mit der Hautausschlagcreme verschmutzt wird.<\/p>\n","protected":false},"featured_media":216619,"comment_status":"open","ping_status":"closed","template":"","meta":[],"product_brand":[],"product_cat":[21,9520],"product_tag":[],"class_list":{"0":"post-216618","1":"product","2":"type-product","3":"status-publish","4":"has-post-thumbnail","6":"product_cat-baby","7":"product_cat-wickeln-baby","8":"pa_brand-seeway","9":"pa_color-blau-braun-rosa","10":"pa_manufacturer-seeway","12":"first","13":"instock","14":"shipping-taxable","15":"purchasable","16":"product-type-simple","17":"customify-col","18":"product-has-gallery"},"yoast_head":"<!-- This site is optimized with the Yoast SEO plugin v27.4 - https:\/\/yoast.com\/product\/yoast-seo-wordpress\/ -->\n<title>Seeway Baby Windel Creme Spatel, 3 Pack Baby Windel Creme Spatel Applikator, Silikon Baby Butt Paste Spatel f\u00fcr Neugeborene Babys (rosa, blau, braun) - Markt-XXL<\/title>\n<meta name=\"description\" content=\"Markt-XXL Seeway Baby Windel Creme Spatel, 3 Pack Baby Windel Creme Spatel Applikator, Silikon Baby Butt Paste Spatel f\u00fcr Neugeborene Babys (rosa, blau, braun)\" \/>\n<meta name=\"robots\" content=\"index, follow, max-snippet:-1, max-image-preview:large, max-video-preview:-1\" \/>\n<link rel=\"canonical\" href=\"https:\/\/marktxxl.de\/markt\/produkt\/seeway-baby-windel-creme-spatel-3-pack-baby-windel-creme-spatel-applikator-silikon-baby-butt-paste-spatel-fuer-neugeborene-babys-rosa-blau-braun\/\" \/>\n<meta property=\"og:locale\" content=\"de_DE\" \/>\n<meta property=\"og:type\" content=\"article\" \/>\n<meta property=\"og:title\" content=\"Seeway Baby Windel Creme Spatel, 3 Pack Baby Windel Creme Spatel Applikator, Silikon Baby Butt Paste Spatel f\u00fcr Neugeborene Babys (rosa, blau, braun) - Markt-XXL\" \/>\n<meta property=\"og:description\" content=\"Markt-XXL Seeway Baby Windel Creme Spatel, 3 Pack Baby Windel Creme Spatel Applikator, Silikon Baby Butt Paste Spatel f\u00fcr Neugeborene Babys (rosa, blau, braun)\" \/>\n<meta property=\"og:url\" content=\"https:\/\/marktxxl.de\/markt\/produkt\/seeway-baby-windel-creme-spatel-3-pack-baby-windel-creme-spatel-applikator-silikon-baby-butt-paste-spatel-fuer-neugeborene-babys-rosa-blau-braun\/\" \/>\n<meta property=\"og:site_name\" content=\"Markt-XXL\" \/>\n<meta name=\"twitter:card\" content=\"summary_large_image\" \/>\n<meta name=\"twitter:label1\" content=\"Gesch\u00e4tzte Lesezeit\" \/>\n\t<meta name=\"twitter:data1\" content=\"1\u00a0Minute\" \/>\n<script type=\"application\/ld+json\" class=\"yoast-schema-graph\">{\"@context\":\"https:\\\/\\\/schema.org\",\"@graph\":[{\"@type\":\"WebPage\",\"@id\":\"https:\\\/\\\/marktxxl.de\\\/markt\\\/produkt\\\/seeway-baby-windel-creme-spatel-3-pack-baby-windel-creme-spatel-applikator-silikon-baby-butt-paste-spatel-fuer-neugeborene-babys-rosa-blau-braun\\\/\",\"url\":\"https:\\\/\\\/marktxxl.de\\\/markt\\\/produkt\\\/seeway-baby-windel-creme-spatel-3-pack-baby-windel-creme-spatel-applikator-silikon-baby-butt-paste-spatel-fuer-neugeborene-babys-rosa-blau-braun\\\/\",\"name\":\"Seeway Baby Windel Creme Spatel, 3 Pack Baby Windel Creme Spatel Applikator, Silikon Baby Butt Paste Spatel f\u00fcr Neugeborene Babys (rosa, blau, braun) - Markt-XXL\",\"isPartOf\":{\"@id\":\"https:\\\/\\\/marktxxl.de\\\/markt\\\/#website\"},\"primaryImageOfPage\":{\"@id\":\"https:\\\/\\\/marktxxl.de\\\/markt\\\/produkt\\\/seeway-baby-windel-creme-spatel-3-pack-baby-windel-creme-spatel-applikator-silikon-baby-butt-paste-spatel-fuer-neugeborene-babys-rosa-blau-braun\\\/#primaryimage\"},\"image\":{\"@id\":\"https:\\\/\\\/marktxxl.de\\\/markt\\\/produkt\\\/seeway-baby-windel-creme-spatel-3-pack-baby-windel-creme-spatel-applikator-silikon-baby-butt-paste-spatel-fuer-neugeborene-babys-rosa-blau-braun\\\/#primaryimage\"},\"thumbnailUrl\":\"https:\\\/\\\/m.media-amazon.com\\\/images\\\/I\\\/31zzqOlYRoL._SL500_.jpg\",\"datePublished\":\"2024-07-28T03:36:52+00:00\",\"description\":\"Markt-XXL Seeway Baby Windel Creme Spatel, 3 Pack Baby Windel Creme Spatel Applikator, Silikon Baby Butt Paste Spatel f\u00fcr Neugeborene Babys (rosa, blau, braun)\",\"breadcrumb\":{\"@id\":\"https:\\\/\\\/marktxxl.de\\\/markt\\\/produkt\\\/seeway-baby-windel-creme-spatel-3-pack-baby-windel-creme-spatel-applikator-silikon-baby-butt-paste-spatel-fuer-neugeborene-babys-rosa-blau-braun\\\/#breadcrumb\"},\"inLanguage\":\"de\",\"potentialAction\":[{\"@type\":\"ReadAction\",\"target\":[\"https:\\\/\\\/marktxxl.de\\\/markt\\\/produkt\\\/seeway-baby-windel-creme-spatel-3-pack-baby-windel-creme-spatel-applikator-silikon-baby-butt-paste-spatel-fuer-neugeborene-babys-rosa-blau-braun\\\/\"]}]},{\"@type\":\"ImageObject\",\"inLanguage\":\"de\",\"@id\":\"https:\\\/\\\/marktxxl.de\\\/markt\\\/produkt\\\/seeway-baby-windel-creme-spatel-3-pack-baby-windel-creme-spatel-applikator-silikon-baby-butt-paste-spatel-fuer-neugeborene-babys-rosa-blau-braun\\\/#primaryimage\",\"url\":\"https:\\\/\\\/m.media-amazon.com\\\/images\\\/I\\\/31zzqOlYRoL._SL500_.jpg\",\"contentUrl\":\"https:\\\/\\\/m.media-amazon.com\\\/images\\\/I\\\/31zzqOlYRoL._SL500_.jpg\",\"width\":500,\"height\":500},{\"@type\":\"BreadcrumbList\",\"@id\":\"https:\\\/\\\/marktxxl.de\\\/markt\\\/produkt\\\/seeway-baby-windel-creme-spatel-3-pack-baby-windel-creme-spatel-applikator-silikon-baby-butt-paste-spatel-fuer-neugeborene-babys-rosa-blau-braun\\\/#breadcrumb\",\"itemListElement\":[{\"@type\":\"ListItem\",\"position\":1,\"name\":\"Startseite\",\"item\":\"https:\\\/\\\/marktxxl.de\\\/markt\\\/\"},{\"@type\":\"ListItem\",\"position\":2,\"name\":\"Markt\",\"item\":\"https:\\\/\\\/marktxxl.de\\\/markt\\\/\"},{\"@type\":\"ListItem\",\"position\":3,\"name\":\"Seeway Baby Windel Creme Spatel, 3 Pack Baby Windel Creme Spatel Applikator, Silikon Baby Butt Paste Spatel f\u00fcr Neugeborene Babys (rosa, blau, braun)\"}]},{\"@type\":\"WebSite\",\"@id\":\"https:\\\/\\\/marktxxl.de\\\/markt\\\/#website\",\"url\":\"https:\\\/\\\/marktxxl.de\\\/markt\\\/\",\"name\":\"Markt-XXL\",\"description\":\"Ihr Markt Online\",\"publisher\":{\"@id\":\"https:\\\/\\\/marktxxl.de\\\/markt\\\/#organization\"},\"potentialAction\":[{\"@type\":\"SearchAction\",\"target\":{\"@type\":\"EntryPoint\",\"urlTemplate\":\"https:\\\/\\\/marktxxl.de\\\/markt\\\/?s={search_term_string}\"},\"query-input\":{\"@type\":\"PropertyValueSpecification\",\"valueRequired\":true,\"valueName\":\"search_term_string\"}}],\"inLanguage\":\"de\"},{\"@type\":\"Organization\",\"@id\":\"https:\\\/\\\/marktxxl.de\\\/markt\\\/#organization\",\"name\":\"Markt-XXL\",\"url\":\"https:\\\/\\\/marktxxl.de\\\/markt\\\/\",\"logo\":{\"@type\":\"ImageObject\",\"inLanguage\":\"de\",\"@id\":\"https:\\\/\\\/marktxxl.de\\\/markt\\\/#\\\/schema\\\/logo\\\/image\\\/\",\"url\":\"https:\\\/\\\/marktxxl.de\\\/markt\\\/wp-content\\\/uploads\\\/sites\\\/3\\\/2020\\\/12\\\/logo.png\",\"contentUrl\":\"https:\\\/\\\/marktxxl.de\\\/markt\\\/wp-content\\\/uploads\\\/sites\\\/3\\\/2020\\\/12\\\/logo.png\",\"width\":200,\"height\":70,\"caption\":\"Markt-XXL\"},\"image\":{\"@id\":\"https:\\\/\\\/marktxxl.de\\\/markt\\\/#\\\/schema\\\/logo\\\/image\\\/\"}}]}<\/script>\n<!-- \/ Yoast SEO plugin. -->","yoast_head_json":{"title":"Seeway Baby Windel Creme Spatel, 3 Pack Baby Windel Creme Spatel Applikator, Silikon Baby Butt Paste Spatel f\u00fcr Neugeborene Babys (rosa, blau, braun) - Markt-XXL","description":"Markt-XXL Seeway Baby Windel Creme Spatel, 3 Pack Baby Windel Creme Spatel Applikator, Silikon Baby Butt Paste Spatel f\u00fcr Neugeborene Babys (rosa, blau, braun)","robots":{"index":"index","follow":"follow","max-snippet":"max-snippet:-1","max-image-preview":"max-image-preview:large","max-video-preview":"max-video-preview:-1"},"canonical":"https:\/\/marktxxl.de\/markt\/produkt\/seeway-baby-windel-creme-spatel-3-pack-baby-windel-creme-spatel-applikator-silikon-baby-butt-paste-spatel-fuer-neugeborene-babys-rosa-blau-braun\/","og_locale":"de_DE","og_type":"article","og_title":"Seeway Baby Windel Creme Spatel, 3 Pack Baby Windel Creme Spatel Applikator, Silikon Baby Butt Paste Spatel f\u00fcr Neugeborene Babys (rosa, blau, braun) - Markt-XXL","og_description":"Markt-XXL Seeway Baby Windel Creme Spatel, 3 Pack Baby Windel Creme Spatel Applikator, Silikon Baby Butt Paste Spatel f\u00fcr Neugeborene Babys (rosa, blau, braun)","og_url":"https:\/\/marktxxl.de\/markt\/produkt\/seeway-baby-windel-creme-spatel-3-pack-baby-windel-creme-spatel-applikator-silikon-baby-butt-paste-spatel-fuer-neugeborene-babys-rosa-blau-braun\/","og_site_name":"Markt-XXL","twitter_card":"summary_large_image","twitter_misc":{"Gesch\u00e4tzte Lesezeit":"1\u00a0Minute"},"schema":{"@context":"https:\/\/schema.org","@graph":[{"@type":"WebPage","@id":"https:\/\/marktxxl.de\/markt\/produkt\/seeway-baby-windel-creme-spatel-3-pack-baby-windel-creme-spatel-applikator-silikon-baby-butt-paste-spatel-fuer-neugeborene-babys-rosa-blau-braun\/","url":"https:\/\/marktxxl.de\/markt\/produkt\/seeway-baby-windel-creme-spatel-3-pack-baby-windel-creme-spatel-applikator-silikon-baby-butt-paste-spatel-fuer-neugeborene-babys-rosa-blau-braun\/","name":"Seeway Baby Windel Creme Spatel, 3 Pack Baby Windel Creme Spatel Applikator, Silikon Baby Butt Paste Spatel f\u00fcr Neugeborene Babys (rosa, blau, braun) - Markt-XXL","isPartOf":{"@id":"https:\/\/marktxxl.de\/markt\/#website"},"primaryImageOfPage":{"@id":"https:\/\/marktxxl.de\/markt\/produkt\/seeway-baby-windel-creme-spatel-3-pack-baby-windel-creme-spatel-applikator-silikon-baby-butt-paste-spatel-fuer-neugeborene-babys-rosa-blau-braun\/#primaryimage"},"image":{"@id":"https:\/\/marktxxl.de\/markt\/produkt\/seeway-baby-windel-creme-spatel-3-pack-baby-windel-creme-spatel-applikator-silikon-baby-butt-paste-spatel-fuer-neugeborene-babys-rosa-blau-braun\/#primaryimage"},"thumbnailUrl":"https:\/\/m.media-amazon.com\/images\/I\/31zzqOlYRoL._SL500_.jpg","datePublished":"2024-07-28T03:36:52+00:00","description":"Markt-XXL Seeway Baby Windel Creme Spatel, 3 Pack Baby Windel Creme Spatel Applikator, Silikon Baby Butt Paste Spatel f\u00fcr Neugeborene Babys (rosa, blau, braun)","breadcrumb":{"@id":"https:\/\/marktxxl.de\/markt\/produkt\/seeway-baby-windel-creme-spatel-3-pack-baby-windel-creme-spatel-applikator-silikon-baby-butt-paste-spatel-fuer-neugeborene-babys-rosa-blau-braun\/#breadcrumb"},"inLanguage":"de","potentialAction":[{"@type":"ReadAction","target":["https:\/\/marktxxl.de\/markt\/produkt\/seeway-baby-windel-creme-spatel-3-pack-baby-windel-creme-spatel-applikator-silikon-baby-butt-paste-spatel-fuer-neugeborene-babys-rosa-blau-braun\/"]}]},{"@type":"ImageObject","inLanguage":"de","@id":"https:\/\/marktxxl.de\/markt\/produkt\/seeway-baby-windel-creme-spatel-3-pack-baby-windel-creme-spatel-applikator-silikon-baby-butt-paste-spatel-fuer-neugeborene-babys-rosa-blau-braun\/#primaryimage","url":"https:\/\/m.media-amazon.com\/images\/I\/31zzqOlYRoL._SL500_.jpg","contentUrl":"https:\/\/m.media-amazon.com\/images\/I\/31zzqOlYRoL._SL500_.jpg","width":500,"height":500},{"@type":"BreadcrumbList","@id":"https:\/\/marktxxl.de\/markt\/produkt\/seeway-baby-windel-creme-spatel-3-pack-baby-windel-creme-spatel-applikator-silikon-baby-butt-paste-spatel-fuer-neugeborene-babys-rosa-blau-braun\/#breadcrumb","itemListElement":[{"@type":"ListItem","position":1,"name":"Startseite","item":"https:\/\/marktxxl.de\/markt\/"},{"@type":"ListItem","position":2,"name":"Markt","item":"https:\/\/marktxxl.de\/markt\/"},{"@type":"ListItem","position":3,"name":"Seeway Baby Windel Creme Spatel, 3 Pack Baby Windel Creme Spatel Applikator, Silikon Baby Butt Paste Spatel f\u00fcr Neugeborene Babys (rosa, blau, braun)"}]},{"@type":"WebSite","@id":"https:\/\/marktxxl.de\/markt\/#website","url":"https:\/\/marktxxl.de\/markt\/","name":"Markt-XXL","description":"Ihr Markt Online","publisher":{"@id":"https:\/\/marktxxl.de\/markt\/#organization"},"potentialAction":[{"@type":"SearchAction","target":{"@type":"EntryPoint","urlTemplate":"https:\/\/marktxxl.de\/markt\/?s={search_term_string}"},"query-input":{"@type":"PropertyValueSpecification","valueRequired":true,"valueName":"search_term_string"}}],"inLanguage":"de"},{"@type":"Organization","@id":"https:\/\/marktxxl.de\/markt\/#organization","name":"Markt-XXL","url":"https:\/\/marktxxl.de\/markt\/","logo":{"@type":"ImageObject","inLanguage":"de","@id":"https:\/\/marktxxl.de\/markt\/#\/schema\/logo\/image\/","url":"https:\/\/marktxxl.de\/markt\/wp-content\/uploads\/sites\/3\/2020\/12\/logo.png","contentUrl":"https:\/\/marktxxl.de\/markt\/wp-content\/uploads\/sites\/3\/2020\/12\/logo.png","width":200,"height":70,"caption":"Markt-XXL"},"image":{"@id":"https:\/\/marktxxl.de\/markt\/#\/schema\/logo\/image\/"}}]}},"_links":{"self":[{"href":"https:\/\/marktxxl.de\/markt\/wp-json\/wp\/v2\/product\/216618","targetHints":{"allow":["GET"]}}],"collection":[{"href":"https:\/\/marktxxl.de\/markt\/wp-json\/wp\/v2\/product"}],"about":[{"href":"https:\/\/marktxxl.de\/markt\/wp-json\/wp\/v2\/types\/product"}],"replies":[{"embeddable":true,"href":"https:\/\/marktxxl.de\/markt\/wp-json\/wp\/v2\/comments?post=216618"}],"wp:featuredmedia":[{"embeddable":true,"href":"https:\/\/marktxxl.de\/markt\/wp-json\/wp\/v2\/media\/216619"}],"wp:attachment":[{"href":"https:\/\/marktxxl.de\/markt\/wp-json\/wp\/v2\/media?parent=216618"}],"wp:term":[{"taxonomy":"product_brand","embeddable":true,"href":"https:\/\/marktxxl.de\/markt\/wp-json\/wp\/v2\/product_brand?post=216618"},{"taxonomy":"product_cat","embeddable":true,"href":"https:\/\/marktxxl.de\/markt\/wp-json\/wp\/v2\/product_cat?post=216618"},{"taxonomy":"product_tag","embeddable":true,"href":"https:\/\/marktxxl.de\/markt\/wp-json\/wp\/v2\/product_tag?post=216618"}],"curies":[{"name":"wp","href":"https:\/\/api.w.org\/{rel}","templated":true}]}}