{"id":216305,"date":"2024-07-28T01:26:31","date_gmt":"2024-07-27T23:26:31","guid":{"rendered":"https:\/\/marktxxl.de\/markt\/produkt\/lego-duplo-town-farm-tractor-animal-care-10950-creative-playset-for-toddlers-with-a-toy-tractor-and-2-sheep-new-2021-27-pieces\/"},"modified":"2024-07-28T01:26:31","modified_gmt":"2024-07-27T23:26:31","slug":"lego-duplo-town-farm-tractor-animal-care-10950-creative-playset-for-toddlers-with-a-toy-tractor-and-2-sheep-new-2021-27-pieces","status":"publish","type":"product","link":"https:\/\/marktxxl.de\/markt\/produkt\/lego-duplo-town-farm-tractor-animal-care-10950-creative-playset-for-toddlers-with-a-toy-tractor-and-2-sheep-new-2021-27-pieces\/","title":{"rendered":"LEGO DUPLO Town Farm Tractor &amp; Animal Care 10950 Creative Playset for Toddlers with a Toy Tractor and 2 Sheep, New 2021 (27 Pieces)"},"content":{"rendered":"<p>Mit einem Traktor zum Fahren und Schafen zum F\u00fcttern inspiriert LEGO DUPLO Town Farm Traktor &amp; Tierpflege (10950) Kinder mit Leidenschaft f\u00fcr Fahrzeuge und Tiere fantasievolles Spielen und Vorschullernen<br \/>\nEnth\u00e4lt einen Traktor mit Nachziehwagen, 2 Schaf- und Bauer- und Kinderfiguren f\u00fcr Kleinkinder zum Aufheben und Spielen Enth\u00e4lt auch einen baubaren Baum, Bauernhofwerkzeuge und einen realistisch strukturierten Heuballen<br \/>\nKinder entwickeln Feinmotorik und erweitern ihr soziales und emotionales Verst\u00e4ndnis, w\u00e4hrend sie lustige Bauernhofaktivit\u00e4ten aus\u00fcben, wie den Transport von Heu zu den Schafen und die Pflege<br \/>\nTolles Urlaubs-, Geburtstags- oder &#8220;einfach so&#8221;-Geschenk f\u00fcr Kinder ab 2 Jahren, die Traktoren, Tiere und kreatives Spielen lieben<br \/>\nDer Traktor misst \u00fcber 6 Zoll. (15 cm) lang und der baubare Baum steht \u00fcber 4 Zoll. 11 cm gro\u00df. Dieses Set kann auf viele Arten gespielt werden und es l\u00e4sst sich leicht mit allen LEGO DUPLO Bauernhofspielzeugen kombinieren<br \/>\n<div class=\"main-cross-sell\" data-asin=\"B08NFB55K2\">\n\n\t<div class=\"WooZone-cross-sell-loader\">\n\t\t<div>\n\t\t\t<div id=\"floatingBarsG\">\n\t\t\t\t<div class=\"blockG\" id=\"rotateG_01\"><\/div>\n\t\t\t\t<div class=\"blockG\" id=\"rotateG_02\"><\/div>\n\t\t\t\t<div class=\"blockG\" id=\"rotateG_03\"><\/div>\n\t\t\t\t<div class=\"blockG\" id=\"rotateG_04\"><\/div>\n\t\t\t\t<div class=\"blockG\" id=\"rotateG_05\"><\/div>\n\t\t\t\t<div class=\"blockG\" id=\"rotateG_06\"><\/div>\n\t\t\t\t<div class=\"blockG\" id=\"rotateG_07\"><\/div>\n\t\t\t\t<div class=\"blockG\" id=\"rotateG_08\"><\/div>\n\t\t\t<\/div>\n\t\t\t<div class=\"WooZone-cross-sell-loader-text\"><\/div>\n\t\t<\/div>\n\t<\/div>\n\n\t\t\n<\/div>\n<div style=\"clear:both;\"><\/div><\/p>\n","protected":false},"excerpt":{"rendered":"<p>Mit einem Traktor zum Fahren und Schafen zum F\u00fcttern inspiriert LEGO DUPLO Town Farm Traktor &amp; Tierpflege (10950) Kinder mit Leidenschaft f\u00fcr Fahrzeuge und Tiere fantasievolles Spielen und Vorschullernen<br \/>\nEnth\u00e4lt einen Traktor mit Nachziehwagen, 2 Schaf- und Bauer- und Kinderfiguren f\u00fcr Kleinkinder zum Aufheben und Spielen Enth\u00e4lt auch einen baubaren Baum, Bauernhofwerkzeuge und einen realistisch strukturierten Heuballen<br \/>\nKinder entwickeln Feinmotorik und erweitern ihr soziales und emotionales Verst\u00e4ndnis, w\u00e4hrend sie lustige Bauernhofaktivit\u00e4ten aus\u00fcben, wie den Transport von Heu zu den Schafen und die Pflege<\/p>\n","protected":false},"featured_media":216306,"comment_status":"open","ping_status":"closed","template":"","meta":[],"product_brand":[],"product_cat":[21,8879],"product_tag":[],"class_list":{"0":"post-216305","1":"product","2":"type-product","3":"status-publish","4":"has-post-thumbnail","6":"product_cat-baby","7":"product_cat-baby-kleinkindspielzeug-baby","8":"pa_binding-spielzeug","9":"pa_brand-lego","10":"pa_brand-thames-hudson","11":"pa_height-3-74-zoll","12":"pa_length-8-74-zoll","13":"pa_manufacturer-lego","14":"pa_model-54477","15":"pa_size-einheitsgroesse","16":"pa_width-10-315-zoll","18":"first","19":"instock","20":"shipping-taxable","21":"purchasable","22":"product-type-simple","23":"customify-col","24":"product-has-gallery"},"yoast_head":"<!-- This site is optimized with the Yoast SEO plugin v27.3 - https:\/\/yoast.com\/product\/yoast-seo-wordpress\/ -->\n<title>LEGO DUPLO Town Farm Tractor &amp; Animal Care 10950 Creative Playset for Toddlers with a Toy Tractor and 2 Sheep, New 2021 (27 Pieces) - Markt-XXL<\/title>\n<meta name=\"description\" content=\"Markt-XXL LEGO DUPLO Town Farm Tractor &amp; Animal Care 10950 Creative Playset for Toddlers with a Toy Tractor and 2 Sheep, New 2021 (27 Pieces)\" \/>\n<meta name=\"robots\" content=\"index, follow, max-snippet:-1, max-image-preview:large, max-video-preview:-1\" \/>\n<link rel=\"canonical\" href=\"https:\/\/marktxxl.de\/markt\/produkt\/lego-duplo-town-farm-tractor-animal-care-10950-creative-playset-for-toddlers-with-a-toy-tractor-and-2-sheep-new-2021-27-pieces\/\" \/>\n<meta property=\"og:locale\" content=\"de_DE\" \/>\n<meta property=\"og:type\" content=\"article\" \/>\n<meta property=\"og:title\" content=\"LEGO DUPLO Town Farm Tractor &amp; Animal Care 10950 Creative Playset for Toddlers with a Toy Tractor and 2 Sheep, New 2021 (27 Pieces) - Markt-XXL\" \/>\n<meta property=\"og:description\" content=\"Markt-XXL LEGO DUPLO Town Farm Tractor &amp; Animal Care 10950 Creative Playset for Toddlers with a Toy Tractor and 2 Sheep, New 2021 (27 Pieces)\" \/>\n<meta property=\"og:url\" content=\"https:\/\/marktxxl.de\/markt\/produkt\/lego-duplo-town-farm-tractor-animal-care-10950-creative-playset-for-toddlers-with-a-toy-tractor-and-2-sheep-new-2021-27-pieces\/\" \/>\n<meta property=\"og:site_name\" content=\"Markt-XXL\" \/>\n<meta name=\"twitter:card\" content=\"summary_large_image\" \/>\n<meta name=\"twitter:label1\" content=\"Gesch\u00e4tzte Lesezeit\" \/>\n\t<meta name=\"twitter:data1\" content=\"1\u00a0Minute\" \/>\n<script type=\"application\/ld+json\" class=\"yoast-schema-graph\">{\"@context\":\"https:\\\/\\\/schema.org\",\"@graph\":[{\"@type\":\"WebPage\",\"@id\":\"https:\\\/\\\/marktxxl.de\\\/markt\\\/produkt\\\/lego-duplo-town-farm-tractor-animal-care-10950-creative-playset-for-toddlers-with-a-toy-tractor-and-2-sheep-new-2021-27-pieces\\\/\",\"url\":\"https:\\\/\\\/marktxxl.de\\\/markt\\\/produkt\\\/lego-duplo-town-farm-tractor-animal-care-10950-creative-playset-for-toddlers-with-a-toy-tractor-and-2-sheep-new-2021-27-pieces\\\/\",\"name\":\"LEGO DUPLO Town Farm Tractor &amp; Animal Care 10950 Creative Playset for Toddlers with a Toy Tractor and 2 Sheep, New 2021 (27 Pieces) - Markt-XXL\",\"isPartOf\":{\"@id\":\"https:\\\/\\\/marktxxl.de\\\/markt\\\/#website\"},\"primaryImageOfPage\":{\"@id\":\"https:\\\/\\\/marktxxl.de\\\/markt\\\/produkt\\\/lego-duplo-town-farm-tractor-animal-care-10950-creative-playset-for-toddlers-with-a-toy-tractor-and-2-sheep-new-2021-27-pieces\\\/#primaryimage\"},\"image\":{\"@id\":\"https:\\\/\\\/marktxxl.de\\\/markt\\\/produkt\\\/lego-duplo-town-farm-tractor-animal-care-10950-creative-playset-for-toddlers-with-a-toy-tractor-and-2-sheep-new-2021-27-pieces\\\/#primaryimage\"},\"thumbnailUrl\":\"https:\\\/\\\/m.media-amazon.com\\\/images\\\/I\\\/41Zg6mm4hvL._SL500_.jpg\",\"datePublished\":\"2024-07-27T23:26:31+00:00\",\"description\":\"Markt-XXL LEGO DUPLO Town Farm Tractor &amp; Animal Care 10950 Creative Playset for Toddlers with a Toy Tractor and 2 Sheep, New 2021 (27 Pieces)\",\"breadcrumb\":{\"@id\":\"https:\\\/\\\/marktxxl.de\\\/markt\\\/produkt\\\/lego-duplo-town-farm-tractor-animal-care-10950-creative-playset-for-toddlers-with-a-toy-tractor-and-2-sheep-new-2021-27-pieces\\\/#breadcrumb\"},\"inLanguage\":\"de\",\"potentialAction\":[{\"@type\":\"ReadAction\",\"target\":[\"https:\\\/\\\/marktxxl.de\\\/markt\\\/produkt\\\/lego-duplo-town-farm-tractor-animal-care-10950-creative-playset-for-toddlers-with-a-toy-tractor-and-2-sheep-new-2021-27-pieces\\\/\"]}]},{\"@type\":\"ImageObject\",\"inLanguage\":\"de\",\"@id\":\"https:\\\/\\\/marktxxl.de\\\/markt\\\/produkt\\\/lego-duplo-town-farm-tractor-animal-care-10950-creative-playset-for-toddlers-with-a-toy-tractor-and-2-sheep-new-2021-27-pieces\\\/#primaryimage\",\"url\":\"https:\\\/\\\/m.media-amazon.com\\\/images\\\/I\\\/41Zg6mm4hvL._SL500_.jpg\",\"contentUrl\":\"https:\\\/\\\/m.media-amazon.com\\\/images\\\/I\\\/41Zg6mm4hvL._SL500_.jpg\",\"width\":500,\"height\":500},{\"@type\":\"BreadcrumbList\",\"@id\":\"https:\\\/\\\/marktxxl.de\\\/markt\\\/produkt\\\/lego-duplo-town-farm-tractor-animal-care-10950-creative-playset-for-toddlers-with-a-toy-tractor-and-2-sheep-new-2021-27-pieces\\\/#breadcrumb\",\"itemListElement\":[{\"@type\":\"ListItem\",\"position\":1,\"name\":\"Startseite\",\"item\":\"https:\\\/\\\/marktxxl.de\\\/markt\\\/\"},{\"@type\":\"ListItem\",\"position\":2,\"name\":\"Markt\",\"item\":\"https:\\\/\\\/marktxxl.de\\\/markt\\\/\"},{\"@type\":\"ListItem\",\"position\":3,\"name\":\"LEGO DUPLO Town Farm Tractor &amp; Animal Care 10950 Creative Playset for Toddlers with a Toy Tractor and 2 Sheep, New 2021 (27 Pieces)\"}]},{\"@type\":\"WebSite\",\"@id\":\"https:\\\/\\\/marktxxl.de\\\/markt\\\/#website\",\"url\":\"https:\\\/\\\/marktxxl.de\\\/markt\\\/\",\"name\":\"Markt-XXL\",\"description\":\"Ihr Markt Online\",\"publisher\":{\"@id\":\"https:\\\/\\\/marktxxl.de\\\/markt\\\/#organization\"},\"potentialAction\":[{\"@type\":\"SearchAction\",\"target\":{\"@type\":\"EntryPoint\",\"urlTemplate\":\"https:\\\/\\\/marktxxl.de\\\/markt\\\/?s={search_term_string}\"},\"query-input\":{\"@type\":\"PropertyValueSpecification\",\"valueRequired\":true,\"valueName\":\"search_term_string\"}}],\"inLanguage\":\"de\"},{\"@type\":\"Organization\",\"@id\":\"https:\\\/\\\/marktxxl.de\\\/markt\\\/#organization\",\"name\":\"Markt-XXL\",\"url\":\"https:\\\/\\\/marktxxl.de\\\/markt\\\/\",\"logo\":{\"@type\":\"ImageObject\",\"inLanguage\":\"de\",\"@id\":\"https:\\\/\\\/marktxxl.de\\\/markt\\\/#\\\/schema\\\/logo\\\/image\\\/\",\"url\":\"https:\\\/\\\/marktxxl.de\\\/markt\\\/wp-content\\\/uploads\\\/sites\\\/3\\\/2020\\\/12\\\/logo.png\",\"contentUrl\":\"https:\\\/\\\/marktxxl.de\\\/markt\\\/wp-content\\\/uploads\\\/sites\\\/3\\\/2020\\\/12\\\/logo.png\",\"width\":200,\"height\":70,\"caption\":\"Markt-XXL\"},\"image\":{\"@id\":\"https:\\\/\\\/marktxxl.de\\\/markt\\\/#\\\/schema\\\/logo\\\/image\\\/\"}}]}<\/script>\n<!-- \/ Yoast SEO plugin. -->","yoast_head_json":{"title":"LEGO DUPLO Town Farm Tractor &amp; Animal Care 10950 Creative Playset for Toddlers with a Toy Tractor and 2 Sheep, New 2021 (27 Pieces) - Markt-XXL","description":"Markt-XXL LEGO DUPLO Town Farm Tractor &amp; Animal Care 10950 Creative Playset for Toddlers with a Toy Tractor and 2 Sheep, New 2021 (27 Pieces)","robots":{"index":"index","follow":"follow","max-snippet":"max-snippet:-1","max-image-preview":"max-image-preview:large","max-video-preview":"max-video-preview:-1"},"canonical":"https:\/\/marktxxl.de\/markt\/produkt\/lego-duplo-town-farm-tractor-animal-care-10950-creative-playset-for-toddlers-with-a-toy-tractor-and-2-sheep-new-2021-27-pieces\/","og_locale":"de_DE","og_type":"article","og_title":"LEGO DUPLO Town Farm Tractor &amp; Animal Care 10950 Creative Playset for Toddlers with a Toy Tractor and 2 Sheep, New 2021 (27 Pieces) - Markt-XXL","og_description":"Markt-XXL LEGO DUPLO Town Farm Tractor &amp; Animal Care 10950 Creative Playset for Toddlers with a Toy Tractor and 2 Sheep, New 2021 (27 Pieces)","og_url":"https:\/\/marktxxl.de\/markt\/produkt\/lego-duplo-town-farm-tractor-animal-care-10950-creative-playset-for-toddlers-with-a-toy-tractor-and-2-sheep-new-2021-27-pieces\/","og_site_name":"Markt-XXL","twitter_card":"summary_large_image","twitter_misc":{"Gesch\u00e4tzte Lesezeit":"1\u00a0Minute"},"schema":{"@context":"https:\/\/schema.org","@graph":[{"@type":"WebPage","@id":"https:\/\/marktxxl.de\/markt\/produkt\/lego-duplo-town-farm-tractor-animal-care-10950-creative-playset-for-toddlers-with-a-toy-tractor-and-2-sheep-new-2021-27-pieces\/","url":"https:\/\/marktxxl.de\/markt\/produkt\/lego-duplo-town-farm-tractor-animal-care-10950-creative-playset-for-toddlers-with-a-toy-tractor-and-2-sheep-new-2021-27-pieces\/","name":"LEGO DUPLO Town Farm Tractor &amp; Animal Care 10950 Creative Playset for Toddlers with a Toy Tractor and 2 Sheep, New 2021 (27 Pieces) - Markt-XXL","isPartOf":{"@id":"https:\/\/marktxxl.de\/markt\/#website"},"primaryImageOfPage":{"@id":"https:\/\/marktxxl.de\/markt\/produkt\/lego-duplo-town-farm-tractor-animal-care-10950-creative-playset-for-toddlers-with-a-toy-tractor-and-2-sheep-new-2021-27-pieces\/#primaryimage"},"image":{"@id":"https:\/\/marktxxl.de\/markt\/produkt\/lego-duplo-town-farm-tractor-animal-care-10950-creative-playset-for-toddlers-with-a-toy-tractor-and-2-sheep-new-2021-27-pieces\/#primaryimage"},"thumbnailUrl":"https:\/\/m.media-amazon.com\/images\/I\/41Zg6mm4hvL._SL500_.jpg","datePublished":"2024-07-27T23:26:31+00:00","description":"Markt-XXL LEGO DUPLO Town Farm Tractor &amp; Animal Care 10950 Creative Playset for Toddlers with a Toy Tractor and 2 Sheep, New 2021 (27 Pieces)","breadcrumb":{"@id":"https:\/\/marktxxl.de\/markt\/produkt\/lego-duplo-town-farm-tractor-animal-care-10950-creative-playset-for-toddlers-with-a-toy-tractor-and-2-sheep-new-2021-27-pieces\/#breadcrumb"},"inLanguage":"de","potentialAction":[{"@type":"ReadAction","target":["https:\/\/marktxxl.de\/markt\/produkt\/lego-duplo-town-farm-tractor-animal-care-10950-creative-playset-for-toddlers-with-a-toy-tractor-and-2-sheep-new-2021-27-pieces\/"]}]},{"@type":"ImageObject","inLanguage":"de","@id":"https:\/\/marktxxl.de\/markt\/produkt\/lego-duplo-town-farm-tractor-animal-care-10950-creative-playset-for-toddlers-with-a-toy-tractor-and-2-sheep-new-2021-27-pieces\/#primaryimage","url":"https:\/\/m.media-amazon.com\/images\/I\/41Zg6mm4hvL._SL500_.jpg","contentUrl":"https:\/\/m.media-amazon.com\/images\/I\/41Zg6mm4hvL._SL500_.jpg","width":500,"height":500},{"@type":"BreadcrumbList","@id":"https:\/\/marktxxl.de\/markt\/produkt\/lego-duplo-town-farm-tractor-animal-care-10950-creative-playset-for-toddlers-with-a-toy-tractor-and-2-sheep-new-2021-27-pieces\/#breadcrumb","itemListElement":[{"@type":"ListItem","position":1,"name":"Startseite","item":"https:\/\/marktxxl.de\/markt\/"},{"@type":"ListItem","position":2,"name":"Markt","item":"https:\/\/marktxxl.de\/markt\/"},{"@type":"ListItem","position":3,"name":"LEGO DUPLO Town Farm Tractor &amp; Animal Care 10950 Creative Playset for Toddlers with a Toy Tractor and 2 Sheep, New 2021 (27 Pieces)"}]},{"@type":"WebSite","@id":"https:\/\/marktxxl.de\/markt\/#website","url":"https:\/\/marktxxl.de\/markt\/","name":"Markt-XXL","description":"Ihr Markt Online","publisher":{"@id":"https:\/\/marktxxl.de\/markt\/#organization"},"potentialAction":[{"@type":"SearchAction","target":{"@type":"EntryPoint","urlTemplate":"https:\/\/marktxxl.de\/markt\/?s={search_term_string}"},"query-input":{"@type":"PropertyValueSpecification","valueRequired":true,"valueName":"search_term_string"}}],"inLanguage":"de"},{"@type":"Organization","@id":"https:\/\/marktxxl.de\/markt\/#organization","name":"Markt-XXL","url":"https:\/\/marktxxl.de\/markt\/","logo":{"@type":"ImageObject","inLanguage":"de","@id":"https:\/\/marktxxl.de\/markt\/#\/schema\/logo\/image\/","url":"https:\/\/marktxxl.de\/markt\/wp-content\/uploads\/sites\/3\/2020\/12\/logo.png","contentUrl":"https:\/\/marktxxl.de\/markt\/wp-content\/uploads\/sites\/3\/2020\/12\/logo.png","width":200,"height":70,"caption":"Markt-XXL"},"image":{"@id":"https:\/\/marktxxl.de\/markt\/#\/schema\/logo\/image\/"}}]}},"_links":{"self":[{"href":"https:\/\/marktxxl.de\/markt\/wp-json\/wp\/v2\/product\/216305","targetHints":{"allow":["GET"]}}],"collection":[{"href":"https:\/\/marktxxl.de\/markt\/wp-json\/wp\/v2\/product"}],"about":[{"href":"https:\/\/marktxxl.de\/markt\/wp-json\/wp\/v2\/types\/product"}],"replies":[{"embeddable":true,"href":"https:\/\/marktxxl.de\/markt\/wp-json\/wp\/v2\/comments?post=216305"}],"wp:featuredmedia":[{"embeddable":true,"href":"https:\/\/marktxxl.de\/markt\/wp-json\/wp\/v2\/media\/216306"}],"wp:attachment":[{"href":"https:\/\/marktxxl.de\/markt\/wp-json\/wp\/v2\/media?parent=216305"}],"wp:term":[{"taxonomy":"product_brand","embeddable":true,"href":"https:\/\/marktxxl.de\/markt\/wp-json\/wp\/v2\/product_brand?post=216305"},{"taxonomy":"product_cat","embeddable":true,"href":"https:\/\/marktxxl.de\/markt\/wp-json\/wp\/v2\/product_cat?post=216305"},{"taxonomy":"product_tag","embeddable":true,"href":"https:\/\/marktxxl.de\/markt\/wp-json\/wp\/v2\/product_tag?post=216305"}],"curies":[{"name":"wp","href":"https:\/\/api.w.org\/{rel}","templated":true}]}}