{"id":215815,"date":"2024-06-29T06:01:43","date_gmt":"2024-06-29T04:01:43","guid":{"rendered":"https:\/\/marktxxl.de\/markt\/produkt\/rotbaeckchen-ruhe-kraft-6er-pack-6-x-700-ml-mehrfruchtsaft-mit-magnesium-und-vitamin-b6\/"},"modified":"2024-06-29T06:01:43","modified_gmt":"2024-06-29T04:01:43","slug":"rotbaeckchen-ruhe-kraft-6er-pack-6-x-700-ml-mehrfruchtsaft-mit-magnesium-und-vitamin-b6","status":"publish","type":"product","link":"https:\/\/marktxxl.de\/markt\/produkt\/rotbaeckchen-ruhe-kraft-6er-pack-6-x-700-ml-mehrfruchtsaft-mit-magnesium-und-vitamin-b6\/","title":{"rendered":"ROTB\u00c4CKCHEN Ruhe &amp; Kraft 6er Pack (6 x 700 ml) &#8211; Mehrfruchtsaft mit Magnesium und Vitamin B6"},"content":{"rendered":"<p>DIREKTS\u00c4FTE \u2013 Auf Basis hochwertiger Rohstoffe werden unsere Produkte mit viel Liebe und Sorgfalt hergestellt. Wir legen dabei gr\u00f6\u00dften Wert auf Naturbelassenheit und eine schonende Verarbeitung. Qualit\u00e4t, die man schmeckt<br \/>\nF\u00dcR RUHE &amp; KRAFT IM ALLTAG &#8211; Genie\u00dfe den leckeren Mehrfruchtsaft f\u00fcr die kleinen erholsamen Pausen im Alltag<br \/>\nWOZU DIENEN MAGNESIUM UND VITAMIN B6? Magnesium leistet unter anderem einen Beitrag zur normalen Funktion des Nervensystems. Vitamin B6 tr\u00e4gt zur Verringerung von M\u00fcdigkeit und Erm\u00fcdung bei<br \/>\nWORAUS BESTEHT RUHE &amp; KRAFT? Unser Rotb\u00e4ckchen Ruhe &amp; Kraft besteht aus sorgf\u00e4ltig ausgew\u00e4hlten wei\u00dfen Trauben, \u00c4pfeln, Kirschen, Aroniabeeren und Holunder, erg\u00e4nzt mit Magnesium und Vitamin B6<br \/>\nROTB\u00c4CKCHEN \u2013 Das Beste weitergeben \u2013 Seit 1952 ist Rotb\u00e4ckchen ein G\u00fctesiegel f\u00fcr gesunde Ern\u00e4hrung und steht f\u00fcr S\u00e4fte aus besten Rohstoffen, die gezielt mit Vitaminen und Mineralstoffen erg\u00e4nzt und mit Liebe hergestellt werden<br \/>\n<div class=\"main-cross-sell\" data-asin=\"B071F4N9K5\">\n\n\t<div class=\"WooZone-cross-sell-loader\">\n\t\t<div>\n\t\t\t<div id=\"floatingBarsG\">\n\t\t\t\t<div class=\"blockG\" id=\"rotateG_01\"><\/div>\n\t\t\t\t<div class=\"blockG\" id=\"rotateG_02\"><\/div>\n\t\t\t\t<div class=\"blockG\" id=\"rotateG_03\"><\/div>\n\t\t\t\t<div class=\"blockG\" id=\"rotateG_04\"><\/div>\n\t\t\t\t<div class=\"blockG\" id=\"rotateG_05\"><\/div>\n\t\t\t\t<div class=\"blockG\" id=\"rotateG_06\"><\/div>\n\t\t\t\t<div class=\"blockG\" id=\"rotateG_07\"><\/div>\n\t\t\t\t<div class=\"blockG\" id=\"rotateG_08\"><\/div>\n\t\t\t<\/div>\n\t\t\t<div class=\"WooZone-cross-sell-loader-text\"><\/div>\n\t\t<\/div>\n\t<\/div>\n\n\t\t\n<\/div>\n<div style=\"clear:both;\"><\/div><\/p>\n","protected":false},"excerpt":{"rendered":"<p>DIREKTS\u00c4FTE \u2013 Auf Basis hochwertiger Rohstoffe werden unsere Produkte mit viel Liebe und Sorgfalt hergestellt. Wir legen dabei gr\u00f6\u00dften Wert auf Naturbelassenheit und eine schonende Verarbeitung. Qualit\u00e4t, die man schmeckt<br \/>\nF\u00dcR RUHE &amp; KRAFT IM ALLTAG &#8211; Genie\u00dfe den leckeren Mehrfruchtsaft f\u00fcr die kleinen erholsamen Pausen im Alltag<br \/>\nWOZU DIENEN MAGNESIUM UND VITAMIN B6? Magnesium leistet unter anderem einen Beitrag zur normalen Funktion des Nervensystems. Vitamin B6 tr\u00e4gt zur Verringerung von M\u00fcdigkeit und Erm\u00fcdung bei<\/p>\n","protected":false},"featured_media":215816,"comment_status":"open","ping_status":"closed","template":"","meta":[],"product_brand":[],"product_cat":[566,6375],"product_tag":[],"class_list":{"0":"post-215815","1":"product","2":"type-product","3":"status-publish","4":"has-post-thumbnail","6":"product_cat-drogerie-koerperpflege","7":"product_cat-vitamine-mineralien-ergaenzungsmittel","8":"pa_binding-lebensmittel-getraenke","9":"pa_brand-rotbaeckchen","10":"pa_languages-bestandteile-deutsch","11":"pa_manufacturer-haus-rabenhorst-o-lauffs-gmbh-co-kg","12":"pa_model-54376","13":"pa_size-700-ml-6er-pack","14":"pa_weight-9-259415004-pfund","16":"first","17":"instock","18":"shipping-taxable","19":"purchasable","20":"product-type-simple","21":"customify-col","22":"product-has-gallery"},"yoast_head":"<!-- This site is optimized with the Yoast SEO plugin v27.4 - https:\/\/yoast.com\/product\/yoast-seo-wordpress\/ -->\n<title>ROTB\u00c4CKCHEN Ruhe &amp; Kraft 6er Pack (6 x 700 ml) - Mehrfruchtsaft mit Magnesium und Vitamin B6 - Markt-XXL<\/title>\n<meta name=\"description\" content=\"Markt-XXL ROTB\u00c4CKCHEN Ruhe &amp; Kraft 6er Pack (6 x 700 ml) - Mehrfruchtsaft mit Magnesium und Vitamin B6\" \/>\n<meta name=\"robots\" content=\"index, follow, max-snippet:-1, max-image-preview:large, max-video-preview:-1\" \/>\n<link rel=\"canonical\" href=\"https:\/\/marktxxl.de\/markt\/produkt\/rotbaeckchen-ruhe-kraft-6er-pack-6-x-700-ml-mehrfruchtsaft-mit-magnesium-und-vitamin-b6\/\" \/>\n<meta property=\"og:locale\" content=\"de_DE\" \/>\n<meta property=\"og:type\" content=\"article\" \/>\n<meta property=\"og:title\" content=\"ROTB\u00c4CKCHEN Ruhe &amp; Kraft 6er Pack (6 x 700 ml) - Mehrfruchtsaft mit Magnesium und Vitamin B6 - Markt-XXL\" \/>\n<meta property=\"og:description\" content=\"Markt-XXL ROTB\u00c4CKCHEN Ruhe &amp; Kraft 6er Pack (6 x 700 ml) - Mehrfruchtsaft mit Magnesium und Vitamin B6\" \/>\n<meta property=\"og:url\" content=\"https:\/\/marktxxl.de\/markt\/produkt\/rotbaeckchen-ruhe-kraft-6er-pack-6-x-700-ml-mehrfruchtsaft-mit-magnesium-und-vitamin-b6\/\" \/>\n<meta property=\"og:site_name\" content=\"Markt-XXL\" \/>\n<meta name=\"twitter:card\" content=\"summary_large_image\" \/>\n<meta name=\"twitter:label1\" content=\"Gesch\u00e4tzte Lesezeit\" \/>\n\t<meta name=\"twitter:data1\" content=\"1\u00a0Minute\" \/>\n<script type=\"application\/ld+json\" class=\"yoast-schema-graph\">{\"@context\":\"https:\\\/\\\/schema.org\",\"@graph\":[{\"@type\":\"WebPage\",\"@id\":\"https:\\\/\\\/marktxxl.de\\\/markt\\\/produkt\\\/rotbaeckchen-ruhe-kraft-6er-pack-6-x-700-ml-mehrfruchtsaft-mit-magnesium-und-vitamin-b6\\\/\",\"url\":\"https:\\\/\\\/marktxxl.de\\\/markt\\\/produkt\\\/rotbaeckchen-ruhe-kraft-6er-pack-6-x-700-ml-mehrfruchtsaft-mit-magnesium-und-vitamin-b6\\\/\",\"name\":\"ROTB\u00c4CKCHEN Ruhe &amp; Kraft 6er Pack (6 x 700 ml) - Mehrfruchtsaft mit Magnesium und Vitamin B6 - Markt-XXL\",\"isPartOf\":{\"@id\":\"https:\\\/\\\/marktxxl.de\\\/markt\\\/#website\"},\"primaryImageOfPage\":{\"@id\":\"https:\\\/\\\/marktxxl.de\\\/markt\\\/produkt\\\/rotbaeckchen-ruhe-kraft-6er-pack-6-x-700-ml-mehrfruchtsaft-mit-magnesium-und-vitamin-b6\\\/#primaryimage\"},\"image\":{\"@id\":\"https:\\\/\\\/marktxxl.de\\\/markt\\\/produkt\\\/rotbaeckchen-ruhe-kraft-6er-pack-6-x-700-ml-mehrfruchtsaft-mit-magnesium-und-vitamin-b6\\\/#primaryimage\"},\"thumbnailUrl\":\"https:\\\/\\\/m.media-amazon.com\\\/images\\\/I\\\/51JNzlfqo3L._SL500_.jpg\",\"datePublished\":\"2024-06-29T04:01:43+00:00\",\"description\":\"Markt-XXL ROTB\u00c4CKCHEN Ruhe &amp; Kraft 6er Pack (6 x 700 ml) - Mehrfruchtsaft mit Magnesium und Vitamin B6\",\"breadcrumb\":{\"@id\":\"https:\\\/\\\/marktxxl.de\\\/markt\\\/produkt\\\/rotbaeckchen-ruhe-kraft-6er-pack-6-x-700-ml-mehrfruchtsaft-mit-magnesium-und-vitamin-b6\\\/#breadcrumb\"},\"inLanguage\":\"de\",\"potentialAction\":[{\"@type\":\"ReadAction\",\"target\":[\"https:\\\/\\\/marktxxl.de\\\/markt\\\/produkt\\\/rotbaeckchen-ruhe-kraft-6er-pack-6-x-700-ml-mehrfruchtsaft-mit-magnesium-und-vitamin-b6\\\/\"]}]},{\"@type\":\"ImageObject\",\"inLanguage\":\"de\",\"@id\":\"https:\\\/\\\/marktxxl.de\\\/markt\\\/produkt\\\/rotbaeckchen-ruhe-kraft-6er-pack-6-x-700-ml-mehrfruchtsaft-mit-magnesium-und-vitamin-b6\\\/#primaryimage\",\"url\":\"https:\\\/\\\/m.media-amazon.com\\\/images\\\/I\\\/51JNzlfqo3L._SL500_.jpg\",\"contentUrl\":\"https:\\\/\\\/m.media-amazon.com\\\/images\\\/I\\\/51JNzlfqo3L._SL500_.jpg\",\"width\":500,\"height\":500},{\"@type\":\"BreadcrumbList\",\"@id\":\"https:\\\/\\\/marktxxl.de\\\/markt\\\/produkt\\\/rotbaeckchen-ruhe-kraft-6er-pack-6-x-700-ml-mehrfruchtsaft-mit-magnesium-und-vitamin-b6\\\/#breadcrumb\",\"itemListElement\":[{\"@type\":\"ListItem\",\"position\":1,\"name\":\"Startseite\",\"item\":\"https:\\\/\\\/marktxxl.de\\\/markt\\\/\"},{\"@type\":\"ListItem\",\"position\":2,\"name\":\"Markt\",\"item\":\"https:\\\/\\\/marktxxl.de\\\/markt\\\/\"},{\"@type\":\"ListItem\",\"position\":3,\"name\":\"ROTB\u00c4CKCHEN Ruhe &amp; Kraft 6er Pack (6 x 700 ml) &#8211; Mehrfruchtsaft mit Magnesium und Vitamin B6\"}]},{\"@type\":\"WebSite\",\"@id\":\"https:\\\/\\\/marktxxl.de\\\/markt\\\/#website\",\"url\":\"https:\\\/\\\/marktxxl.de\\\/markt\\\/\",\"name\":\"Markt-XXL\",\"description\":\"Ihr Markt Online\",\"publisher\":{\"@id\":\"https:\\\/\\\/marktxxl.de\\\/markt\\\/#organization\"},\"potentialAction\":[{\"@type\":\"SearchAction\",\"target\":{\"@type\":\"EntryPoint\",\"urlTemplate\":\"https:\\\/\\\/marktxxl.de\\\/markt\\\/?s={search_term_string}\"},\"query-input\":{\"@type\":\"PropertyValueSpecification\",\"valueRequired\":true,\"valueName\":\"search_term_string\"}}],\"inLanguage\":\"de\"},{\"@type\":\"Organization\",\"@id\":\"https:\\\/\\\/marktxxl.de\\\/markt\\\/#organization\",\"name\":\"Markt-XXL\",\"url\":\"https:\\\/\\\/marktxxl.de\\\/markt\\\/\",\"logo\":{\"@type\":\"ImageObject\",\"inLanguage\":\"de\",\"@id\":\"https:\\\/\\\/marktxxl.de\\\/markt\\\/#\\\/schema\\\/logo\\\/image\\\/\",\"url\":\"https:\\\/\\\/marktxxl.de\\\/markt\\\/wp-content\\\/uploads\\\/sites\\\/3\\\/2020\\\/12\\\/logo.png\",\"contentUrl\":\"https:\\\/\\\/marktxxl.de\\\/markt\\\/wp-content\\\/uploads\\\/sites\\\/3\\\/2020\\\/12\\\/logo.png\",\"width\":200,\"height\":70,\"caption\":\"Markt-XXL\"},\"image\":{\"@id\":\"https:\\\/\\\/marktxxl.de\\\/markt\\\/#\\\/schema\\\/logo\\\/image\\\/\"}}]}<\/script>\n<!-- \/ Yoast SEO plugin. -->","yoast_head_json":{"title":"ROTB\u00c4CKCHEN Ruhe &amp; Kraft 6er Pack (6 x 700 ml) - Mehrfruchtsaft mit Magnesium und Vitamin B6 - Markt-XXL","description":"Markt-XXL ROTB\u00c4CKCHEN Ruhe &amp; Kraft 6er Pack (6 x 700 ml) - Mehrfruchtsaft mit Magnesium und Vitamin B6","robots":{"index":"index","follow":"follow","max-snippet":"max-snippet:-1","max-image-preview":"max-image-preview:large","max-video-preview":"max-video-preview:-1"},"canonical":"https:\/\/marktxxl.de\/markt\/produkt\/rotbaeckchen-ruhe-kraft-6er-pack-6-x-700-ml-mehrfruchtsaft-mit-magnesium-und-vitamin-b6\/","og_locale":"de_DE","og_type":"article","og_title":"ROTB\u00c4CKCHEN Ruhe &amp; Kraft 6er Pack (6 x 700 ml) - Mehrfruchtsaft mit Magnesium und Vitamin B6 - Markt-XXL","og_description":"Markt-XXL ROTB\u00c4CKCHEN Ruhe &amp; Kraft 6er Pack (6 x 700 ml) - Mehrfruchtsaft mit Magnesium und Vitamin B6","og_url":"https:\/\/marktxxl.de\/markt\/produkt\/rotbaeckchen-ruhe-kraft-6er-pack-6-x-700-ml-mehrfruchtsaft-mit-magnesium-und-vitamin-b6\/","og_site_name":"Markt-XXL","twitter_card":"summary_large_image","twitter_misc":{"Gesch\u00e4tzte Lesezeit":"1\u00a0Minute"},"schema":{"@context":"https:\/\/schema.org","@graph":[{"@type":"WebPage","@id":"https:\/\/marktxxl.de\/markt\/produkt\/rotbaeckchen-ruhe-kraft-6er-pack-6-x-700-ml-mehrfruchtsaft-mit-magnesium-und-vitamin-b6\/","url":"https:\/\/marktxxl.de\/markt\/produkt\/rotbaeckchen-ruhe-kraft-6er-pack-6-x-700-ml-mehrfruchtsaft-mit-magnesium-und-vitamin-b6\/","name":"ROTB\u00c4CKCHEN Ruhe &amp; Kraft 6er Pack (6 x 700 ml) - Mehrfruchtsaft mit Magnesium und Vitamin B6 - Markt-XXL","isPartOf":{"@id":"https:\/\/marktxxl.de\/markt\/#website"},"primaryImageOfPage":{"@id":"https:\/\/marktxxl.de\/markt\/produkt\/rotbaeckchen-ruhe-kraft-6er-pack-6-x-700-ml-mehrfruchtsaft-mit-magnesium-und-vitamin-b6\/#primaryimage"},"image":{"@id":"https:\/\/marktxxl.de\/markt\/produkt\/rotbaeckchen-ruhe-kraft-6er-pack-6-x-700-ml-mehrfruchtsaft-mit-magnesium-und-vitamin-b6\/#primaryimage"},"thumbnailUrl":"https:\/\/m.media-amazon.com\/images\/I\/51JNzlfqo3L._SL500_.jpg","datePublished":"2024-06-29T04:01:43+00:00","description":"Markt-XXL ROTB\u00c4CKCHEN Ruhe &amp; Kraft 6er Pack (6 x 700 ml) - Mehrfruchtsaft mit Magnesium und Vitamin B6","breadcrumb":{"@id":"https:\/\/marktxxl.de\/markt\/produkt\/rotbaeckchen-ruhe-kraft-6er-pack-6-x-700-ml-mehrfruchtsaft-mit-magnesium-und-vitamin-b6\/#breadcrumb"},"inLanguage":"de","potentialAction":[{"@type":"ReadAction","target":["https:\/\/marktxxl.de\/markt\/produkt\/rotbaeckchen-ruhe-kraft-6er-pack-6-x-700-ml-mehrfruchtsaft-mit-magnesium-und-vitamin-b6\/"]}]},{"@type":"ImageObject","inLanguage":"de","@id":"https:\/\/marktxxl.de\/markt\/produkt\/rotbaeckchen-ruhe-kraft-6er-pack-6-x-700-ml-mehrfruchtsaft-mit-magnesium-und-vitamin-b6\/#primaryimage","url":"https:\/\/m.media-amazon.com\/images\/I\/51JNzlfqo3L._SL500_.jpg","contentUrl":"https:\/\/m.media-amazon.com\/images\/I\/51JNzlfqo3L._SL500_.jpg","width":500,"height":500},{"@type":"BreadcrumbList","@id":"https:\/\/marktxxl.de\/markt\/produkt\/rotbaeckchen-ruhe-kraft-6er-pack-6-x-700-ml-mehrfruchtsaft-mit-magnesium-und-vitamin-b6\/#breadcrumb","itemListElement":[{"@type":"ListItem","position":1,"name":"Startseite","item":"https:\/\/marktxxl.de\/markt\/"},{"@type":"ListItem","position":2,"name":"Markt","item":"https:\/\/marktxxl.de\/markt\/"},{"@type":"ListItem","position":3,"name":"ROTB\u00c4CKCHEN Ruhe &amp; Kraft 6er Pack (6 x 700 ml) &#8211; Mehrfruchtsaft mit Magnesium und Vitamin B6"}]},{"@type":"WebSite","@id":"https:\/\/marktxxl.de\/markt\/#website","url":"https:\/\/marktxxl.de\/markt\/","name":"Markt-XXL","description":"Ihr Markt Online","publisher":{"@id":"https:\/\/marktxxl.de\/markt\/#organization"},"potentialAction":[{"@type":"SearchAction","target":{"@type":"EntryPoint","urlTemplate":"https:\/\/marktxxl.de\/markt\/?s={search_term_string}"},"query-input":{"@type":"PropertyValueSpecification","valueRequired":true,"valueName":"search_term_string"}}],"inLanguage":"de"},{"@type":"Organization","@id":"https:\/\/marktxxl.de\/markt\/#organization","name":"Markt-XXL","url":"https:\/\/marktxxl.de\/markt\/","logo":{"@type":"ImageObject","inLanguage":"de","@id":"https:\/\/marktxxl.de\/markt\/#\/schema\/logo\/image\/","url":"https:\/\/marktxxl.de\/markt\/wp-content\/uploads\/sites\/3\/2020\/12\/logo.png","contentUrl":"https:\/\/marktxxl.de\/markt\/wp-content\/uploads\/sites\/3\/2020\/12\/logo.png","width":200,"height":70,"caption":"Markt-XXL"},"image":{"@id":"https:\/\/marktxxl.de\/markt\/#\/schema\/logo\/image\/"}}]}},"_links":{"self":[{"href":"https:\/\/marktxxl.de\/markt\/wp-json\/wp\/v2\/product\/215815","targetHints":{"allow":["GET"]}}],"collection":[{"href":"https:\/\/marktxxl.de\/markt\/wp-json\/wp\/v2\/product"}],"about":[{"href":"https:\/\/marktxxl.de\/markt\/wp-json\/wp\/v2\/types\/product"}],"replies":[{"embeddable":true,"href":"https:\/\/marktxxl.de\/markt\/wp-json\/wp\/v2\/comments?post=215815"}],"wp:featuredmedia":[{"embeddable":true,"href":"https:\/\/marktxxl.de\/markt\/wp-json\/wp\/v2\/media\/215816"}],"wp:attachment":[{"href":"https:\/\/marktxxl.de\/markt\/wp-json\/wp\/v2\/media?parent=215815"}],"wp:term":[{"taxonomy":"product_brand","embeddable":true,"href":"https:\/\/marktxxl.de\/markt\/wp-json\/wp\/v2\/product_brand?post=215815"},{"taxonomy":"product_cat","embeddable":true,"href":"https:\/\/marktxxl.de\/markt\/wp-json\/wp\/v2\/product_cat?post=215815"},{"taxonomy":"product_tag","embeddable":true,"href":"https:\/\/marktxxl.de\/markt\/wp-json\/wp\/v2\/product_tag?post=215815"}],"curies":[{"name":"wp","href":"https:\/\/api.w.org\/{rel}","templated":true}]}}