{"id":215790,"date":"2024-06-29T05:56:51","date_gmt":"2024-06-29T03:56:51","guid":{"rendered":"https:\/\/marktxxl.de\/markt\/produkt\/sweetme-glukose-pulver-1-kg-gloria-trockenglukose-glucose-glukoselikoerzucker-lebensmittelqualitaet-eisherstellung-ohne-zusaetze\/"},"modified":"2024-06-29T05:56:51","modified_gmt":"2024-06-29T03:56:51","slug":"sweetme-glukose-pulver-1-kg-gloria-trockenglukose-glucose-glukoselikoerzucker-lebensmittelqualitaet-eisherstellung-ohne-zusaetze","status":"publish","type":"product","link":"https:\/\/marktxxl.de\/markt\/produkt\/sweetme-glukose-pulver-1-kg-gloria-trockenglukose-glucose-glukoselikoerzucker-lebensmittelqualitaet-eisherstellung-ohne-zusaetze\/","title":{"rendered":"SWEETme\u00ae Glukose Pulver 1 kg &#8211; Gloria Trockenglukose, Glucose, Glukose,Lik\u00f6rzucker, Lebensmittelqualit\u00e4t, Eisherstellung, ohne Zus\u00e4tze"},"content":{"rendered":"<p>Gloria Trockenglukose: Glukose wird \u00e4hnlich wie Maltodextrin durch Hydrolyse aus St\u00e4rke gewonnen, ist also ein St\u00e4rkeverzuckerungsprodukt mit einem Verzuckerungswert von 36 &#8211; 40 DE (Dextrose-\u00c4quivalent). Glucose wird spr\u00fchgetrocknet und ist ein freiflie\u00dfendes, feines, wei\u00dfes Pulver. Es ist nahezu geschmacksneutral und m\u00e4\u00dfig s\u00fc\u00df.<br \/>\nPerfekte Creme: In der SWEETme-K\u00fcche ist die Gloria f\u00fcr die perfekte Crema verantwortlich. Eiscreme, Sahne oder selbstgemachter Lik\u00f6r gelingen mit Trockenglukose einfach immer perfekt! Gloria Trockenglukose entspricht 1\/3 der S\u00fc\u00dfkraft von Zucker bzw. Invertzuckersirup. Durch Austausch von einem Teil Zucker durch Glukose wird z.B.: Lik\u00f6r oder Eiscreme deutlich cremiger und verbessert das Geschmacksbild.<br \/>\nEinfach angewendet: Trockenglukose kann einfach in den Lik\u00f6r, Eiscremes und Desserts nach Rezept einger\u00fchrt werden. Um fl\u00fcssigen Glukosesirup zu erhalten, mischt man Trockenglukose mit Wasser im Verh\u00e4ltnis 3:1.<br \/>\nBeste Qualit\u00e4t: Das Premium Produkt ist frei von Zusatzstoffen, Farb- oder Geschmacksverst\u00e4rkern oder Allergenen und wird ohne Einsatz von Gentechnik hergestellt.<br \/>\nNachhaltigkeit: Die zugelassene Abf\u00fcllung nach strengsten Qualit\u00e4tsanforderungen bei Golden Peanut unterliegt der st\u00e4ndigen Kontrolle durch die Lebensmittel-\u00dcberwachung. Das Premium Produkt wird in Deutschland in eine nachhaltige Verpackung mit EU-Konformit\u00e4tsbescheinigung sorgf\u00e4ltig verpackt.<br \/>\n<div class=\"main-cross-sell\" data-asin=\"B09QKXXLM2\">\n\n\t<div class=\"WooZone-cross-sell-loader\">\n\t\t<div>\n\t\t\t<div id=\"floatingBarsG\">\n\t\t\t\t<div class=\"blockG\" id=\"rotateG_01\"><\/div>\n\t\t\t\t<div class=\"blockG\" id=\"rotateG_02\"><\/div>\n\t\t\t\t<div class=\"blockG\" id=\"rotateG_03\"><\/div>\n\t\t\t\t<div class=\"blockG\" id=\"rotateG_04\"><\/div>\n\t\t\t\t<div class=\"blockG\" id=\"rotateG_05\"><\/div>\n\t\t\t\t<div class=\"blockG\" id=\"rotateG_06\"><\/div>\n\t\t\t\t<div class=\"blockG\" id=\"rotateG_07\"><\/div>\n\t\t\t\t<div class=\"blockG\" id=\"rotateG_08\"><\/div>\n\t\t\t<\/div>\n\t\t\t<div class=\"WooZone-cross-sell-loader-text\"><\/div>\n\t\t<\/div>\n\t<\/div>\n\n\t\t\n<\/div>\n<div style=\"clear:both;\"><\/div><\/p>\n","protected":false},"excerpt":{"rendered":"<p>Gloria Trockenglukose: Glukose wird \u00e4hnlich wie Maltodextrin durch Hydrolyse aus St\u00e4rke gewonnen, ist also ein St\u00e4rkeverzuckerungsprodukt mit einem Verzuckerungswert von 36 &#8211; 40 DE (Dextrose-\u00c4quivalent). Glucose wird spr\u00fchgetrocknet und ist ein freiflie\u00dfendes, feines, wei\u00dfes Pulver. Es ist nahezu geschmacksneutral und m\u00e4\u00dfig s\u00fc\u00df.<br \/>\nPerfekte Creme: In der SWEETme-K\u00fcche ist die Gloria f\u00fcr die perfekte Crema verantwortlich. Eiscreme, Sahne oder selbstgemachter Lik\u00f6r gelingen mit Trockenglukose einfach immer perfekt! Gloria Trockenglukose entspricht 1\/3 der S\u00fc\u00dfkraft von Zucker bzw. Invertzuckersirup. Durch Austausch von einem Teil Zucker durch Glukose wird z.B.: Lik\u00f6r oder Eiscreme deutlich cremiger und verbessert das Geschmacksbild.<br \/>\nEinfach angewendet: Trockenglukose kann einfach in den Lik\u00f6r, Eiscremes und Desserts nach Rezept einger\u00fchrt werden. Um fl\u00fcssigen Glukosesirup zu erhalten, mischt man Trockenglukose mit Wasser im Verh\u00e4ltnis 3:1.<\/p>\n","protected":false},"featured_media":215791,"comment_status":"open","ping_status":"closed","template":"","meta":[],"product_brand":[],"product_cat":[566,6104],"product_tag":[],"class_list":{"0":"post-215790","1":"product","2":"type-product","3":"status-publish","4":"has-post-thumbnail","6":"product_cat-drogerie-koerperpflege","7":"product_cat-nahrungsergaenzung","8":"pa_brand-sweetme","9":"pa_manufacturer-golden-peanut","10":"pa_size-1-kg-1er-pack","11":"pa_weight-2-20462262-pfund","13":"first","14":"instock","15":"shipping-taxable","16":"purchasable","17":"product-type-simple","18":"customify-col","19":"product-has-gallery"},"yoast_head":"<!-- This site is optimized with the Yoast SEO plugin v27.4 - https:\/\/yoast.com\/product\/yoast-seo-wordpress\/ -->\n<title>SWEETme\u00ae Glukose Pulver 1 kg - Gloria Trockenglukose, Glucose, Glukose,Lik\u00f6rzucker, Lebensmittelqualit\u00e4t, Eisherstellung, ohne Zus\u00e4tze - Markt-XXL<\/title>\n<meta name=\"description\" content=\"Markt-XXL SWEETme\u00ae Glukose Pulver 1 kg - Gloria Trockenglukose, Glucose, Glukose,Lik\u00f6rzucker, Lebensmittelqualit\u00e4t, Eisherstellung, ohne Zus\u00e4tze\" \/>\n<meta name=\"robots\" content=\"index, follow, max-snippet:-1, max-image-preview:large, max-video-preview:-1\" \/>\n<link rel=\"canonical\" href=\"https:\/\/marktxxl.de\/markt\/produkt\/sweetme-glukose-pulver-1-kg-gloria-trockenglukose-glucose-glukoselikoerzucker-lebensmittelqualitaet-eisherstellung-ohne-zusaetze\/\" \/>\n<meta property=\"og:locale\" content=\"de_DE\" \/>\n<meta property=\"og:type\" content=\"article\" \/>\n<meta property=\"og:title\" content=\"SWEETme\u00ae Glukose Pulver 1 kg - Gloria Trockenglukose, Glucose, Glukose,Lik\u00f6rzucker, Lebensmittelqualit\u00e4t, Eisherstellung, ohne Zus\u00e4tze - Markt-XXL\" \/>\n<meta property=\"og:description\" content=\"Markt-XXL SWEETme\u00ae Glukose Pulver 1 kg - Gloria Trockenglukose, Glucose, Glukose,Lik\u00f6rzucker, Lebensmittelqualit\u00e4t, Eisherstellung, ohne Zus\u00e4tze\" \/>\n<meta property=\"og:url\" content=\"https:\/\/marktxxl.de\/markt\/produkt\/sweetme-glukose-pulver-1-kg-gloria-trockenglukose-glucose-glukoselikoerzucker-lebensmittelqualitaet-eisherstellung-ohne-zusaetze\/\" \/>\n<meta property=\"og:site_name\" content=\"Markt-XXL\" \/>\n<meta name=\"twitter:card\" content=\"summary_large_image\" \/>\n<meta name=\"twitter:label1\" content=\"Gesch\u00e4tzte Lesezeit\" \/>\n\t<meta name=\"twitter:data1\" content=\"1\u00a0Minute\" \/>\n<script type=\"application\/ld+json\" class=\"yoast-schema-graph\">{\"@context\":\"https:\\\/\\\/schema.org\",\"@graph\":[{\"@type\":\"WebPage\",\"@id\":\"https:\\\/\\\/marktxxl.de\\\/markt\\\/produkt\\\/sweetme-glukose-pulver-1-kg-gloria-trockenglukose-glucose-glukoselikoerzucker-lebensmittelqualitaet-eisherstellung-ohne-zusaetze\\\/\",\"url\":\"https:\\\/\\\/marktxxl.de\\\/markt\\\/produkt\\\/sweetme-glukose-pulver-1-kg-gloria-trockenglukose-glucose-glukoselikoerzucker-lebensmittelqualitaet-eisherstellung-ohne-zusaetze\\\/\",\"name\":\"SWEETme\u00ae Glukose Pulver 1 kg - Gloria Trockenglukose, Glucose, Glukose,Lik\u00f6rzucker, Lebensmittelqualit\u00e4t, Eisherstellung, ohne Zus\u00e4tze - Markt-XXL\",\"isPartOf\":{\"@id\":\"https:\\\/\\\/marktxxl.de\\\/markt\\\/#website\"},\"primaryImageOfPage\":{\"@id\":\"https:\\\/\\\/marktxxl.de\\\/markt\\\/produkt\\\/sweetme-glukose-pulver-1-kg-gloria-trockenglukose-glucose-glukoselikoerzucker-lebensmittelqualitaet-eisherstellung-ohne-zusaetze\\\/#primaryimage\"},\"image\":{\"@id\":\"https:\\\/\\\/marktxxl.de\\\/markt\\\/produkt\\\/sweetme-glukose-pulver-1-kg-gloria-trockenglukose-glucose-glukoselikoerzucker-lebensmittelqualitaet-eisherstellung-ohne-zusaetze\\\/#primaryimage\"},\"thumbnailUrl\":\"https:\\\/\\\/m.media-amazon.com\\\/images\\\/I\\\/41Ui9-v0R1L._SL500_.jpg\",\"datePublished\":\"2024-06-29T03:56:51+00:00\",\"description\":\"Markt-XXL SWEETme\u00ae Glukose Pulver 1 kg - Gloria Trockenglukose, Glucose, Glukose,Lik\u00f6rzucker, Lebensmittelqualit\u00e4t, Eisherstellung, ohne Zus\u00e4tze\",\"breadcrumb\":{\"@id\":\"https:\\\/\\\/marktxxl.de\\\/markt\\\/produkt\\\/sweetme-glukose-pulver-1-kg-gloria-trockenglukose-glucose-glukoselikoerzucker-lebensmittelqualitaet-eisherstellung-ohne-zusaetze\\\/#breadcrumb\"},\"inLanguage\":\"de\",\"potentialAction\":[{\"@type\":\"ReadAction\",\"target\":[\"https:\\\/\\\/marktxxl.de\\\/markt\\\/produkt\\\/sweetme-glukose-pulver-1-kg-gloria-trockenglukose-glucose-glukoselikoerzucker-lebensmittelqualitaet-eisherstellung-ohne-zusaetze\\\/\"]}]},{\"@type\":\"ImageObject\",\"inLanguage\":\"de\",\"@id\":\"https:\\\/\\\/marktxxl.de\\\/markt\\\/produkt\\\/sweetme-glukose-pulver-1-kg-gloria-trockenglukose-glucose-glukoselikoerzucker-lebensmittelqualitaet-eisherstellung-ohne-zusaetze\\\/#primaryimage\",\"url\":\"https:\\\/\\\/m.media-amazon.com\\\/images\\\/I\\\/41Ui9-v0R1L._SL500_.jpg\",\"contentUrl\":\"https:\\\/\\\/m.media-amazon.com\\\/images\\\/I\\\/41Ui9-v0R1L._SL500_.jpg\",\"width\":500,\"height\":500},{\"@type\":\"BreadcrumbList\",\"@id\":\"https:\\\/\\\/marktxxl.de\\\/markt\\\/produkt\\\/sweetme-glukose-pulver-1-kg-gloria-trockenglukose-glucose-glukoselikoerzucker-lebensmittelqualitaet-eisherstellung-ohne-zusaetze\\\/#breadcrumb\",\"itemListElement\":[{\"@type\":\"ListItem\",\"position\":1,\"name\":\"Startseite\",\"item\":\"https:\\\/\\\/marktxxl.de\\\/markt\\\/\"},{\"@type\":\"ListItem\",\"position\":2,\"name\":\"Markt\",\"item\":\"https:\\\/\\\/marktxxl.de\\\/markt\\\/\"},{\"@type\":\"ListItem\",\"position\":3,\"name\":\"SWEETme\u00ae Glukose Pulver 1 kg &#8211; Gloria Trockenglukose, Glucose, Glukose,Lik\u00f6rzucker, Lebensmittelqualit\u00e4t, Eisherstellung, ohne Zus\u00e4tze\"}]},{\"@type\":\"WebSite\",\"@id\":\"https:\\\/\\\/marktxxl.de\\\/markt\\\/#website\",\"url\":\"https:\\\/\\\/marktxxl.de\\\/markt\\\/\",\"name\":\"Markt-XXL\",\"description\":\"Ihr Markt Online\",\"publisher\":{\"@id\":\"https:\\\/\\\/marktxxl.de\\\/markt\\\/#organization\"},\"potentialAction\":[{\"@type\":\"SearchAction\",\"target\":{\"@type\":\"EntryPoint\",\"urlTemplate\":\"https:\\\/\\\/marktxxl.de\\\/markt\\\/?s={search_term_string}\"},\"query-input\":{\"@type\":\"PropertyValueSpecification\",\"valueRequired\":true,\"valueName\":\"search_term_string\"}}],\"inLanguage\":\"de\"},{\"@type\":\"Organization\",\"@id\":\"https:\\\/\\\/marktxxl.de\\\/markt\\\/#organization\",\"name\":\"Markt-XXL\",\"url\":\"https:\\\/\\\/marktxxl.de\\\/markt\\\/\",\"logo\":{\"@type\":\"ImageObject\",\"inLanguage\":\"de\",\"@id\":\"https:\\\/\\\/marktxxl.de\\\/markt\\\/#\\\/schema\\\/logo\\\/image\\\/\",\"url\":\"https:\\\/\\\/marktxxl.de\\\/markt\\\/wp-content\\\/uploads\\\/sites\\\/3\\\/2020\\\/12\\\/logo.png\",\"contentUrl\":\"https:\\\/\\\/marktxxl.de\\\/markt\\\/wp-content\\\/uploads\\\/sites\\\/3\\\/2020\\\/12\\\/logo.png\",\"width\":200,\"height\":70,\"caption\":\"Markt-XXL\"},\"image\":{\"@id\":\"https:\\\/\\\/marktxxl.de\\\/markt\\\/#\\\/schema\\\/logo\\\/image\\\/\"}}]}<\/script>\n<!-- \/ Yoast SEO plugin. -->","yoast_head_json":{"title":"SWEETme\u00ae Glukose Pulver 1 kg - Gloria Trockenglukose, Glucose, Glukose,Lik\u00f6rzucker, Lebensmittelqualit\u00e4t, Eisherstellung, ohne Zus\u00e4tze - Markt-XXL","description":"Markt-XXL SWEETme\u00ae Glukose Pulver 1 kg - Gloria Trockenglukose, Glucose, Glukose,Lik\u00f6rzucker, Lebensmittelqualit\u00e4t, Eisherstellung, ohne Zus\u00e4tze","robots":{"index":"index","follow":"follow","max-snippet":"max-snippet:-1","max-image-preview":"max-image-preview:large","max-video-preview":"max-video-preview:-1"},"canonical":"https:\/\/marktxxl.de\/markt\/produkt\/sweetme-glukose-pulver-1-kg-gloria-trockenglukose-glucose-glukoselikoerzucker-lebensmittelqualitaet-eisherstellung-ohne-zusaetze\/","og_locale":"de_DE","og_type":"article","og_title":"SWEETme\u00ae Glukose Pulver 1 kg - Gloria Trockenglukose, Glucose, Glukose,Lik\u00f6rzucker, Lebensmittelqualit\u00e4t, Eisherstellung, ohne Zus\u00e4tze - Markt-XXL","og_description":"Markt-XXL SWEETme\u00ae Glukose Pulver 1 kg - Gloria Trockenglukose, Glucose, Glukose,Lik\u00f6rzucker, Lebensmittelqualit\u00e4t, Eisherstellung, ohne Zus\u00e4tze","og_url":"https:\/\/marktxxl.de\/markt\/produkt\/sweetme-glukose-pulver-1-kg-gloria-trockenglukose-glucose-glukoselikoerzucker-lebensmittelqualitaet-eisherstellung-ohne-zusaetze\/","og_site_name":"Markt-XXL","twitter_card":"summary_large_image","twitter_misc":{"Gesch\u00e4tzte Lesezeit":"1\u00a0Minute"},"schema":{"@context":"https:\/\/schema.org","@graph":[{"@type":"WebPage","@id":"https:\/\/marktxxl.de\/markt\/produkt\/sweetme-glukose-pulver-1-kg-gloria-trockenglukose-glucose-glukoselikoerzucker-lebensmittelqualitaet-eisherstellung-ohne-zusaetze\/","url":"https:\/\/marktxxl.de\/markt\/produkt\/sweetme-glukose-pulver-1-kg-gloria-trockenglukose-glucose-glukoselikoerzucker-lebensmittelqualitaet-eisherstellung-ohne-zusaetze\/","name":"SWEETme\u00ae Glukose Pulver 1 kg - Gloria Trockenglukose, Glucose, Glukose,Lik\u00f6rzucker, Lebensmittelqualit\u00e4t, Eisherstellung, ohne Zus\u00e4tze - Markt-XXL","isPartOf":{"@id":"https:\/\/marktxxl.de\/markt\/#website"},"primaryImageOfPage":{"@id":"https:\/\/marktxxl.de\/markt\/produkt\/sweetme-glukose-pulver-1-kg-gloria-trockenglukose-glucose-glukoselikoerzucker-lebensmittelqualitaet-eisherstellung-ohne-zusaetze\/#primaryimage"},"image":{"@id":"https:\/\/marktxxl.de\/markt\/produkt\/sweetme-glukose-pulver-1-kg-gloria-trockenglukose-glucose-glukoselikoerzucker-lebensmittelqualitaet-eisherstellung-ohne-zusaetze\/#primaryimage"},"thumbnailUrl":"https:\/\/m.media-amazon.com\/images\/I\/41Ui9-v0R1L._SL500_.jpg","datePublished":"2024-06-29T03:56:51+00:00","description":"Markt-XXL SWEETme\u00ae Glukose Pulver 1 kg - Gloria Trockenglukose, Glucose, Glukose,Lik\u00f6rzucker, Lebensmittelqualit\u00e4t, Eisherstellung, ohne Zus\u00e4tze","breadcrumb":{"@id":"https:\/\/marktxxl.de\/markt\/produkt\/sweetme-glukose-pulver-1-kg-gloria-trockenglukose-glucose-glukoselikoerzucker-lebensmittelqualitaet-eisherstellung-ohne-zusaetze\/#breadcrumb"},"inLanguage":"de","potentialAction":[{"@type":"ReadAction","target":["https:\/\/marktxxl.de\/markt\/produkt\/sweetme-glukose-pulver-1-kg-gloria-trockenglukose-glucose-glukoselikoerzucker-lebensmittelqualitaet-eisherstellung-ohne-zusaetze\/"]}]},{"@type":"ImageObject","inLanguage":"de","@id":"https:\/\/marktxxl.de\/markt\/produkt\/sweetme-glukose-pulver-1-kg-gloria-trockenglukose-glucose-glukoselikoerzucker-lebensmittelqualitaet-eisherstellung-ohne-zusaetze\/#primaryimage","url":"https:\/\/m.media-amazon.com\/images\/I\/41Ui9-v0R1L._SL500_.jpg","contentUrl":"https:\/\/m.media-amazon.com\/images\/I\/41Ui9-v0R1L._SL500_.jpg","width":500,"height":500},{"@type":"BreadcrumbList","@id":"https:\/\/marktxxl.de\/markt\/produkt\/sweetme-glukose-pulver-1-kg-gloria-trockenglukose-glucose-glukoselikoerzucker-lebensmittelqualitaet-eisherstellung-ohne-zusaetze\/#breadcrumb","itemListElement":[{"@type":"ListItem","position":1,"name":"Startseite","item":"https:\/\/marktxxl.de\/markt\/"},{"@type":"ListItem","position":2,"name":"Markt","item":"https:\/\/marktxxl.de\/markt\/"},{"@type":"ListItem","position":3,"name":"SWEETme\u00ae Glukose Pulver 1 kg &#8211; Gloria Trockenglukose, Glucose, Glukose,Lik\u00f6rzucker, Lebensmittelqualit\u00e4t, Eisherstellung, ohne Zus\u00e4tze"}]},{"@type":"WebSite","@id":"https:\/\/marktxxl.de\/markt\/#website","url":"https:\/\/marktxxl.de\/markt\/","name":"Markt-XXL","description":"Ihr Markt Online","publisher":{"@id":"https:\/\/marktxxl.de\/markt\/#organization"},"potentialAction":[{"@type":"SearchAction","target":{"@type":"EntryPoint","urlTemplate":"https:\/\/marktxxl.de\/markt\/?s={search_term_string}"},"query-input":{"@type":"PropertyValueSpecification","valueRequired":true,"valueName":"search_term_string"}}],"inLanguage":"de"},{"@type":"Organization","@id":"https:\/\/marktxxl.de\/markt\/#organization","name":"Markt-XXL","url":"https:\/\/marktxxl.de\/markt\/","logo":{"@type":"ImageObject","inLanguage":"de","@id":"https:\/\/marktxxl.de\/markt\/#\/schema\/logo\/image\/","url":"https:\/\/marktxxl.de\/markt\/wp-content\/uploads\/sites\/3\/2020\/12\/logo.png","contentUrl":"https:\/\/marktxxl.de\/markt\/wp-content\/uploads\/sites\/3\/2020\/12\/logo.png","width":200,"height":70,"caption":"Markt-XXL"},"image":{"@id":"https:\/\/marktxxl.de\/markt\/#\/schema\/logo\/image\/"}}]}},"_links":{"self":[{"href":"https:\/\/marktxxl.de\/markt\/wp-json\/wp\/v2\/product\/215790","targetHints":{"allow":["GET"]}}],"collection":[{"href":"https:\/\/marktxxl.de\/markt\/wp-json\/wp\/v2\/product"}],"about":[{"href":"https:\/\/marktxxl.de\/markt\/wp-json\/wp\/v2\/types\/product"}],"replies":[{"embeddable":true,"href":"https:\/\/marktxxl.de\/markt\/wp-json\/wp\/v2\/comments?post=215790"}],"wp:featuredmedia":[{"embeddable":true,"href":"https:\/\/marktxxl.de\/markt\/wp-json\/wp\/v2\/media\/215791"}],"wp:attachment":[{"href":"https:\/\/marktxxl.de\/markt\/wp-json\/wp\/v2\/media?parent=215790"}],"wp:term":[{"taxonomy":"product_brand","embeddable":true,"href":"https:\/\/marktxxl.de\/markt\/wp-json\/wp\/v2\/product_brand?post=215790"},{"taxonomy":"product_cat","embeddable":true,"href":"https:\/\/marktxxl.de\/markt\/wp-json\/wp\/v2\/product_cat?post=215790"},{"taxonomy":"product_tag","embeddable":true,"href":"https:\/\/marktxxl.de\/markt\/wp-json\/wp\/v2\/product_tag?post=215790"}],"curies":[{"name":"wp","href":"https:\/\/api.w.org\/{rel}","templated":true}]}}