{"id":214942,"date":"2024-06-29T02:47:18","date_gmt":"2024-06-29T00:47:18","guid":{"rendered":"https:\/\/marktxxl.de\/markt\/produkt\/munddusche-kabellos-auiei-elektrische-zahnreiniger-tragbar-waterflosser-5-modi-8-duesen-300ml-zahndusche-oral-munddusche-testsieger-fuer-mundpflege-reinigung-reisen-nach-hause\/"},"modified":"2024-06-29T02:47:18","modified_gmt":"2024-06-29T00:47:18","slug":"munddusche-kabellos-auiei-elektrische-zahnreiniger-tragbar-waterflosser-5-modi-8-duesen-300ml-zahndusche-oral-munddusche-testsieger-fuer-mundpflege-reinigung-reisen-nach-hause","status":"publish","type":"product","link":"https:\/\/marktxxl.de\/markt\/produkt\/munddusche-kabellos-auiei-elektrische-zahnreiniger-tragbar-waterflosser-5-modi-8-duesen-300ml-zahndusche-oral-munddusche-testsieger-fuer-mundpflege-reinigung-reisen-nach-hause\/","title":{"rendered":"Munddusche Kabellos, AUIEI Elektrische Zahnreiniger Tragbar Waterflosser 5 Modi &amp; 8 D\u00fcsen, 300ML Zahndusche Oral Munddusche Testsieger f\u00fcr Mundpflege &amp; Reinigung Reisen nach Hause"},"content":{"rendered":"<p>\u2705\u3010Gr\u00fcndlich reinigen &amp; Atem revitalisieren\u3011Ausgestattet mit einer starken Pumpe mit ger\u00e4uscharmer und einzigartiger Pulsationstechnik, hat die kabellose munddusche eine starke Wasserdruckpulsfrequenz von 1400-1800 Mal pro Minute, 30-130PSI bringt leistungsstarke Wasserseide effektiv entfernt alle eingeschlossenen Stellen, die herk\u00f6mmliche Zahnseide nicht erreichen kann, und h\u00e4lt Ihren Atem frisch und wei\u00df Ihre Z\u00e4hne. Sorgen Sie f\u00fcr Ihre Mundgesundheit beginnt mit AUIEI Elektrische Zahnreiniger.<br \/>\n\u2705\u30105 Professionelle Modi &amp; 8 D\u00fcsen\u3011Die elektrische munddusche verf\u00fcgt \u00fcber 5 Reinigungsmodi: Stark, Normal, Weich, Impuls und Kind. Starke Modus f\u00fcr tiefe Reinigung. Und mit der intelligenten Speicherfunktion werden Ihre bevorzugten Modi automatisch gespeichert, bequem f\u00fcr den n\u00e4chsten Gebrauch. 8 drehbare 360\u00b0 D\u00fcsen (4*Standardd\u00fcsen, 1*Orthodontie-D\u00fcse, 1*Parodontie-D\u00fcse, 1*Zungenreiniger, 1*Duschd\u00fcse) erf\u00fcllen die unterschiedlichen Bed\u00fcrfnisse von Familien, reinigen leicht um Zahnspangen, Br\u00fccken und Kieferorthop\u00e4die.<br \/>\n\u2705\u3010Gro\u00dfe Kapazit\u00e4t Wassertank &amp; IPX7 wasserdicht\u3011Ja, mit 300ml Wassertank! nicht brauchen, um Wasser mehrmals nachzuf\u00fcllen. Die Kapazit\u00e4t unserer Wasserzahnseide ist viel besser als andere Produkte. Der abnehmbare Wassertank ist leicht zu reinigen. Das Schwerkraft-Ball-Design nutzt das Wasser im Tank effizienter. IPX 7 wasserdichte Klasse mit verbessertem Motor, um eine sichere Verwendung auch in der Dusche oder im Badezimmer zu gew\u00e4hrleisten (bitte stellen Sie sicher, dass die Silikonabdeckung des Ladeanschlusses geschlossen ist)<br \/>\n\u2705\u3010Lange Akkulaufzeit &amp; tragbares Design\u3011Eingebauter 1500mAh wiederaufladbarer Lithium-Ionen-Akku, die Kabellos Wasserflosser unterst\u00fctzen 30 Tage Dauerbetrieb nach 6 Stunden voll aufgeladen. Kommt mit Typ-C-Kabel, kompatibel mit 5V\/1A-Ladeger\u00e4t, Powerbank, Laptop und Auto-Ladeger\u00e4t usw., diese elektrische Wasserflosser ist leicht und tragbar, perfekt f\u00fcr Reisen und zu Hause verwenden! (Wasserzahnseide funktioniert nicht w\u00e4hrend des Ladevorgangs. Hinweis: USB-Kabel enthalten, Ladeadapter nicht enthalten. )<br \/>\n\u2705\u3010Ideale Geschenke f\u00fcr Frauen M\u00e4nner\u3011Sie erhalten ein exquisites Paket Box einschlie\u00dflich 1 x Water Flosser; 8 x Ersatz-Tipps; 1 x Benutzerhandbuch; 1 x USB-C-Kabel. Die perfekte Wahl als Geburtstagsgeschenke, Valentinstag Geschenke, Muttertag Geschenke, Vatertag Geschenke oder Weihnachtsgeschenke f\u00fcr Freunde und Familie. Diese professionelle kabellose Zahnseide ist f\u00fcr empfindliches Zahnfleisch, Anf\u00e4nger, Teenager, Erwachsene und \u00e4ltere Menschen geeignet. Der erste Reichtum ist die Gesundheit, Passen Sie auf sich auf ist auch wichtig.<br \/>\n\u2705\u3010Warme Aufforderung\u3011Es wird empfohlen, f\u00fcr den ersten Gebrauch den weichen Modus zu w\u00e4hlen; Halten Sie den Wassertank w\u00e4hrend des Aufladens leer. Bitte vergewissern Sie sich, dass die Abdeckung des Ladeanschlusses vor dem Gebrauch fest angebracht ist; Setzen Sie die Spitze immer in den Mund, bevor Sie zweitens die ON\/OFF-Taste dr\u00fccken, um die Zahnseide zu starten. Wir empfehlen die Verwendung unseres Original-Ladekabels zum Aufladen.<br \/>\n\u2705\u3010Bessere Kundenbetreuung\u3011Loggen Sie sich in Ihr Amazon-Konto ein &gt; w\u00e4hlen Sie &#8220;Ihre Bestellungen&#8221; &gt; finden Sie die Bestell-ID &gt; klicken Sie auf &#8220;Verk\u00e4ufer kontaktieren&#8221; Wir bieten 12 Monate Kundendienst und 24\/7 reaktionsschnelle Kundenbetreuung, um sicherzustellen, dass Sie alle Unterst\u00fctzung haben, die Sie brauchen, um Ihr L\u00e4cheln gesund zu halten.<br \/>\n<div class=\"main-cross-sell\" data-asin=\"B0D6W6M9M2\">\n\n\t<div class=\"WooZone-cross-sell-loader\">\n\t\t<div>\n\t\t\t<div id=\"floatingBarsG\">\n\t\t\t\t<div class=\"blockG\" id=\"rotateG_01\"><\/div>\n\t\t\t\t<div class=\"blockG\" id=\"rotateG_02\"><\/div>\n\t\t\t\t<div class=\"blockG\" id=\"rotateG_03\"><\/div>\n\t\t\t\t<div class=\"blockG\" id=\"rotateG_04\"><\/div>\n\t\t\t\t<div class=\"blockG\" id=\"rotateG_05\"><\/div>\n\t\t\t\t<div class=\"blockG\" id=\"rotateG_06\"><\/div>\n\t\t\t\t<div class=\"blockG\" id=\"rotateG_07\"><\/div>\n\t\t\t\t<div class=\"blockG\" id=\"rotateG_08\"><\/div>\n\t\t\t<\/div>\n\t\t\t<div class=\"WooZone-cross-sell-loader-text\"><\/div>\n\t\t<\/div>\n\t<\/div>\n\n\t\t\n<\/div>\n<div style=\"clear:both;\"><\/div><\/p>\n","protected":false},"excerpt":{"rendered":"<p>\u2705\u3010Gr\u00fcndlich reinigen &amp; Atem revitalisieren\u3011Ausgestattet mit einer starken Pumpe mit ger\u00e4uscharmer und einzigartiger Pulsationstechnik, hat die kabellose munddusche eine starke Wasserdruckpulsfrequenz von 1400-1800 Mal pro Minute, 30-130PSI bringt leistungsstarke Wasserseide effektiv entfernt alle eingeschlossenen Stellen, die herk\u00f6mmliche Zahnseide nicht erreichen kann, und h\u00e4lt Ihren Atem frisch und wei\u00df Ihre Z\u00e4hne. Sorgen Sie f\u00fcr Ihre Mundgesundheit beginnt mit AUIEI Elektrische Zahnreiniger.<br \/>\n\u2705\u30105 Professionelle Modi &amp; 8 D\u00fcsen\u3011Die elektrische munddusche verf\u00fcgt \u00fcber 5 Reinigungsmodi: Stark, Normal, Weich, Impuls und Kind. Starke Modus f\u00fcr tiefe Reinigung. Und mit der intelligenten Speicherfunktion werden Ihre bevorzugten Modi automatisch gespeichert, bequem f\u00fcr den n\u00e4chsten Gebrauch. 8 drehbare 360\u00b0 D\u00fcsen (4*Standardd\u00fcsen, 1*Orthodontie-D\u00fcse, 1*Parodontie-D\u00fcse, 1*Zungenreiniger, 1*Duschd\u00fcse) erf\u00fcllen die unterschiedlichen Bed\u00fcrfnisse von Familien, reinigen leicht um Zahnspangen, Br\u00fccken und Kieferorthop\u00e4die.<br \/>\n\u2705\u3010Gro\u00dfe Kapazit\u00e4t Wassertank &amp; IPX7 wasserdicht\u3011Ja, mit 300ml Wassertank! nicht brauchen, um Wasser mehrmals nachzuf\u00fcllen. Die Kapazit\u00e4t unserer Wasserzahnseide ist viel besser als andere Produkte. Der abnehmbare Wassertank ist leicht zu reinigen. Das Schwerkraft-Ball-Design nutzt das Wasser im Tank effizienter. IPX 7 wasserdichte Klasse mit verbessertem Motor, um eine sichere Verwendung auch in der Dusche oder im Badezimmer zu gew\u00e4hrleisten (bitte stellen Sie sicher, dass die Silikonabdeckung des Ladeanschlusses geschlossen ist)<\/p>\n","protected":false},"featured_media":214945,"comment_status":"open","ping_status":"closed","template":"","meta":[],"product_brand":[],"product_cat":[566],"product_tag":[],"class_list":{"0":"post-214942","1":"product","2":"type-product","3":"status-publish","4":"has-post-thumbnail","6":"product_cat-drogerie-koerperpflege","7":"pa_binding-badartikel","8":"pa_brand-auiei","9":"pa_farbe-schwarz","10":"pa_farbe-weiss","12":"first","13":"instock","14":"sale","15":"shipping-taxable","16":"purchasable","17":"product-type-variable","18":"customify-col","19":"product-has-gallery"},"yoast_head":"<!-- This site is optimized with the Yoast SEO plugin v27.4 - https:\/\/yoast.com\/product\/yoast-seo-wordpress\/ -->\n<title>Munddusche Kabellos, AUIEI Elektrische Zahnreiniger Tragbar Waterflosser 5 Modi &amp; 8 D\u00fcsen, 300ML Zahndusche Oral Munddusche Testsieger f\u00fcr Mundpflege &amp; Reinigung Reisen nach Hause - Markt-XXL<\/title>\n<meta name=\"description\" content=\"Markt-XXL Munddusche Kabellos, AUIEI Elektrische Zahnreiniger Tragbar Waterflosser 5 Modi &amp; 8 D\u00fcsen, 300ML Zahndusche Oral Munddusche Testsieger f\u00fcr Mundpflege &amp; Reinigung Reisen nach Hause\" \/>\n<meta name=\"robots\" content=\"index, follow, max-snippet:-1, max-image-preview:large, max-video-preview:-1\" \/>\n<link rel=\"canonical\" href=\"https:\/\/marktxxl.de\/markt\/produkt\/munddusche-kabellos-auiei-elektrische-zahnreiniger-tragbar-waterflosser-5-modi-8-duesen-300ml-zahndusche-oral-munddusche-testsieger-fuer-mundpflege-reinigung-reisen-nach-hause\/\" \/>\n<meta property=\"og:locale\" content=\"de_DE\" \/>\n<meta property=\"og:type\" content=\"article\" \/>\n<meta property=\"og:title\" content=\"Munddusche Kabellos, AUIEI Elektrische Zahnreiniger Tragbar Waterflosser 5 Modi &amp; 8 D\u00fcsen, 300ML Zahndusche Oral Munddusche Testsieger f\u00fcr Mundpflege &amp; Reinigung Reisen nach Hause - Markt-XXL\" \/>\n<meta property=\"og:description\" content=\"Markt-XXL Munddusche Kabellos, AUIEI Elektrische Zahnreiniger Tragbar Waterflosser 5 Modi &amp; 8 D\u00fcsen, 300ML Zahndusche Oral Munddusche Testsieger f\u00fcr Mundpflege &amp; Reinigung Reisen nach Hause\" \/>\n<meta property=\"og:url\" content=\"https:\/\/marktxxl.de\/markt\/produkt\/munddusche-kabellos-auiei-elektrische-zahnreiniger-tragbar-waterflosser-5-modi-8-duesen-300ml-zahndusche-oral-munddusche-testsieger-fuer-mundpflege-reinigung-reisen-nach-hause\/\" \/>\n<meta property=\"og:site_name\" content=\"Markt-XXL\" \/>\n<meta name=\"twitter:card\" content=\"summary_large_image\" \/>\n<meta name=\"twitter:label1\" content=\"Gesch\u00e4tzte Lesezeit\" \/>\n\t<meta name=\"twitter:data1\" content=\"2\u00a0Minuten\" \/>\n<script type=\"application\/ld+json\" class=\"yoast-schema-graph\">{\"@context\":\"https:\\\/\\\/schema.org\",\"@graph\":[{\"@type\":\"WebPage\",\"@id\":\"https:\\\/\\\/marktxxl.de\\\/markt\\\/produkt\\\/munddusche-kabellos-auiei-elektrische-zahnreiniger-tragbar-waterflosser-5-modi-8-duesen-300ml-zahndusche-oral-munddusche-testsieger-fuer-mundpflege-reinigung-reisen-nach-hause\\\/\",\"url\":\"https:\\\/\\\/marktxxl.de\\\/markt\\\/produkt\\\/munddusche-kabellos-auiei-elektrische-zahnreiniger-tragbar-waterflosser-5-modi-8-duesen-300ml-zahndusche-oral-munddusche-testsieger-fuer-mundpflege-reinigung-reisen-nach-hause\\\/\",\"name\":\"Munddusche Kabellos, AUIEI Elektrische Zahnreiniger Tragbar Waterflosser 5 Modi &amp; 8 D\u00fcsen, 300ML Zahndusche Oral Munddusche Testsieger f\u00fcr Mundpflege &amp; Reinigung Reisen nach Hause - Markt-XXL\",\"isPartOf\":{\"@id\":\"https:\\\/\\\/marktxxl.de\\\/markt\\\/#website\"},\"primaryImageOfPage\":{\"@id\":\"https:\\\/\\\/marktxxl.de\\\/markt\\\/produkt\\\/munddusche-kabellos-auiei-elektrische-zahnreiniger-tragbar-waterflosser-5-modi-8-duesen-300ml-zahndusche-oral-munddusche-testsieger-fuer-mundpflege-reinigung-reisen-nach-hause\\\/#primaryimage\"},\"image\":{\"@id\":\"https:\\\/\\\/marktxxl.de\\\/markt\\\/produkt\\\/munddusche-kabellos-auiei-elektrische-zahnreiniger-tragbar-waterflosser-5-modi-8-duesen-300ml-zahndusche-oral-munddusche-testsieger-fuer-mundpflege-reinigung-reisen-nach-hause\\\/#primaryimage\"},\"thumbnailUrl\":\"https:\\\/\\\/m.media-amazon.com\\\/images\\\/I\\\/41iWxOXWQCL._SL500_.jpg\",\"datePublished\":\"2024-06-29T00:47:18+00:00\",\"description\":\"Markt-XXL Munddusche Kabellos, AUIEI Elektrische Zahnreiniger Tragbar Waterflosser 5 Modi &amp; 8 D\u00fcsen, 300ML Zahndusche Oral Munddusche Testsieger f\u00fcr Mundpflege &amp; Reinigung Reisen nach Hause\",\"breadcrumb\":{\"@id\":\"https:\\\/\\\/marktxxl.de\\\/markt\\\/produkt\\\/munddusche-kabellos-auiei-elektrische-zahnreiniger-tragbar-waterflosser-5-modi-8-duesen-300ml-zahndusche-oral-munddusche-testsieger-fuer-mundpflege-reinigung-reisen-nach-hause\\\/#breadcrumb\"},\"inLanguage\":\"de\",\"potentialAction\":[{\"@type\":\"ReadAction\",\"target\":[\"https:\\\/\\\/marktxxl.de\\\/markt\\\/produkt\\\/munddusche-kabellos-auiei-elektrische-zahnreiniger-tragbar-waterflosser-5-modi-8-duesen-300ml-zahndusche-oral-munddusche-testsieger-fuer-mundpflege-reinigung-reisen-nach-hause\\\/\"]}]},{\"@type\":\"ImageObject\",\"inLanguage\":\"de\",\"@id\":\"https:\\\/\\\/marktxxl.de\\\/markt\\\/produkt\\\/munddusche-kabellos-auiei-elektrische-zahnreiniger-tragbar-waterflosser-5-modi-8-duesen-300ml-zahndusche-oral-munddusche-testsieger-fuer-mundpflege-reinigung-reisen-nach-hause\\\/#primaryimage\",\"url\":\"https:\\\/\\\/m.media-amazon.com\\\/images\\\/I\\\/41iWxOXWQCL._SL500_.jpg\",\"contentUrl\":\"https:\\\/\\\/m.media-amazon.com\\\/images\\\/I\\\/41iWxOXWQCL._SL500_.jpg\",\"width\":500,\"height\":500},{\"@type\":\"BreadcrumbList\",\"@id\":\"https:\\\/\\\/marktxxl.de\\\/markt\\\/produkt\\\/munddusche-kabellos-auiei-elektrische-zahnreiniger-tragbar-waterflosser-5-modi-8-duesen-300ml-zahndusche-oral-munddusche-testsieger-fuer-mundpflege-reinigung-reisen-nach-hause\\\/#breadcrumb\",\"itemListElement\":[{\"@type\":\"ListItem\",\"position\":1,\"name\":\"Startseite\",\"item\":\"https:\\\/\\\/marktxxl.de\\\/markt\\\/\"},{\"@type\":\"ListItem\",\"position\":2,\"name\":\"Markt\",\"item\":\"https:\\\/\\\/marktxxl.de\\\/markt\\\/\"},{\"@type\":\"ListItem\",\"position\":3,\"name\":\"Munddusche Kabellos, AUIEI Elektrische Zahnreiniger Tragbar Waterflosser 5 Modi &amp; 8 D\u00fcsen, 300ML Zahndusche Oral Munddusche Testsieger f\u00fcr Mundpflege &amp; Reinigung Reisen nach Hause\"}]},{\"@type\":\"WebSite\",\"@id\":\"https:\\\/\\\/marktxxl.de\\\/markt\\\/#website\",\"url\":\"https:\\\/\\\/marktxxl.de\\\/markt\\\/\",\"name\":\"Markt-XXL\",\"description\":\"Ihr Markt Online\",\"publisher\":{\"@id\":\"https:\\\/\\\/marktxxl.de\\\/markt\\\/#organization\"},\"potentialAction\":[{\"@type\":\"SearchAction\",\"target\":{\"@type\":\"EntryPoint\",\"urlTemplate\":\"https:\\\/\\\/marktxxl.de\\\/markt\\\/?s={search_term_string}\"},\"query-input\":{\"@type\":\"PropertyValueSpecification\",\"valueRequired\":true,\"valueName\":\"search_term_string\"}}],\"inLanguage\":\"de\"},{\"@type\":\"Organization\",\"@id\":\"https:\\\/\\\/marktxxl.de\\\/markt\\\/#organization\",\"name\":\"Markt-XXL\",\"url\":\"https:\\\/\\\/marktxxl.de\\\/markt\\\/\",\"logo\":{\"@type\":\"ImageObject\",\"inLanguage\":\"de\",\"@id\":\"https:\\\/\\\/marktxxl.de\\\/markt\\\/#\\\/schema\\\/logo\\\/image\\\/\",\"url\":\"https:\\\/\\\/marktxxl.de\\\/markt\\\/wp-content\\\/uploads\\\/sites\\\/3\\\/2020\\\/12\\\/logo.png\",\"contentUrl\":\"https:\\\/\\\/marktxxl.de\\\/markt\\\/wp-content\\\/uploads\\\/sites\\\/3\\\/2020\\\/12\\\/logo.png\",\"width\":200,\"height\":70,\"caption\":\"Markt-XXL\"},\"image\":{\"@id\":\"https:\\\/\\\/marktxxl.de\\\/markt\\\/#\\\/schema\\\/logo\\\/image\\\/\"}}]}<\/script>\n<!-- \/ Yoast SEO plugin. -->","yoast_head_json":{"title":"Munddusche Kabellos, AUIEI Elektrische Zahnreiniger Tragbar Waterflosser 5 Modi &amp; 8 D\u00fcsen, 300ML Zahndusche Oral Munddusche Testsieger f\u00fcr Mundpflege &amp; Reinigung Reisen nach Hause - Markt-XXL","description":"Markt-XXL Munddusche Kabellos, AUIEI Elektrische Zahnreiniger Tragbar Waterflosser 5 Modi &amp; 8 D\u00fcsen, 300ML Zahndusche Oral Munddusche Testsieger f\u00fcr Mundpflege &amp; Reinigung Reisen nach Hause","robots":{"index":"index","follow":"follow","max-snippet":"max-snippet:-1","max-image-preview":"max-image-preview:large","max-video-preview":"max-video-preview:-1"},"canonical":"https:\/\/marktxxl.de\/markt\/produkt\/munddusche-kabellos-auiei-elektrische-zahnreiniger-tragbar-waterflosser-5-modi-8-duesen-300ml-zahndusche-oral-munddusche-testsieger-fuer-mundpflege-reinigung-reisen-nach-hause\/","og_locale":"de_DE","og_type":"article","og_title":"Munddusche Kabellos, AUIEI Elektrische Zahnreiniger Tragbar Waterflosser 5 Modi &amp; 8 D\u00fcsen, 300ML Zahndusche Oral Munddusche Testsieger f\u00fcr Mundpflege &amp; Reinigung Reisen nach Hause - Markt-XXL","og_description":"Markt-XXL Munddusche Kabellos, AUIEI Elektrische Zahnreiniger Tragbar Waterflosser 5 Modi &amp; 8 D\u00fcsen, 300ML Zahndusche Oral Munddusche Testsieger f\u00fcr Mundpflege &amp; Reinigung Reisen nach Hause","og_url":"https:\/\/marktxxl.de\/markt\/produkt\/munddusche-kabellos-auiei-elektrische-zahnreiniger-tragbar-waterflosser-5-modi-8-duesen-300ml-zahndusche-oral-munddusche-testsieger-fuer-mundpflege-reinigung-reisen-nach-hause\/","og_site_name":"Markt-XXL","twitter_card":"summary_large_image","twitter_misc":{"Gesch\u00e4tzte Lesezeit":"2\u00a0Minuten"},"schema":{"@context":"https:\/\/schema.org","@graph":[{"@type":"WebPage","@id":"https:\/\/marktxxl.de\/markt\/produkt\/munddusche-kabellos-auiei-elektrische-zahnreiniger-tragbar-waterflosser-5-modi-8-duesen-300ml-zahndusche-oral-munddusche-testsieger-fuer-mundpflege-reinigung-reisen-nach-hause\/","url":"https:\/\/marktxxl.de\/markt\/produkt\/munddusche-kabellos-auiei-elektrische-zahnreiniger-tragbar-waterflosser-5-modi-8-duesen-300ml-zahndusche-oral-munddusche-testsieger-fuer-mundpflege-reinigung-reisen-nach-hause\/","name":"Munddusche Kabellos, AUIEI Elektrische Zahnreiniger Tragbar Waterflosser 5 Modi &amp; 8 D\u00fcsen, 300ML Zahndusche Oral Munddusche Testsieger f\u00fcr Mundpflege &amp; Reinigung Reisen nach Hause - Markt-XXL","isPartOf":{"@id":"https:\/\/marktxxl.de\/markt\/#website"},"primaryImageOfPage":{"@id":"https:\/\/marktxxl.de\/markt\/produkt\/munddusche-kabellos-auiei-elektrische-zahnreiniger-tragbar-waterflosser-5-modi-8-duesen-300ml-zahndusche-oral-munddusche-testsieger-fuer-mundpflege-reinigung-reisen-nach-hause\/#primaryimage"},"image":{"@id":"https:\/\/marktxxl.de\/markt\/produkt\/munddusche-kabellos-auiei-elektrische-zahnreiniger-tragbar-waterflosser-5-modi-8-duesen-300ml-zahndusche-oral-munddusche-testsieger-fuer-mundpflege-reinigung-reisen-nach-hause\/#primaryimage"},"thumbnailUrl":"https:\/\/m.media-amazon.com\/images\/I\/41iWxOXWQCL._SL500_.jpg","datePublished":"2024-06-29T00:47:18+00:00","description":"Markt-XXL Munddusche Kabellos, AUIEI Elektrische Zahnreiniger Tragbar Waterflosser 5 Modi &amp; 8 D\u00fcsen, 300ML Zahndusche Oral Munddusche Testsieger f\u00fcr Mundpflege &amp; Reinigung Reisen nach Hause","breadcrumb":{"@id":"https:\/\/marktxxl.de\/markt\/produkt\/munddusche-kabellos-auiei-elektrische-zahnreiniger-tragbar-waterflosser-5-modi-8-duesen-300ml-zahndusche-oral-munddusche-testsieger-fuer-mundpflege-reinigung-reisen-nach-hause\/#breadcrumb"},"inLanguage":"de","potentialAction":[{"@type":"ReadAction","target":["https:\/\/marktxxl.de\/markt\/produkt\/munddusche-kabellos-auiei-elektrische-zahnreiniger-tragbar-waterflosser-5-modi-8-duesen-300ml-zahndusche-oral-munddusche-testsieger-fuer-mundpflege-reinigung-reisen-nach-hause\/"]}]},{"@type":"ImageObject","inLanguage":"de","@id":"https:\/\/marktxxl.de\/markt\/produkt\/munddusche-kabellos-auiei-elektrische-zahnreiniger-tragbar-waterflosser-5-modi-8-duesen-300ml-zahndusche-oral-munddusche-testsieger-fuer-mundpflege-reinigung-reisen-nach-hause\/#primaryimage","url":"https:\/\/m.media-amazon.com\/images\/I\/41iWxOXWQCL._SL500_.jpg","contentUrl":"https:\/\/m.media-amazon.com\/images\/I\/41iWxOXWQCL._SL500_.jpg","width":500,"height":500},{"@type":"BreadcrumbList","@id":"https:\/\/marktxxl.de\/markt\/produkt\/munddusche-kabellos-auiei-elektrische-zahnreiniger-tragbar-waterflosser-5-modi-8-duesen-300ml-zahndusche-oral-munddusche-testsieger-fuer-mundpflege-reinigung-reisen-nach-hause\/#breadcrumb","itemListElement":[{"@type":"ListItem","position":1,"name":"Startseite","item":"https:\/\/marktxxl.de\/markt\/"},{"@type":"ListItem","position":2,"name":"Markt","item":"https:\/\/marktxxl.de\/markt\/"},{"@type":"ListItem","position":3,"name":"Munddusche Kabellos, AUIEI Elektrische Zahnreiniger Tragbar Waterflosser 5 Modi &amp; 8 D\u00fcsen, 300ML Zahndusche Oral Munddusche Testsieger f\u00fcr Mundpflege &amp; Reinigung Reisen nach Hause"}]},{"@type":"WebSite","@id":"https:\/\/marktxxl.de\/markt\/#website","url":"https:\/\/marktxxl.de\/markt\/","name":"Markt-XXL","description":"Ihr Markt Online","publisher":{"@id":"https:\/\/marktxxl.de\/markt\/#organization"},"potentialAction":[{"@type":"SearchAction","target":{"@type":"EntryPoint","urlTemplate":"https:\/\/marktxxl.de\/markt\/?s={search_term_string}"},"query-input":{"@type":"PropertyValueSpecification","valueRequired":true,"valueName":"search_term_string"}}],"inLanguage":"de"},{"@type":"Organization","@id":"https:\/\/marktxxl.de\/markt\/#organization","name":"Markt-XXL","url":"https:\/\/marktxxl.de\/markt\/","logo":{"@type":"ImageObject","inLanguage":"de","@id":"https:\/\/marktxxl.de\/markt\/#\/schema\/logo\/image\/","url":"https:\/\/marktxxl.de\/markt\/wp-content\/uploads\/sites\/3\/2020\/12\/logo.png","contentUrl":"https:\/\/marktxxl.de\/markt\/wp-content\/uploads\/sites\/3\/2020\/12\/logo.png","width":200,"height":70,"caption":"Markt-XXL"},"image":{"@id":"https:\/\/marktxxl.de\/markt\/#\/schema\/logo\/image\/"}}]}},"_links":{"self":[{"href":"https:\/\/marktxxl.de\/markt\/wp-json\/wp\/v2\/product\/214942","targetHints":{"allow":["GET"]}}],"collection":[{"href":"https:\/\/marktxxl.de\/markt\/wp-json\/wp\/v2\/product"}],"about":[{"href":"https:\/\/marktxxl.de\/markt\/wp-json\/wp\/v2\/types\/product"}],"replies":[{"embeddable":true,"href":"https:\/\/marktxxl.de\/markt\/wp-json\/wp\/v2\/comments?post=214942"}],"wp:featuredmedia":[{"embeddable":true,"href":"https:\/\/marktxxl.de\/markt\/wp-json\/wp\/v2\/media\/214945"}],"wp:attachment":[{"href":"https:\/\/marktxxl.de\/markt\/wp-json\/wp\/v2\/media?parent=214942"}],"wp:term":[{"taxonomy":"product_brand","embeddable":true,"href":"https:\/\/marktxxl.de\/markt\/wp-json\/wp\/v2\/product_brand?post=214942"},{"taxonomy":"product_cat","embeddable":true,"href":"https:\/\/marktxxl.de\/markt\/wp-json\/wp\/v2\/product_cat?post=214942"},{"taxonomy":"product_tag","embeddable":true,"href":"https:\/\/marktxxl.de\/markt\/wp-json\/wp\/v2\/product_tag?post=214942"}],"curies":[{"name":"wp","href":"https:\/\/api.w.org\/{rel}","templated":true}]}}