{"id":214935,"date":"2024-06-29T02:46:56","date_gmt":"2024-06-29T00:46:56","guid":{"rendered":"https:\/\/marktxxl.de\/markt\/produkt\/sebamed-baby-kind-pflegecreme-gesicht-koerper-pflegt-zarte-kinderhaut-intensiv-auch-bei-trockener-haut-und-reizungen-75-ml-1er-pack\/"},"modified":"2024-06-29T02:46:56","modified_gmt":"2024-06-29T00:46:56","slug":"sebamed-baby-kind-pflegecreme-gesicht-koerper-pflegt-zarte-kinderhaut-intensiv-auch-bei-trockener-haut-und-reizungen-75-ml-1er-pack","status":"publish","type":"product","link":"https:\/\/marktxxl.de\/markt\/produkt\/sebamed-baby-kind-pflegecreme-gesicht-koerper-pflegt-zarte-kinderhaut-intensiv-auch-bei-trockener-haut-und-reizungen-75-ml-1er-pack\/","title":{"rendered":"SEBAMED Baby &amp; Kind Pflegecreme Gesicht &amp; K\u00f6rper, pflegt zarte Kinderhaut intensiv, auch bei trockener Haut und Reizungen, 75 ml (1er Pack)"},"content":{"rendered":"<p>sebamed Baby &amp; Kind Pflegecreme pflegt zarte Kinderhaut intensiv, auch bei trockener Haut und Reizungen<br \/>\nPflegekomplex mit Panthenol beugt Austrocknung vor, Lipide auf Basis pflanzlicher \u00d6le tragen zum Schutz der Haut bei. Der pH-Wert 5,5 f\u00f6rdert den Aufbau des Hautschutzmantels<br \/>\nAuch therapiebegleitend bei Neurodermitis, Ekzemen, Hautinfektionen \u2013 nach R\u00fccksprache mit dem Kinderarzt. Die sehr gute Hautvertr\u00e4glichkeit ist dermatologisch-klinisch best\u00e4tigt<br \/>\nUnsere Produkte werden in Deutschland entwickelt, getestet und hergestellt. Die Qualit\u00e4t ist durch ausgew\u00e4hlte Rohstoffe und kontrollierte Fertigungsprozesse garantiert<br \/>\nMADE in Germany, ohne Mikroplastik<br \/>\n<div class=\"main-cross-sell\" data-asin=\"B001O1G4L8\">\n\n\t<div class=\"WooZone-cross-sell-loader\">\n\t\t<div>\n\t\t\t<div id=\"floatingBarsG\">\n\t\t\t\t<div class=\"blockG\" id=\"rotateG_01\"><\/div>\n\t\t\t\t<div class=\"blockG\" id=\"rotateG_02\"><\/div>\n\t\t\t\t<div class=\"blockG\" id=\"rotateG_03\"><\/div>\n\t\t\t\t<div class=\"blockG\" id=\"rotateG_04\"><\/div>\n\t\t\t\t<div class=\"blockG\" id=\"rotateG_05\"><\/div>\n\t\t\t\t<div class=\"blockG\" id=\"rotateG_06\"><\/div>\n\t\t\t\t<div class=\"blockG\" id=\"rotateG_07\"><\/div>\n\t\t\t\t<div class=\"blockG\" id=\"rotateG_08\"><\/div>\n\t\t\t<\/div>\n\t\t\t<div class=\"WooZone-cross-sell-loader-text\"><\/div>\n\t\t<\/div>\n\t<\/div>\n\n\t\t\n<\/div>\n<div style=\"clear:both;\"><\/div><\/p>\n","protected":false},"excerpt":{"rendered":"<p>sebamed Baby &amp; Kind Pflegecreme pflegt zarte Kinderhaut intensiv, auch bei trockener Haut und Reizungen<br \/>\nPflegekomplex mit Panthenol beugt Austrocknung vor, Lipide auf Basis pflanzlicher \u00d6le tragen zum Schutz der Haut bei. Der pH-Wert 5,5 f\u00f6rdert den Aufbau des Hautschutzmantels<br \/>\nAuch therapiebegleitend bei Neurodermitis, Ekzemen, Hautinfektionen \u2013 nach R\u00fccksprache mit dem Kinderarzt. Die sehr gute Hautvertr\u00e4glichkeit ist dermatologisch-klinisch best\u00e4tigt<\/p>\n","protected":false},"featured_media":214936,"comment_status":"open","ping_status":"closed","template":"","meta":[],"product_brand":[],"product_cat":[566],"product_tag":[],"class_list":{"0":"post-214935","1":"product","2":"type-product","3":"status-publish","4":"has-post-thumbnail","6":"product_cat-drogerie-koerperpflege","7":"pa_binding-badartikel","8":"pa_brand-sebamed","9":"pa_height-6-1811023559-zoll","10":"pa_languages-unbekannt-deutsch","11":"pa_length-1-574803148-zoll","12":"pa_manufacturer-sebamed","13":"pa_model-54156","14":"pa_size-75-ml-1er-pack","15":"pa_weight-0-01-pounds","16":"pa_width-1-8897637776-zoll","18":"first","19":"instock","20":"shipping-taxable","21":"purchasable","22":"product-type-simple","23":"customify-col","24":"product-has-gallery"},"yoast_head":"<!-- This site is optimized with the Yoast SEO plugin v27.3 - https:\/\/yoast.com\/product\/yoast-seo-wordpress\/ -->\n<title>SEBAMED Baby &amp; Kind Pflegecreme Gesicht &amp; K\u00f6rper, pflegt zarte Kinderhaut intensiv, auch bei trockener Haut und Reizungen, 75 ml (1er Pack) - Markt-XXL<\/title>\n<meta name=\"description\" content=\"Markt-XXL SEBAMED Baby &amp; Kind Pflegecreme Gesicht &amp; K\u00f6rper, pflegt zarte Kinderhaut intensiv, auch bei trockener Haut und Reizungen, 75 ml (1er Pack)\" \/>\n<meta name=\"robots\" content=\"index, follow, max-snippet:-1, max-image-preview:large, max-video-preview:-1\" \/>\n<link rel=\"canonical\" href=\"https:\/\/marktxxl.de\/markt\/produkt\/sebamed-baby-kind-pflegecreme-gesicht-koerper-pflegt-zarte-kinderhaut-intensiv-auch-bei-trockener-haut-und-reizungen-75-ml-1er-pack\/\" \/>\n<meta property=\"og:locale\" content=\"de_DE\" \/>\n<meta property=\"og:type\" content=\"article\" \/>\n<meta property=\"og:title\" content=\"SEBAMED Baby &amp; Kind Pflegecreme Gesicht &amp; K\u00f6rper, pflegt zarte Kinderhaut intensiv, auch bei trockener Haut und Reizungen, 75 ml (1er Pack) - Markt-XXL\" \/>\n<meta property=\"og:description\" content=\"Markt-XXL SEBAMED Baby &amp; Kind Pflegecreme Gesicht &amp; K\u00f6rper, pflegt zarte Kinderhaut intensiv, auch bei trockener Haut und Reizungen, 75 ml (1er Pack)\" \/>\n<meta property=\"og:url\" content=\"https:\/\/marktxxl.de\/markt\/produkt\/sebamed-baby-kind-pflegecreme-gesicht-koerper-pflegt-zarte-kinderhaut-intensiv-auch-bei-trockener-haut-und-reizungen-75-ml-1er-pack\/\" \/>\n<meta property=\"og:site_name\" content=\"Markt-XXL\" \/>\n<meta name=\"twitter:card\" content=\"summary_large_image\" \/>\n<script type=\"application\/ld+json\" class=\"yoast-schema-graph\">{\"@context\":\"https:\\\/\\\/schema.org\",\"@graph\":[{\"@type\":\"WebPage\",\"@id\":\"https:\\\/\\\/marktxxl.de\\\/markt\\\/produkt\\\/sebamed-baby-kind-pflegecreme-gesicht-koerper-pflegt-zarte-kinderhaut-intensiv-auch-bei-trockener-haut-und-reizungen-75-ml-1er-pack\\\/\",\"url\":\"https:\\\/\\\/marktxxl.de\\\/markt\\\/produkt\\\/sebamed-baby-kind-pflegecreme-gesicht-koerper-pflegt-zarte-kinderhaut-intensiv-auch-bei-trockener-haut-und-reizungen-75-ml-1er-pack\\\/\",\"name\":\"SEBAMED Baby &amp; Kind Pflegecreme Gesicht &amp; K\u00f6rper, pflegt zarte Kinderhaut intensiv, auch bei trockener Haut und Reizungen, 75 ml (1er Pack) - Markt-XXL\",\"isPartOf\":{\"@id\":\"https:\\\/\\\/marktxxl.de\\\/markt\\\/#website\"},\"primaryImageOfPage\":{\"@id\":\"https:\\\/\\\/marktxxl.de\\\/markt\\\/produkt\\\/sebamed-baby-kind-pflegecreme-gesicht-koerper-pflegt-zarte-kinderhaut-intensiv-auch-bei-trockener-haut-und-reizungen-75-ml-1er-pack\\\/#primaryimage\"},\"image\":{\"@id\":\"https:\\\/\\\/marktxxl.de\\\/markt\\\/produkt\\\/sebamed-baby-kind-pflegecreme-gesicht-koerper-pflegt-zarte-kinderhaut-intensiv-auch-bei-trockener-haut-und-reizungen-75-ml-1er-pack\\\/#primaryimage\"},\"thumbnailUrl\":\"https:\\\/\\\/m.media-amazon.com\\\/images\\\/I\\\/31u7C40QHqL._SL500_.jpg\",\"datePublished\":\"2024-06-29T00:46:56+00:00\",\"description\":\"Markt-XXL SEBAMED Baby &amp; Kind Pflegecreme Gesicht &amp; K\u00f6rper, pflegt zarte Kinderhaut intensiv, auch bei trockener Haut und Reizungen, 75 ml (1er Pack)\",\"breadcrumb\":{\"@id\":\"https:\\\/\\\/marktxxl.de\\\/markt\\\/produkt\\\/sebamed-baby-kind-pflegecreme-gesicht-koerper-pflegt-zarte-kinderhaut-intensiv-auch-bei-trockener-haut-und-reizungen-75-ml-1er-pack\\\/#breadcrumb\"},\"inLanguage\":\"de\",\"potentialAction\":[{\"@type\":\"ReadAction\",\"target\":[\"https:\\\/\\\/marktxxl.de\\\/markt\\\/produkt\\\/sebamed-baby-kind-pflegecreme-gesicht-koerper-pflegt-zarte-kinderhaut-intensiv-auch-bei-trockener-haut-und-reizungen-75-ml-1er-pack\\\/\"]}]},{\"@type\":\"ImageObject\",\"inLanguage\":\"de\",\"@id\":\"https:\\\/\\\/marktxxl.de\\\/markt\\\/produkt\\\/sebamed-baby-kind-pflegecreme-gesicht-koerper-pflegt-zarte-kinderhaut-intensiv-auch-bei-trockener-haut-und-reizungen-75-ml-1er-pack\\\/#primaryimage\",\"url\":\"https:\\\/\\\/m.media-amazon.com\\\/images\\\/I\\\/31u7C40QHqL._SL500_.jpg\",\"contentUrl\":\"https:\\\/\\\/m.media-amazon.com\\\/images\\\/I\\\/31u7C40QHqL._SL500_.jpg\",\"width\":170,\"height\":500},{\"@type\":\"BreadcrumbList\",\"@id\":\"https:\\\/\\\/marktxxl.de\\\/markt\\\/produkt\\\/sebamed-baby-kind-pflegecreme-gesicht-koerper-pflegt-zarte-kinderhaut-intensiv-auch-bei-trockener-haut-und-reizungen-75-ml-1er-pack\\\/#breadcrumb\",\"itemListElement\":[{\"@type\":\"ListItem\",\"position\":1,\"name\":\"Startseite\",\"item\":\"https:\\\/\\\/marktxxl.de\\\/markt\\\/\"},{\"@type\":\"ListItem\",\"position\":2,\"name\":\"Markt\",\"item\":\"https:\\\/\\\/marktxxl.de\\\/markt\\\/\"},{\"@type\":\"ListItem\",\"position\":3,\"name\":\"SEBAMED Baby &amp; Kind Pflegecreme Gesicht &amp; K\u00f6rper, pflegt zarte Kinderhaut intensiv, auch bei trockener Haut und Reizungen, 75 ml (1er Pack)\"}]},{\"@type\":\"WebSite\",\"@id\":\"https:\\\/\\\/marktxxl.de\\\/markt\\\/#website\",\"url\":\"https:\\\/\\\/marktxxl.de\\\/markt\\\/\",\"name\":\"Markt-XXL\",\"description\":\"Ihr Markt Online\",\"publisher\":{\"@id\":\"https:\\\/\\\/marktxxl.de\\\/markt\\\/#organization\"},\"potentialAction\":[{\"@type\":\"SearchAction\",\"target\":{\"@type\":\"EntryPoint\",\"urlTemplate\":\"https:\\\/\\\/marktxxl.de\\\/markt\\\/?s={search_term_string}\"},\"query-input\":{\"@type\":\"PropertyValueSpecification\",\"valueRequired\":true,\"valueName\":\"search_term_string\"}}],\"inLanguage\":\"de\"},{\"@type\":\"Organization\",\"@id\":\"https:\\\/\\\/marktxxl.de\\\/markt\\\/#organization\",\"name\":\"Markt-XXL\",\"url\":\"https:\\\/\\\/marktxxl.de\\\/markt\\\/\",\"logo\":{\"@type\":\"ImageObject\",\"inLanguage\":\"de\",\"@id\":\"https:\\\/\\\/marktxxl.de\\\/markt\\\/#\\\/schema\\\/logo\\\/image\\\/\",\"url\":\"https:\\\/\\\/marktxxl.de\\\/markt\\\/wp-content\\\/uploads\\\/sites\\\/3\\\/2020\\\/12\\\/logo.png\",\"contentUrl\":\"https:\\\/\\\/marktxxl.de\\\/markt\\\/wp-content\\\/uploads\\\/sites\\\/3\\\/2020\\\/12\\\/logo.png\",\"width\":200,\"height\":70,\"caption\":\"Markt-XXL\"},\"image\":{\"@id\":\"https:\\\/\\\/marktxxl.de\\\/markt\\\/#\\\/schema\\\/logo\\\/image\\\/\"}}]}<\/script>\n<!-- \/ Yoast SEO plugin. -->","yoast_head_json":{"title":"SEBAMED Baby &amp; Kind Pflegecreme Gesicht &amp; K\u00f6rper, pflegt zarte Kinderhaut intensiv, auch bei trockener Haut und Reizungen, 75 ml (1er Pack) - Markt-XXL","description":"Markt-XXL SEBAMED Baby &amp; Kind Pflegecreme Gesicht &amp; K\u00f6rper, pflegt zarte Kinderhaut intensiv, auch bei trockener Haut und Reizungen, 75 ml (1er Pack)","robots":{"index":"index","follow":"follow","max-snippet":"max-snippet:-1","max-image-preview":"max-image-preview:large","max-video-preview":"max-video-preview:-1"},"canonical":"https:\/\/marktxxl.de\/markt\/produkt\/sebamed-baby-kind-pflegecreme-gesicht-koerper-pflegt-zarte-kinderhaut-intensiv-auch-bei-trockener-haut-und-reizungen-75-ml-1er-pack\/","og_locale":"de_DE","og_type":"article","og_title":"SEBAMED Baby &amp; Kind Pflegecreme Gesicht &amp; K\u00f6rper, pflegt zarte Kinderhaut intensiv, auch bei trockener Haut und Reizungen, 75 ml (1er Pack) - Markt-XXL","og_description":"Markt-XXL SEBAMED Baby &amp; Kind Pflegecreme Gesicht &amp; K\u00f6rper, pflegt zarte Kinderhaut intensiv, auch bei trockener Haut und Reizungen, 75 ml (1er Pack)","og_url":"https:\/\/marktxxl.de\/markt\/produkt\/sebamed-baby-kind-pflegecreme-gesicht-koerper-pflegt-zarte-kinderhaut-intensiv-auch-bei-trockener-haut-und-reizungen-75-ml-1er-pack\/","og_site_name":"Markt-XXL","twitter_card":"summary_large_image","schema":{"@context":"https:\/\/schema.org","@graph":[{"@type":"WebPage","@id":"https:\/\/marktxxl.de\/markt\/produkt\/sebamed-baby-kind-pflegecreme-gesicht-koerper-pflegt-zarte-kinderhaut-intensiv-auch-bei-trockener-haut-und-reizungen-75-ml-1er-pack\/","url":"https:\/\/marktxxl.de\/markt\/produkt\/sebamed-baby-kind-pflegecreme-gesicht-koerper-pflegt-zarte-kinderhaut-intensiv-auch-bei-trockener-haut-und-reizungen-75-ml-1er-pack\/","name":"SEBAMED Baby &amp; Kind Pflegecreme Gesicht &amp; K\u00f6rper, pflegt zarte Kinderhaut intensiv, auch bei trockener Haut und Reizungen, 75 ml (1er Pack) - Markt-XXL","isPartOf":{"@id":"https:\/\/marktxxl.de\/markt\/#website"},"primaryImageOfPage":{"@id":"https:\/\/marktxxl.de\/markt\/produkt\/sebamed-baby-kind-pflegecreme-gesicht-koerper-pflegt-zarte-kinderhaut-intensiv-auch-bei-trockener-haut-und-reizungen-75-ml-1er-pack\/#primaryimage"},"image":{"@id":"https:\/\/marktxxl.de\/markt\/produkt\/sebamed-baby-kind-pflegecreme-gesicht-koerper-pflegt-zarte-kinderhaut-intensiv-auch-bei-trockener-haut-und-reizungen-75-ml-1er-pack\/#primaryimage"},"thumbnailUrl":"https:\/\/m.media-amazon.com\/images\/I\/31u7C40QHqL._SL500_.jpg","datePublished":"2024-06-29T00:46:56+00:00","description":"Markt-XXL SEBAMED Baby &amp; Kind Pflegecreme Gesicht &amp; K\u00f6rper, pflegt zarte Kinderhaut intensiv, auch bei trockener Haut und Reizungen, 75 ml (1er Pack)","breadcrumb":{"@id":"https:\/\/marktxxl.de\/markt\/produkt\/sebamed-baby-kind-pflegecreme-gesicht-koerper-pflegt-zarte-kinderhaut-intensiv-auch-bei-trockener-haut-und-reizungen-75-ml-1er-pack\/#breadcrumb"},"inLanguage":"de","potentialAction":[{"@type":"ReadAction","target":["https:\/\/marktxxl.de\/markt\/produkt\/sebamed-baby-kind-pflegecreme-gesicht-koerper-pflegt-zarte-kinderhaut-intensiv-auch-bei-trockener-haut-und-reizungen-75-ml-1er-pack\/"]}]},{"@type":"ImageObject","inLanguage":"de","@id":"https:\/\/marktxxl.de\/markt\/produkt\/sebamed-baby-kind-pflegecreme-gesicht-koerper-pflegt-zarte-kinderhaut-intensiv-auch-bei-trockener-haut-und-reizungen-75-ml-1er-pack\/#primaryimage","url":"https:\/\/m.media-amazon.com\/images\/I\/31u7C40QHqL._SL500_.jpg","contentUrl":"https:\/\/m.media-amazon.com\/images\/I\/31u7C40QHqL._SL500_.jpg","width":170,"height":500},{"@type":"BreadcrumbList","@id":"https:\/\/marktxxl.de\/markt\/produkt\/sebamed-baby-kind-pflegecreme-gesicht-koerper-pflegt-zarte-kinderhaut-intensiv-auch-bei-trockener-haut-und-reizungen-75-ml-1er-pack\/#breadcrumb","itemListElement":[{"@type":"ListItem","position":1,"name":"Startseite","item":"https:\/\/marktxxl.de\/markt\/"},{"@type":"ListItem","position":2,"name":"Markt","item":"https:\/\/marktxxl.de\/markt\/"},{"@type":"ListItem","position":3,"name":"SEBAMED Baby &amp; Kind Pflegecreme Gesicht &amp; K\u00f6rper, pflegt zarte Kinderhaut intensiv, auch bei trockener Haut und Reizungen, 75 ml (1er Pack)"}]},{"@type":"WebSite","@id":"https:\/\/marktxxl.de\/markt\/#website","url":"https:\/\/marktxxl.de\/markt\/","name":"Markt-XXL","description":"Ihr Markt Online","publisher":{"@id":"https:\/\/marktxxl.de\/markt\/#organization"},"potentialAction":[{"@type":"SearchAction","target":{"@type":"EntryPoint","urlTemplate":"https:\/\/marktxxl.de\/markt\/?s={search_term_string}"},"query-input":{"@type":"PropertyValueSpecification","valueRequired":true,"valueName":"search_term_string"}}],"inLanguage":"de"},{"@type":"Organization","@id":"https:\/\/marktxxl.de\/markt\/#organization","name":"Markt-XXL","url":"https:\/\/marktxxl.de\/markt\/","logo":{"@type":"ImageObject","inLanguage":"de","@id":"https:\/\/marktxxl.de\/markt\/#\/schema\/logo\/image\/","url":"https:\/\/marktxxl.de\/markt\/wp-content\/uploads\/sites\/3\/2020\/12\/logo.png","contentUrl":"https:\/\/marktxxl.de\/markt\/wp-content\/uploads\/sites\/3\/2020\/12\/logo.png","width":200,"height":70,"caption":"Markt-XXL"},"image":{"@id":"https:\/\/marktxxl.de\/markt\/#\/schema\/logo\/image\/"}}]}},"_links":{"self":[{"href":"https:\/\/marktxxl.de\/markt\/wp-json\/wp\/v2\/product\/214935","targetHints":{"allow":["GET"]}}],"collection":[{"href":"https:\/\/marktxxl.de\/markt\/wp-json\/wp\/v2\/product"}],"about":[{"href":"https:\/\/marktxxl.de\/markt\/wp-json\/wp\/v2\/types\/product"}],"replies":[{"embeddable":true,"href":"https:\/\/marktxxl.de\/markt\/wp-json\/wp\/v2\/comments?post=214935"}],"wp:featuredmedia":[{"embeddable":true,"href":"https:\/\/marktxxl.de\/markt\/wp-json\/wp\/v2\/media\/214936"}],"wp:attachment":[{"href":"https:\/\/marktxxl.de\/markt\/wp-json\/wp\/v2\/media?parent=214935"}],"wp:term":[{"taxonomy":"product_brand","embeddable":true,"href":"https:\/\/marktxxl.de\/markt\/wp-json\/wp\/v2\/product_brand?post=214935"},{"taxonomy":"product_cat","embeddable":true,"href":"https:\/\/marktxxl.de\/markt\/wp-json\/wp\/v2\/product_cat?post=214935"},{"taxonomy":"product_tag","embeddable":true,"href":"https:\/\/marktxxl.de\/markt\/wp-json\/wp\/v2\/product_tag?post=214935"}],"curies":[{"name":"wp","href":"https:\/\/api.w.org\/{rel}","templated":true}]}}