{"id":214607,"date":"2024-06-29T01:04:49","date_gmt":"2024-06-28T23:04:49","guid":{"rendered":"https:\/\/marktxxl.de\/markt\/produkt\/leitz-extrastarker-registraturlocher-aus-metall-2\/"},"modified":"2024-06-29T01:04:49","modified_gmt":"2024-06-28T23:04:49","slug":"leitz-extrastarker-registraturlocher-aus-metall-2","status":"publish","type":"product","link":"https:\/\/marktxxl.de\/markt\/produkt\/leitz-extrastarker-registraturlocher-aus-metall-2\/","title":{"rendered":"Leitz Extrastarker Registraturlocher aus Metall"},"content":{"rendered":"<p>Extrastarker Registraturlocher in Silber f\u00fcr bis zu 65 Blatt (80g\/m\u00b2), F\u00fcr die h\u00e4ufige Verwendung im B\u00fcro oder Industrie, Papierformate (A3, A4, A5, A6, Folio, US-Quart) und 4-fach-Lochung mit Anschlagschiene auf 888<br \/>\nLochen bis zu 65 Blatt (80 g\/m\u00b2), Lochabstand 8 cm, Lochdurchmesser (5,5 mm), 6,5 mm Stanzleistung- platzsparende Aufbewahrung dank integriertem Griffniederhalter; M\u00fcheloses Lochen bei verringertem Kraftbedarf dank Powersave Technologie, Guter Halt beim Lochen dank rutschfestem \u00dcberzug am Griff<br \/>\nHerstellergarantie: 10 Jahre bei Verkauf und Versand durch Amazon. Bei Verkauf und Versand durch einen Drittanbieter gelten die Angaben des jeweiligen Verk\u00e4ufers<br \/>\nLieferumfang: 1 Leitz Extrastarker Registraturlocher, Silber, 51800084, Abmessungen BxHxT 130 x 100 x 220 mm, 2-fach Locher | 1 Flachheftger\u00e4t extrastark, Heftleistung 60 Blatt, silber incl. 5000 Heftklammern<br \/>\n<div class=\"main-cross-sell\" data-asin=\"B0BZJHTW5J\">\n\n\t<div class=\"WooZone-cross-sell-loader\">\n\t\t<div>\n\t\t\t<div id=\"floatingBarsG\">\n\t\t\t\t<div class=\"blockG\" id=\"rotateG_01\"><\/div>\n\t\t\t\t<div class=\"blockG\" id=\"rotateG_02\"><\/div>\n\t\t\t\t<div class=\"blockG\" id=\"rotateG_03\"><\/div>\n\t\t\t\t<div class=\"blockG\" id=\"rotateG_04\"><\/div>\n\t\t\t\t<div class=\"blockG\" id=\"rotateG_05\"><\/div>\n\t\t\t\t<div class=\"blockG\" id=\"rotateG_06\"><\/div>\n\t\t\t\t<div class=\"blockG\" id=\"rotateG_07\"><\/div>\n\t\t\t\t<div class=\"blockG\" id=\"rotateG_08\"><\/div>\n\t\t\t<\/div>\n\t\t\t<div class=\"WooZone-cross-sell-loader-text\"><\/div>\n\t\t<\/div>\n\t<\/div>\n\n\t\t\n<\/div>\n<div style=\"clear:both;\"><\/div><\/p>\n","protected":false},"excerpt":{"rendered":"<p>Extrastarker Registraturlocher in Silber f\u00fcr bis zu 65 Blatt (80g\/m\u00b2), F\u00fcr die h\u00e4ufige Verwendung im B\u00fcro oder Industrie, Papierformate (A3, A4, A5, A6, Folio, US-Quart) und 4-fach-Lochung mit Anschlagschiene auf 888<br \/>\nLochen bis zu 65 Blatt (80 g\/m\u00b2), Lochabstand 8 cm, Lochdurchmesser (5,5 mm), 6,5 mm Stanzleistung- platzsparende Aufbewahrung dank integriertem Griffniederhalter; M\u00fcheloses Lochen bei verringertem Kraftbedarf dank Powersave Technologie, Guter Halt beim Lochen dank rutschfestem \u00dcberzug am Griff<br \/>\nHerstellergarantie: 10 Jahre bei Verkauf und Versand durch Amazon. Bei Verkauf und Versand durch einen Drittanbieter gelten die Angaben des jeweiligen Verk\u00e4ufers<\/p>\n","protected":false},"featured_media":214608,"comment_status":"open","ping_status":"closed","template":"","meta":[],"product_brand":[],"product_cat":[504,8284],"product_tag":[],"class_list":{"0":"post-214607","1":"product","2":"type-product","3":"status-publish","4":"has-post-thumbnail","6":"product_cat-buerobedarf-schreibwaren","7":"product_cat-bueromaterial","8":"pa_binding-buerobedarf-schreibwaren","9":"pa_brand-leitz","10":"pa_manufacturer-leitz","11":"pa_model-54085","13":"first","14":"instock","15":"shipping-taxable","16":"product-type-simple","17":"customify-col","18":"product-has-gallery"},"yoast_head":"<!-- This site is optimized with the Yoast SEO plugin v27.3 - https:\/\/yoast.com\/product\/yoast-seo-wordpress\/ -->\n<title>Leitz Extrastarker Registraturlocher aus Metall - Markt-XXL<\/title>\n<meta name=\"description\" content=\"Markt-XXL Leitz Extrastarker Registraturlocher aus Metall\" \/>\n<meta name=\"robots\" content=\"index, follow, max-snippet:-1, max-image-preview:large, max-video-preview:-1\" \/>\n<link rel=\"canonical\" href=\"https:\/\/marktxxl.de\/markt\/produkt\/leitz-extrastarker-registraturlocher-aus-metall-2\/\" \/>\n<meta property=\"og:locale\" content=\"de_DE\" \/>\n<meta property=\"og:type\" content=\"article\" \/>\n<meta property=\"og:title\" content=\"Leitz Extrastarker Registraturlocher aus Metall - Markt-XXL\" \/>\n<meta property=\"og:description\" content=\"Markt-XXL Leitz Extrastarker Registraturlocher aus Metall\" \/>\n<meta property=\"og:url\" content=\"https:\/\/marktxxl.de\/markt\/produkt\/leitz-extrastarker-registraturlocher-aus-metall-2\/\" \/>\n<meta property=\"og:site_name\" content=\"Markt-XXL\" \/>\n<meta name=\"twitter:card\" content=\"summary_large_image\" \/>\n<meta name=\"twitter:label1\" content=\"Gesch\u00e4tzte Lesezeit\" \/>\n\t<meta name=\"twitter:data1\" content=\"1\u00a0Minute\" \/>\n<script type=\"application\/ld+json\" class=\"yoast-schema-graph\">{\"@context\":\"https:\\\/\\\/schema.org\",\"@graph\":[{\"@type\":\"WebPage\",\"@id\":\"https:\\\/\\\/marktxxl.de\\\/markt\\\/produkt\\\/leitz-extrastarker-registraturlocher-aus-metall-2\\\/\",\"url\":\"https:\\\/\\\/marktxxl.de\\\/markt\\\/produkt\\\/leitz-extrastarker-registraturlocher-aus-metall-2\\\/\",\"name\":\"Leitz Extrastarker Registraturlocher aus Metall - Markt-XXL\",\"isPartOf\":{\"@id\":\"https:\\\/\\\/marktxxl.de\\\/markt\\\/#website\"},\"primaryImageOfPage\":{\"@id\":\"https:\\\/\\\/marktxxl.de\\\/markt\\\/produkt\\\/leitz-extrastarker-registraturlocher-aus-metall-2\\\/#primaryimage\"},\"image\":{\"@id\":\"https:\\\/\\\/marktxxl.de\\\/markt\\\/produkt\\\/leitz-extrastarker-registraturlocher-aus-metall-2\\\/#primaryimage\"},\"thumbnailUrl\":\"https:\\\/\\\/m.media-amazon.com\\\/images\\\/I\\\/41Upti0Ym5L._SL500_.jpg\",\"datePublished\":\"2024-06-28T23:04:49+00:00\",\"description\":\"Markt-XXL Leitz Extrastarker Registraturlocher aus Metall\",\"breadcrumb\":{\"@id\":\"https:\\\/\\\/marktxxl.de\\\/markt\\\/produkt\\\/leitz-extrastarker-registraturlocher-aus-metall-2\\\/#breadcrumb\"},\"inLanguage\":\"de\",\"potentialAction\":[{\"@type\":\"ReadAction\",\"target\":[\"https:\\\/\\\/marktxxl.de\\\/markt\\\/produkt\\\/leitz-extrastarker-registraturlocher-aus-metall-2\\\/\"]}]},{\"@type\":\"ImageObject\",\"inLanguage\":\"de\",\"@id\":\"https:\\\/\\\/marktxxl.de\\\/markt\\\/produkt\\\/leitz-extrastarker-registraturlocher-aus-metall-2\\\/#primaryimage\",\"url\":\"https:\\\/\\\/m.media-amazon.com\\\/images\\\/I\\\/41Upti0Ym5L._SL500_.jpg\",\"contentUrl\":\"https:\\\/\\\/m.media-amazon.com\\\/images\\\/I\\\/41Upti0Ym5L._SL500_.jpg\",\"width\":500,\"height\":500},{\"@type\":\"BreadcrumbList\",\"@id\":\"https:\\\/\\\/marktxxl.de\\\/markt\\\/produkt\\\/leitz-extrastarker-registraturlocher-aus-metall-2\\\/#breadcrumb\",\"itemListElement\":[{\"@type\":\"ListItem\",\"position\":1,\"name\":\"Startseite\",\"item\":\"https:\\\/\\\/marktxxl.de\\\/markt\\\/\"},{\"@type\":\"ListItem\",\"position\":2,\"name\":\"Markt\",\"item\":\"https:\\\/\\\/marktxxl.de\\\/markt\\\/\"},{\"@type\":\"ListItem\",\"position\":3,\"name\":\"Leitz Extrastarker Registraturlocher aus Metall\"}]},{\"@type\":\"WebSite\",\"@id\":\"https:\\\/\\\/marktxxl.de\\\/markt\\\/#website\",\"url\":\"https:\\\/\\\/marktxxl.de\\\/markt\\\/\",\"name\":\"Markt-XXL\",\"description\":\"Ihr Markt Online\",\"publisher\":{\"@id\":\"https:\\\/\\\/marktxxl.de\\\/markt\\\/#organization\"},\"potentialAction\":[{\"@type\":\"SearchAction\",\"target\":{\"@type\":\"EntryPoint\",\"urlTemplate\":\"https:\\\/\\\/marktxxl.de\\\/markt\\\/?s={search_term_string}\"},\"query-input\":{\"@type\":\"PropertyValueSpecification\",\"valueRequired\":true,\"valueName\":\"search_term_string\"}}],\"inLanguage\":\"de\"},{\"@type\":\"Organization\",\"@id\":\"https:\\\/\\\/marktxxl.de\\\/markt\\\/#organization\",\"name\":\"Markt-XXL\",\"url\":\"https:\\\/\\\/marktxxl.de\\\/markt\\\/\",\"logo\":{\"@type\":\"ImageObject\",\"inLanguage\":\"de\",\"@id\":\"https:\\\/\\\/marktxxl.de\\\/markt\\\/#\\\/schema\\\/logo\\\/image\\\/\",\"url\":\"https:\\\/\\\/marktxxl.de\\\/markt\\\/wp-content\\\/uploads\\\/sites\\\/3\\\/2020\\\/12\\\/logo.png\",\"contentUrl\":\"https:\\\/\\\/marktxxl.de\\\/markt\\\/wp-content\\\/uploads\\\/sites\\\/3\\\/2020\\\/12\\\/logo.png\",\"width\":200,\"height\":70,\"caption\":\"Markt-XXL\"},\"image\":{\"@id\":\"https:\\\/\\\/marktxxl.de\\\/markt\\\/#\\\/schema\\\/logo\\\/image\\\/\"}}]}<\/script>\n<!-- \/ Yoast SEO plugin. -->","yoast_head_json":{"title":"Leitz Extrastarker Registraturlocher aus Metall - Markt-XXL","description":"Markt-XXL Leitz Extrastarker Registraturlocher aus Metall","robots":{"index":"index","follow":"follow","max-snippet":"max-snippet:-1","max-image-preview":"max-image-preview:large","max-video-preview":"max-video-preview:-1"},"canonical":"https:\/\/marktxxl.de\/markt\/produkt\/leitz-extrastarker-registraturlocher-aus-metall-2\/","og_locale":"de_DE","og_type":"article","og_title":"Leitz Extrastarker Registraturlocher aus Metall - Markt-XXL","og_description":"Markt-XXL Leitz Extrastarker Registraturlocher aus Metall","og_url":"https:\/\/marktxxl.de\/markt\/produkt\/leitz-extrastarker-registraturlocher-aus-metall-2\/","og_site_name":"Markt-XXL","twitter_card":"summary_large_image","twitter_misc":{"Gesch\u00e4tzte Lesezeit":"1\u00a0Minute"},"schema":{"@context":"https:\/\/schema.org","@graph":[{"@type":"WebPage","@id":"https:\/\/marktxxl.de\/markt\/produkt\/leitz-extrastarker-registraturlocher-aus-metall-2\/","url":"https:\/\/marktxxl.de\/markt\/produkt\/leitz-extrastarker-registraturlocher-aus-metall-2\/","name":"Leitz Extrastarker Registraturlocher aus Metall - Markt-XXL","isPartOf":{"@id":"https:\/\/marktxxl.de\/markt\/#website"},"primaryImageOfPage":{"@id":"https:\/\/marktxxl.de\/markt\/produkt\/leitz-extrastarker-registraturlocher-aus-metall-2\/#primaryimage"},"image":{"@id":"https:\/\/marktxxl.de\/markt\/produkt\/leitz-extrastarker-registraturlocher-aus-metall-2\/#primaryimage"},"thumbnailUrl":"https:\/\/m.media-amazon.com\/images\/I\/41Upti0Ym5L._SL500_.jpg","datePublished":"2024-06-28T23:04:49+00:00","description":"Markt-XXL Leitz Extrastarker Registraturlocher aus Metall","breadcrumb":{"@id":"https:\/\/marktxxl.de\/markt\/produkt\/leitz-extrastarker-registraturlocher-aus-metall-2\/#breadcrumb"},"inLanguage":"de","potentialAction":[{"@type":"ReadAction","target":["https:\/\/marktxxl.de\/markt\/produkt\/leitz-extrastarker-registraturlocher-aus-metall-2\/"]}]},{"@type":"ImageObject","inLanguage":"de","@id":"https:\/\/marktxxl.de\/markt\/produkt\/leitz-extrastarker-registraturlocher-aus-metall-2\/#primaryimage","url":"https:\/\/m.media-amazon.com\/images\/I\/41Upti0Ym5L._SL500_.jpg","contentUrl":"https:\/\/m.media-amazon.com\/images\/I\/41Upti0Ym5L._SL500_.jpg","width":500,"height":500},{"@type":"BreadcrumbList","@id":"https:\/\/marktxxl.de\/markt\/produkt\/leitz-extrastarker-registraturlocher-aus-metall-2\/#breadcrumb","itemListElement":[{"@type":"ListItem","position":1,"name":"Startseite","item":"https:\/\/marktxxl.de\/markt\/"},{"@type":"ListItem","position":2,"name":"Markt","item":"https:\/\/marktxxl.de\/markt\/"},{"@type":"ListItem","position":3,"name":"Leitz Extrastarker Registraturlocher aus Metall"}]},{"@type":"WebSite","@id":"https:\/\/marktxxl.de\/markt\/#website","url":"https:\/\/marktxxl.de\/markt\/","name":"Markt-XXL","description":"Ihr Markt Online","publisher":{"@id":"https:\/\/marktxxl.de\/markt\/#organization"},"potentialAction":[{"@type":"SearchAction","target":{"@type":"EntryPoint","urlTemplate":"https:\/\/marktxxl.de\/markt\/?s={search_term_string}"},"query-input":{"@type":"PropertyValueSpecification","valueRequired":true,"valueName":"search_term_string"}}],"inLanguage":"de"},{"@type":"Organization","@id":"https:\/\/marktxxl.de\/markt\/#organization","name":"Markt-XXL","url":"https:\/\/marktxxl.de\/markt\/","logo":{"@type":"ImageObject","inLanguage":"de","@id":"https:\/\/marktxxl.de\/markt\/#\/schema\/logo\/image\/","url":"https:\/\/marktxxl.de\/markt\/wp-content\/uploads\/sites\/3\/2020\/12\/logo.png","contentUrl":"https:\/\/marktxxl.de\/markt\/wp-content\/uploads\/sites\/3\/2020\/12\/logo.png","width":200,"height":70,"caption":"Markt-XXL"},"image":{"@id":"https:\/\/marktxxl.de\/markt\/#\/schema\/logo\/image\/"}}]}},"_links":{"self":[{"href":"https:\/\/marktxxl.de\/markt\/wp-json\/wp\/v2\/product\/214607","targetHints":{"allow":["GET"]}}],"collection":[{"href":"https:\/\/marktxxl.de\/markt\/wp-json\/wp\/v2\/product"}],"about":[{"href":"https:\/\/marktxxl.de\/markt\/wp-json\/wp\/v2\/types\/product"}],"replies":[{"embeddable":true,"href":"https:\/\/marktxxl.de\/markt\/wp-json\/wp\/v2\/comments?post=214607"}],"wp:featuredmedia":[{"embeddable":true,"href":"https:\/\/marktxxl.de\/markt\/wp-json\/wp\/v2\/media\/214608"}],"wp:attachment":[{"href":"https:\/\/marktxxl.de\/markt\/wp-json\/wp\/v2\/media?parent=214607"}],"wp:term":[{"taxonomy":"product_brand","embeddable":true,"href":"https:\/\/marktxxl.de\/markt\/wp-json\/wp\/v2\/product_brand?post=214607"},{"taxonomy":"product_cat","embeddable":true,"href":"https:\/\/marktxxl.de\/markt\/wp-json\/wp\/v2\/product_cat?post=214607"},{"taxonomy":"product_tag","embeddable":true,"href":"https:\/\/marktxxl.de\/markt\/wp-json\/wp\/v2\/product_tag?post=214607"}],"curies":[{"name":"wp","href":"https:\/\/api.w.org\/{rel}","templated":true}]}}