{"id":214541,"date":"2024-06-29T00:46:42","date_gmt":"2024-06-28T22:46:42","guid":{"rendered":"https:\/\/marktxxl.de\/markt\/produkt\/linpopup-pop-up-karte-hochzeit-hochzeitskarte-hochzeitsgeschenke-fuer-brautpaar-hochzeitseinladung-glueckwunschkarte-klappkarte-hochzeit-3d-tanzendes-brautpaar-n34\/"},"modified":"2024-06-29T00:46:42","modified_gmt":"2024-06-28T22:46:42","slug":"linpopup-pop-up-karte-hochzeit-hochzeitskarte-hochzeitsgeschenke-fuer-brautpaar-hochzeitseinladung-glueckwunschkarte-klappkarte-hochzeit-3d-tanzendes-brautpaar-n34","status":"publish","type":"product","link":"https:\/\/marktxxl.de\/markt\/produkt\/linpopup-pop-up-karte-hochzeit-hochzeitskarte-hochzeitsgeschenke-fuer-brautpaar-hochzeitseinladung-glueckwunschkarte-klappkarte-hochzeit-3d-tanzendes-brautpaar-n34\/","title":{"rendered":"LINPOPUP, Pop Up Karte Hochzeit, Hochzeitskarte, Hochzeitsgeschenke f\u00fcr Brautpaar, Hochzeitseinladung, Gl\u00fcckwunschkarte Klappkarte Hochzeit 3D, Tanzendes Brautpaar, N34"},"content":{"rendered":"<p>\ud83d\udc95 ORIGINALIT\u00c4T: LIN &#8211; Pop Up Karte, Hochzeitskarten, Gl\u00fcckwunschkarte zur Hochzeit, Hochzeitstag, Hochzeitseinladungen, Hochzeitsgeschenk, Brautpaar, Tanz<br \/>\n\ud83d\udc95 BESONDERHEIT: beim \u00d6ffnen der Karte dreht sich das Brautpaar im Rosenherz in 360 Grad. Die Karte ist klappbar. Handarbeit und sehr filigrane Details.<br \/>\n\ud83d\udc95 EXKLUSIVIT\u00c4T: mit WOW Effekt und als eine kreative Gl\u00fcckwunschkarte zur Hochzeit, Hochzeit Geldgeschenk oder als Hochzeitseinladungen<br \/>\n\ud83d\udc95 FORMAT, FARBE: Format Karte: 11,5 x 17 cm, Format Umschlag: 11,8 x 17,3 cm; Farbe Au\u00dfenseite: rot , Farbe Innenseite: Eierschalefarbe. Lieferung: LIN 3D Karte, Einleger, Umschlag und Schutzh\u00fclle.<br \/>\n\ud83d\udc95 GARANTIE: Alle LIN Pop Up Karten werden mit Papier aus gut verwalteten W\u00e4ldern (Kishu, Fedrigoni) hergestellt. LIN POP Up Gru\u00dfkarten sind handgefertigt (90%) und mit deutschem Qualit\u00e4tsstandard unter fairem Handel hergestellt. Wir garantieren eine h\u00f6chste Qualit\u00e4t der Karte! LIN Pop Up Karte ist eine Serie der 3D Gru\u00dfkarten &#8220;Greeting from Heart&#8221; von LIN ArtDesign. Die Firma wurde 2009 in Deutschland gegr\u00fcndet.<br \/>\n\ud83c\udf81 HANDGEMACHT: Jede unserer LINPopUp Klappkarten ist ein kleines Kunstwerk: Unser LINArtDesign Team in Gelsenkirchen hat mit Liebe diese Pop Up Karte entworfen. Anschlie\u00dfend wurde diese Karte in unserer eigenen Werkstatt in Vietnam hergestellt. Wir verwenden f\u00fcr die Herstellung unserer Karte nur mit hochwertigem nachhaltigem Papier. Jedes farbige Einzelteil der Karte wurde ausgestanzt und mit farbigen Teilen geklebt, mit Hand zusammengesetzt um die Karte lebendiger darzustellen.<br \/>\n\u2764\ufe0f JUST FOR YOU: Dieses Geschenk haben wir mit Liebe f\u00fcr Dich gemacht und du kannst deine Liebe weitergeben und damit zeigen wie du sie\/ihn liebst\/ denkst..<br \/>\n\u2764\ufe0f MACH MIT: Mit dem Kauf einer LINPOPUP Karte f\u00f6rderst du unsere sozialen Projekte. Seit 2009 unterst\u00fctzen wir Kinder, \u00e4ltere Menschen und Familien, die am Rand der Gesellschaft stehen und wenig oder keine staatliche Unterst\u00fctzung erhalten. Mehr Infos \u00fcber die sozialen LINPopUp Projekte findest du bei LINPOPUP-Karten.de<br \/>\n<div class=\"main-cross-sell\" data-asin=\"B0BWZ1QK4Y\">\n\n\t<div class=\"WooZone-cross-sell-loader\">\n\t\t<div>\n\t\t\t<div id=\"floatingBarsG\">\n\t\t\t\t<div class=\"blockG\" id=\"rotateG_01\"><\/div>\n\t\t\t\t<div class=\"blockG\" id=\"rotateG_02\"><\/div>\n\t\t\t\t<div class=\"blockG\" id=\"rotateG_03\"><\/div>\n\t\t\t\t<div class=\"blockG\" id=\"rotateG_04\"><\/div>\n\t\t\t\t<div class=\"blockG\" id=\"rotateG_05\"><\/div>\n\t\t\t\t<div class=\"blockG\" id=\"rotateG_06\"><\/div>\n\t\t\t\t<div class=\"blockG\" id=\"rotateG_07\"><\/div>\n\t\t\t\t<div class=\"blockG\" id=\"rotateG_08\"><\/div>\n\t\t\t<\/div>\n\t\t\t<div class=\"WooZone-cross-sell-loader-text\"><\/div>\n\t\t<\/div>\n\t<\/div>\n\n\t\t\n<\/div>\n<div style=\"clear:both;\"><\/div><\/p>\n","protected":false},"excerpt":{"rendered":"<p>\ud83d\udc95 ORIGINALIT\u00c4T: LIN &#8211; Pop Up Karte, Hochzeitskarten, Gl\u00fcckwunschkarte zur Hochzeit, Hochzeitstag, Hochzeitseinladungen, Hochzeitsgeschenk, Brautpaar, Tanz<br \/>\n\ud83d\udc95 BESONDERHEIT: beim \u00d6ffnen der Karte dreht sich das Brautpaar im Rosenherz in 360 Grad. Die Karte ist klappbar. Handarbeit und sehr filigrane Details.<br \/>\n\ud83d\udc95 EXKLUSIVIT\u00c4T: mit WOW Effekt und als eine kreative Gl\u00fcckwunschkarte zur Hochzeit, Hochzeit Geldgeschenk oder als Hochzeitseinladungen<\/p>\n","protected":false},"featured_media":214542,"comment_status":"open","ping_status":"closed","template":"","meta":[],"product_brand":[],"product_cat":[504],"product_tag":[],"class_list":{"0":"post-214541","1":"product","2":"type-product","3":"status-publish","4":"has-post-thumbnail","6":"product_cat-buerobedarf-schreibwaren","7":"pa_brand-linpopup","8":"pa_color-rot","9":"pa_height-0-00787401574-zoll","10":"pa_length-6-692913379-zoll","11":"pa_manufacturer-lin-artdesign","12":"pa_size-a6","13":"pa_weight-0-0661386786-pounds","14":"pa_width-4-724409444-zoll","16":"first","17":"instock","18":"shipping-taxable","19":"purchasable","20":"product-type-simple","21":"customify-col","22":"product-has-gallery"},"yoast_head":"<!-- This site is optimized with the Yoast SEO plugin v27.4 - https:\/\/yoast.com\/product\/yoast-seo-wordpress\/ -->\n<title>LINPOPUP, Pop Up Karte Hochzeit, Hochzeitskarte, Hochzeitsgeschenke f\u00fcr Brautpaar, Hochzeitseinladung, Gl\u00fcckwunschkarte Klappkarte Hochzeit 3D, Tanzendes Brautpaar, N34 - Markt-XXL<\/title>\n<meta name=\"description\" content=\"Markt-XXL LINPOPUP, Pop Up Karte Hochzeit, Hochzeitskarte, Hochzeitsgeschenke f\u00fcr Brautpaar, Hochzeitseinladung, Gl\u00fcckwunschkarte Klappkarte Hochzeit 3D, Tanzendes Brautpaar, N34\" \/>\n<meta name=\"robots\" content=\"index, follow, max-snippet:-1, max-image-preview:large, max-video-preview:-1\" \/>\n<link rel=\"canonical\" href=\"https:\/\/marktxxl.de\/markt\/produkt\/linpopup-pop-up-karte-hochzeit-hochzeitskarte-hochzeitsgeschenke-fuer-brautpaar-hochzeitseinladung-glueckwunschkarte-klappkarte-hochzeit-3d-tanzendes-brautpaar-n34\/\" \/>\n<meta property=\"og:locale\" content=\"de_DE\" \/>\n<meta property=\"og:type\" content=\"article\" \/>\n<meta property=\"og:title\" content=\"LINPOPUP, Pop Up Karte Hochzeit, Hochzeitskarte, Hochzeitsgeschenke f\u00fcr Brautpaar, Hochzeitseinladung, Gl\u00fcckwunschkarte Klappkarte Hochzeit 3D, Tanzendes Brautpaar, N34 - Markt-XXL\" \/>\n<meta property=\"og:description\" content=\"Markt-XXL LINPOPUP, Pop Up Karte Hochzeit, Hochzeitskarte, Hochzeitsgeschenke f\u00fcr Brautpaar, Hochzeitseinladung, Gl\u00fcckwunschkarte Klappkarte Hochzeit 3D, Tanzendes Brautpaar, N34\" \/>\n<meta property=\"og:url\" content=\"https:\/\/marktxxl.de\/markt\/produkt\/linpopup-pop-up-karte-hochzeit-hochzeitskarte-hochzeitsgeschenke-fuer-brautpaar-hochzeitseinladung-glueckwunschkarte-klappkarte-hochzeit-3d-tanzendes-brautpaar-n34\/\" \/>\n<meta property=\"og:site_name\" content=\"Markt-XXL\" \/>\n<meta name=\"twitter:card\" content=\"summary_large_image\" \/>\n<meta name=\"twitter:label1\" content=\"Gesch\u00e4tzte Lesezeit\" \/>\n\t<meta name=\"twitter:data1\" content=\"2\u00a0Minuten\" \/>\n<script type=\"application\/ld+json\" class=\"yoast-schema-graph\">{\"@context\":\"https:\\\/\\\/schema.org\",\"@graph\":[{\"@type\":\"WebPage\",\"@id\":\"https:\\\/\\\/marktxxl.de\\\/markt\\\/produkt\\\/linpopup-pop-up-karte-hochzeit-hochzeitskarte-hochzeitsgeschenke-fuer-brautpaar-hochzeitseinladung-glueckwunschkarte-klappkarte-hochzeit-3d-tanzendes-brautpaar-n34\\\/\",\"url\":\"https:\\\/\\\/marktxxl.de\\\/markt\\\/produkt\\\/linpopup-pop-up-karte-hochzeit-hochzeitskarte-hochzeitsgeschenke-fuer-brautpaar-hochzeitseinladung-glueckwunschkarte-klappkarte-hochzeit-3d-tanzendes-brautpaar-n34\\\/\",\"name\":\"LINPOPUP, Pop Up Karte Hochzeit, Hochzeitskarte, Hochzeitsgeschenke f\u00fcr Brautpaar, Hochzeitseinladung, Gl\u00fcckwunschkarte Klappkarte Hochzeit 3D, Tanzendes Brautpaar, N34 - Markt-XXL\",\"isPartOf\":{\"@id\":\"https:\\\/\\\/marktxxl.de\\\/markt\\\/#website\"},\"primaryImageOfPage\":{\"@id\":\"https:\\\/\\\/marktxxl.de\\\/markt\\\/produkt\\\/linpopup-pop-up-karte-hochzeit-hochzeitskarte-hochzeitsgeschenke-fuer-brautpaar-hochzeitseinladung-glueckwunschkarte-klappkarte-hochzeit-3d-tanzendes-brautpaar-n34\\\/#primaryimage\"},\"image\":{\"@id\":\"https:\\\/\\\/marktxxl.de\\\/markt\\\/produkt\\\/linpopup-pop-up-karte-hochzeit-hochzeitskarte-hochzeitsgeschenke-fuer-brautpaar-hochzeitseinladung-glueckwunschkarte-klappkarte-hochzeit-3d-tanzendes-brautpaar-n34\\\/#primaryimage\"},\"thumbnailUrl\":\"https:\\\/\\\/m.media-amazon.com\\\/images\\\/I\\\/51Okp14PnAL._SL500_.jpg\",\"datePublished\":\"2024-06-28T22:46:42+00:00\",\"description\":\"Markt-XXL LINPOPUP, Pop Up Karte Hochzeit, Hochzeitskarte, Hochzeitsgeschenke f\u00fcr Brautpaar, Hochzeitseinladung, Gl\u00fcckwunschkarte Klappkarte Hochzeit 3D, Tanzendes Brautpaar, N34\",\"breadcrumb\":{\"@id\":\"https:\\\/\\\/marktxxl.de\\\/markt\\\/produkt\\\/linpopup-pop-up-karte-hochzeit-hochzeitskarte-hochzeitsgeschenke-fuer-brautpaar-hochzeitseinladung-glueckwunschkarte-klappkarte-hochzeit-3d-tanzendes-brautpaar-n34\\\/#breadcrumb\"},\"inLanguage\":\"de\",\"potentialAction\":[{\"@type\":\"ReadAction\",\"target\":[\"https:\\\/\\\/marktxxl.de\\\/markt\\\/produkt\\\/linpopup-pop-up-karte-hochzeit-hochzeitskarte-hochzeitsgeschenke-fuer-brautpaar-hochzeitseinladung-glueckwunschkarte-klappkarte-hochzeit-3d-tanzendes-brautpaar-n34\\\/\"]}]},{\"@type\":\"ImageObject\",\"inLanguage\":\"de\",\"@id\":\"https:\\\/\\\/marktxxl.de\\\/markt\\\/produkt\\\/linpopup-pop-up-karte-hochzeit-hochzeitskarte-hochzeitsgeschenke-fuer-brautpaar-hochzeitseinladung-glueckwunschkarte-klappkarte-hochzeit-3d-tanzendes-brautpaar-n34\\\/#primaryimage\",\"url\":\"https:\\\/\\\/m.media-amazon.com\\\/images\\\/I\\\/51Okp14PnAL._SL500_.jpg\",\"contentUrl\":\"https:\\\/\\\/m.media-amazon.com\\\/images\\\/I\\\/51Okp14PnAL._SL500_.jpg\",\"width\":500,\"height\":500},{\"@type\":\"BreadcrumbList\",\"@id\":\"https:\\\/\\\/marktxxl.de\\\/markt\\\/produkt\\\/linpopup-pop-up-karte-hochzeit-hochzeitskarte-hochzeitsgeschenke-fuer-brautpaar-hochzeitseinladung-glueckwunschkarte-klappkarte-hochzeit-3d-tanzendes-brautpaar-n34\\\/#breadcrumb\",\"itemListElement\":[{\"@type\":\"ListItem\",\"position\":1,\"name\":\"Startseite\",\"item\":\"https:\\\/\\\/marktxxl.de\\\/markt\\\/\"},{\"@type\":\"ListItem\",\"position\":2,\"name\":\"Markt\",\"item\":\"https:\\\/\\\/marktxxl.de\\\/markt\\\/\"},{\"@type\":\"ListItem\",\"position\":3,\"name\":\"LINPOPUP, Pop Up Karte Hochzeit, Hochzeitskarte, Hochzeitsgeschenke f\u00fcr Brautpaar, Hochzeitseinladung, Gl\u00fcckwunschkarte Klappkarte Hochzeit 3D, Tanzendes Brautpaar, N34\"}]},{\"@type\":\"WebSite\",\"@id\":\"https:\\\/\\\/marktxxl.de\\\/markt\\\/#website\",\"url\":\"https:\\\/\\\/marktxxl.de\\\/markt\\\/\",\"name\":\"Markt-XXL\",\"description\":\"Ihr Markt Online\",\"publisher\":{\"@id\":\"https:\\\/\\\/marktxxl.de\\\/markt\\\/#organization\"},\"potentialAction\":[{\"@type\":\"SearchAction\",\"target\":{\"@type\":\"EntryPoint\",\"urlTemplate\":\"https:\\\/\\\/marktxxl.de\\\/markt\\\/?s={search_term_string}\"},\"query-input\":{\"@type\":\"PropertyValueSpecification\",\"valueRequired\":true,\"valueName\":\"search_term_string\"}}],\"inLanguage\":\"de\"},{\"@type\":\"Organization\",\"@id\":\"https:\\\/\\\/marktxxl.de\\\/markt\\\/#organization\",\"name\":\"Markt-XXL\",\"url\":\"https:\\\/\\\/marktxxl.de\\\/markt\\\/\",\"logo\":{\"@type\":\"ImageObject\",\"inLanguage\":\"de\",\"@id\":\"https:\\\/\\\/marktxxl.de\\\/markt\\\/#\\\/schema\\\/logo\\\/image\\\/\",\"url\":\"https:\\\/\\\/marktxxl.de\\\/markt\\\/wp-content\\\/uploads\\\/sites\\\/3\\\/2020\\\/12\\\/logo.png\",\"contentUrl\":\"https:\\\/\\\/marktxxl.de\\\/markt\\\/wp-content\\\/uploads\\\/sites\\\/3\\\/2020\\\/12\\\/logo.png\",\"width\":200,\"height\":70,\"caption\":\"Markt-XXL\"},\"image\":{\"@id\":\"https:\\\/\\\/marktxxl.de\\\/markt\\\/#\\\/schema\\\/logo\\\/image\\\/\"}}]}<\/script>\n<!-- \/ Yoast SEO plugin. -->","yoast_head_json":{"title":"LINPOPUP, Pop Up Karte Hochzeit, Hochzeitskarte, Hochzeitsgeschenke f\u00fcr Brautpaar, Hochzeitseinladung, Gl\u00fcckwunschkarte Klappkarte Hochzeit 3D, Tanzendes Brautpaar, N34 - Markt-XXL","description":"Markt-XXL LINPOPUP, Pop Up Karte Hochzeit, Hochzeitskarte, Hochzeitsgeschenke f\u00fcr Brautpaar, Hochzeitseinladung, Gl\u00fcckwunschkarte Klappkarte Hochzeit 3D, Tanzendes Brautpaar, N34","robots":{"index":"index","follow":"follow","max-snippet":"max-snippet:-1","max-image-preview":"max-image-preview:large","max-video-preview":"max-video-preview:-1"},"canonical":"https:\/\/marktxxl.de\/markt\/produkt\/linpopup-pop-up-karte-hochzeit-hochzeitskarte-hochzeitsgeschenke-fuer-brautpaar-hochzeitseinladung-glueckwunschkarte-klappkarte-hochzeit-3d-tanzendes-brautpaar-n34\/","og_locale":"de_DE","og_type":"article","og_title":"LINPOPUP, Pop Up Karte Hochzeit, Hochzeitskarte, Hochzeitsgeschenke f\u00fcr Brautpaar, Hochzeitseinladung, Gl\u00fcckwunschkarte Klappkarte Hochzeit 3D, Tanzendes Brautpaar, N34 - Markt-XXL","og_description":"Markt-XXL LINPOPUP, Pop Up Karte Hochzeit, Hochzeitskarte, Hochzeitsgeschenke f\u00fcr Brautpaar, Hochzeitseinladung, Gl\u00fcckwunschkarte Klappkarte Hochzeit 3D, Tanzendes Brautpaar, N34","og_url":"https:\/\/marktxxl.de\/markt\/produkt\/linpopup-pop-up-karte-hochzeit-hochzeitskarte-hochzeitsgeschenke-fuer-brautpaar-hochzeitseinladung-glueckwunschkarte-klappkarte-hochzeit-3d-tanzendes-brautpaar-n34\/","og_site_name":"Markt-XXL","twitter_card":"summary_large_image","twitter_misc":{"Gesch\u00e4tzte Lesezeit":"2\u00a0Minuten"},"schema":{"@context":"https:\/\/schema.org","@graph":[{"@type":"WebPage","@id":"https:\/\/marktxxl.de\/markt\/produkt\/linpopup-pop-up-karte-hochzeit-hochzeitskarte-hochzeitsgeschenke-fuer-brautpaar-hochzeitseinladung-glueckwunschkarte-klappkarte-hochzeit-3d-tanzendes-brautpaar-n34\/","url":"https:\/\/marktxxl.de\/markt\/produkt\/linpopup-pop-up-karte-hochzeit-hochzeitskarte-hochzeitsgeschenke-fuer-brautpaar-hochzeitseinladung-glueckwunschkarte-klappkarte-hochzeit-3d-tanzendes-brautpaar-n34\/","name":"LINPOPUP, Pop Up Karte Hochzeit, Hochzeitskarte, Hochzeitsgeschenke f\u00fcr Brautpaar, Hochzeitseinladung, Gl\u00fcckwunschkarte Klappkarte Hochzeit 3D, Tanzendes Brautpaar, N34 - Markt-XXL","isPartOf":{"@id":"https:\/\/marktxxl.de\/markt\/#website"},"primaryImageOfPage":{"@id":"https:\/\/marktxxl.de\/markt\/produkt\/linpopup-pop-up-karte-hochzeit-hochzeitskarte-hochzeitsgeschenke-fuer-brautpaar-hochzeitseinladung-glueckwunschkarte-klappkarte-hochzeit-3d-tanzendes-brautpaar-n34\/#primaryimage"},"image":{"@id":"https:\/\/marktxxl.de\/markt\/produkt\/linpopup-pop-up-karte-hochzeit-hochzeitskarte-hochzeitsgeschenke-fuer-brautpaar-hochzeitseinladung-glueckwunschkarte-klappkarte-hochzeit-3d-tanzendes-brautpaar-n34\/#primaryimage"},"thumbnailUrl":"https:\/\/m.media-amazon.com\/images\/I\/51Okp14PnAL._SL500_.jpg","datePublished":"2024-06-28T22:46:42+00:00","description":"Markt-XXL LINPOPUP, Pop Up Karte Hochzeit, Hochzeitskarte, Hochzeitsgeschenke f\u00fcr Brautpaar, Hochzeitseinladung, Gl\u00fcckwunschkarte Klappkarte Hochzeit 3D, Tanzendes Brautpaar, N34","breadcrumb":{"@id":"https:\/\/marktxxl.de\/markt\/produkt\/linpopup-pop-up-karte-hochzeit-hochzeitskarte-hochzeitsgeschenke-fuer-brautpaar-hochzeitseinladung-glueckwunschkarte-klappkarte-hochzeit-3d-tanzendes-brautpaar-n34\/#breadcrumb"},"inLanguage":"de","potentialAction":[{"@type":"ReadAction","target":["https:\/\/marktxxl.de\/markt\/produkt\/linpopup-pop-up-karte-hochzeit-hochzeitskarte-hochzeitsgeschenke-fuer-brautpaar-hochzeitseinladung-glueckwunschkarte-klappkarte-hochzeit-3d-tanzendes-brautpaar-n34\/"]}]},{"@type":"ImageObject","inLanguage":"de","@id":"https:\/\/marktxxl.de\/markt\/produkt\/linpopup-pop-up-karte-hochzeit-hochzeitskarte-hochzeitsgeschenke-fuer-brautpaar-hochzeitseinladung-glueckwunschkarte-klappkarte-hochzeit-3d-tanzendes-brautpaar-n34\/#primaryimage","url":"https:\/\/m.media-amazon.com\/images\/I\/51Okp14PnAL._SL500_.jpg","contentUrl":"https:\/\/m.media-amazon.com\/images\/I\/51Okp14PnAL._SL500_.jpg","width":500,"height":500},{"@type":"BreadcrumbList","@id":"https:\/\/marktxxl.de\/markt\/produkt\/linpopup-pop-up-karte-hochzeit-hochzeitskarte-hochzeitsgeschenke-fuer-brautpaar-hochzeitseinladung-glueckwunschkarte-klappkarte-hochzeit-3d-tanzendes-brautpaar-n34\/#breadcrumb","itemListElement":[{"@type":"ListItem","position":1,"name":"Startseite","item":"https:\/\/marktxxl.de\/markt\/"},{"@type":"ListItem","position":2,"name":"Markt","item":"https:\/\/marktxxl.de\/markt\/"},{"@type":"ListItem","position":3,"name":"LINPOPUP, Pop Up Karte Hochzeit, Hochzeitskarte, Hochzeitsgeschenke f\u00fcr Brautpaar, Hochzeitseinladung, Gl\u00fcckwunschkarte Klappkarte Hochzeit 3D, Tanzendes Brautpaar, N34"}]},{"@type":"WebSite","@id":"https:\/\/marktxxl.de\/markt\/#website","url":"https:\/\/marktxxl.de\/markt\/","name":"Markt-XXL","description":"Ihr Markt Online","publisher":{"@id":"https:\/\/marktxxl.de\/markt\/#organization"},"potentialAction":[{"@type":"SearchAction","target":{"@type":"EntryPoint","urlTemplate":"https:\/\/marktxxl.de\/markt\/?s={search_term_string}"},"query-input":{"@type":"PropertyValueSpecification","valueRequired":true,"valueName":"search_term_string"}}],"inLanguage":"de"},{"@type":"Organization","@id":"https:\/\/marktxxl.de\/markt\/#organization","name":"Markt-XXL","url":"https:\/\/marktxxl.de\/markt\/","logo":{"@type":"ImageObject","inLanguage":"de","@id":"https:\/\/marktxxl.de\/markt\/#\/schema\/logo\/image\/","url":"https:\/\/marktxxl.de\/markt\/wp-content\/uploads\/sites\/3\/2020\/12\/logo.png","contentUrl":"https:\/\/marktxxl.de\/markt\/wp-content\/uploads\/sites\/3\/2020\/12\/logo.png","width":200,"height":70,"caption":"Markt-XXL"},"image":{"@id":"https:\/\/marktxxl.de\/markt\/#\/schema\/logo\/image\/"}}]}},"_links":{"self":[{"href":"https:\/\/marktxxl.de\/markt\/wp-json\/wp\/v2\/product\/214541","targetHints":{"allow":["GET"]}}],"collection":[{"href":"https:\/\/marktxxl.de\/markt\/wp-json\/wp\/v2\/product"}],"about":[{"href":"https:\/\/marktxxl.de\/markt\/wp-json\/wp\/v2\/types\/product"}],"replies":[{"embeddable":true,"href":"https:\/\/marktxxl.de\/markt\/wp-json\/wp\/v2\/comments?post=214541"}],"wp:featuredmedia":[{"embeddable":true,"href":"https:\/\/marktxxl.de\/markt\/wp-json\/wp\/v2\/media\/214542"}],"wp:attachment":[{"href":"https:\/\/marktxxl.de\/markt\/wp-json\/wp\/v2\/media?parent=214541"}],"wp:term":[{"taxonomy":"product_brand","embeddable":true,"href":"https:\/\/marktxxl.de\/markt\/wp-json\/wp\/v2\/product_brand?post=214541"},{"taxonomy":"product_cat","embeddable":true,"href":"https:\/\/marktxxl.de\/markt\/wp-json\/wp\/v2\/product_cat?post=214541"},{"taxonomy":"product_tag","embeddable":true,"href":"https:\/\/marktxxl.de\/markt\/wp-json\/wp\/v2\/product_tag?post=214541"}],"curies":[{"name":"wp","href":"https:\/\/api.w.org\/{rel}","templated":true}]}}