{"id":214331,"date":"2024-06-28T23:20:04","date_gmt":"2024-06-28T21:20:04","guid":{"rendered":"https:\/\/marktxxl.de\/markt\/produkt\/meision-lichterkette-batterie-timer-led-lichterkette-mit-batterie-innen-aussen-lichterkette-batteriebetrieben-8-modi-ideal-fuer-weihnachten-halloween-party-hochzeit-deko-5m-10m-warmweiss-bunt\/"},"modified":"2024-06-28T23:20:04","modified_gmt":"2024-06-28T21:20:04","slug":"meision-lichterkette-batterie-timer-led-lichterkette-mit-batterie-innen-aussen-lichterkette-batteriebetrieben-8-modi-ideal-fuer-weihnachten-halloween-party-hochzeit-deko-5m-10m-warmweiss-bunt","status":"publish","type":"product","link":"https:\/\/marktxxl.de\/markt\/produkt\/meision-lichterkette-batterie-timer-led-lichterkette-mit-batterie-innen-aussen-lichterkette-batteriebetrieben-8-modi-ideal-fuer-weihnachten-halloween-party-hochzeit-deko-5m-10m-warmweiss-bunt\/","title":{"rendered":"Meision Lichterkette Batterie Timer, LED Lichterkette mit Batterie Innen Au\u00dfen, Lichterkette Batteriebetrieben 8 Modi, ideal f\u00fcr Weihnachten Halloween Party Hochzeit Deko, 5m\/10m Warmwei\u00df\/Bunt"},"content":{"rendered":"<p>\u3010Batteriebetrieben Lichterkette\u3011Diese lichterkette innen ist 20m\/30m lang mit 200\/300 hochwertigen LED-Perlen, die L\u00e4nge des Leitungsdrahtes ist 0,3m, der Abstand zwischen den Perlen ist 10cm, die Kabelfarbe ist dunkelgr\u00fcn, es kann einfacher sein, mit der Umgebung zu verschmelzen. Die lichterketten wird mit 4xAA-Batterien betrieben (Batterie nicht enthalten), warme und farbige Lichter bringen verschiedene Effekte zu Ihrer Dekoration und schaffen eine komfortable Nachtatmosph\u00e4re!<br \/>\n\u3010Timing-Funktion und Speicherfunktion\u3011Diese batteriebetrieben Lichterkette kommt mit einer automatischen 6\/18 Stunden Timing-Funktion, die led Lichterkette schaltet sich f\u00fcr 6 Stunden ein und schaltet sich f\u00fcr 18 Stunden aus, was Ihnen die M\u00fche ersparen kann, die Lichter auszuschalten, und die Lichterkette kommt auch mit einer Memory-Funktion, die immer noch den letzten eingestellten Modus beh\u00e4lt, wenn Sie es wieder einschalten, keine Notwendigkeit, es zur\u00fcckzusetzen!<br \/>\n\u30109 Modi\u3011lichterketten f\u00fcr au\u00dfen &amp; innen kommen mit 9 Modi, einschlie\u00dflich Kombination, Welle, Sequenz, langsames Licht, Folgelicht\/Blitz, langsames Fading, Blinken\/Blitzen und Dauerlicht, Off. Verschiedene Modi schaffen verschiedene Atmosph\u00e4re und geben Ihnen das ultimative Lichterlebnis.<br \/>\n\u3010IP44 Wasserdicht\u3011Die Wasserdichtigkeit der Lichterkette ist IP44, Sie k\u00f6nnen es f\u00fcr den Au\u00dfeneinsatz platzieren, ohne sich \u00fcber den Regen oder Schnee zu sorgen, das Batteriefach ist mit Hei\u00dfkleberschicht im Inneren gef\u00fcllt, um Feuchtigkeit zu verhindern und den normalen Betrieb der Lichterkette zu gew\u00e4hrleisten, die robuster und langlebiger ist. (Bitte beachten Sie: das Batteriefach ist nicht wasserdicht und kann nicht ins Wasser gelegt werden)<br \/>\n\u3010Perfekte Dekoration\u3011Diese LED-Lichterketten sind perfekt f\u00fcr Schlafzimmer, Hochzeit, Party, Indoor, Outdoor und DIY, auch weit verbreitet f\u00fcr Weihnachten, Halloween, Valentinstag, Feiertagsbeleuchtung, keine Notwendigkeit von Steckdosen, um den idealen dekorativen Effekt an jedem Ort zu erzielen.<br \/>\n<div class=\"main-cross-sell\" data-asin=\"B0B5MQW5QQ\">\n\n\t<div class=\"WooZone-cross-sell-loader\">\n\t\t<div>\n\t\t\t<div id=\"floatingBarsG\">\n\t\t\t\t<div class=\"blockG\" id=\"rotateG_01\"><\/div>\n\t\t\t\t<div class=\"blockG\" id=\"rotateG_02\"><\/div>\n\t\t\t\t<div class=\"blockG\" id=\"rotateG_03\"><\/div>\n\t\t\t\t<div class=\"blockG\" id=\"rotateG_04\"><\/div>\n\t\t\t\t<div class=\"blockG\" id=\"rotateG_05\"><\/div>\n\t\t\t\t<div class=\"blockG\" id=\"rotateG_06\"><\/div>\n\t\t\t\t<div class=\"blockG\" id=\"rotateG_07\"><\/div>\n\t\t\t\t<div class=\"blockG\" id=\"rotateG_08\"><\/div>\n\t\t\t<\/div>\n\t\t\t<div class=\"WooZone-cross-sell-loader-text\"><\/div>\n\t\t<\/div>\n\t<\/div>\n\n\t\t\n<\/div>\n<div style=\"clear:both;\"><\/div><\/p>\n","protected":false},"excerpt":{"rendered":"<p>\u3010Batteriebetrieben Lichterkette\u3011Diese lichterkette innen ist 20m\/30m lang mit 200\/300 hochwertigen LED-Perlen, die L\u00e4nge des Leitungsdrahtes ist 0,3m, der Abstand zwischen den Perlen ist 10cm, die Kabelfarbe ist dunkelgr\u00fcn, es kann einfacher sein, mit der Umgebung zu verschmelzen. Die lichterketten wird mit 4xAA-Batterien betrieben (Batterie nicht enthalten), warme und farbige Lichter bringen verschiedene Effekte zu Ihrer Dekoration und schaffen eine komfortable Nachtatmosph\u00e4re!<br \/>\n\u3010Timing-Funktion und Speicherfunktion\u3011Diese batteriebetrieben Lichterkette kommt mit einer automatischen 6\/18 Stunden Timing-Funktion, die led Lichterkette schaltet sich f\u00fcr 6 Stunden ein und schaltet sich f\u00fcr 18 Stunden aus, was Ihnen die M\u00fche ersparen kann, die Lichter auszuschalten, und die Lichterkette kommt auch mit einer Memory-Funktion, die immer noch den letzten eingestellten Modus beh\u00e4lt, wenn Sie es wieder einschalten, keine Notwendigkeit, es zur\u00fcckzusetzen!<br \/>\n\u30109 Modi\u3011lichterketten f\u00fcr au\u00dfen &amp; innen kommen mit 9 Modi, einschlie\u00dflich Kombination, Welle, Sequenz, langsames Licht, Folgelicht\/Blitz, langsames Fading, Blinken\/Blitzen und Dauerlicht, Off. Verschiedene Modi schaffen verschiedene Atmosph\u00e4re und geben Ihnen das ultimative Lichterlebnis.<\/p>\n","protected":false},"featured_media":214332,"comment_status":"open","ping_status":"closed","template":"","meta":[],"product_brand":[],"product_cat":[2108,15622],"product_tag":[],"class_list":{"0":"post-214331","1":"product","2":"type-product","3":"status-publish","4":"has-post-thumbnail","6":"product_cat-beleuchtung","7":"product_cat-lichterketten","8":"pa_brand-meision","9":"pa_manufacturer-meision","11":"first","12":"instock","13":"shipping-taxable","14":"product-type-simple","15":"customify-col","16":"product-has-gallery"},"yoast_head":"<!-- This site is optimized with the Yoast SEO plugin v27.4 - https:\/\/yoast.com\/product\/yoast-seo-wordpress\/ -->\n<title>Meision Lichterkette Batterie Timer, LED Lichterkette mit Batterie Innen Au\u00dfen, Lichterkette Batteriebetrieben 8 Modi, ideal f\u00fcr Weihnachten Halloween Party Hochzeit Deko, 5m\/10m Warmwei\u00df\/Bunt - Markt-XXL<\/title>\n<meta name=\"description\" content=\"Markt-XXL Meision Lichterkette Batterie Timer, LED Lichterkette mit Batterie Innen Au\u00dfen, Lichterkette Batteriebetrieben 8 Modi, ideal f\u00fcr Weihnachten Halloween Party Hochzeit Deko, 5m\/10m Warmwei\u00df\/Bunt\" \/>\n<meta name=\"robots\" content=\"index, follow, max-snippet:-1, max-image-preview:large, max-video-preview:-1\" \/>\n<link rel=\"canonical\" href=\"https:\/\/marktxxl.de\/markt\/produkt\/meision-lichterkette-batterie-timer-led-lichterkette-mit-batterie-innen-aussen-lichterkette-batteriebetrieben-8-modi-ideal-fuer-weihnachten-halloween-party-hochzeit-deko-5m-10m-warmweiss-bunt\/\" \/>\n<meta property=\"og:locale\" content=\"de_DE\" \/>\n<meta property=\"og:type\" content=\"article\" \/>\n<meta property=\"og:title\" content=\"Meision Lichterkette Batterie Timer, LED Lichterkette mit Batterie Innen Au\u00dfen, Lichterkette Batteriebetrieben 8 Modi, ideal f\u00fcr Weihnachten Halloween Party Hochzeit Deko, 5m\/10m Warmwei\u00df\/Bunt - Markt-XXL\" \/>\n<meta property=\"og:description\" content=\"Markt-XXL Meision Lichterkette Batterie Timer, LED Lichterkette mit Batterie Innen Au\u00dfen, Lichterkette Batteriebetrieben 8 Modi, ideal f\u00fcr Weihnachten Halloween Party Hochzeit Deko, 5m\/10m Warmwei\u00df\/Bunt\" \/>\n<meta property=\"og:url\" content=\"https:\/\/marktxxl.de\/markt\/produkt\/meision-lichterkette-batterie-timer-led-lichterkette-mit-batterie-innen-aussen-lichterkette-batteriebetrieben-8-modi-ideal-fuer-weihnachten-halloween-party-hochzeit-deko-5m-10m-warmweiss-bunt\/\" \/>\n<meta property=\"og:site_name\" content=\"Markt-XXL\" \/>\n<meta name=\"twitter:card\" content=\"summary_large_image\" \/>\n<meta name=\"twitter:label1\" content=\"Gesch\u00e4tzte Lesezeit\" \/>\n\t<meta name=\"twitter:data1\" content=\"1\u00a0Minute\" \/>\n<script type=\"application\/ld+json\" class=\"yoast-schema-graph\">{\"@context\":\"https:\\\/\\\/schema.org\",\"@graph\":[{\"@type\":\"WebPage\",\"@id\":\"https:\\\/\\\/marktxxl.de\\\/markt\\\/produkt\\\/meision-lichterkette-batterie-timer-led-lichterkette-mit-batterie-innen-aussen-lichterkette-batteriebetrieben-8-modi-ideal-fuer-weihnachten-halloween-party-hochzeit-deko-5m-10m-warmweiss-bunt\\\/\",\"url\":\"https:\\\/\\\/marktxxl.de\\\/markt\\\/produkt\\\/meision-lichterkette-batterie-timer-led-lichterkette-mit-batterie-innen-aussen-lichterkette-batteriebetrieben-8-modi-ideal-fuer-weihnachten-halloween-party-hochzeit-deko-5m-10m-warmweiss-bunt\\\/\",\"name\":\"Meision Lichterkette Batterie Timer, LED Lichterkette mit Batterie Innen Au\u00dfen, Lichterkette Batteriebetrieben 8 Modi, ideal f\u00fcr Weihnachten Halloween Party Hochzeit Deko, 5m\\\/10m Warmwei\u00df\\\/Bunt - Markt-XXL\",\"isPartOf\":{\"@id\":\"https:\\\/\\\/marktxxl.de\\\/markt\\\/#website\"},\"primaryImageOfPage\":{\"@id\":\"https:\\\/\\\/marktxxl.de\\\/markt\\\/produkt\\\/meision-lichterkette-batterie-timer-led-lichterkette-mit-batterie-innen-aussen-lichterkette-batteriebetrieben-8-modi-ideal-fuer-weihnachten-halloween-party-hochzeit-deko-5m-10m-warmweiss-bunt\\\/#primaryimage\"},\"image\":{\"@id\":\"https:\\\/\\\/marktxxl.de\\\/markt\\\/produkt\\\/meision-lichterkette-batterie-timer-led-lichterkette-mit-batterie-innen-aussen-lichterkette-batteriebetrieben-8-modi-ideal-fuer-weihnachten-halloween-party-hochzeit-deko-5m-10m-warmweiss-bunt\\\/#primaryimage\"},\"thumbnailUrl\":\"https:\\\/\\\/m.media-amazon.com\\\/images\\\/I\\\/51Ob8ZQyTIL._SL500_.jpg\",\"datePublished\":\"2024-06-28T21:20:04+00:00\",\"description\":\"Markt-XXL Meision Lichterkette Batterie Timer, LED Lichterkette mit Batterie Innen Au\u00dfen, Lichterkette Batteriebetrieben 8 Modi, ideal f\u00fcr Weihnachten Halloween Party Hochzeit Deko, 5m\\\/10m Warmwei\u00df\\\/Bunt\",\"breadcrumb\":{\"@id\":\"https:\\\/\\\/marktxxl.de\\\/markt\\\/produkt\\\/meision-lichterkette-batterie-timer-led-lichterkette-mit-batterie-innen-aussen-lichterkette-batteriebetrieben-8-modi-ideal-fuer-weihnachten-halloween-party-hochzeit-deko-5m-10m-warmweiss-bunt\\\/#breadcrumb\"},\"inLanguage\":\"de\",\"potentialAction\":[{\"@type\":\"ReadAction\",\"target\":[\"https:\\\/\\\/marktxxl.de\\\/markt\\\/produkt\\\/meision-lichterkette-batterie-timer-led-lichterkette-mit-batterie-innen-aussen-lichterkette-batteriebetrieben-8-modi-ideal-fuer-weihnachten-halloween-party-hochzeit-deko-5m-10m-warmweiss-bunt\\\/\"]}]},{\"@type\":\"ImageObject\",\"inLanguage\":\"de\",\"@id\":\"https:\\\/\\\/marktxxl.de\\\/markt\\\/produkt\\\/meision-lichterkette-batterie-timer-led-lichterkette-mit-batterie-innen-aussen-lichterkette-batteriebetrieben-8-modi-ideal-fuer-weihnachten-halloween-party-hochzeit-deko-5m-10m-warmweiss-bunt\\\/#primaryimage\",\"url\":\"https:\\\/\\\/m.media-amazon.com\\\/images\\\/I\\\/51Ob8ZQyTIL._SL500_.jpg\",\"contentUrl\":\"https:\\\/\\\/m.media-amazon.com\\\/images\\\/I\\\/51Ob8ZQyTIL._SL500_.jpg\",\"width\":500,\"height\":500},{\"@type\":\"BreadcrumbList\",\"@id\":\"https:\\\/\\\/marktxxl.de\\\/markt\\\/produkt\\\/meision-lichterkette-batterie-timer-led-lichterkette-mit-batterie-innen-aussen-lichterkette-batteriebetrieben-8-modi-ideal-fuer-weihnachten-halloween-party-hochzeit-deko-5m-10m-warmweiss-bunt\\\/#breadcrumb\",\"itemListElement\":[{\"@type\":\"ListItem\",\"position\":1,\"name\":\"Startseite\",\"item\":\"https:\\\/\\\/marktxxl.de\\\/markt\\\/\"},{\"@type\":\"ListItem\",\"position\":2,\"name\":\"Markt\",\"item\":\"https:\\\/\\\/marktxxl.de\\\/markt\\\/\"},{\"@type\":\"ListItem\",\"position\":3,\"name\":\"Meision Lichterkette Batterie Timer, LED Lichterkette mit Batterie Innen Au\u00dfen, Lichterkette Batteriebetrieben 8 Modi, ideal f\u00fcr Weihnachten Halloween Party Hochzeit Deko, 5m\\\/10m Warmwei\u00df\\\/Bunt\"}]},{\"@type\":\"WebSite\",\"@id\":\"https:\\\/\\\/marktxxl.de\\\/markt\\\/#website\",\"url\":\"https:\\\/\\\/marktxxl.de\\\/markt\\\/\",\"name\":\"Markt-XXL\",\"description\":\"Ihr Markt Online\",\"publisher\":{\"@id\":\"https:\\\/\\\/marktxxl.de\\\/markt\\\/#organization\"},\"potentialAction\":[{\"@type\":\"SearchAction\",\"target\":{\"@type\":\"EntryPoint\",\"urlTemplate\":\"https:\\\/\\\/marktxxl.de\\\/markt\\\/?s={search_term_string}\"},\"query-input\":{\"@type\":\"PropertyValueSpecification\",\"valueRequired\":true,\"valueName\":\"search_term_string\"}}],\"inLanguage\":\"de\"},{\"@type\":\"Organization\",\"@id\":\"https:\\\/\\\/marktxxl.de\\\/markt\\\/#organization\",\"name\":\"Markt-XXL\",\"url\":\"https:\\\/\\\/marktxxl.de\\\/markt\\\/\",\"logo\":{\"@type\":\"ImageObject\",\"inLanguage\":\"de\",\"@id\":\"https:\\\/\\\/marktxxl.de\\\/markt\\\/#\\\/schema\\\/logo\\\/image\\\/\",\"url\":\"https:\\\/\\\/marktxxl.de\\\/markt\\\/wp-content\\\/uploads\\\/sites\\\/3\\\/2020\\\/12\\\/logo.png\",\"contentUrl\":\"https:\\\/\\\/marktxxl.de\\\/markt\\\/wp-content\\\/uploads\\\/sites\\\/3\\\/2020\\\/12\\\/logo.png\",\"width\":200,\"height\":70,\"caption\":\"Markt-XXL\"},\"image\":{\"@id\":\"https:\\\/\\\/marktxxl.de\\\/markt\\\/#\\\/schema\\\/logo\\\/image\\\/\"}}]}<\/script>\n<!-- \/ Yoast SEO plugin. -->","yoast_head_json":{"title":"Meision Lichterkette Batterie Timer, LED Lichterkette mit Batterie Innen Au\u00dfen, Lichterkette Batteriebetrieben 8 Modi, ideal f\u00fcr Weihnachten Halloween Party Hochzeit Deko, 5m\/10m Warmwei\u00df\/Bunt - Markt-XXL","description":"Markt-XXL Meision Lichterkette Batterie Timer, LED Lichterkette mit Batterie Innen Au\u00dfen, Lichterkette Batteriebetrieben 8 Modi, ideal f\u00fcr Weihnachten Halloween Party Hochzeit Deko, 5m\/10m Warmwei\u00df\/Bunt","robots":{"index":"index","follow":"follow","max-snippet":"max-snippet:-1","max-image-preview":"max-image-preview:large","max-video-preview":"max-video-preview:-1"},"canonical":"https:\/\/marktxxl.de\/markt\/produkt\/meision-lichterkette-batterie-timer-led-lichterkette-mit-batterie-innen-aussen-lichterkette-batteriebetrieben-8-modi-ideal-fuer-weihnachten-halloween-party-hochzeit-deko-5m-10m-warmweiss-bunt\/","og_locale":"de_DE","og_type":"article","og_title":"Meision Lichterkette Batterie Timer, LED Lichterkette mit Batterie Innen Au\u00dfen, Lichterkette Batteriebetrieben 8 Modi, ideal f\u00fcr Weihnachten Halloween Party Hochzeit Deko, 5m\/10m Warmwei\u00df\/Bunt - Markt-XXL","og_description":"Markt-XXL Meision Lichterkette Batterie Timer, LED Lichterkette mit Batterie Innen Au\u00dfen, Lichterkette Batteriebetrieben 8 Modi, ideal f\u00fcr Weihnachten Halloween Party Hochzeit Deko, 5m\/10m Warmwei\u00df\/Bunt","og_url":"https:\/\/marktxxl.de\/markt\/produkt\/meision-lichterkette-batterie-timer-led-lichterkette-mit-batterie-innen-aussen-lichterkette-batteriebetrieben-8-modi-ideal-fuer-weihnachten-halloween-party-hochzeit-deko-5m-10m-warmweiss-bunt\/","og_site_name":"Markt-XXL","twitter_card":"summary_large_image","twitter_misc":{"Gesch\u00e4tzte Lesezeit":"1\u00a0Minute"},"schema":{"@context":"https:\/\/schema.org","@graph":[{"@type":"WebPage","@id":"https:\/\/marktxxl.de\/markt\/produkt\/meision-lichterkette-batterie-timer-led-lichterkette-mit-batterie-innen-aussen-lichterkette-batteriebetrieben-8-modi-ideal-fuer-weihnachten-halloween-party-hochzeit-deko-5m-10m-warmweiss-bunt\/","url":"https:\/\/marktxxl.de\/markt\/produkt\/meision-lichterkette-batterie-timer-led-lichterkette-mit-batterie-innen-aussen-lichterkette-batteriebetrieben-8-modi-ideal-fuer-weihnachten-halloween-party-hochzeit-deko-5m-10m-warmweiss-bunt\/","name":"Meision Lichterkette Batterie Timer, LED Lichterkette mit Batterie Innen Au\u00dfen, Lichterkette Batteriebetrieben 8 Modi, ideal f\u00fcr Weihnachten Halloween Party Hochzeit Deko, 5m\/10m Warmwei\u00df\/Bunt - Markt-XXL","isPartOf":{"@id":"https:\/\/marktxxl.de\/markt\/#website"},"primaryImageOfPage":{"@id":"https:\/\/marktxxl.de\/markt\/produkt\/meision-lichterkette-batterie-timer-led-lichterkette-mit-batterie-innen-aussen-lichterkette-batteriebetrieben-8-modi-ideal-fuer-weihnachten-halloween-party-hochzeit-deko-5m-10m-warmweiss-bunt\/#primaryimage"},"image":{"@id":"https:\/\/marktxxl.de\/markt\/produkt\/meision-lichterkette-batterie-timer-led-lichterkette-mit-batterie-innen-aussen-lichterkette-batteriebetrieben-8-modi-ideal-fuer-weihnachten-halloween-party-hochzeit-deko-5m-10m-warmweiss-bunt\/#primaryimage"},"thumbnailUrl":"https:\/\/m.media-amazon.com\/images\/I\/51Ob8ZQyTIL._SL500_.jpg","datePublished":"2024-06-28T21:20:04+00:00","description":"Markt-XXL Meision Lichterkette Batterie Timer, LED Lichterkette mit Batterie Innen Au\u00dfen, Lichterkette Batteriebetrieben 8 Modi, ideal f\u00fcr Weihnachten Halloween Party Hochzeit Deko, 5m\/10m Warmwei\u00df\/Bunt","breadcrumb":{"@id":"https:\/\/marktxxl.de\/markt\/produkt\/meision-lichterkette-batterie-timer-led-lichterkette-mit-batterie-innen-aussen-lichterkette-batteriebetrieben-8-modi-ideal-fuer-weihnachten-halloween-party-hochzeit-deko-5m-10m-warmweiss-bunt\/#breadcrumb"},"inLanguage":"de","potentialAction":[{"@type":"ReadAction","target":["https:\/\/marktxxl.de\/markt\/produkt\/meision-lichterkette-batterie-timer-led-lichterkette-mit-batterie-innen-aussen-lichterkette-batteriebetrieben-8-modi-ideal-fuer-weihnachten-halloween-party-hochzeit-deko-5m-10m-warmweiss-bunt\/"]}]},{"@type":"ImageObject","inLanguage":"de","@id":"https:\/\/marktxxl.de\/markt\/produkt\/meision-lichterkette-batterie-timer-led-lichterkette-mit-batterie-innen-aussen-lichterkette-batteriebetrieben-8-modi-ideal-fuer-weihnachten-halloween-party-hochzeit-deko-5m-10m-warmweiss-bunt\/#primaryimage","url":"https:\/\/m.media-amazon.com\/images\/I\/51Ob8ZQyTIL._SL500_.jpg","contentUrl":"https:\/\/m.media-amazon.com\/images\/I\/51Ob8ZQyTIL._SL500_.jpg","width":500,"height":500},{"@type":"BreadcrumbList","@id":"https:\/\/marktxxl.de\/markt\/produkt\/meision-lichterkette-batterie-timer-led-lichterkette-mit-batterie-innen-aussen-lichterkette-batteriebetrieben-8-modi-ideal-fuer-weihnachten-halloween-party-hochzeit-deko-5m-10m-warmweiss-bunt\/#breadcrumb","itemListElement":[{"@type":"ListItem","position":1,"name":"Startseite","item":"https:\/\/marktxxl.de\/markt\/"},{"@type":"ListItem","position":2,"name":"Markt","item":"https:\/\/marktxxl.de\/markt\/"},{"@type":"ListItem","position":3,"name":"Meision Lichterkette Batterie Timer, LED Lichterkette mit Batterie Innen Au\u00dfen, Lichterkette Batteriebetrieben 8 Modi, ideal f\u00fcr Weihnachten Halloween Party Hochzeit Deko, 5m\/10m Warmwei\u00df\/Bunt"}]},{"@type":"WebSite","@id":"https:\/\/marktxxl.de\/markt\/#website","url":"https:\/\/marktxxl.de\/markt\/","name":"Markt-XXL","description":"Ihr Markt Online","publisher":{"@id":"https:\/\/marktxxl.de\/markt\/#organization"},"potentialAction":[{"@type":"SearchAction","target":{"@type":"EntryPoint","urlTemplate":"https:\/\/marktxxl.de\/markt\/?s={search_term_string}"},"query-input":{"@type":"PropertyValueSpecification","valueRequired":true,"valueName":"search_term_string"}}],"inLanguage":"de"},{"@type":"Organization","@id":"https:\/\/marktxxl.de\/markt\/#organization","name":"Markt-XXL","url":"https:\/\/marktxxl.de\/markt\/","logo":{"@type":"ImageObject","inLanguage":"de","@id":"https:\/\/marktxxl.de\/markt\/#\/schema\/logo\/image\/","url":"https:\/\/marktxxl.de\/markt\/wp-content\/uploads\/sites\/3\/2020\/12\/logo.png","contentUrl":"https:\/\/marktxxl.de\/markt\/wp-content\/uploads\/sites\/3\/2020\/12\/logo.png","width":200,"height":70,"caption":"Markt-XXL"},"image":{"@id":"https:\/\/marktxxl.de\/markt\/#\/schema\/logo\/image\/"}}]}},"_links":{"self":[{"href":"https:\/\/marktxxl.de\/markt\/wp-json\/wp\/v2\/product\/214331","targetHints":{"allow":["GET"]}}],"collection":[{"href":"https:\/\/marktxxl.de\/markt\/wp-json\/wp\/v2\/product"}],"about":[{"href":"https:\/\/marktxxl.de\/markt\/wp-json\/wp\/v2\/types\/product"}],"replies":[{"embeddable":true,"href":"https:\/\/marktxxl.de\/markt\/wp-json\/wp\/v2\/comments?post=214331"}],"wp:featuredmedia":[{"embeddable":true,"href":"https:\/\/marktxxl.de\/markt\/wp-json\/wp\/v2\/media\/214332"}],"wp:attachment":[{"href":"https:\/\/marktxxl.de\/markt\/wp-json\/wp\/v2\/media?parent=214331"}],"wp:term":[{"taxonomy":"product_brand","embeddable":true,"href":"https:\/\/marktxxl.de\/markt\/wp-json\/wp\/v2\/product_brand?post=214331"},{"taxonomy":"product_cat","embeddable":true,"href":"https:\/\/marktxxl.de\/markt\/wp-json\/wp\/v2\/product_cat?post=214331"},{"taxonomy":"product_tag","embeddable":true,"href":"https:\/\/marktxxl.de\/markt\/wp-json\/wp\/v2\/product_tag?post=214331"}],"curies":[{"name":"wp","href":"https:\/\/api.w.org\/{rel}","templated":true}]}}