{"id":214206,"date":"2024-06-28T22:55:03","date_gmt":"2024-06-28T20:55:03","guid":{"rendered":"https:\/\/marktxxl.de\/markt\/produkt\/buchenbusch-urban-design-betonlampe-dark-edition-75-x-16-cm-deckenlampe-einflammig-led-pendelleuchte-mit-textilkabel-haengelampe-esstisch-kueche-wohnzimmer\/"},"modified":"2024-06-28T22:55:03","modified_gmt":"2024-06-28T20:55:03","slug":"buchenbusch-urban-design-betonlampe-dark-edition-75-x-16-cm-deckenlampe-einflammig-led-pendelleuchte-mit-textilkabel-haengelampe-esstisch-kueche-wohnzimmer","status":"publish","type":"product","link":"https:\/\/marktxxl.de\/markt\/produkt\/buchenbusch-urban-design-betonlampe-dark-edition-75-x-16-cm-deckenlampe-einflammig-led-pendelleuchte-mit-textilkabel-haengelampe-esstisch-kueche-wohnzimmer\/","title":{"rendered":"Buchenbusch urban design Betonlampe dark edition 7,5 x 16 cm, Deckenlampe einflammig, LED Pendelleuchte mit Textilkabel, H\u00e4ngelampe Esstisch K\u00fcche Wohnzimmer"},"content":{"rendered":"<p>Pendelleuchte: Die H\u00e4ngeleuchte ist rund und einflammig und beleuchtet Fl\u00e4chen von ca. 1 x 1 Metern gleichm\u00e4\u00dfig hell. Sie eignet sich f\u00fcr den Esstisch, die K\u00fcchentheke oder den Arbeitstisch.<br \/>\nLed Deckenleuchte: Durch den mitgelieferten LED Strahler (GU10 Fassung) spendet die Pendellampe ein diffuses und warmwei\u00dfes Licht ohne Lichtkanten und ist auch mit allen SmartHome LEDs kompatibel.<br \/>\nMontage: Dank ihres geringen Gewichts von 0,83 kg und der stabilen Deckenhalterung kann die H\u00e4ngelampe einfach an der Decke montiert werden und macht \u00fcberall eine gute Figur.<br \/>\nTextilkabel: Das Kabel ist mit einer L\u00e4nge von 2 Metern variabel und individuell verstellbar. So k\u00f6nnen Sie die Lampe ganz einfach in ihrer H\u00f6he verstellen und an Ihren Esstisch oder die Kochinsel anpassen.<br \/>\nBeleuchtung: Ob in der K\u00fcche, im Wohnzimmer, Esszimmer oder Flur, die Deckenleuchte schafft \u00fcberall ein gem\u00fctliches und entspannendes Ambiente.<br \/>\n<div class=\"main-cross-sell\" data-asin=\"B0CS8P4PLS\">\n\n\t<div class=\"WooZone-cross-sell-loader\">\n\t\t<div>\n\t\t\t<div id=\"floatingBarsG\">\n\t\t\t\t<div class=\"blockG\" id=\"rotateG_01\"><\/div>\n\t\t\t\t<div class=\"blockG\" id=\"rotateG_02\"><\/div>\n\t\t\t\t<div class=\"blockG\" id=\"rotateG_03\"><\/div>\n\t\t\t\t<div class=\"blockG\" id=\"rotateG_04\"><\/div>\n\t\t\t\t<div class=\"blockG\" id=\"rotateG_05\"><\/div>\n\t\t\t\t<div class=\"blockG\" id=\"rotateG_06\"><\/div>\n\t\t\t\t<div class=\"blockG\" id=\"rotateG_07\"><\/div>\n\t\t\t\t<div class=\"blockG\" id=\"rotateG_08\"><\/div>\n\t\t\t<\/div>\n\t\t\t<div class=\"WooZone-cross-sell-loader-text\"><\/div>\n\t\t<\/div>\n\t<\/div>\n\n\t\t\n<\/div>\n<div style=\"clear:both;\"><\/div><\/p>\n","protected":false},"excerpt":{"rendered":"<p>Pendelleuchte: Die H\u00e4ngeleuchte ist rund und einflammig und beleuchtet Fl\u00e4chen von ca. 1 x 1 Metern gleichm\u00e4\u00dfig hell. Sie eignet sich f\u00fcr den Esstisch, die K\u00fcchentheke oder den Arbeitstisch.<br \/>\nLed Deckenleuchte: Durch den mitgelieferten LED Strahler (GU10 Fassung) spendet die Pendellampe ein diffuses und warmwei\u00dfes Licht ohne Lichtkanten und ist auch mit allen SmartHome LEDs kompatibel.<br \/>\nMontage: Dank ihres geringen Gewichts von 0,83 kg und der stabilen Deckenhalterung kann die H\u00e4ngelampe einfach an der Decke montiert werden und macht \u00fcberall eine gute Figur.<\/p>\n","protected":false},"featured_media":214207,"comment_status":"open","ping_status":"closed","template":"","meta":[],"product_brand":[],"product_cat":[2108,11509],"product_tag":[],"class_list":{"0":"post-214206","1":"product","2":"type-product","3":"status-publish","4":"has-post-thumbnail","6":"product_cat-beleuchtung","7":"product_cat-innenbeleuchtung","8":"pa_brand-buchenbusch-urban-design","9":"pa_height-78-7401574-zoll","10":"pa_length-3-149606296-zoll","11":"pa_manufacturer-buchenbusch-urban-design","12":"pa_weight-1-8298367746-pounds","13":"pa_width-3-149606296-zoll","15":"first","16":"instock","17":"shipping-taxable","18":"product-type-simple","19":"customify-col","20":"product-has-gallery"},"yoast_head":"<!-- This site is optimized with the Yoast SEO plugin v27.3 - https:\/\/yoast.com\/product\/yoast-seo-wordpress\/ -->\n<title>Buchenbusch urban design Betonlampe dark edition 7,5 x 16 cm, Deckenlampe einflammig, LED Pendelleuchte mit Textilkabel, H\u00e4ngelampe Esstisch K\u00fcche Wohnzimmer - Markt-XXL<\/title>\n<meta name=\"description\" content=\"Markt-XXL Buchenbusch urban design Betonlampe dark edition 7,5 x 16 cm, Deckenlampe einflammig, LED Pendelleuchte mit Textilkabel, H\u00e4ngelampe Esstisch K\u00fcche Wohnzimmer\" \/>\n<meta name=\"robots\" content=\"index, follow, max-snippet:-1, max-image-preview:large, max-video-preview:-1\" \/>\n<link rel=\"canonical\" href=\"https:\/\/marktxxl.de\/markt\/produkt\/buchenbusch-urban-design-betonlampe-dark-edition-75-x-16-cm-deckenlampe-einflammig-led-pendelleuchte-mit-textilkabel-haengelampe-esstisch-kueche-wohnzimmer\/\" \/>\n<meta property=\"og:locale\" content=\"de_DE\" \/>\n<meta property=\"og:type\" content=\"article\" \/>\n<meta property=\"og:title\" content=\"Buchenbusch urban design Betonlampe dark edition 7,5 x 16 cm, Deckenlampe einflammig, LED Pendelleuchte mit Textilkabel, H\u00e4ngelampe Esstisch K\u00fcche Wohnzimmer - Markt-XXL\" \/>\n<meta property=\"og:description\" content=\"Markt-XXL Buchenbusch urban design Betonlampe dark edition 7,5 x 16 cm, Deckenlampe einflammig, LED Pendelleuchte mit Textilkabel, H\u00e4ngelampe Esstisch K\u00fcche Wohnzimmer\" \/>\n<meta property=\"og:url\" content=\"https:\/\/marktxxl.de\/markt\/produkt\/buchenbusch-urban-design-betonlampe-dark-edition-75-x-16-cm-deckenlampe-einflammig-led-pendelleuchte-mit-textilkabel-haengelampe-esstisch-kueche-wohnzimmer\/\" \/>\n<meta property=\"og:site_name\" content=\"Markt-XXL\" \/>\n<meta name=\"twitter:card\" content=\"summary_large_image\" \/>\n<meta name=\"twitter:label1\" content=\"Gesch\u00e4tzte Lesezeit\" \/>\n\t<meta name=\"twitter:data1\" content=\"1\u00a0Minute\" \/>\n<script type=\"application\/ld+json\" class=\"yoast-schema-graph\">{\"@context\":\"https:\\\/\\\/schema.org\",\"@graph\":[{\"@type\":\"WebPage\",\"@id\":\"https:\\\/\\\/marktxxl.de\\\/markt\\\/produkt\\\/buchenbusch-urban-design-betonlampe-dark-edition-75-x-16-cm-deckenlampe-einflammig-led-pendelleuchte-mit-textilkabel-haengelampe-esstisch-kueche-wohnzimmer\\\/\",\"url\":\"https:\\\/\\\/marktxxl.de\\\/markt\\\/produkt\\\/buchenbusch-urban-design-betonlampe-dark-edition-75-x-16-cm-deckenlampe-einflammig-led-pendelleuchte-mit-textilkabel-haengelampe-esstisch-kueche-wohnzimmer\\\/\",\"name\":\"Buchenbusch urban design Betonlampe dark edition 7,5 x 16 cm, Deckenlampe einflammig, LED Pendelleuchte mit Textilkabel, H\u00e4ngelampe Esstisch K\u00fcche Wohnzimmer - Markt-XXL\",\"isPartOf\":{\"@id\":\"https:\\\/\\\/marktxxl.de\\\/markt\\\/#website\"},\"primaryImageOfPage\":{\"@id\":\"https:\\\/\\\/marktxxl.de\\\/markt\\\/produkt\\\/buchenbusch-urban-design-betonlampe-dark-edition-75-x-16-cm-deckenlampe-einflammig-led-pendelleuchte-mit-textilkabel-haengelampe-esstisch-kueche-wohnzimmer\\\/#primaryimage\"},\"image\":{\"@id\":\"https:\\\/\\\/marktxxl.de\\\/markt\\\/produkt\\\/buchenbusch-urban-design-betonlampe-dark-edition-75-x-16-cm-deckenlampe-einflammig-led-pendelleuchte-mit-textilkabel-haengelampe-esstisch-kueche-wohnzimmer\\\/#primaryimage\"},\"thumbnailUrl\":\"https:\\\/\\\/m.media-amazon.com\\\/images\\\/I\\\/21fKPj3VxPL._SL500_.jpg\",\"datePublished\":\"2024-06-28T20:55:03+00:00\",\"description\":\"Markt-XXL Buchenbusch urban design Betonlampe dark edition 7,5 x 16 cm, Deckenlampe einflammig, LED Pendelleuchte mit Textilkabel, H\u00e4ngelampe Esstisch K\u00fcche Wohnzimmer\",\"breadcrumb\":{\"@id\":\"https:\\\/\\\/marktxxl.de\\\/markt\\\/produkt\\\/buchenbusch-urban-design-betonlampe-dark-edition-75-x-16-cm-deckenlampe-einflammig-led-pendelleuchte-mit-textilkabel-haengelampe-esstisch-kueche-wohnzimmer\\\/#breadcrumb\"},\"inLanguage\":\"de\",\"potentialAction\":[{\"@type\":\"ReadAction\",\"target\":[\"https:\\\/\\\/marktxxl.de\\\/markt\\\/produkt\\\/buchenbusch-urban-design-betonlampe-dark-edition-75-x-16-cm-deckenlampe-einflammig-led-pendelleuchte-mit-textilkabel-haengelampe-esstisch-kueche-wohnzimmer\\\/\"]}]},{\"@type\":\"ImageObject\",\"inLanguage\":\"de\",\"@id\":\"https:\\\/\\\/marktxxl.de\\\/markt\\\/produkt\\\/buchenbusch-urban-design-betonlampe-dark-edition-75-x-16-cm-deckenlampe-einflammig-led-pendelleuchte-mit-textilkabel-haengelampe-esstisch-kueche-wohnzimmer\\\/#primaryimage\",\"url\":\"https:\\\/\\\/m.media-amazon.com\\\/images\\\/I\\\/21fKPj3VxPL._SL500_.jpg\",\"contentUrl\":\"https:\\\/\\\/m.media-amazon.com\\\/images\\\/I\\\/21fKPj3VxPL._SL500_.jpg\",\"width\":128,\"height\":500},{\"@type\":\"BreadcrumbList\",\"@id\":\"https:\\\/\\\/marktxxl.de\\\/markt\\\/produkt\\\/buchenbusch-urban-design-betonlampe-dark-edition-75-x-16-cm-deckenlampe-einflammig-led-pendelleuchte-mit-textilkabel-haengelampe-esstisch-kueche-wohnzimmer\\\/#breadcrumb\",\"itemListElement\":[{\"@type\":\"ListItem\",\"position\":1,\"name\":\"Startseite\",\"item\":\"https:\\\/\\\/marktxxl.de\\\/markt\\\/\"},{\"@type\":\"ListItem\",\"position\":2,\"name\":\"Markt\",\"item\":\"https:\\\/\\\/marktxxl.de\\\/markt\\\/\"},{\"@type\":\"ListItem\",\"position\":3,\"name\":\"Buchenbusch urban design Betonlampe dark edition 7,5 x 16 cm, Deckenlampe einflammig, LED Pendelleuchte mit Textilkabel, H\u00e4ngelampe Esstisch K\u00fcche Wohnzimmer\"}]},{\"@type\":\"WebSite\",\"@id\":\"https:\\\/\\\/marktxxl.de\\\/markt\\\/#website\",\"url\":\"https:\\\/\\\/marktxxl.de\\\/markt\\\/\",\"name\":\"Markt-XXL\",\"description\":\"Ihr Markt Online\",\"publisher\":{\"@id\":\"https:\\\/\\\/marktxxl.de\\\/markt\\\/#organization\"},\"potentialAction\":[{\"@type\":\"SearchAction\",\"target\":{\"@type\":\"EntryPoint\",\"urlTemplate\":\"https:\\\/\\\/marktxxl.de\\\/markt\\\/?s={search_term_string}\"},\"query-input\":{\"@type\":\"PropertyValueSpecification\",\"valueRequired\":true,\"valueName\":\"search_term_string\"}}],\"inLanguage\":\"de\"},{\"@type\":\"Organization\",\"@id\":\"https:\\\/\\\/marktxxl.de\\\/markt\\\/#organization\",\"name\":\"Markt-XXL\",\"url\":\"https:\\\/\\\/marktxxl.de\\\/markt\\\/\",\"logo\":{\"@type\":\"ImageObject\",\"inLanguage\":\"de\",\"@id\":\"https:\\\/\\\/marktxxl.de\\\/markt\\\/#\\\/schema\\\/logo\\\/image\\\/\",\"url\":\"https:\\\/\\\/marktxxl.de\\\/markt\\\/wp-content\\\/uploads\\\/sites\\\/3\\\/2020\\\/12\\\/logo.png\",\"contentUrl\":\"https:\\\/\\\/marktxxl.de\\\/markt\\\/wp-content\\\/uploads\\\/sites\\\/3\\\/2020\\\/12\\\/logo.png\",\"width\":200,\"height\":70,\"caption\":\"Markt-XXL\"},\"image\":{\"@id\":\"https:\\\/\\\/marktxxl.de\\\/markt\\\/#\\\/schema\\\/logo\\\/image\\\/\"}}]}<\/script>\n<!-- \/ Yoast SEO plugin. -->","yoast_head_json":{"title":"Buchenbusch urban design Betonlampe dark edition 7,5 x 16 cm, Deckenlampe einflammig, LED Pendelleuchte mit Textilkabel, H\u00e4ngelampe Esstisch K\u00fcche Wohnzimmer - Markt-XXL","description":"Markt-XXL Buchenbusch urban design Betonlampe dark edition 7,5 x 16 cm, Deckenlampe einflammig, LED Pendelleuchte mit Textilkabel, H\u00e4ngelampe Esstisch K\u00fcche Wohnzimmer","robots":{"index":"index","follow":"follow","max-snippet":"max-snippet:-1","max-image-preview":"max-image-preview:large","max-video-preview":"max-video-preview:-1"},"canonical":"https:\/\/marktxxl.de\/markt\/produkt\/buchenbusch-urban-design-betonlampe-dark-edition-75-x-16-cm-deckenlampe-einflammig-led-pendelleuchte-mit-textilkabel-haengelampe-esstisch-kueche-wohnzimmer\/","og_locale":"de_DE","og_type":"article","og_title":"Buchenbusch urban design Betonlampe dark edition 7,5 x 16 cm, Deckenlampe einflammig, LED Pendelleuchte mit Textilkabel, H\u00e4ngelampe Esstisch K\u00fcche Wohnzimmer - Markt-XXL","og_description":"Markt-XXL Buchenbusch urban design Betonlampe dark edition 7,5 x 16 cm, Deckenlampe einflammig, LED Pendelleuchte mit Textilkabel, H\u00e4ngelampe Esstisch K\u00fcche Wohnzimmer","og_url":"https:\/\/marktxxl.de\/markt\/produkt\/buchenbusch-urban-design-betonlampe-dark-edition-75-x-16-cm-deckenlampe-einflammig-led-pendelleuchte-mit-textilkabel-haengelampe-esstisch-kueche-wohnzimmer\/","og_site_name":"Markt-XXL","twitter_card":"summary_large_image","twitter_misc":{"Gesch\u00e4tzte Lesezeit":"1\u00a0Minute"},"schema":{"@context":"https:\/\/schema.org","@graph":[{"@type":"WebPage","@id":"https:\/\/marktxxl.de\/markt\/produkt\/buchenbusch-urban-design-betonlampe-dark-edition-75-x-16-cm-deckenlampe-einflammig-led-pendelleuchte-mit-textilkabel-haengelampe-esstisch-kueche-wohnzimmer\/","url":"https:\/\/marktxxl.de\/markt\/produkt\/buchenbusch-urban-design-betonlampe-dark-edition-75-x-16-cm-deckenlampe-einflammig-led-pendelleuchte-mit-textilkabel-haengelampe-esstisch-kueche-wohnzimmer\/","name":"Buchenbusch urban design Betonlampe dark edition 7,5 x 16 cm, Deckenlampe einflammig, LED Pendelleuchte mit Textilkabel, H\u00e4ngelampe Esstisch K\u00fcche Wohnzimmer - Markt-XXL","isPartOf":{"@id":"https:\/\/marktxxl.de\/markt\/#website"},"primaryImageOfPage":{"@id":"https:\/\/marktxxl.de\/markt\/produkt\/buchenbusch-urban-design-betonlampe-dark-edition-75-x-16-cm-deckenlampe-einflammig-led-pendelleuchte-mit-textilkabel-haengelampe-esstisch-kueche-wohnzimmer\/#primaryimage"},"image":{"@id":"https:\/\/marktxxl.de\/markt\/produkt\/buchenbusch-urban-design-betonlampe-dark-edition-75-x-16-cm-deckenlampe-einflammig-led-pendelleuchte-mit-textilkabel-haengelampe-esstisch-kueche-wohnzimmer\/#primaryimage"},"thumbnailUrl":"https:\/\/m.media-amazon.com\/images\/I\/21fKPj3VxPL._SL500_.jpg","datePublished":"2024-06-28T20:55:03+00:00","description":"Markt-XXL Buchenbusch urban design Betonlampe dark edition 7,5 x 16 cm, Deckenlampe einflammig, LED Pendelleuchte mit Textilkabel, H\u00e4ngelampe Esstisch K\u00fcche Wohnzimmer","breadcrumb":{"@id":"https:\/\/marktxxl.de\/markt\/produkt\/buchenbusch-urban-design-betonlampe-dark-edition-75-x-16-cm-deckenlampe-einflammig-led-pendelleuchte-mit-textilkabel-haengelampe-esstisch-kueche-wohnzimmer\/#breadcrumb"},"inLanguage":"de","potentialAction":[{"@type":"ReadAction","target":["https:\/\/marktxxl.de\/markt\/produkt\/buchenbusch-urban-design-betonlampe-dark-edition-75-x-16-cm-deckenlampe-einflammig-led-pendelleuchte-mit-textilkabel-haengelampe-esstisch-kueche-wohnzimmer\/"]}]},{"@type":"ImageObject","inLanguage":"de","@id":"https:\/\/marktxxl.de\/markt\/produkt\/buchenbusch-urban-design-betonlampe-dark-edition-75-x-16-cm-deckenlampe-einflammig-led-pendelleuchte-mit-textilkabel-haengelampe-esstisch-kueche-wohnzimmer\/#primaryimage","url":"https:\/\/m.media-amazon.com\/images\/I\/21fKPj3VxPL._SL500_.jpg","contentUrl":"https:\/\/m.media-amazon.com\/images\/I\/21fKPj3VxPL._SL500_.jpg","width":128,"height":500},{"@type":"BreadcrumbList","@id":"https:\/\/marktxxl.de\/markt\/produkt\/buchenbusch-urban-design-betonlampe-dark-edition-75-x-16-cm-deckenlampe-einflammig-led-pendelleuchte-mit-textilkabel-haengelampe-esstisch-kueche-wohnzimmer\/#breadcrumb","itemListElement":[{"@type":"ListItem","position":1,"name":"Startseite","item":"https:\/\/marktxxl.de\/markt\/"},{"@type":"ListItem","position":2,"name":"Markt","item":"https:\/\/marktxxl.de\/markt\/"},{"@type":"ListItem","position":3,"name":"Buchenbusch urban design Betonlampe dark edition 7,5 x 16 cm, Deckenlampe einflammig, LED Pendelleuchte mit Textilkabel, H\u00e4ngelampe Esstisch K\u00fcche Wohnzimmer"}]},{"@type":"WebSite","@id":"https:\/\/marktxxl.de\/markt\/#website","url":"https:\/\/marktxxl.de\/markt\/","name":"Markt-XXL","description":"Ihr Markt Online","publisher":{"@id":"https:\/\/marktxxl.de\/markt\/#organization"},"potentialAction":[{"@type":"SearchAction","target":{"@type":"EntryPoint","urlTemplate":"https:\/\/marktxxl.de\/markt\/?s={search_term_string}"},"query-input":{"@type":"PropertyValueSpecification","valueRequired":true,"valueName":"search_term_string"}}],"inLanguage":"de"},{"@type":"Organization","@id":"https:\/\/marktxxl.de\/markt\/#organization","name":"Markt-XXL","url":"https:\/\/marktxxl.de\/markt\/","logo":{"@type":"ImageObject","inLanguage":"de","@id":"https:\/\/marktxxl.de\/markt\/#\/schema\/logo\/image\/","url":"https:\/\/marktxxl.de\/markt\/wp-content\/uploads\/sites\/3\/2020\/12\/logo.png","contentUrl":"https:\/\/marktxxl.de\/markt\/wp-content\/uploads\/sites\/3\/2020\/12\/logo.png","width":200,"height":70,"caption":"Markt-XXL"},"image":{"@id":"https:\/\/marktxxl.de\/markt\/#\/schema\/logo\/image\/"}}]}},"_links":{"self":[{"href":"https:\/\/marktxxl.de\/markt\/wp-json\/wp\/v2\/product\/214206","targetHints":{"allow":["GET"]}}],"collection":[{"href":"https:\/\/marktxxl.de\/markt\/wp-json\/wp\/v2\/product"}],"about":[{"href":"https:\/\/marktxxl.de\/markt\/wp-json\/wp\/v2\/types\/product"}],"replies":[{"embeddable":true,"href":"https:\/\/marktxxl.de\/markt\/wp-json\/wp\/v2\/comments?post=214206"}],"wp:featuredmedia":[{"embeddable":true,"href":"https:\/\/marktxxl.de\/markt\/wp-json\/wp\/v2\/media\/214207"}],"wp:attachment":[{"href":"https:\/\/marktxxl.de\/markt\/wp-json\/wp\/v2\/media?parent=214206"}],"wp:term":[{"taxonomy":"product_brand","embeddable":true,"href":"https:\/\/marktxxl.de\/markt\/wp-json\/wp\/v2\/product_brand?post=214206"},{"taxonomy":"product_cat","embeddable":true,"href":"https:\/\/marktxxl.de\/markt\/wp-json\/wp\/v2\/product_cat?post=214206"},{"taxonomy":"product_tag","embeddable":true,"href":"https:\/\/marktxxl.de\/markt\/wp-json\/wp\/v2\/product_tag?post=214206"}],"curies":[{"name":"wp","href":"https:\/\/api.w.org\/{rel}","templated":true}]}}