{"id":213916,"date":"2024-06-28T21:59:15","date_gmt":"2024-06-28T19:59:15","guid":{"rendered":"https:\/\/marktxxl.de\/markt\/produkt\/trango-2er-set-200g-kugelleuchte-gartenkugel-nature-ip65-in-granit-optik-20cm-durchmesser-inkl-je-1x-e27-fassung-je-ca-5m-ip44-kabel-leuchtkugel-aussenleuchte-aussenkugel-ohne-leuchtmitte\/"},"modified":"2024-06-28T21:59:15","modified_gmt":"2024-06-28T19:59:15","slug":"trango-2er-set-200g-kugelleuchte-gartenkugel-nature-ip65-in-granit-optik-20cm-durchmesser-inkl-je-1x-e27-fassung-je-ca-5m-ip44-kabel-leuchtkugel-aussenleuchte-aussenkugel-ohne-leuchtmitte","status":"publish","type":"product","link":"https:\/\/marktxxl.de\/markt\/produkt\/trango-2er-set-200g-kugelleuchte-gartenkugel-nature-ip65-in-granit-optik-20cm-durchmesser-inkl-je-1x-e27-fassung-je-ca-5m-ip44-kabel-leuchtkugel-aussenleuchte-aussenkugel-ohne-leuchtmitte\/","title":{"rendered":"Trango 2er Set 200G Kugelleuchte, Gartenkugel *NATURE* IP65 in Granit-Optik 20cm Durchmesser inkl. je 1x E27 Fassung &amp; je ca. 5m IP44 Kabel Leuchtkugel, Au\u00dfenleuchte, Au\u00dfenkugel ohne Leuchtmittel"},"content":{"rendered":"<p>Die Trango IP65 Gartenkugel I Kugelleuchte I Kugellampe I Au\u00dfenlampe I dekorative Leuchtkugel *NATURE* besticht durch ihr zeitloses Design und passt sich perfekt jeder Umgebung an. Ob im Garten, auf der Terrasse, im Wintergarten, zur Wegbeleuchtung und Au\u00dfenanlagen &#8211; die Kugelleuchte bringt Harmonie und Einklang in die Umgebung<br \/>\nLieferumfang: Die Kugel ist wahlweise in verschiedenen Durchmessern erh\u00e4ltlich: 20cm &#8211; 30cm \u2013 40cm \u2013 50cm. Jede Kugellampe ist mit einem ca. 5,0 Meter IP44 Zuleitungskabel mit Stecker &amp; einer E27-Fassung ausgestattet. Wir empfehlen die Nutzung energiesparender LED-Leuchtmittel (im Lieferumfang nicht enthalten). Erdspie\u00dfe sorgen f\u00fcr die sichere Befestigung im vorbereiteten Erdreich. Wunderbare Akzente k\u00f6nnen Sie setzen, wenn Sie mehrere Kugeln unterschiedlicher Gr\u00f6\u00dfe miteinander kombinieren<br \/>\nTechnische Daten zur Gartenkugel: Fassung: E27 I geeignet f\u00fcr alle LED-Leuchtmittel und Gl\u00fchbirnen mit max. 25 Watt (Leuchtmittel im Lieferumfang nicht enthalten). Schutzart Kugel: IP65 Spr\u00fchwasser gesch\u00fctzt I zur Verwendung im Au\u00dfen- und Innenbereich geeignet I Schutzklasse: II I Schutzart Kabel: IP44 I Spannung: 230 Volt I Material: PMMA Kunststoff I Farbe der Kugel: Granitstein I Sockel schwarz I Form: rund<br \/>\nDie Trango Gartenkugel ist mit ihrem schlichten Design eine super dekorative Beleuchtung, welche sich f\u00fcr Garten, Terrasse, Wintergarten, Wege und Au\u00dfenanlagen sowie auch den Innenbereich eignet. Die Gartenkugel solo oder in Kombination mit weiteren Kugelleuchten ist ein Hingucker in jeder Gr\u00fcnanlage. Sie l\u00e4sst sich nach Belieben im Garten positionieren und zaubert eine angenehme Atmosph\u00e4re<br \/>\nIn unserem Shop finden Sie weitere Gartenkugel-Modelle und LED Leuchtmittel. Sollten Sie Fragen oder Anregungen haben, stehen wir Ihnen selbstverst\u00e4ndlich gerne zur Verf\u00fcgung<br \/>\n<div class=\"main-cross-sell\" data-asin=\"B07MQKLGWF\">\n\n\t<div class=\"WooZone-cross-sell-loader\">\n\t\t<div>\n\t\t\t<div id=\"floatingBarsG\">\n\t\t\t\t<div class=\"blockG\" id=\"rotateG_01\"><\/div>\n\t\t\t\t<div class=\"blockG\" id=\"rotateG_02\"><\/div>\n\t\t\t\t<div class=\"blockG\" id=\"rotateG_03\"><\/div>\n\t\t\t\t<div class=\"blockG\" id=\"rotateG_04\"><\/div>\n\t\t\t\t<div class=\"blockG\" id=\"rotateG_05\"><\/div>\n\t\t\t\t<div class=\"blockG\" id=\"rotateG_06\"><\/div>\n\t\t\t\t<div class=\"blockG\" id=\"rotateG_07\"><\/div>\n\t\t\t\t<div class=\"blockG\" id=\"rotateG_08\"><\/div>\n\t\t\t<\/div>\n\t\t\t<div class=\"WooZone-cross-sell-loader-text\"><\/div>\n\t\t<\/div>\n\t<\/div>\n\n\t\t\n<\/div>\n<div style=\"clear:both;\"><\/div><\/p>\n","protected":false},"excerpt":{"rendered":"<p>Die Trango IP65 Gartenkugel I Kugelleuchte I Kugellampe I Au\u00dfenlampe I dekorative Leuchtkugel *NATURE* besticht durch ihr zeitloses Design und passt sich perfekt jeder Umgebung an. Ob im Garten, auf der Terrasse, im Wintergarten, zur Wegbeleuchtung und Au\u00dfenanlagen &#8211; die Kugelleuchte bringt Harmonie und Einklang in die Umgebung<br \/>\nLieferumfang: Die Kugel ist wahlweise in verschiedenen Durchmessern erh\u00e4ltlich: 20cm &#8211; 30cm \u2013 40cm \u2013 50cm. Jede Kugellampe ist mit einem ca. 5,0 Meter IP44 Zuleitungskabel mit Stecker &amp; einer E27-Fassung ausgestattet. Wir empfehlen die Nutzung energiesparender LED-Leuchtmittel (im Lieferumfang nicht enthalten). Erdspie\u00dfe sorgen f\u00fcr die sichere Befestigung im vorbereiteten Erdreich. Wunderbare Akzente k\u00f6nnen Sie setzen, wenn Sie mehrere Kugeln unterschiedlicher Gr\u00f6\u00dfe miteinander kombinieren<br \/>\nTechnische Daten zur Gartenkugel: Fassung: E27 I geeignet f\u00fcr alle LED-Leuchtmittel und Gl\u00fchbirnen mit max. 25 Watt (Leuchtmittel im Lieferumfang nicht enthalten). Schutzart Kugel: IP65 Spr\u00fchwasser gesch\u00fctzt I zur Verwendung im Au\u00dfen- und Innenbereich geeignet I Schutzklasse: II I Schutzart Kabel: IP44 I Spannung: 230 Volt I Material: PMMA Kunststoff I Farbe der Kugel: Granitstein I Sockel schwarz I Form: rund<\/p>\n","protected":false},"featured_media":213917,"comment_status":"open","ping_status":"closed","template":"","meta":[],"product_brand":[],"product_cat":[11446,2108],"product_tag":[],"class_list":{"0":"post-213916","1":"product","2":"type-product","3":"status-publish","4":"has-post-thumbnail","6":"product_cat-aussenbeleuchtung","7":"product_cat-beleuchtung","8":"pa_binding-ausruestung","9":"pa_brand-trango","10":"pa_color-weiss","11":"pa_height-8-661417314-zoll","12":"pa_length-7-87401574-zoll","13":"pa_manufacturer-trango","14":"pa_model-200g","15":"pa_size-2x20cm-granit","16":"pa_width-7-87401574-zoll","18":"first","19":"instock","20":"shipping-taxable","21":"purchasable","22":"product-type-simple","23":"customify-col","24":"product-has-gallery"},"yoast_head":"<!-- This site is optimized with the Yoast SEO plugin v27.4 - https:\/\/yoast.com\/product\/yoast-seo-wordpress\/ -->\n<title>Trango 2er Set 200G Kugelleuchte, Gartenkugel *NATURE* IP65 in Granit-Optik 20cm Durchmesser inkl. je 1x E27 Fassung &amp; je ca. 5m IP44 Kabel Leuchtkugel, Au\u00dfenleuchte, Au\u00dfenkugel ohne Leuchtmittel - Markt-XXL<\/title>\n<meta name=\"description\" content=\"Markt-XXL Trango 2er Set 200G Kugelleuchte, Gartenkugel *NATURE* IP65 in Granit-Optik 20cm Durchmesser inkl. je 1x E27 Fassung &amp; je ca. 5m IP44 Kabel Leuchtkugel, Au\u00dfenleuchte, Au\u00dfenkugel ohne Leuchtmittel\" \/>\n<meta name=\"robots\" content=\"index, follow, max-snippet:-1, max-image-preview:large, max-video-preview:-1\" \/>\n<link rel=\"canonical\" href=\"https:\/\/marktxxl.de\/markt\/produkt\/trango-2er-set-200g-kugelleuchte-gartenkugel-nature-ip65-in-granit-optik-20cm-durchmesser-inkl-je-1x-e27-fassung-je-ca-5m-ip44-kabel-leuchtkugel-aussenleuchte-aussenkugel-ohne-leuchtmitte\/\" \/>\n<meta property=\"og:locale\" content=\"de_DE\" \/>\n<meta property=\"og:type\" content=\"article\" \/>\n<meta property=\"og:title\" content=\"Trango 2er Set 200G Kugelleuchte, Gartenkugel *NATURE* IP65 in Granit-Optik 20cm Durchmesser inkl. je 1x E27 Fassung &amp; je ca. 5m IP44 Kabel Leuchtkugel, Au\u00dfenleuchte, Au\u00dfenkugel ohne Leuchtmittel - Markt-XXL\" \/>\n<meta property=\"og:description\" content=\"Markt-XXL Trango 2er Set 200G Kugelleuchte, Gartenkugel *NATURE* IP65 in Granit-Optik 20cm Durchmesser inkl. je 1x E27 Fassung &amp; je ca. 5m IP44 Kabel Leuchtkugel, Au\u00dfenleuchte, Au\u00dfenkugel ohne Leuchtmittel\" \/>\n<meta property=\"og:url\" content=\"https:\/\/marktxxl.de\/markt\/produkt\/trango-2er-set-200g-kugelleuchte-gartenkugel-nature-ip65-in-granit-optik-20cm-durchmesser-inkl-je-1x-e27-fassung-je-ca-5m-ip44-kabel-leuchtkugel-aussenleuchte-aussenkugel-ohne-leuchtmitte\/\" \/>\n<meta property=\"og:site_name\" content=\"Markt-XXL\" \/>\n<meta name=\"twitter:card\" content=\"summary_large_image\" \/>\n<meta name=\"twitter:label1\" content=\"Gesch\u00e4tzte Lesezeit\" \/>\n\t<meta name=\"twitter:data1\" content=\"1\u00a0Minute\" \/>\n<script type=\"application\/ld+json\" class=\"yoast-schema-graph\">{\"@context\":\"https:\\\/\\\/schema.org\",\"@graph\":[{\"@type\":\"WebPage\",\"@id\":\"https:\\\/\\\/marktxxl.de\\\/markt\\\/produkt\\\/trango-2er-set-200g-kugelleuchte-gartenkugel-nature-ip65-in-granit-optik-20cm-durchmesser-inkl-je-1x-e27-fassung-je-ca-5m-ip44-kabel-leuchtkugel-aussenleuchte-aussenkugel-ohne-leuchtmitte\\\/\",\"url\":\"https:\\\/\\\/marktxxl.de\\\/markt\\\/produkt\\\/trango-2er-set-200g-kugelleuchte-gartenkugel-nature-ip65-in-granit-optik-20cm-durchmesser-inkl-je-1x-e27-fassung-je-ca-5m-ip44-kabel-leuchtkugel-aussenleuchte-aussenkugel-ohne-leuchtmitte\\\/\",\"name\":\"Trango 2er Set 200G Kugelleuchte, Gartenkugel *NATURE* IP65 in Granit-Optik 20cm Durchmesser inkl. je 1x E27 Fassung &amp; je ca. 5m IP44 Kabel Leuchtkugel, Au\u00dfenleuchte, Au\u00dfenkugel ohne Leuchtmittel - Markt-XXL\",\"isPartOf\":{\"@id\":\"https:\\\/\\\/marktxxl.de\\\/markt\\\/#website\"},\"primaryImageOfPage\":{\"@id\":\"https:\\\/\\\/marktxxl.de\\\/markt\\\/produkt\\\/trango-2er-set-200g-kugelleuchte-gartenkugel-nature-ip65-in-granit-optik-20cm-durchmesser-inkl-je-1x-e27-fassung-je-ca-5m-ip44-kabel-leuchtkugel-aussenleuchte-aussenkugel-ohne-leuchtmitte\\\/#primaryimage\"},\"image\":{\"@id\":\"https:\\\/\\\/marktxxl.de\\\/markt\\\/produkt\\\/trango-2er-set-200g-kugelleuchte-gartenkugel-nature-ip65-in-granit-optik-20cm-durchmesser-inkl-je-1x-e27-fassung-je-ca-5m-ip44-kabel-leuchtkugel-aussenleuchte-aussenkugel-ohne-leuchtmitte\\\/#primaryimage\"},\"thumbnailUrl\":\"https:\\\/\\\/m.media-amazon.com\\\/images\\\/I\\\/411B1lbXAfL._SL500_.jpg\",\"datePublished\":\"2024-06-28T19:59:15+00:00\",\"description\":\"Markt-XXL Trango 2er Set 200G Kugelleuchte, Gartenkugel *NATURE* IP65 in Granit-Optik 20cm Durchmesser inkl. je 1x E27 Fassung &amp; je ca. 5m IP44 Kabel Leuchtkugel, Au\u00dfenleuchte, Au\u00dfenkugel ohne Leuchtmittel\",\"breadcrumb\":{\"@id\":\"https:\\\/\\\/marktxxl.de\\\/markt\\\/produkt\\\/trango-2er-set-200g-kugelleuchte-gartenkugel-nature-ip65-in-granit-optik-20cm-durchmesser-inkl-je-1x-e27-fassung-je-ca-5m-ip44-kabel-leuchtkugel-aussenleuchte-aussenkugel-ohne-leuchtmitte\\\/#breadcrumb\"},\"inLanguage\":\"de\",\"potentialAction\":[{\"@type\":\"ReadAction\",\"target\":[\"https:\\\/\\\/marktxxl.de\\\/markt\\\/produkt\\\/trango-2er-set-200g-kugelleuchte-gartenkugel-nature-ip65-in-granit-optik-20cm-durchmesser-inkl-je-1x-e27-fassung-je-ca-5m-ip44-kabel-leuchtkugel-aussenleuchte-aussenkugel-ohne-leuchtmitte\\\/\"]}]},{\"@type\":\"ImageObject\",\"inLanguage\":\"de\",\"@id\":\"https:\\\/\\\/marktxxl.de\\\/markt\\\/produkt\\\/trango-2er-set-200g-kugelleuchte-gartenkugel-nature-ip65-in-granit-optik-20cm-durchmesser-inkl-je-1x-e27-fassung-je-ca-5m-ip44-kabel-leuchtkugel-aussenleuchte-aussenkugel-ohne-leuchtmitte\\\/#primaryimage\",\"url\":\"https:\\\/\\\/m.media-amazon.com\\\/images\\\/I\\\/411B1lbXAfL._SL500_.jpg\",\"contentUrl\":\"https:\\\/\\\/m.media-amazon.com\\\/images\\\/I\\\/411B1lbXAfL._SL500_.jpg\",\"width\":500,\"height\":419},{\"@type\":\"BreadcrumbList\",\"@id\":\"https:\\\/\\\/marktxxl.de\\\/markt\\\/produkt\\\/trango-2er-set-200g-kugelleuchte-gartenkugel-nature-ip65-in-granit-optik-20cm-durchmesser-inkl-je-1x-e27-fassung-je-ca-5m-ip44-kabel-leuchtkugel-aussenleuchte-aussenkugel-ohne-leuchtmitte\\\/#breadcrumb\",\"itemListElement\":[{\"@type\":\"ListItem\",\"position\":1,\"name\":\"Startseite\",\"item\":\"https:\\\/\\\/marktxxl.de\\\/markt\\\/\"},{\"@type\":\"ListItem\",\"position\":2,\"name\":\"Markt\",\"item\":\"https:\\\/\\\/marktxxl.de\\\/markt\\\/\"},{\"@type\":\"ListItem\",\"position\":3,\"name\":\"Trango 2er Set 200G Kugelleuchte, Gartenkugel *NATURE* IP65 in Granit-Optik 20cm Durchmesser inkl. je 1x E27 Fassung &amp; je ca. 5m IP44 Kabel Leuchtkugel, Au\u00dfenleuchte, Au\u00dfenkugel ohne Leuchtmittel\"}]},{\"@type\":\"WebSite\",\"@id\":\"https:\\\/\\\/marktxxl.de\\\/markt\\\/#website\",\"url\":\"https:\\\/\\\/marktxxl.de\\\/markt\\\/\",\"name\":\"Markt-XXL\",\"description\":\"Ihr Markt Online\",\"publisher\":{\"@id\":\"https:\\\/\\\/marktxxl.de\\\/markt\\\/#organization\"},\"potentialAction\":[{\"@type\":\"SearchAction\",\"target\":{\"@type\":\"EntryPoint\",\"urlTemplate\":\"https:\\\/\\\/marktxxl.de\\\/markt\\\/?s={search_term_string}\"},\"query-input\":{\"@type\":\"PropertyValueSpecification\",\"valueRequired\":true,\"valueName\":\"search_term_string\"}}],\"inLanguage\":\"de\"},{\"@type\":\"Organization\",\"@id\":\"https:\\\/\\\/marktxxl.de\\\/markt\\\/#organization\",\"name\":\"Markt-XXL\",\"url\":\"https:\\\/\\\/marktxxl.de\\\/markt\\\/\",\"logo\":{\"@type\":\"ImageObject\",\"inLanguage\":\"de\",\"@id\":\"https:\\\/\\\/marktxxl.de\\\/markt\\\/#\\\/schema\\\/logo\\\/image\\\/\",\"url\":\"https:\\\/\\\/marktxxl.de\\\/markt\\\/wp-content\\\/uploads\\\/sites\\\/3\\\/2020\\\/12\\\/logo.png\",\"contentUrl\":\"https:\\\/\\\/marktxxl.de\\\/markt\\\/wp-content\\\/uploads\\\/sites\\\/3\\\/2020\\\/12\\\/logo.png\",\"width\":200,\"height\":70,\"caption\":\"Markt-XXL\"},\"image\":{\"@id\":\"https:\\\/\\\/marktxxl.de\\\/markt\\\/#\\\/schema\\\/logo\\\/image\\\/\"}}]}<\/script>\n<!-- \/ Yoast SEO plugin. -->","yoast_head_json":{"title":"Trango 2er Set 200G Kugelleuchte, Gartenkugel *NATURE* IP65 in Granit-Optik 20cm Durchmesser inkl. je 1x E27 Fassung &amp; je ca. 5m IP44 Kabel Leuchtkugel, Au\u00dfenleuchte, Au\u00dfenkugel ohne Leuchtmittel - Markt-XXL","description":"Markt-XXL Trango 2er Set 200G Kugelleuchte, Gartenkugel *NATURE* IP65 in Granit-Optik 20cm Durchmesser inkl. je 1x E27 Fassung &amp; je ca. 5m IP44 Kabel Leuchtkugel, Au\u00dfenleuchte, Au\u00dfenkugel ohne Leuchtmittel","robots":{"index":"index","follow":"follow","max-snippet":"max-snippet:-1","max-image-preview":"max-image-preview:large","max-video-preview":"max-video-preview:-1"},"canonical":"https:\/\/marktxxl.de\/markt\/produkt\/trango-2er-set-200g-kugelleuchte-gartenkugel-nature-ip65-in-granit-optik-20cm-durchmesser-inkl-je-1x-e27-fassung-je-ca-5m-ip44-kabel-leuchtkugel-aussenleuchte-aussenkugel-ohne-leuchtmitte\/","og_locale":"de_DE","og_type":"article","og_title":"Trango 2er Set 200G Kugelleuchte, Gartenkugel *NATURE* IP65 in Granit-Optik 20cm Durchmesser inkl. je 1x E27 Fassung &amp; je ca. 5m IP44 Kabel Leuchtkugel, Au\u00dfenleuchte, Au\u00dfenkugel ohne Leuchtmittel - Markt-XXL","og_description":"Markt-XXL Trango 2er Set 200G Kugelleuchte, Gartenkugel *NATURE* IP65 in Granit-Optik 20cm Durchmesser inkl. je 1x E27 Fassung &amp; je ca. 5m IP44 Kabel Leuchtkugel, Au\u00dfenleuchte, Au\u00dfenkugel ohne Leuchtmittel","og_url":"https:\/\/marktxxl.de\/markt\/produkt\/trango-2er-set-200g-kugelleuchte-gartenkugel-nature-ip65-in-granit-optik-20cm-durchmesser-inkl-je-1x-e27-fassung-je-ca-5m-ip44-kabel-leuchtkugel-aussenleuchte-aussenkugel-ohne-leuchtmitte\/","og_site_name":"Markt-XXL","twitter_card":"summary_large_image","twitter_misc":{"Gesch\u00e4tzte Lesezeit":"1\u00a0Minute"},"schema":{"@context":"https:\/\/schema.org","@graph":[{"@type":"WebPage","@id":"https:\/\/marktxxl.de\/markt\/produkt\/trango-2er-set-200g-kugelleuchte-gartenkugel-nature-ip65-in-granit-optik-20cm-durchmesser-inkl-je-1x-e27-fassung-je-ca-5m-ip44-kabel-leuchtkugel-aussenleuchte-aussenkugel-ohne-leuchtmitte\/","url":"https:\/\/marktxxl.de\/markt\/produkt\/trango-2er-set-200g-kugelleuchte-gartenkugel-nature-ip65-in-granit-optik-20cm-durchmesser-inkl-je-1x-e27-fassung-je-ca-5m-ip44-kabel-leuchtkugel-aussenleuchte-aussenkugel-ohne-leuchtmitte\/","name":"Trango 2er Set 200G Kugelleuchte, Gartenkugel *NATURE* IP65 in Granit-Optik 20cm Durchmesser inkl. je 1x E27 Fassung &amp; je ca. 5m IP44 Kabel Leuchtkugel, Au\u00dfenleuchte, Au\u00dfenkugel ohne Leuchtmittel - Markt-XXL","isPartOf":{"@id":"https:\/\/marktxxl.de\/markt\/#website"},"primaryImageOfPage":{"@id":"https:\/\/marktxxl.de\/markt\/produkt\/trango-2er-set-200g-kugelleuchte-gartenkugel-nature-ip65-in-granit-optik-20cm-durchmesser-inkl-je-1x-e27-fassung-je-ca-5m-ip44-kabel-leuchtkugel-aussenleuchte-aussenkugel-ohne-leuchtmitte\/#primaryimage"},"image":{"@id":"https:\/\/marktxxl.de\/markt\/produkt\/trango-2er-set-200g-kugelleuchte-gartenkugel-nature-ip65-in-granit-optik-20cm-durchmesser-inkl-je-1x-e27-fassung-je-ca-5m-ip44-kabel-leuchtkugel-aussenleuchte-aussenkugel-ohne-leuchtmitte\/#primaryimage"},"thumbnailUrl":"https:\/\/m.media-amazon.com\/images\/I\/411B1lbXAfL._SL500_.jpg","datePublished":"2024-06-28T19:59:15+00:00","description":"Markt-XXL Trango 2er Set 200G Kugelleuchte, Gartenkugel *NATURE* IP65 in Granit-Optik 20cm Durchmesser inkl. je 1x E27 Fassung &amp; je ca. 5m IP44 Kabel Leuchtkugel, Au\u00dfenleuchte, Au\u00dfenkugel ohne Leuchtmittel","breadcrumb":{"@id":"https:\/\/marktxxl.de\/markt\/produkt\/trango-2er-set-200g-kugelleuchte-gartenkugel-nature-ip65-in-granit-optik-20cm-durchmesser-inkl-je-1x-e27-fassung-je-ca-5m-ip44-kabel-leuchtkugel-aussenleuchte-aussenkugel-ohne-leuchtmitte\/#breadcrumb"},"inLanguage":"de","potentialAction":[{"@type":"ReadAction","target":["https:\/\/marktxxl.de\/markt\/produkt\/trango-2er-set-200g-kugelleuchte-gartenkugel-nature-ip65-in-granit-optik-20cm-durchmesser-inkl-je-1x-e27-fassung-je-ca-5m-ip44-kabel-leuchtkugel-aussenleuchte-aussenkugel-ohne-leuchtmitte\/"]}]},{"@type":"ImageObject","inLanguage":"de","@id":"https:\/\/marktxxl.de\/markt\/produkt\/trango-2er-set-200g-kugelleuchte-gartenkugel-nature-ip65-in-granit-optik-20cm-durchmesser-inkl-je-1x-e27-fassung-je-ca-5m-ip44-kabel-leuchtkugel-aussenleuchte-aussenkugel-ohne-leuchtmitte\/#primaryimage","url":"https:\/\/m.media-amazon.com\/images\/I\/411B1lbXAfL._SL500_.jpg","contentUrl":"https:\/\/m.media-amazon.com\/images\/I\/411B1lbXAfL._SL500_.jpg","width":500,"height":419},{"@type":"BreadcrumbList","@id":"https:\/\/marktxxl.de\/markt\/produkt\/trango-2er-set-200g-kugelleuchte-gartenkugel-nature-ip65-in-granit-optik-20cm-durchmesser-inkl-je-1x-e27-fassung-je-ca-5m-ip44-kabel-leuchtkugel-aussenleuchte-aussenkugel-ohne-leuchtmitte\/#breadcrumb","itemListElement":[{"@type":"ListItem","position":1,"name":"Startseite","item":"https:\/\/marktxxl.de\/markt\/"},{"@type":"ListItem","position":2,"name":"Markt","item":"https:\/\/marktxxl.de\/markt\/"},{"@type":"ListItem","position":3,"name":"Trango 2er Set 200G Kugelleuchte, Gartenkugel *NATURE* IP65 in Granit-Optik 20cm Durchmesser inkl. je 1x E27 Fassung &amp; je ca. 5m IP44 Kabel Leuchtkugel, Au\u00dfenleuchte, Au\u00dfenkugel ohne Leuchtmittel"}]},{"@type":"WebSite","@id":"https:\/\/marktxxl.de\/markt\/#website","url":"https:\/\/marktxxl.de\/markt\/","name":"Markt-XXL","description":"Ihr Markt Online","publisher":{"@id":"https:\/\/marktxxl.de\/markt\/#organization"},"potentialAction":[{"@type":"SearchAction","target":{"@type":"EntryPoint","urlTemplate":"https:\/\/marktxxl.de\/markt\/?s={search_term_string}"},"query-input":{"@type":"PropertyValueSpecification","valueRequired":true,"valueName":"search_term_string"}}],"inLanguage":"de"},{"@type":"Organization","@id":"https:\/\/marktxxl.de\/markt\/#organization","name":"Markt-XXL","url":"https:\/\/marktxxl.de\/markt\/","logo":{"@type":"ImageObject","inLanguage":"de","@id":"https:\/\/marktxxl.de\/markt\/#\/schema\/logo\/image\/","url":"https:\/\/marktxxl.de\/markt\/wp-content\/uploads\/sites\/3\/2020\/12\/logo.png","contentUrl":"https:\/\/marktxxl.de\/markt\/wp-content\/uploads\/sites\/3\/2020\/12\/logo.png","width":200,"height":70,"caption":"Markt-XXL"},"image":{"@id":"https:\/\/marktxxl.de\/markt\/#\/schema\/logo\/image\/"}}]}},"_links":{"self":[{"href":"https:\/\/marktxxl.de\/markt\/wp-json\/wp\/v2\/product\/213916","targetHints":{"allow":["GET"]}}],"collection":[{"href":"https:\/\/marktxxl.de\/markt\/wp-json\/wp\/v2\/product"}],"about":[{"href":"https:\/\/marktxxl.de\/markt\/wp-json\/wp\/v2\/types\/product"}],"replies":[{"embeddable":true,"href":"https:\/\/marktxxl.de\/markt\/wp-json\/wp\/v2\/comments?post=213916"}],"wp:featuredmedia":[{"embeddable":true,"href":"https:\/\/marktxxl.de\/markt\/wp-json\/wp\/v2\/media\/213917"}],"wp:attachment":[{"href":"https:\/\/marktxxl.de\/markt\/wp-json\/wp\/v2\/media?parent=213916"}],"wp:term":[{"taxonomy":"product_brand","embeddable":true,"href":"https:\/\/marktxxl.de\/markt\/wp-json\/wp\/v2\/product_brand?post=213916"},{"taxonomy":"product_cat","embeddable":true,"href":"https:\/\/marktxxl.de\/markt\/wp-json\/wp\/v2\/product_cat?post=213916"},{"taxonomy":"product_tag","embeddable":true,"href":"https:\/\/marktxxl.de\/markt\/wp-json\/wp\/v2\/product_tag?post=213916"}],"curies":[{"name":"wp","href":"https:\/\/api.w.org\/{rel}","templated":true}]}}