{"id":213872,"date":"2024-06-28T21:56:47","date_gmt":"2024-06-28T19:56:47","guid":{"rendered":"https:\/\/marktxxl.de\/markt\/produkt\/flashed-50-w-solarstrahler-solarbetrieben-led-solarstrahler-mit-30-000-stunden-lebensdauer-solarbetriebener-innenstrahler-fuer-terrasse-und-garten-lebensdauer-12-stunden-bei-6500-k-und-ip65-mit\/"},"modified":"2024-06-28T21:56:47","modified_gmt":"2024-06-28T19:56:47","slug":"flashed-50-w-solarstrahler-solarbetrieben-led-solarstrahler-mit-30-000-stunden-lebensdauer-solarbetriebener-innenstrahler-fuer-terrasse-und-garten-lebensdauer-12-stunden-bei-6500-k-und-ip65-mit","status":"publish","type":"product","link":"https:\/\/marktxxl.de\/markt\/produkt\/flashed-50-w-solarstrahler-solarbetrieben-led-solarstrahler-mit-30-000-stunden-lebensdauer-solarbetriebener-innenstrahler-fuer-terrasse-und-garten-lebensdauer-12-stunden-bei-6500-k-und-ip65-mit\/","title":{"rendered":"flashed &#8211; 50 W Solarstrahler, solarbetrieben, LED-Solarstrahler mit 30.000 Stunden Lebensdauer. Solarbetriebener Innenstrahler f\u00fcr Terrasse und Garten, Lebensdauer 12 Stunden bei 6500 K und IP65, mit"},"content":{"rendered":"<p>Zertifizierte und e Qualit\u00e4t: M\u00f6chten Sie sicherstellen, dass Sie ein vertrauensw\u00fcrdiges Produkt kaufen Unsere Solarstrahler wurden durch Spektrophotometrie-ysen streng bewertet, um ihre au\u00dfergew\u00f6hnliche Qualit\u00e4t und die beworbenen Eigenschaften sicherzustellen. Holen Sie sich eine zuverl\u00e4ssige und langlebige Beleuchtung f\u00fcr Ihren Garten, unterst\u00fctzt durch unsere f\u00fcr Langlebigkeit.<br \/>\nDie ganze cht leuchtet : Sind Sie besorgt \u00fcber die Haltbarkeit der Batterie Vermeiden Sie die Verwendung von Bewegungssensoren dank des leistungsstarken 6000 mAh Akkus. Erhalten Sie mehr als 12 Stunden kontinuierliche Beleuchtung mit 4 Stunden Sonneneinstrahlung. Mit einer 15%-igen Konversionssteigerung gegen\u00fcber herk\u00f6mmlichen Panels k\u00f6nnen wir jetzt einen gr\u00f6\u00dferen Akku schneller aufladen und auch an bew\u00f6lkten Tagen eine volle Ladung erhalten.<br \/>\n\ufe0f Unfehlbare Langlebigkeit mit einer von 30.000 Stunden: Es ist \u00fcblich, sich Tage ch Erhalt des gekauften Produkts betrogen zu f\u00fchlen, Sie dachten, das Allheilmittel zu erhalten und Entt\u00e4uschung kommt. Wie zu vermeiden Die Konstruktion aus hochwertigen Materialien einen Schutzgrad IP65, ist so konzipiert, dass sie extremen Wetterbedingungen standh\u00e4lt.<br \/>\nAutomatische und programmierbare Beleuchtung: M\u00fcde, die Beleuchtung nicht ch Ihren W\u00fcnschen manipulieren zu k\u00f6nnen Wir k\u00f6nnen es l\u00f6sen. Mit der Fernbedienung k\u00f6nnen Sie 2 Helligkeitsstufen und 4 verschiedene Modi der Zeitsteuerung mit Speicher einstellen.<br \/>\nSparen Sie Energie und pflegen Sie die Umwelt: M\u00f6chten Sie lieber die Au\u00dfenleuchten des Hauses \u00fcber cht offen halten Mit Solarenergie werden Sie weder bezahlen noch verschmutzen. Genie\u00dfen Sie hochwertige Beleuchtung mit zus\u00e4tzlichen Dokumenten, um die Installation, Wartung und Wartung des Produkts zu vereinfachen. Holen Sie sich hohe Intensit\u00e4t an Ihrer Fassade, indem Sie jede Laterne, Gl\u00fchbirne oder Lampe mit dem wiederaufladbaren LED-Projektor, der mit den tragbaren Paneelen betrieben wird.<br \/>\n<div class=\"main-cross-sell\" data-asin=\"B0BWQ8493H\">\n\n\t<div class=\"WooZone-cross-sell-loader\">\n\t\t<div>\n\t\t\t<div id=\"floatingBarsG\">\n\t\t\t\t<div class=\"blockG\" id=\"rotateG_01\"><\/div>\n\t\t\t\t<div class=\"blockG\" id=\"rotateG_02\"><\/div>\n\t\t\t\t<div class=\"blockG\" id=\"rotateG_03\"><\/div>\n\t\t\t\t<div class=\"blockG\" id=\"rotateG_04\"><\/div>\n\t\t\t\t<div class=\"blockG\" id=\"rotateG_05\"><\/div>\n\t\t\t\t<div class=\"blockG\" id=\"rotateG_06\"><\/div>\n\t\t\t\t<div class=\"blockG\" id=\"rotateG_07\"><\/div>\n\t\t\t\t<div class=\"blockG\" id=\"rotateG_08\"><\/div>\n\t\t\t<\/div>\n\t\t\t<div class=\"WooZone-cross-sell-loader-text\"><\/div>\n\t\t<\/div>\n\t<\/div>\n\n\t\t\n<\/div>\n<div style=\"clear:both;\"><\/div><\/p>\n","protected":false},"excerpt":{"rendered":"<p>Zertifizierte und e Qualit\u00e4t: M\u00f6chten Sie sicherstellen, dass Sie ein vertrauensw\u00fcrdiges Produkt kaufen Unsere Solarstrahler wurden durch Spektrophotometrie-ysen streng bewertet, um ihre au\u00dfergew\u00f6hnliche Qualit\u00e4t und die beworbenen Eigenschaften sicherzustellen. Holen Sie sich eine zuverl\u00e4ssige und langlebige Beleuchtung f\u00fcr Ihren Garten, unterst\u00fctzt durch unsere f\u00fcr Langlebigkeit.<br \/>\nDie ganze cht leuchtet : Sind Sie besorgt \u00fcber die Haltbarkeit der Batterie Vermeiden Sie die Verwendung von Bewegungssensoren dank des leistungsstarken 6000 mAh Akkus. Erhalten Sie mehr als 12 Stunden kontinuierliche Beleuchtung mit 4 Stunden Sonneneinstrahlung. Mit einer 15%-igen Konversionssteigerung gegen\u00fcber herk\u00f6mmlichen Panels k\u00f6nnen wir jetzt einen gr\u00f6\u00dferen Akku schneller aufladen und auch an bew\u00f6lkten Tagen eine volle Ladung erhalten.<br \/>\n\ufe0f Unfehlbare Langlebigkeit mit einer von 30.000 Stunden: Es ist \u00fcblich, sich Tage ch Erhalt des gekauften Produkts betrogen zu f\u00fchlen, Sie dachten, das Allheilmittel zu erhalten und Entt\u00e4uschung kommt. Wie zu vermeiden Die Konstruktion aus hochwertigen Materialien einen Schutzgrad IP65, ist so konzipiert, dass sie extremen Wetterbedingungen standh\u00e4lt.<\/p>\n","protected":false},"featured_media":213873,"comment_status":"open","ping_status":"closed","template":"","meta":[],"product_brand":[],"product_cat":[11446,2108],"product_tag":[],"class_list":{"0":"post-213872","1":"product","2":"type-product","3":"status-publish","4":"has-post-thumbnail","6":"product_cat-aussenbeleuchtung","7":"product_cat-beleuchtung","8":"pa_brand-flashed","9":"pa_color-schwarz","10":"pa_height-6-8897637725-zoll","11":"pa_languages-unbekannt-spanisch","12":"pa_length-9-055118101-zoll","13":"pa_manufacturer-flashed-lighting-systems","14":"pa_model-fs1-50w","15":"pa_weight-3-3289801562-pfund","16":"pa_width-1-8897637776-zoll","18":"first","19":"instock","20":"shipping-taxable","21":"purchasable","22":"product-type-simple","23":"customify-col","24":"product-has-gallery"},"yoast_head":"<!-- This site is optimized with the Yoast SEO plugin v27.4 - https:\/\/yoast.com\/product\/yoast-seo-wordpress\/ -->\n<title>flashed - 50 W Solarstrahler, solarbetrieben, LED-Solarstrahler mit 30.000 Stunden Lebensdauer. Solarbetriebener Innenstrahler f\u00fcr Terrasse und Garten, Lebensdauer 12 Stunden bei 6500 K und IP65, mit - Markt-XXL<\/title>\n<meta name=\"description\" content=\"Markt-XXL flashed - 50 W Solarstrahler, solarbetrieben, LED-Solarstrahler mit 30.000 Stunden Lebensdauer. Solarbetriebener Innenstrahler f\u00fcr Terrasse und Garten, Lebensdauer 12 Stunden bei 6500 K und IP65, mit\" \/>\n<meta name=\"robots\" content=\"index, follow, max-snippet:-1, max-image-preview:large, max-video-preview:-1\" \/>\n<link rel=\"canonical\" href=\"https:\/\/marktxxl.de\/markt\/produkt\/flashed-50-w-solarstrahler-solarbetrieben-led-solarstrahler-mit-30-000-stunden-lebensdauer-solarbetriebener-innenstrahler-fuer-terrasse-und-garten-lebensdauer-12-stunden-bei-6500-k-und-ip65-mit\/\" \/>\n<meta property=\"og:locale\" content=\"de_DE\" \/>\n<meta property=\"og:type\" content=\"article\" \/>\n<meta property=\"og:title\" content=\"flashed - 50 W Solarstrahler, solarbetrieben, LED-Solarstrahler mit 30.000 Stunden Lebensdauer. Solarbetriebener Innenstrahler f\u00fcr Terrasse und Garten, Lebensdauer 12 Stunden bei 6500 K und IP65, mit - Markt-XXL\" \/>\n<meta property=\"og:description\" content=\"Markt-XXL flashed - 50 W Solarstrahler, solarbetrieben, LED-Solarstrahler mit 30.000 Stunden Lebensdauer. Solarbetriebener Innenstrahler f\u00fcr Terrasse und Garten, Lebensdauer 12 Stunden bei 6500 K und IP65, mit\" \/>\n<meta property=\"og:url\" content=\"https:\/\/marktxxl.de\/markt\/produkt\/flashed-50-w-solarstrahler-solarbetrieben-led-solarstrahler-mit-30-000-stunden-lebensdauer-solarbetriebener-innenstrahler-fuer-terrasse-und-garten-lebensdauer-12-stunden-bei-6500-k-und-ip65-mit\/\" \/>\n<meta property=\"og:site_name\" content=\"Markt-XXL\" \/>\n<meta name=\"twitter:card\" content=\"summary_large_image\" \/>\n<meta name=\"twitter:label1\" content=\"Gesch\u00e4tzte Lesezeit\" \/>\n\t<meta name=\"twitter:data1\" content=\"1\u00a0Minute\" \/>\n<script type=\"application\/ld+json\" class=\"yoast-schema-graph\">{\"@context\":\"https:\\\/\\\/schema.org\",\"@graph\":[{\"@type\":\"WebPage\",\"@id\":\"https:\\\/\\\/marktxxl.de\\\/markt\\\/produkt\\\/flashed-50-w-solarstrahler-solarbetrieben-led-solarstrahler-mit-30-000-stunden-lebensdauer-solarbetriebener-innenstrahler-fuer-terrasse-und-garten-lebensdauer-12-stunden-bei-6500-k-und-ip65-mit\\\/\",\"url\":\"https:\\\/\\\/marktxxl.de\\\/markt\\\/produkt\\\/flashed-50-w-solarstrahler-solarbetrieben-led-solarstrahler-mit-30-000-stunden-lebensdauer-solarbetriebener-innenstrahler-fuer-terrasse-und-garten-lebensdauer-12-stunden-bei-6500-k-und-ip65-mit\\\/\",\"name\":\"flashed - 50 W Solarstrahler, solarbetrieben, LED-Solarstrahler mit 30.000 Stunden Lebensdauer. Solarbetriebener Innenstrahler f\u00fcr Terrasse und Garten, Lebensdauer 12 Stunden bei 6500 K und IP65, mit - Markt-XXL\",\"isPartOf\":{\"@id\":\"https:\\\/\\\/marktxxl.de\\\/markt\\\/#website\"},\"primaryImageOfPage\":{\"@id\":\"https:\\\/\\\/marktxxl.de\\\/markt\\\/produkt\\\/flashed-50-w-solarstrahler-solarbetrieben-led-solarstrahler-mit-30-000-stunden-lebensdauer-solarbetriebener-innenstrahler-fuer-terrasse-und-garten-lebensdauer-12-stunden-bei-6500-k-und-ip65-mit\\\/#primaryimage\"},\"image\":{\"@id\":\"https:\\\/\\\/marktxxl.de\\\/markt\\\/produkt\\\/flashed-50-w-solarstrahler-solarbetrieben-led-solarstrahler-mit-30-000-stunden-lebensdauer-solarbetriebener-innenstrahler-fuer-terrasse-und-garten-lebensdauer-12-stunden-bei-6500-k-und-ip65-mit\\\/#primaryimage\"},\"thumbnailUrl\":\"https:\\\/\\\/m.media-amazon.com\\\/images\\\/I\\\/51VlDR8-TzL._SL500_.jpg\",\"datePublished\":\"2024-06-28T19:56:47+00:00\",\"description\":\"Markt-XXL flashed - 50 W Solarstrahler, solarbetrieben, LED-Solarstrahler mit 30.000 Stunden Lebensdauer. Solarbetriebener Innenstrahler f\u00fcr Terrasse und Garten, Lebensdauer 12 Stunden bei 6500 K und IP65, mit\",\"breadcrumb\":{\"@id\":\"https:\\\/\\\/marktxxl.de\\\/markt\\\/produkt\\\/flashed-50-w-solarstrahler-solarbetrieben-led-solarstrahler-mit-30-000-stunden-lebensdauer-solarbetriebener-innenstrahler-fuer-terrasse-und-garten-lebensdauer-12-stunden-bei-6500-k-und-ip65-mit\\\/#breadcrumb\"},\"inLanguage\":\"de\",\"potentialAction\":[{\"@type\":\"ReadAction\",\"target\":[\"https:\\\/\\\/marktxxl.de\\\/markt\\\/produkt\\\/flashed-50-w-solarstrahler-solarbetrieben-led-solarstrahler-mit-30-000-stunden-lebensdauer-solarbetriebener-innenstrahler-fuer-terrasse-und-garten-lebensdauer-12-stunden-bei-6500-k-und-ip65-mit\\\/\"]}]},{\"@type\":\"ImageObject\",\"inLanguage\":\"de\",\"@id\":\"https:\\\/\\\/marktxxl.de\\\/markt\\\/produkt\\\/flashed-50-w-solarstrahler-solarbetrieben-led-solarstrahler-mit-30-000-stunden-lebensdauer-solarbetriebener-innenstrahler-fuer-terrasse-und-garten-lebensdauer-12-stunden-bei-6500-k-und-ip65-mit\\\/#primaryimage\",\"url\":\"https:\\\/\\\/m.media-amazon.com\\\/images\\\/I\\\/51VlDR8-TzL._SL500_.jpg\",\"contentUrl\":\"https:\\\/\\\/m.media-amazon.com\\\/images\\\/I\\\/51VlDR8-TzL._SL500_.jpg\",\"width\":500,\"height\":500},{\"@type\":\"BreadcrumbList\",\"@id\":\"https:\\\/\\\/marktxxl.de\\\/markt\\\/produkt\\\/flashed-50-w-solarstrahler-solarbetrieben-led-solarstrahler-mit-30-000-stunden-lebensdauer-solarbetriebener-innenstrahler-fuer-terrasse-und-garten-lebensdauer-12-stunden-bei-6500-k-und-ip65-mit\\\/#breadcrumb\",\"itemListElement\":[{\"@type\":\"ListItem\",\"position\":1,\"name\":\"Startseite\",\"item\":\"https:\\\/\\\/marktxxl.de\\\/markt\\\/\"},{\"@type\":\"ListItem\",\"position\":2,\"name\":\"Markt\",\"item\":\"https:\\\/\\\/marktxxl.de\\\/markt\\\/\"},{\"@type\":\"ListItem\",\"position\":3,\"name\":\"flashed &#8211; 50 W Solarstrahler, solarbetrieben, LED-Solarstrahler mit 30.000 Stunden Lebensdauer. Solarbetriebener Innenstrahler f\u00fcr Terrasse und Garten, Lebensdauer 12 Stunden bei 6500 K und IP65, mit\"}]},{\"@type\":\"WebSite\",\"@id\":\"https:\\\/\\\/marktxxl.de\\\/markt\\\/#website\",\"url\":\"https:\\\/\\\/marktxxl.de\\\/markt\\\/\",\"name\":\"Markt-XXL\",\"description\":\"Ihr Markt Online\",\"publisher\":{\"@id\":\"https:\\\/\\\/marktxxl.de\\\/markt\\\/#organization\"},\"potentialAction\":[{\"@type\":\"SearchAction\",\"target\":{\"@type\":\"EntryPoint\",\"urlTemplate\":\"https:\\\/\\\/marktxxl.de\\\/markt\\\/?s={search_term_string}\"},\"query-input\":{\"@type\":\"PropertyValueSpecification\",\"valueRequired\":true,\"valueName\":\"search_term_string\"}}],\"inLanguage\":\"de\"},{\"@type\":\"Organization\",\"@id\":\"https:\\\/\\\/marktxxl.de\\\/markt\\\/#organization\",\"name\":\"Markt-XXL\",\"url\":\"https:\\\/\\\/marktxxl.de\\\/markt\\\/\",\"logo\":{\"@type\":\"ImageObject\",\"inLanguage\":\"de\",\"@id\":\"https:\\\/\\\/marktxxl.de\\\/markt\\\/#\\\/schema\\\/logo\\\/image\\\/\",\"url\":\"https:\\\/\\\/marktxxl.de\\\/markt\\\/wp-content\\\/uploads\\\/sites\\\/3\\\/2020\\\/12\\\/logo.png\",\"contentUrl\":\"https:\\\/\\\/marktxxl.de\\\/markt\\\/wp-content\\\/uploads\\\/sites\\\/3\\\/2020\\\/12\\\/logo.png\",\"width\":200,\"height\":70,\"caption\":\"Markt-XXL\"},\"image\":{\"@id\":\"https:\\\/\\\/marktxxl.de\\\/markt\\\/#\\\/schema\\\/logo\\\/image\\\/\"}}]}<\/script>\n<!-- \/ Yoast SEO plugin. -->","yoast_head_json":{"title":"flashed - 50 W Solarstrahler, solarbetrieben, LED-Solarstrahler mit 30.000 Stunden Lebensdauer. Solarbetriebener Innenstrahler f\u00fcr Terrasse und Garten, Lebensdauer 12 Stunden bei 6500 K und IP65, mit - Markt-XXL","description":"Markt-XXL flashed - 50 W Solarstrahler, solarbetrieben, LED-Solarstrahler mit 30.000 Stunden Lebensdauer. Solarbetriebener Innenstrahler f\u00fcr Terrasse und Garten, Lebensdauer 12 Stunden bei 6500 K und IP65, mit","robots":{"index":"index","follow":"follow","max-snippet":"max-snippet:-1","max-image-preview":"max-image-preview:large","max-video-preview":"max-video-preview:-1"},"canonical":"https:\/\/marktxxl.de\/markt\/produkt\/flashed-50-w-solarstrahler-solarbetrieben-led-solarstrahler-mit-30-000-stunden-lebensdauer-solarbetriebener-innenstrahler-fuer-terrasse-und-garten-lebensdauer-12-stunden-bei-6500-k-und-ip65-mit\/","og_locale":"de_DE","og_type":"article","og_title":"flashed - 50 W Solarstrahler, solarbetrieben, LED-Solarstrahler mit 30.000 Stunden Lebensdauer. Solarbetriebener Innenstrahler f\u00fcr Terrasse und Garten, Lebensdauer 12 Stunden bei 6500 K und IP65, mit - Markt-XXL","og_description":"Markt-XXL flashed - 50 W Solarstrahler, solarbetrieben, LED-Solarstrahler mit 30.000 Stunden Lebensdauer. Solarbetriebener Innenstrahler f\u00fcr Terrasse und Garten, Lebensdauer 12 Stunden bei 6500 K und IP65, mit","og_url":"https:\/\/marktxxl.de\/markt\/produkt\/flashed-50-w-solarstrahler-solarbetrieben-led-solarstrahler-mit-30-000-stunden-lebensdauer-solarbetriebener-innenstrahler-fuer-terrasse-und-garten-lebensdauer-12-stunden-bei-6500-k-und-ip65-mit\/","og_site_name":"Markt-XXL","twitter_card":"summary_large_image","twitter_misc":{"Gesch\u00e4tzte Lesezeit":"1\u00a0Minute"},"schema":{"@context":"https:\/\/schema.org","@graph":[{"@type":"WebPage","@id":"https:\/\/marktxxl.de\/markt\/produkt\/flashed-50-w-solarstrahler-solarbetrieben-led-solarstrahler-mit-30-000-stunden-lebensdauer-solarbetriebener-innenstrahler-fuer-terrasse-und-garten-lebensdauer-12-stunden-bei-6500-k-und-ip65-mit\/","url":"https:\/\/marktxxl.de\/markt\/produkt\/flashed-50-w-solarstrahler-solarbetrieben-led-solarstrahler-mit-30-000-stunden-lebensdauer-solarbetriebener-innenstrahler-fuer-terrasse-und-garten-lebensdauer-12-stunden-bei-6500-k-und-ip65-mit\/","name":"flashed - 50 W Solarstrahler, solarbetrieben, LED-Solarstrahler mit 30.000 Stunden Lebensdauer. Solarbetriebener Innenstrahler f\u00fcr Terrasse und Garten, Lebensdauer 12 Stunden bei 6500 K und IP65, mit - Markt-XXL","isPartOf":{"@id":"https:\/\/marktxxl.de\/markt\/#website"},"primaryImageOfPage":{"@id":"https:\/\/marktxxl.de\/markt\/produkt\/flashed-50-w-solarstrahler-solarbetrieben-led-solarstrahler-mit-30-000-stunden-lebensdauer-solarbetriebener-innenstrahler-fuer-terrasse-und-garten-lebensdauer-12-stunden-bei-6500-k-und-ip65-mit\/#primaryimage"},"image":{"@id":"https:\/\/marktxxl.de\/markt\/produkt\/flashed-50-w-solarstrahler-solarbetrieben-led-solarstrahler-mit-30-000-stunden-lebensdauer-solarbetriebener-innenstrahler-fuer-terrasse-und-garten-lebensdauer-12-stunden-bei-6500-k-und-ip65-mit\/#primaryimage"},"thumbnailUrl":"https:\/\/m.media-amazon.com\/images\/I\/51VlDR8-TzL._SL500_.jpg","datePublished":"2024-06-28T19:56:47+00:00","description":"Markt-XXL flashed - 50 W Solarstrahler, solarbetrieben, LED-Solarstrahler mit 30.000 Stunden Lebensdauer. Solarbetriebener Innenstrahler f\u00fcr Terrasse und Garten, Lebensdauer 12 Stunden bei 6500 K und IP65, mit","breadcrumb":{"@id":"https:\/\/marktxxl.de\/markt\/produkt\/flashed-50-w-solarstrahler-solarbetrieben-led-solarstrahler-mit-30-000-stunden-lebensdauer-solarbetriebener-innenstrahler-fuer-terrasse-und-garten-lebensdauer-12-stunden-bei-6500-k-und-ip65-mit\/#breadcrumb"},"inLanguage":"de","potentialAction":[{"@type":"ReadAction","target":["https:\/\/marktxxl.de\/markt\/produkt\/flashed-50-w-solarstrahler-solarbetrieben-led-solarstrahler-mit-30-000-stunden-lebensdauer-solarbetriebener-innenstrahler-fuer-terrasse-und-garten-lebensdauer-12-stunden-bei-6500-k-und-ip65-mit\/"]}]},{"@type":"ImageObject","inLanguage":"de","@id":"https:\/\/marktxxl.de\/markt\/produkt\/flashed-50-w-solarstrahler-solarbetrieben-led-solarstrahler-mit-30-000-stunden-lebensdauer-solarbetriebener-innenstrahler-fuer-terrasse-und-garten-lebensdauer-12-stunden-bei-6500-k-und-ip65-mit\/#primaryimage","url":"https:\/\/m.media-amazon.com\/images\/I\/51VlDR8-TzL._SL500_.jpg","contentUrl":"https:\/\/m.media-amazon.com\/images\/I\/51VlDR8-TzL._SL500_.jpg","width":500,"height":500},{"@type":"BreadcrumbList","@id":"https:\/\/marktxxl.de\/markt\/produkt\/flashed-50-w-solarstrahler-solarbetrieben-led-solarstrahler-mit-30-000-stunden-lebensdauer-solarbetriebener-innenstrahler-fuer-terrasse-und-garten-lebensdauer-12-stunden-bei-6500-k-und-ip65-mit\/#breadcrumb","itemListElement":[{"@type":"ListItem","position":1,"name":"Startseite","item":"https:\/\/marktxxl.de\/markt\/"},{"@type":"ListItem","position":2,"name":"Markt","item":"https:\/\/marktxxl.de\/markt\/"},{"@type":"ListItem","position":3,"name":"flashed &#8211; 50 W Solarstrahler, solarbetrieben, LED-Solarstrahler mit 30.000 Stunden Lebensdauer. Solarbetriebener Innenstrahler f\u00fcr Terrasse und Garten, Lebensdauer 12 Stunden bei 6500 K und IP65, mit"}]},{"@type":"WebSite","@id":"https:\/\/marktxxl.de\/markt\/#website","url":"https:\/\/marktxxl.de\/markt\/","name":"Markt-XXL","description":"Ihr Markt Online","publisher":{"@id":"https:\/\/marktxxl.de\/markt\/#organization"},"potentialAction":[{"@type":"SearchAction","target":{"@type":"EntryPoint","urlTemplate":"https:\/\/marktxxl.de\/markt\/?s={search_term_string}"},"query-input":{"@type":"PropertyValueSpecification","valueRequired":true,"valueName":"search_term_string"}}],"inLanguage":"de"},{"@type":"Organization","@id":"https:\/\/marktxxl.de\/markt\/#organization","name":"Markt-XXL","url":"https:\/\/marktxxl.de\/markt\/","logo":{"@type":"ImageObject","inLanguage":"de","@id":"https:\/\/marktxxl.de\/markt\/#\/schema\/logo\/image\/","url":"https:\/\/marktxxl.de\/markt\/wp-content\/uploads\/sites\/3\/2020\/12\/logo.png","contentUrl":"https:\/\/marktxxl.de\/markt\/wp-content\/uploads\/sites\/3\/2020\/12\/logo.png","width":200,"height":70,"caption":"Markt-XXL"},"image":{"@id":"https:\/\/marktxxl.de\/markt\/#\/schema\/logo\/image\/"}}]}},"_links":{"self":[{"href":"https:\/\/marktxxl.de\/markt\/wp-json\/wp\/v2\/product\/213872","targetHints":{"allow":["GET"]}}],"collection":[{"href":"https:\/\/marktxxl.de\/markt\/wp-json\/wp\/v2\/product"}],"about":[{"href":"https:\/\/marktxxl.de\/markt\/wp-json\/wp\/v2\/types\/product"}],"replies":[{"embeddable":true,"href":"https:\/\/marktxxl.de\/markt\/wp-json\/wp\/v2\/comments?post=213872"}],"wp:featuredmedia":[{"embeddable":true,"href":"https:\/\/marktxxl.de\/markt\/wp-json\/wp\/v2\/media\/213873"}],"wp:attachment":[{"href":"https:\/\/marktxxl.de\/markt\/wp-json\/wp\/v2\/media?parent=213872"}],"wp:term":[{"taxonomy":"product_brand","embeddable":true,"href":"https:\/\/marktxxl.de\/markt\/wp-json\/wp\/v2\/product_brand?post=213872"},{"taxonomy":"product_cat","embeddable":true,"href":"https:\/\/marktxxl.de\/markt\/wp-json\/wp\/v2\/product_cat?post=213872"},{"taxonomy":"product_tag","embeddable":true,"href":"https:\/\/marktxxl.de\/markt\/wp-json\/wp\/v2\/product_tag?post=213872"}],"curies":[{"name":"wp","href":"https:\/\/api.w.org\/{rel}","templated":true}]}}