{"id":213715,"date":"2024-06-28T20:56:52","date_gmt":"2024-06-28T18:56:52","guid":{"rendered":"https:\/\/marktxxl.de\/markt\/produkt\/ncc-licht-10-x-led-filament-leuchtmittel-kerzen-4w-fast-40w-e14-klar-warmweiss-2700k-4-watt-klar-10-stueck\/"},"modified":"2024-06-28T20:56:52","modified_gmt":"2024-06-28T18:56:52","slug":"ncc-licht-10-x-led-filament-leuchtmittel-kerzen-4w-fast-40w-e14-klar-warmweiss-2700k-4-watt-klar-10-stueck","status":"publish","type":"product","link":"https:\/\/marktxxl.de\/markt\/produkt\/ncc-licht-10-x-led-filament-leuchtmittel-kerzen-4w-fast-40w-e14-klar-warmweiss-2700k-4-watt-klar-10-stueck\/","title":{"rendered":"NCC-Licht 10 x LED Filament Leuchtmittel Kerzen 4W fast 40W E14 klar warmwei\u00df 2700K (4 Watt klar, 10 St\u00fcck)"},"content":{"rendered":"<p>10 x LED Filament Leuchtmittel Kerze 4W = 35W E14 klar warmwei\u00df 2700K<br \/>\nDiese Filament Windsto\u00df Kerzen werden gerne als Ersatz f\u00fcr klassische Gl\u00fchbirnen, Halogenkerzen oder Energiesparlampen verwendet. Der Grund liegt auf der Hand. Optisch ist die innovative LED Filament Technologie kaum von einer herk\u00f6mmlichen Gl\u00fchlampe zu unterscheiden. Somit sind diese Leuchtmittel auch im sichtbaren Bereich optimal einzusetzen. Die LED F\u00e4den wirken wie Gl\u00fchdr\u00e4hte und leuchten gleichm\u00e4\u00dfig \u00fcber die gesamte L\u00e4nge. Wie bei Gl\u00fchlampen oder Halogenleuchtmitteln wird auch hier das Lich<br \/>\nNeben dem optischen Aspekt spricht die Effizienz f\u00fcr diese Kerzen. Mit einer Leistungsaufnahme von nur 4 Watt werden 400 Lumen erreicht. Damit erhalten diese Leuchtmittel die beste m\u00f6gliche Energieeffizienzklasse von A++. 400 Lumen entsprechen einer Gl\u00fchlampe mit 35 Watt. Damit sind dies Lampen besonders sparsam. In Kombination mit der extrem langen Lebensdauer von 15.000 Stunden und \u00fcber 15.000 Schaltzyklen sparen Sie \u00fcber den gesamten Lebenszyklus sehr viel Geld.<br \/>\nDank dieser Filament-Kerzen wirken ihre Farben besonders echt. Die Leuchtmittel erreichen einen Farbwiedergabewert von Ra80. Sofort nach dem Einschalten ist das Leuchtmittel hell. Die Bauform ist identisch mit einer klassischen Gl\u00fchbirne oder mit einem herk\u00f6mmlichen Halogenleuchtmittel. Damit werden diese Kerzen auch als Retrofit Leuchtmittel bezeichnet. Ein Austausch Ihrer alten Kerze ist kein Problem.<br \/>\nDiese Kerzen haben mit 2700K ein besonders angenehmes warmes Licht. Die Lichtfarbe entspricht einer klassischen Gl\u00fchbirne. Diese Lampen sind damit noch w\u00e4rmer. Die hier angebotenen Leuchtmittel haben ein besonders gutes Preis-Leistungs-Verh\u00e4ltnis. Dieser besonders gute Preis kommt dadurch zustande, dass wir \u00dcberbest\u00e4nde aufgekauft haben. Diesen Preisvorteil geben wir direkt an den Endkunden weiter. Die hier angebotenen Kerzen sind nur f\u00fcr kurze Zeit verf\u00fcgbar.<br \/>\n<div class=\"main-cross-sell\" data-asin=\"B07N7CLMD1\">\n\n\t<div class=\"WooZone-cross-sell-loader\">\n\t\t<div>\n\t\t\t<div id=\"floatingBarsG\">\n\t\t\t\t<div class=\"blockG\" id=\"rotateG_01\"><\/div>\n\t\t\t\t<div class=\"blockG\" id=\"rotateG_02\"><\/div>\n\t\t\t\t<div class=\"blockG\" id=\"rotateG_03\"><\/div>\n\t\t\t\t<div class=\"blockG\" id=\"rotateG_04\"><\/div>\n\t\t\t\t<div class=\"blockG\" id=\"rotateG_05\"><\/div>\n\t\t\t\t<div class=\"blockG\" id=\"rotateG_06\"><\/div>\n\t\t\t\t<div class=\"blockG\" id=\"rotateG_07\"><\/div>\n\t\t\t\t<div class=\"blockG\" id=\"rotateG_08\"><\/div>\n\t\t\t<\/div>\n\t\t\t<div class=\"WooZone-cross-sell-loader-text\"><\/div>\n\t\t<\/div>\n\t<\/div>\n\n\t\t\n<\/div>\n<div style=\"clear:both;\"><\/div><\/p>\n","protected":false},"excerpt":{"rendered":"<p>10 x LED Filament Leuchtmittel Kerze 4W = 35W E14 klar warmwei\u00df 2700K<br \/>\nDiese Filament Windsto\u00df Kerzen werden gerne als Ersatz f\u00fcr klassische Gl\u00fchbirnen, Halogenkerzen oder Energiesparlampen verwendet. Der Grund liegt auf der Hand. Optisch ist die innovative LED Filament Technologie kaum von einer herk\u00f6mmlichen Gl\u00fchlampe zu unterscheiden. Somit sind diese Leuchtmittel auch im sichtbaren Bereich optimal einzusetzen. Die LED F\u00e4den wirken wie Gl\u00fchdr\u00e4hte und leuchten gleichm\u00e4\u00dfig \u00fcber die gesamte L\u00e4nge. Wie bei Gl\u00fchlampen oder Halogenleuchtmitteln wird auch hier das Lich<br \/>\nNeben dem optischen Aspekt spricht die Effizienz f\u00fcr diese Kerzen. Mit einer Leistungsaufnahme von nur 4 Watt werden 400 Lumen erreicht. Damit erhalten diese Leuchtmittel die beste m\u00f6gliche Energieeffizienzklasse von A++. 400 Lumen entsprechen einer Gl\u00fchlampe mit 35 Watt. Damit sind dies Lampen besonders sparsam. In Kombination mit der extrem langen Lebensdauer von 15.000 Stunden und \u00fcber 15.000 Schaltzyklen sparen Sie \u00fcber den gesamten Lebenszyklus sehr viel Geld.<\/p>\n","protected":false},"featured_media":213716,"comment_status":"open","ping_status":"closed","template":"","meta":[],"product_brand":[],"product_cat":[2108],"product_tag":[],"class_list":{"0":"post-213715","1":"product","2":"type-product","3":"status-publish","4":"has-post-thumbnail","6":"product_cat-beleuchtung","7":"pa_brand-ncc-licht","8":"pa_color-4-watt-klar","9":"pa_manufacturer-ncc-design-gmbh","10":"pa_size-10-stueck-1er-pack","12":"first","13":"instock","14":"shipping-taxable","15":"purchasable","16":"product-type-simple","17":"customify-col","18":"product-has-gallery"},"yoast_head":"<!-- This site is optimized with the Yoast SEO plugin v27.4 - https:\/\/yoast.com\/product\/yoast-seo-wordpress\/ -->\n<title>NCC-Licht 10 x LED Filament Leuchtmittel Kerzen 4W fast 40W E14 klar warmwei\u00df 2700K (4 Watt klar, 10 St\u00fcck) - Markt-XXL<\/title>\n<meta name=\"description\" content=\"Markt-XXL NCC-Licht 10 x LED Filament Leuchtmittel Kerzen 4W fast 40W E14 klar warmwei\u00df 2700K (4 Watt klar, 10 St\u00fcck)\" \/>\n<meta name=\"robots\" content=\"index, follow, max-snippet:-1, max-image-preview:large, max-video-preview:-1\" \/>\n<link rel=\"canonical\" href=\"https:\/\/marktxxl.de\/markt\/produkt\/ncc-licht-10-x-led-filament-leuchtmittel-kerzen-4w-fast-40w-e14-klar-warmweiss-2700k-4-watt-klar-10-stueck\/\" \/>\n<meta property=\"og:locale\" content=\"de_DE\" \/>\n<meta property=\"og:type\" content=\"article\" \/>\n<meta property=\"og:title\" content=\"NCC-Licht 10 x LED Filament Leuchtmittel Kerzen 4W fast 40W E14 klar warmwei\u00df 2700K (4 Watt klar, 10 St\u00fcck) - Markt-XXL\" \/>\n<meta property=\"og:description\" content=\"Markt-XXL NCC-Licht 10 x LED Filament Leuchtmittel Kerzen 4W fast 40W E14 klar warmwei\u00df 2700K (4 Watt klar, 10 St\u00fcck)\" \/>\n<meta property=\"og:url\" content=\"https:\/\/marktxxl.de\/markt\/produkt\/ncc-licht-10-x-led-filament-leuchtmittel-kerzen-4w-fast-40w-e14-klar-warmweiss-2700k-4-watt-klar-10-stueck\/\" \/>\n<meta property=\"og:site_name\" content=\"Markt-XXL\" \/>\n<meta name=\"twitter:card\" content=\"summary_large_image\" \/>\n<meta name=\"twitter:label1\" content=\"Gesch\u00e4tzte Lesezeit\" \/>\n\t<meta name=\"twitter:data1\" content=\"1\u00a0Minute\" \/>\n<script type=\"application\/ld+json\" class=\"yoast-schema-graph\">{\"@context\":\"https:\\\/\\\/schema.org\",\"@graph\":[{\"@type\":\"WebPage\",\"@id\":\"https:\\\/\\\/marktxxl.de\\\/markt\\\/produkt\\\/ncc-licht-10-x-led-filament-leuchtmittel-kerzen-4w-fast-40w-e14-klar-warmweiss-2700k-4-watt-klar-10-stueck\\\/\",\"url\":\"https:\\\/\\\/marktxxl.de\\\/markt\\\/produkt\\\/ncc-licht-10-x-led-filament-leuchtmittel-kerzen-4w-fast-40w-e14-klar-warmweiss-2700k-4-watt-klar-10-stueck\\\/\",\"name\":\"NCC-Licht 10 x LED Filament Leuchtmittel Kerzen 4W fast 40W E14 klar warmwei\u00df 2700K (4 Watt klar, 10 St\u00fcck) - Markt-XXL\",\"isPartOf\":{\"@id\":\"https:\\\/\\\/marktxxl.de\\\/markt\\\/#website\"},\"primaryImageOfPage\":{\"@id\":\"https:\\\/\\\/marktxxl.de\\\/markt\\\/produkt\\\/ncc-licht-10-x-led-filament-leuchtmittel-kerzen-4w-fast-40w-e14-klar-warmweiss-2700k-4-watt-klar-10-stueck\\\/#primaryimage\"},\"image\":{\"@id\":\"https:\\\/\\\/marktxxl.de\\\/markt\\\/produkt\\\/ncc-licht-10-x-led-filament-leuchtmittel-kerzen-4w-fast-40w-e14-klar-warmweiss-2700k-4-watt-klar-10-stueck\\\/#primaryimage\"},\"thumbnailUrl\":\"https:\\\/\\\/m.media-amazon.com\\\/images\\\/I\\\/51KTMNa8elL._SL500_.jpg\",\"datePublished\":\"2024-06-28T18:56:52+00:00\",\"description\":\"Markt-XXL NCC-Licht 10 x LED Filament Leuchtmittel Kerzen 4W fast 40W E14 klar warmwei\u00df 2700K (4 Watt klar, 10 St\u00fcck)\",\"breadcrumb\":{\"@id\":\"https:\\\/\\\/marktxxl.de\\\/markt\\\/produkt\\\/ncc-licht-10-x-led-filament-leuchtmittel-kerzen-4w-fast-40w-e14-klar-warmweiss-2700k-4-watt-klar-10-stueck\\\/#breadcrumb\"},\"inLanguage\":\"de\",\"potentialAction\":[{\"@type\":\"ReadAction\",\"target\":[\"https:\\\/\\\/marktxxl.de\\\/markt\\\/produkt\\\/ncc-licht-10-x-led-filament-leuchtmittel-kerzen-4w-fast-40w-e14-klar-warmweiss-2700k-4-watt-klar-10-stueck\\\/\"]}]},{\"@type\":\"ImageObject\",\"inLanguage\":\"de\",\"@id\":\"https:\\\/\\\/marktxxl.de\\\/markt\\\/produkt\\\/ncc-licht-10-x-led-filament-leuchtmittel-kerzen-4w-fast-40w-e14-klar-warmweiss-2700k-4-watt-klar-10-stueck\\\/#primaryimage\",\"url\":\"https:\\\/\\\/m.media-amazon.com\\\/images\\\/I\\\/51KTMNa8elL._SL500_.jpg\",\"contentUrl\":\"https:\\\/\\\/m.media-amazon.com\\\/images\\\/I\\\/51KTMNa8elL._SL500_.jpg\",\"width\":500,\"height\":500},{\"@type\":\"BreadcrumbList\",\"@id\":\"https:\\\/\\\/marktxxl.de\\\/markt\\\/produkt\\\/ncc-licht-10-x-led-filament-leuchtmittel-kerzen-4w-fast-40w-e14-klar-warmweiss-2700k-4-watt-klar-10-stueck\\\/#breadcrumb\",\"itemListElement\":[{\"@type\":\"ListItem\",\"position\":1,\"name\":\"Startseite\",\"item\":\"https:\\\/\\\/marktxxl.de\\\/markt\\\/\"},{\"@type\":\"ListItem\",\"position\":2,\"name\":\"Markt\",\"item\":\"https:\\\/\\\/marktxxl.de\\\/markt\\\/\"},{\"@type\":\"ListItem\",\"position\":3,\"name\":\"NCC-Licht 10 x LED Filament Leuchtmittel Kerzen 4W fast 40W E14 klar warmwei\u00df 2700K (4 Watt klar, 10 St\u00fcck)\"}]},{\"@type\":\"WebSite\",\"@id\":\"https:\\\/\\\/marktxxl.de\\\/markt\\\/#website\",\"url\":\"https:\\\/\\\/marktxxl.de\\\/markt\\\/\",\"name\":\"Markt-XXL\",\"description\":\"Ihr Markt Online\",\"publisher\":{\"@id\":\"https:\\\/\\\/marktxxl.de\\\/markt\\\/#organization\"},\"potentialAction\":[{\"@type\":\"SearchAction\",\"target\":{\"@type\":\"EntryPoint\",\"urlTemplate\":\"https:\\\/\\\/marktxxl.de\\\/markt\\\/?s={search_term_string}\"},\"query-input\":{\"@type\":\"PropertyValueSpecification\",\"valueRequired\":true,\"valueName\":\"search_term_string\"}}],\"inLanguage\":\"de\"},{\"@type\":\"Organization\",\"@id\":\"https:\\\/\\\/marktxxl.de\\\/markt\\\/#organization\",\"name\":\"Markt-XXL\",\"url\":\"https:\\\/\\\/marktxxl.de\\\/markt\\\/\",\"logo\":{\"@type\":\"ImageObject\",\"inLanguage\":\"de\",\"@id\":\"https:\\\/\\\/marktxxl.de\\\/markt\\\/#\\\/schema\\\/logo\\\/image\\\/\",\"url\":\"https:\\\/\\\/marktxxl.de\\\/markt\\\/wp-content\\\/uploads\\\/sites\\\/3\\\/2020\\\/12\\\/logo.png\",\"contentUrl\":\"https:\\\/\\\/marktxxl.de\\\/markt\\\/wp-content\\\/uploads\\\/sites\\\/3\\\/2020\\\/12\\\/logo.png\",\"width\":200,\"height\":70,\"caption\":\"Markt-XXL\"},\"image\":{\"@id\":\"https:\\\/\\\/marktxxl.de\\\/markt\\\/#\\\/schema\\\/logo\\\/image\\\/\"}}]}<\/script>\n<!-- \/ Yoast SEO plugin. -->","yoast_head_json":{"title":"NCC-Licht 10 x LED Filament Leuchtmittel Kerzen 4W fast 40W E14 klar warmwei\u00df 2700K (4 Watt klar, 10 St\u00fcck) - Markt-XXL","description":"Markt-XXL NCC-Licht 10 x LED Filament Leuchtmittel Kerzen 4W fast 40W E14 klar warmwei\u00df 2700K (4 Watt klar, 10 St\u00fcck)","robots":{"index":"index","follow":"follow","max-snippet":"max-snippet:-1","max-image-preview":"max-image-preview:large","max-video-preview":"max-video-preview:-1"},"canonical":"https:\/\/marktxxl.de\/markt\/produkt\/ncc-licht-10-x-led-filament-leuchtmittel-kerzen-4w-fast-40w-e14-klar-warmweiss-2700k-4-watt-klar-10-stueck\/","og_locale":"de_DE","og_type":"article","og_title":"NCC-Licht 10 x LED Filament Leuchtmittel Kerzen 4W fast 40W E14 klar warmwei\u00df 2700K (4 Watt klar, 10 St\u00fcck) - Markt-XXL","og_description":"Markt-XXL NCC-Licht 10 x LED Filament Leuchtmittel Kerzen 4W fast 40W E14 klar warmwei\u00df 2700K (4 Watt klar, 10 St\u00fcck)","og_url":"https:\/\/marktxxl.de\/markt\/produkt\/ncc-licht-10-x-led-filament-leuchtmittel-kerzen-4w-fast-40w-e14-klar-warmweiss-2700k-4-watt-klar-10-stueck\/","og_site_name":"Markt-XXL","twitter_card":"summary_large_image","twitter_misc":{"Gesch\u00e4tzte Lesezeit":"1\u00a0Minute"},"schema":{"@context":"https:\/\/schema.org","@graph":[{"@type":"WebPage","@id":"https:\/\/marktxxl.de\/markt\/produkt\/ncc-licht-10-x-led-filament-leuchtmittel-kerzen-4w-fast-40w-e14-klar-warmweiss-2700k-4-watt-klar-10-stueck\/","url":"https:\/\/marktxxl.de\/markt\/produkt\/ncc-licht-10-x-led-filament-leuchtmittel-kerzen-4w-fast-40w-e14-klar-warmweiss-2700k-4-watt-klar-10-stueck\/","name":"NCC-Licht 10 x LED Filament Leuchtmittel Kerzen 4W fast 40W E14 klar warmwei\u00df 2700K (4 Watt klar, 10 St\u00fcck) - Markt-XXL","isPartOf":{"@id":"https:\/\/marktxxl.de\/markt\/#website"},"primaryImageOfPage":{"@id":"https:\/\/marktxxl.de\/markt\/produkt\/ncc-licht-10-x-led-filament-leuchtmittel-kerzen-4w-fast-40w-e14-klar-warmweiss-2700k-4-watt-klar-10-stueck\/#primaryimage"},"image":{"@id":"https:\/\/marktxxl.de\/markt\/produkt\/ncc-licht-10-x-led-filament-leuchtmittel-kerzen-4w-fast-40w-e14-klar-warmweiss-2700k-4-watt-klar-10-stueck\/#primaryimage"},"thumbnailUrl":"https:\/\/m.media-amazon.com\/images\/I\/51KTMNa8elL._SL500_.jpg","datePublished":"2024-06-28T18:56:52+00:00","description":"Markt-XXL NCC-Licht 10 x LED Filament Leuchtmittel Kerzen 4W fast 40W E14 klar warmwei\u00df 2700K (4 Watt klar, 10 St\u00fcck)","breadcrumb":{"@id":"https:\/\/marktxxl.de\/markt\/produkt\/ncc-licht-10-x-led-filament-leuchtmittel-kerzen-4w-fast-40w-e14-klar-warmweiss-2700k-4-watt-klar-10-stueck\/#breadcrumb"},"inLanguage":"de","potentialAction":[{"@type":"ReadAction","target":["https:\/\/marktxxl.de\/markt\/produkt\/ncc-licht-10-x-led-filament-leuchtmittel-kerzen-4w-fast-40w-e14-klar-warmweiss-2700k-4-watt-klar-10-stueck\/"]}]},{"@type":"ImageObject","inLanguage":"de","@id":"https:\/\/marktxxl.de\/markt\/produkt\/ncc-licht-10-x-led-filament-leuchtmittel-kerzen-4w-fast-40w-e14-klar-warmweiss-2700k-4-watt-klar-10-stueck\/#primaryimage","url":"https:\/\/m.media-amazon.com\/images\/I\/51KTMNa8elL._SL500_.jpg","contentUrl":"https:\/\/m.media-amazon.com\/images\/I\/51KTMNa8elL._SL500_.jpg","width":500,"height":500},{"@type":"BreadcrumbList","@id":"https:\/\/marktxxl.de\/markt\/produkt\/ncc-licht-10-x-led-filament-leuchtmittel-kerzen-4w-fast-40w-e14-klar-warmweiss-2700k-4-watt-klar-10-stueck\/#breadcrumb","itemListElement":[{"@type":"ListItem","position":1,"name":"Startseite","item":"https:\/\/marktxxl.de\/markt\/"},{"@type":"ListItem","position":2,"name":"Markt","item":"https:\/\/marktxxl.de\/markt\/"},{"@type":"ListItem","position":3,"name":"NCC-Licht 10 x LED Filament Leuchtmittel Kerzen 4W fast 40W E14 klar warmwei\u00df 2700K (4 Watt klar, 10 St\u00fcck)"}]},{"@type":"WebSite","@id":"https:\/\/marktxxl.de\/markt\/#website","url":"https:\/\/marktxxl.de\/markt\/","name":"Markt-XXL","description":"Ihr Markt Online","publisher":{"@id":"https:\/\/marktxxl.de\/markt\/#organization"},"potentialAction":[{"@type":"SearchAction","target":{"@type":"EntryPoint","urlTemplate":"https:\/\/marktxxl.de\/markt\/?s={search_term_string}"},"query-input":{"@type":"PropertyValueSpecification","valueRequired":true,"valueName":"search_term_string"}}],"inLanguage":"de"},{"@type":"Organization","@id":"https:\/\/marktxxl.de\/markt\/#organization","name":"Markt-XXL","url":"https:\/\/marktxxl.de\/markt\/","logo":{"@type":"ImageObject","inLanguage":"de","@id":"https:\/\/marktxxl.de\/markt\/#\/schema\/logo\/image\/","url":"https:\/\/marktxxl.de\/markt\/wp-content\/uploads\/sites\/3\/2020\/12\/logo.png","contentUrl":"https:\/\/marktxxl.de\/markt\/wp-content\/uploads\/sites\/3\/2020\/12\/logo.png","width":200,"height":70,"caption":"Markt-XXL"},"image":{"@id":"https:\/\/marktxxl.de\/markt\/#\/schema\/logo\/image\/"}}]}},"_links":{"self":[{"href":"https:\/\/marktxxl.de\/markt\/wp-json\/wp\/v2\/product\/213715","targetHints":{"allow":["GET"]}}],"collection":[{"href":"https:\/\/marktxxl.de\/markt\/wp-json\/wp\/v2\/product"}],"about":[{"href":"https:\/\/marktxxl.de\/markt\/wp-json\/wp\/v2\/types\/product"}],"replies":[{"embeddable":true,"href":"https:\/\/marktxxl.de\/markt\/wp-json\/wp\/v2\/comments?post=213715"}],"wp:featuredmedia":[{"embeddable":true,"href":"https:\/\/marktxxl.de\/markt\/wp-json\/wp\/v2\/media\/213716"}],"wp:attachment":[{"href":"https:\/\/marktxxl.de\/markt\/wp-json\/wp\/v2\/media?parent=213715"}],"wp:term":[{"taxonomy":"product_brand","embeddable":true,"href":"https:\/\/marktxxl.de\/markt\/wp-json\/wp\/v2\/product_brand?post=213715"},{"taxonomy":"product_cat","embeddable":true,"href":"https:\/\/marktxxl.de\/markt\/wp-json\/wp\/v2\/product_cat?post=213715"},{"taxonomy":"product_tag","embeddable":true,"href":"https:\/\/marktxxl.de\/markt\/wp-json\/wp\/v2\/product_tag?post=213715"}],"curies":[{"name":"wp","href":"https:\/\/api.w.org\/{rel}","templated":true}]}}