{"id":213609,"date":"2024-06-28T20:18:10","date_gmt":"2024-06-28T18:18:10","guid":{"rendered":"https:\/\/marktxxl.de\/markt\/produkt\/maener-anime-frau-strickpullover-herren-oversized-sweatshirts-rundhalsausschnitt-langarm-gedruckt-pullover-unisex\/"},"modified":"2024-06-28T20:18:10","modified_gmt":"2024-06-28T18:18:10","slug":"maener-anime-frau-strickpullover-herren-oversized-sweatshirts-rundhalsausschnitt-langarm-gedruckt-pullover-unisex","status":"publish","type":"product","link":"https:\/\/marktxxl.de\/markt\/produkt\/maener-anime-frau-strickpullover-herren-oversized-sweatshirts-rundhalsausschnitt-langarm-gedruckt-pullover-unisex\/","title":{"rendered":"Maener Anime Frau Strickpullover Herren Oversized Sweatshirts Rundhalsausschnitt Langarm Gedruckt Pullover Unisex"},"content":{"rendered":"<p>Gr\u00f6\u00dfe: Dieser Pullover ist \u00fcbergro\u00df. Bitte beachten Sie vor der Bestellung unsere Gr\u00f6\u00dfentabelle.<br \/>\nEinzigartiges Design: L\u00e4ssig und locker sitzend, Rundhalsausschnitt, Anime-Musterdruck. Mit Rippenb\u00fcndchen an Kragen, Saum und B\u00fcndchen, die dich warm halten, ist sie die erste Wahl f\u00fcr junge M\u00e4nner und Frauen.<br \/>\nKuscheliger Pullover: Dieses l\u00e4ssige Kleidungsst\u00fcck ist aus einem leichten und weichen Stoff, warm und bequem und sorgt f\u00fcr eine stabile Qualit\u00e4t des Pullovers.<br \/>\nPerfect Match Fashion Clothes: Dieser Unisex-Pullover l\u00e4sst sich perfekt mit Jeans, Rock, Leggings oder anderen Accessoires kombinieren. Es ist perfekt f\u00fcr Fr\u00fchling, Herbst, Winter, Party, Freizeit, Alltag, Arbeit, Urlaub, Zuhause, Streetwear und mehr.<br \/>\nEveryday Made Better: Wir h\u00f6ren auf Kundenfeedback und optimieren jedes Detail, um Qualit\u00e4t, Passform und Komfort zu gew\u00e4hrleisten.<br \/>\n<div class=\"main-cross-sell\" data-asin=\"B0D2BMZPG6\">\n\n\t<div class=\"WooZone-cross-sell-loader\">\n\t\t<div>\n\t\t\t<div id=\"floatingBarsG\">\n\t\t\t\t<div class=\"blockG\" id=\"rotateG_01\"><\/div>\n\t\t\t\t<div class=\"blockG\" id=\"rotateG_02\"><\/div>\n\t\t\t\t<div class=\"blockG\" id=\"rotateG_03\"><\/div>\n\t\t\t\t<div class=\"blockG\" id=\"rotateG_04\"><\/div>\n\t\t\t\t<div class=\"blockG\" id=\"rotateG_05\"><\/div>\n\t\t\t\t<div class=\"blockG\" id=\"rotateG_06\"><\/div>\n\t\t\t\t<div class=\"blockG\" id=\"rotateG_07\"><\/div>\n\t\t\t\t<div class=\"blockG\" id=\"rotateG_08\"><\/div>\n\t\t\t<\/div>\n\t\t\t<div class=\"WooZone-cross-sell-loader-text\"><\/div>\n\t\t<\/div>\n\t<\/div>\n\n\t\t\n<\/div>\n<div style=\"clear:both;\"><\/div><\/p>\n","protected":false},"excerpt":{"rendered":"<p>Gr\u00f6\u00dfe: Dieser Pullover ist \u00fcbergro\u00df. Bitte beachten Sie vor der Bestellung unsere Gr\u00f6\u00dfentabelle.<br \/>\nEinzigartiges Design: L\u00e4ssig und locker sitzend, Rundhalsausschnitt, Anime-Musterdruck. Mit Rippenb\u00fcndchen an Kragen, Saum und B\u00fcndchen, die dich warm halten, ist sie die erste Wahl f\u00fcr junge M\u00e4nner und Frauen.<br \/>\nKuscheliger Pullover: Dieses l\u00e4ssige Kleidungsst\u00fcck ist aus einem leichten und weichen Stoff, warm und bequem und sorgt f\u00fcr eine stabile Qualit\u00e4t des Pullovers.<\/p>\n","protected":false},"featured_media":213610,"comment_status":"open","ping_status":"closed","template":"","meta":[],"product_brand":[],"product_cat":[1186,3960],"product_tag":[],"class_list":{"0":"post-213609","1":"product","2":"type-product","3":"status-publish","4":"has-post-thumbnail","6":"product_cat-bekleidung","7":"product_cat-herren","8":"pa_binding-textilien","9":"pa_brand-maener","10":"pa_manufacturer-maener","12":"first","13":"instock","14":"shipping-taxable","15":"product-type-simple","16":"customify-col","17":"product-has-gallery"},"yoast_head":"<!-- This site is optimized with the Yoast SEO plugin v27.4 - https:\/\/yoast.com\/product\/yoast-seo-wordpress\/ -->\n<title>Maener Anime Frau Strickpullover Herren Oversized Sweatshirts Rundhalsausschnitt Langarm Gedruckt Pullover Unisex - Markt-XXL<\/title>\n<meta name=\"description\" content=\"Markt-XXL Maener Anime Frau Strickpullover Herren Oversized Sweatshirts Rundhalsausschnitt Langarm Gedruckt Pullover Unisex\" \/>\n<meta name=\"robots\" content=\"index, follow, max-snippet:-1, max-image-preview:large, max-video-preview:-1\" \/>\n<link rel=\"canonical\" href=\"https:\/\/marktxxl.de\/markt\/produkt\/maener-anime-frau-strickpullover-herren-oversized-sweatshirts-rundhalsausschnitt-langarm-gedruckt-pullover-unisex\/\" \/>\n<meta property=\"og:locale\" content=\"de_DE\" \/>\n<meta property=\"og:type\" content=\"article\" \/>\n<meta property=\"og:title\" content=\"Maener Anime Frau Strickpullover Herren Oversized Sweatshirts Rundhalsausschnitt Langarm Gedruckt Pullover Unisex - Markt-XXL\" \/>\n<meta property=\"og:description\" content=\"Markt-XXL Maener Anime Frau Strickpullover Herren Oversized Sweatshirts Rundhalsausschnitt Langarm Gedruckt Pullover Unisex\" \/>\n<meta property=\"og:url\" content=\"https:\/\/marktxxl.de\/markt\/produkt\/maener-anime-frau-strickpullover-herren-oversized-sweatshirts-rundhalsausschnitt-langarm-gedruckt-pullover-unisex\/\" \/>\n<meta property=\"og:site_name\" content=\"Markt-XXL\" \/>\n<meta name=\"twitter:card\" content=\"summary_large_image\" \/>\n<meta name=\"twitter:label1\" content=\"Gesch\u00e4tzte Lesezeit\" \/>\n\t<meta name=\"twitter:data1\" content=\"1\u00a0Minute\" \/>\n<script type=\"application\/ld+json\" class=\"yoast-schema-graph\">{\"@context\":\"https:\\\/\\\/schema.org\",\"@graph\":[{\"@type\":\"WebPage\",\"@id\":\"https:\\\/\\\/marktxxl.de\\\/markt\\\/produkt\\\/maener-anime-frau-strickpullover-herren-oversized-sweatshirts-rundhalsausschnitt-langarm-gedruckt-pullover-unisex\\\/\",\"url\":\"https:\\\/\\\/marktxxl.de\\\/markt\\\/produkt\\\/maener-anime-frau-strickpullover-herren-oversized-sweatshirts-rundhalsausschnitt-langarm-gedruckt-pullover-unisex\\\/\",\"name\":\"Maener Anime Frau Strickpullover Herren Oversized Sweatshirts Rundhalsausschnitt Langarm Gedruckt Pullover Unisex - Markt-XXL\",\"isPartOf\":{\"@id\":\"https:\\\/\\\/marktxxl.de\\\/markt\\\/#website\"},\"primaryImageOfPage\":{\"@id\":\"https:\\\/\\\/marktxxl.de\\\/markt\\\/produkt\\\/maener-anime-frau-strickpullover-herren-oversized-sweatshirts-rundhalsausschnitt-langarm-gedruckt-pullover-unisex\\\/#primaryimage\"},\"image\":{\"@id\":\"https:\\\/\\\/marktxxl.de\\\/markt\\\/produkt\\\/maener-anime-frau-strickpullover-herren-oversized-sweatshirts-rundhalsausschnitt-langarm-gedruckt-pullover-unisex\\\/#primaryimage\"},\"thumbnailUrl\":\"https:\\\/\\\/m.media-amazon.com\\\/images\\\/I\\\/51eU+vzub5L._SL500_.jpg\",\"datePublished\":\"2024-06-28T18:18:10+00:00\",\"description\":\"Markt-XXL Maener Anime Frau Strickpullover Herren Oversized Sweatshirts Rundhalsausschnitt Langarm Gedruckt Pullover Unisex\",\"breadcrumb\":{\"@id\":\"https:\\\/\\\/marktxxl.de\\\/markt\\\/produkt\\\/maener-anime-frau-strickpullover-herren-oversized-sweatshirts-rundhalsausschnitt-langarm-gedruckt-pullover-unisex\\\/#breadcrumb\"},\"inLanguage\":\"de\",\"potentialAction\":[{\"@type\":\"ReadAction\",\"target\":[\"https:\\\/\\\/marktxxl.de\\\/markt\\\/produkt\\\/maener-anime-frau-strickpullover-herren-oversized-sweatshirts-rundhalsausschnitt-langarm-gedruckt-pullover-unisex\\\/\"]}]},{\"@type\":\"ImageObject\",\"inLanguage\":\"de\",\"@id\":\"https:\\\/\\\/marktxxl.de\\\/markt\\\/produkt\\\/maener-anime-frau-strickpullover-herren-oversized-sweatshirts-rundhalsausschnitt-langarm-gedruckt-pullover-unisex\\\/#primaryimage\",\"url\":\"https:\\\/\\\/m.media-amazon.com\\\/images\\\/I\\\/51eU+vzub5L._SL500_.jpg\",\"contentUrl\":\"https:\\\/\\\/m.media-amazon.com\\\/images\\\/I\\\/51eU+vzub5L._SL500_.jpg\",\"width\":500,\"height\":500},{\"@type\":\"BreadcrumbList\",\"@id\":\"https:\\\/\\\/marktxxl.de\\\/markt\\\/produkt\\\/maener-anime-frau-strickpullover-herren-oversized-sweatshirts-rundhalsausschnitt-langarm-gedruckt-pullover-unisex\\\/#breadcrumb\",\"itemListElement\":[{\"@type\":\"ListItem\",\"position\":1,\"name\":\"Startseite\",\"item\":\"https:\\\/\\\/marktxxl.de\\\/markt\\\/\"},{\"@type\":\"ListItem\",\"position\":2,\"name\":\"Markt\",\"item\":\"https:\\\/\\\/marktxxl.de\\\/markt\\\/\"},{\"@type\":\"ListItem\",\"position\":3,\"name\":\"Maener Anime Frau Strickpullover Herren Oversized Sweatshirts Rundhalsausschnitt Langarm Gedruckt Pullover Unisex\"}]},{\"@type\":\"WebSite\",\"@id\":\"https:\\\/\\\/marktxxl.de\\\/markt\\\/#website\",\"url\":\"https:\\\/\\\/marktxxl.de\\\/markt\\\/\",\"name\":\"Markt-XXL\",\"description\":\"Ihr Markt Online\",\"publisher\":{\"@id\":\"https:\\\/\\\/marktxxl.de\\\/markt\\\/#organization\"},\"potentialAction\":[{\"@type\":\"SearchAction\",\"target\":{\"@type\":\"EntryPoint\",\"urlTemplate\":\"https:\\\/\\\/marktxxl.de\\\/markt\\\/?s={search_term_string}\"},\"query-input\":{\"@type\":\"PropertyValueSpecification\",\"valueRequired\":true,\"valueName\":\"search_term_string\"}}],\"inLanguage\":\"de\"},{\"@type\":\"Organization\",\"@id\":\"https:\\\/\\\/marktxxl.de\\\/markt\\\/#organization\",\"name\":\"Markt-XXL\",\"url\":\"https:\\\/\\\/marktxxl.de\\\/markt\\\/\",\"logo\":{\"@type\":\"ImageObject\",\"inLanguage\":\"de\",\"@id\":\"https:\\\/\\\/marktxxl.de\\\/markt\\\/#\\\/schema\\\/logo\\\/image\\\/\",\"url\":\"https:\\\/\\\/marktxxl.de\\\/markt\\\/wp-content\\\/uploads\\\/sites\\\/3\\\/2020\\\/12\\\/logo.png\",\"contentUrl\":\"https:\\\/\\\/marktxxl.de\\\/markt\\\/wp-content\\\/uploads\\\/sites\\\/3\\\/2020\\\/12\\\/logo.png\",\"width\":200,\"height\":70,\"caption\":\"Markt-XXL\"},\"image\":{\"@id\":\"https:\\\/\\\/marktxxl.de\\\/markt\\\/#\\\/schema\\\/logo\\\/image\\\/\"}}]}<\/script>\n<!-- \/ Yoast SEO plugin. -->","yoast_head_json":{"title":"Maener Anime Frau Strickpullover Herren Oversized Sweatshirts Rundhalsausschnitt Langarm Gedruckt Pullover Unisex - Markt-XXL","description":"Markt-XXL Maener Anime Frau Strickpullover Herren Oversized Sweatshirts Rundhalsausschnitt Langarm Gedruckt Pullover Unisex","robots":{"index":"index","follow":"follow","max-snippet":"max-snippet:-1","max-image-preview":"max-image-preview:large","max-video-preview":"max-video-preview:-1"},"canonical":"https:\/\/marktxxl.de\/markt\/produkt\/maener-anime-frau-strickpullover-herren-oversized-sweatshirts-rundhalsausschnitt-langarm-gedruckt-pullover-unisex\/","og_locale":"de_DE","og_type":"article","og_title":"Maener Anime Frau Strickpullover Herren Oversized Sweatshirts Rundhalsausschnitt Langarm Gedruckt Pullover Unisex - Markt-XXL","og_description":"Markt-XXL Maener Anime Frau Strickpullover Herren Oversized Sweatshirts Rundhalsausschnitt Langarm Gedruckt Pullover Unisex","og_url":"https:\/\/marktxxl.de\/markt\/produkt\/maener-anime-frau-strickpullover-herren-oversized-sweatshirts-rundhalsausschnitt-langarm-gedruckt-pullover-unisex\/","og_site_name":"Markt-XXL","twitter_card":"summary_large_image","twitter_misc":{"Gesch\u00e4tzte Lesezeit":"1\u00a0Minute"},"schema":{"@context":"https:\/\/schema.org","@graph":[{"@type":"WebPage","@id":"https:\/\/marktxxl.de\/markt\/produkt\/maener-anime-frau-strickpullover-herren-oversized-sweatshirts-rundhalsausschnitt-langarm-gedruckt-pullover-unisex\/","url":"https:\/\/marktxxl.de\/markt\/produkt\/maener-anime-frau-strickpullover-herren-oversized-sweatshirts-rundhalsausschnitt-langarm-gedruckt-pullover-unisex\/","name":"Maener Anime Frau Strickpullover Herren Oversized Sweatshirts Rundhalsausschnitt Langarm Gedruckt Pullover Unisex - Markt-XXL","isPartOf":{"@id":"https:\/\/marktxxl.de\/markt\/#website"},"primaryImageOfPage":{"@id":"https:\/\/marktxxl.de\/markt\/produkt\/maener-anime-frau-strickpullover-herren-oversized-sweatshirts-rundhalsausschnitt-langarm-gedruckt-pullover-unisex\/#primaryimage"},"image":{"@id":"https:\/\/marktxxl.de\/markt\/produkt\/maener-anime-frau-strickpullover-herren-oversized-sweatshirts-rundhalsausschnitt-langarm-gedruckt-pullover-unisex\/#primaryimage"},"thumbnailUrl":"https:\/\/m.media-amazon.com\/images\/I\/51eU+vzub5L._SL500_.jpg","datePublished":"2024-06-28T18:18:10+00:00","description":"Markt-XXL Maener Anime Frau Strickpullover Herren Oversized Sweatshirts Rundhalsausschnitt Langarm Gedruckt Pullover Unisex","breadcrumb":{"@id":"https:\/\/marktxxl.de\/markt\/produkt\/maener-anime-frau-strickpullover-herren-oversized-sweatshirts-rundhalsausschnitt-langarm-gedruckt-pullover-unisex\/#breadcrumb"},"inLanguage":"de","potentialAction":[{"@type":"ReadAction","target":["https:\/\/marktxxl.de\/markt\/produkt\/maener-anime-frau-strickpullover-herren-oversized-sweatshirts-rundhalsausschnitt-langarm-gedruckt-pullover-unisex\/"]}]},{"@type":"ImageObject","inLanguage":"de","@id":"https:\/\/marktxxl.de\/markt\/produkt\/maener-anime-frau-strickpullover-herren-oversized-sweatshirts-rundhalsausschnitt-langarm-gedruckt-pullover-unisex\/#primaryimage","url":"https:\/\/m.media-amazon.com\/images\/I\/51eU+vzub5L._SL500_.jpg","contentUrl":"https:\/\/m.media-amazon.com\/images\/I\/51eU+vzub5L._SL500_.jpg","width":500,"height":500},{"@type":"BreadcrumbList","@id":"https:\/\/marktxxl.de\/markt\/produkt\/maener-anime-frau-strickpullover-herren-oversized-sweatshirts-rundhalsausschnitt-langarm-gedruckt-pullover-unisex\/#breadcrumb","itemListElement":[{"@type":"ListItem","position":1,"name":"Startseite","item":"https:\/\/marktxxl.de\/markt\/"},{"@type":"ListItem","position":2,"name":"Markt","item":"https:\/\/marktxxl.de\/markt\/"},{"@type":"ListItem","position":3,"name":"Maener Anime Frau Strickpullover Herren Oversized Sweatshirts Rundhalsausschnitt Langarm Gedruckt Pullover Unisex"}]},{"@type":"WebSite","@id":"https:\/\/marktxxl.de\/markt\/#website","url":"https:\/\/marktxxl.de\/markt\/","name":"Markt-XXL","description":"Ihr Markt Online","publisher":{"@id":"https:\/\/marktxxl.de\/markt\/#organization"},"potentialAction":[{"@type":"SearchAction","target":{"@type":"EntryPoint","urlTemplate":"https:\/\/marktxxl.de\/markt\/?s={search_term_string}"},"query-input":{"@type":"PropertyValueSpecification","valueRequired":true,"valueName":"search_term_string"}}],"inLanguage":"de"},{"@type":"Organization","@id":"https:\/\/marktxxl.de\/markt\/#organization","name":"Markt-XXL","url":"https:\/\/marktxxl.de\/markt\/","logo":{"@type":"ImageObject","inLanguage":"de","@id":"https:\/\/marktxxl.de\/markt\/#\/schema\/logo\/image\/","url":"https:\/\/marktxxl.de\/markt\/wp-content\/uploads\/sites\/3\/2020\/12\/logo.png","contentUrl":"https:\/\/marktxxl.de\/markt\/wp-content\/uploads\/sites\/3\/2020\/12\/logo.png","width":200,"height":70,"caption":"Markt-XXL"},"image":{"@id":"https:\/\/marktxxl.de\/markt\/#\/schema\/logo\/image\/"}}]}},"_links":{"self":[{"href":"https:\/\/marktxxl.de\/markt\/wp-json\/wp\/v2\/product\/213609","targetHints":{"allow":["GET"]}}],"collection":[{"href":"https:\/\/marktxxl.de\/markt\/wp-json\/wp\/v2\/product"}],"about":[{"href":"https:\/\/marktxxl.de\/markt\/wp-json\/wp\/v2\/types\/product"}],"replies":[{"embeddable":true,"href":"https:\/\/marktxxl.de\/markt\/wp-json\/wp\/v2\/comments?post=213609"}],"wp:featuredmedia":[{"embeddable":true,"href":"https:\/\/marktxxl.de\/markt\/wp-json\/wp\/v2\/media\/213610"}],"wp:attachment":[{"href":"https:\/\/marktxxl.de\/markt\/wp-json\/wp\/v2\/media?parent=213609"}],"wp:term":[{"taxonomy":"product_brand","embeddable":true,"href":"https:\/\/marktxxl.de\/markt\/wp-json\/wp\/v2\/product_brand?post=213609"},{"taxonomy":"product_cat","embeddable":true,"href":"https:\/\/marktxxl.de\/markt\/wp-json\/wp\/v2\/product_cat?post=213609"},{"taxonomy":"product_tag","embeddable":true,"href":"https:\/\/marktxxl.de\/markt\/wp-json\/wp\/v2\/product_tag?post=213609"}],"curies":[{"name":"wp","href":"https:\/\/api.w.org\/{rel}","templated":true}]}}