{"id":213598,"date":"2024-06-28T20:17:25","date_gmt":"2024-06-28T18:17:25","guid":{"rendered":"https:\/\/marktxxl.de\/markt\/produkt\/columbia-toddler-powder-lite-boys-kapuzenjacke-fuer-herren\/"},"modified":"2024-06-28T20:17:25","modified_gmt":"2024-06-28T18:17:25","slug":"columbia-toddler-powder-lite-boys-kapuzenjacke-fuer-herren","status":"publish","type":"product","link":"https:\/\/marktxxl.de\/markt\/produkt\/columbia-toddler-powder-lite-boys-kapuzenjacke-fuer-herren\/","title":{"rendered":"Columbia Toddler Powder Lite Boys Kapuzenjacke f\u00fcr Herren"},"content":{"rendered":"<p>OMNI-HEAT: Unsere patentierten w\u00e4rmereflektierenden Kleidungsst\u00fccke sind das ultimative K\u00f6rperw\u00e4rmemanagement-System f\u00fcr Outdoor-Leistung. Das Innenfutter besteht aus unserem metallischen Punktemuster, das entworfen wurde, um W\u00e4rme zu speichern, w\u00e4hrend das atmungsaktive Gewebe Feuchtigkeit ableitet.<br \/>\nBequeme Winterjacke: Die Columbia Powder Lite Jacke f\u00fcr Jungen ist aus einem wasserabweisenden Stoff, isoliert und nutzt unsere thermisch reflektierenden Futter. Entwickelt, um Jungen warm und bequem zu halten, wenn das Wetter kalt wird.<br \/>\nVerstellbares Kapuzensystem: Die verstellbare Kapuze wurde entworfen, um den Kopf in kalten Umgebungen im Freien warm zu halten. Nice Touches beinhaltet einen weichen integrierten Kinnschutz.<br \/>\nWarme Isolierung: Unsere charakteristische Thermarator-Isolierung aus 100 % Polyester h\u00e4lt Jungen an kalten Tagen extra warm.<br \/>\nPraktische Funktionen: Diese Jacke verf\u00fcgt \u00fcber zwei Eingrifftaschen mit Rei\u00dfverschluss, um kleine Gegenst\u00e4nde sicher zu halten.<br \/>\n<div class=\"main-cross-sell\" data-asin=\"B07JCJTTJ2\">\n\n\t<div class=\"WooZone-cross-sell-loader\">\n\t\t<div>\n\t\t\t<div id=\"floatingBarsG\">\n\t\t\t\t<div class=\"blockG\" id=\"rotateG_01\"><\/div>\n\t\t\t\t<div class=\"blockG\" id=\"rotateG_02\"><\/div>\n\t\t\t\t<div class=\"blockG\" id=\"rotateG_03\"><\/div>\n\t\t\t\t<div class=\"blockG\" id=\"rotateG_04\"><\/div>\n\t\t\t\t<div class=\"blockG\" id=\"rotateG_05\"><\/div>\n\t\t\t\t<div class=\"blockG\" id=\"rotateG_06\"><\/div>\n\t\t\t\t<div class=\"blockG\" id=\"rotateG_07\"><\/div>\n\t\t\t\t<div class=\"blockG\" id=\"rotateG_08\"><\/div>\n\t\t\t<\/div>\n\t\t\t<div class=\"WooZone-cross-sell-loader-text\"><\/div>\n\t\t<\/div>\n\t<\/div>\n\n\t\t\n<\/div>\n<div style=\"clear:both;\"><\/div><\/p>\n","protected":false},"excerpt":{"rendered":"<p>OMNI-HEAT: Unsere patentierten w\u00e4rmereflektierenden Kleidungsst\u00fccke sind das ultimative K\u00f6rperw\u00e4rmemanagement-System f\u00fcr Outdoor-Leistung. Das Innenfutter besteht aus unserem metallischen Punktemuster, das entworfen wurde, um W\u00e4rme zu speichern, w\u00e4hrend das atmungsaktive Gewebe Feuchtigkeit ableitet.<br \/>\nBequeme Winterjacke: Die Columbia Powder Lite Jacke f\u00fcr Jungen ist aus einem wasserabweisenden Stoff, isoliert und nutzt unsere thermisch reflektierenden Futter. Entwickelt, um Jungen warm und bequem zu halten, wenn das Wetter kalt wird.<br \/>\nVerstellbares Kapuzensystem: Die verstellbare Kapuze wurde entworfen, um den Kopf in kalten Umgebungen im Freien warm zu halten. Nice Touches beinhaltet einen weichen integrierten Kinnschutz.<\/p>\n","protected":false},"featured_media":213599,"comment_status":"open","ping_status":"closed","template":"","meta":[],"product_brand":[],"product_cat":[1186,4034],"product_tag":[],"class_list":{"0":"post-213598","1":"product","2":"type-product","3":"status-publish","4":"has-post-thumbnail","6":"product_cat-bekleidung","7":"product_cat-jungen","8":"pa_binding-textilien","9":"pa_brand-columbia","10":"pa_color-columbia-grau-dunkelviolett-schwarz","11":"pa_height-5-zoll","12":"pa_length-17-zoll","13":"pa_manufacturer-columbia","14":"pa_model-53841","15":"pa_size-53843","16":"pa_width-11-zoll","18":"first","19":"instock","20":"shipping-taxable","21":"product-type-simple","22":"customify-col","23":"product-has-gallery"},"yoast_head":"<!-- This site is optimized with the Yoast SEO plugin v27.4 - https:\/\/yoast.com\/product\/yoast-seo-wordpress\/ -->\n<title>Columbia Toddler Powder Lite Boys Kapuzenjacke f\u00fcr Herren - Markt-XXL<\/title>\n<meta name=\"description\" content=\"Markt-XXL Columbia Toddler Powder Lite Boys Kapuzenjacke f\u00fcr Herren\" \/>\n<meta name=\"robots\" content=\"index, follow, max-snippet:-1, max-image-preview:large, max-video-preview:-1\" \/>\n<link rel=\"canonical\" href=\"https:\/\/marktxxl.de\/markt\/produkt\/columbia-toddler-powder-lite-boys-kapuzenjacke-fuer-herren\/\" \/>\n<meta property=\"og:locale\" content=\"de_DE\" \/>\n<meta property=\"og:type\" content=\"article\" \/>\n<meta property=\"og:title\" content=\"Columbia Toddler Powder Lite Boys Kapuzenjacke f\u00fcr Herren - Markt-XXL\" \/>\n<meta property=\"og:description\" content=\"Markt-XXL Columbia Toddler Powder Lite Boys Kapuzenjacke f\u00fcr Herren\" \/>\n<meta property=\"og:url\" content=\"https:\/\/marktxxl.de\/markt\/produkt\/columbia-toddler-powder-lite-boys-kapuzenjacke-fuer-herren\/\" \/>\n<meta property=\"og:site_name\" content=\"Markt-XXL\" \/>\n<meta name=\"twitter:card\" content=\"summary_large_image\" \/>\n<meta name=\"twitter:label1\" content=\"Gesch\u00e4tzte Lesezeit\" \/>\n\t<meta name=\"twitter:data1\" content=\"1\u00a0Minute\" \/>\n<script type=\"application\/ld+json\" class=\"yoast-schema-graph\">{\"@context\":\"https:\\\/\\\/schema.org\",\"@graph\":[{\"@type\":\"WebPage\",\"@id\":\"https:\\\/\\\/marktxxl.de\\\/markt\\\/produkt\\\/columbia-toddler-powder-lite-boys-kapuzenjacke-fuer-herren\\\/\",\"url\":\"https:\\\/\\\/marktxxl.de\\\/markt\\\/produkt\\\/columbia-toddler-powder-lite-boys-kapuzenjacke-fuer-herren\\\/\",\"name\":\"Columbia Toddler Powder Lite Boys Kapuzenjacke f\u00fcr Herren - Markt-XXL\",\"isPartOf\":{\"@id\":\"https:\\\/\\\/marktxxl.de\\\/markt\\\/#website\"},\"primaryImageOfPage\":{\"@id\":\"https:\\\/\\\/marktxxl.de\\\/markt\\\/produkt\\\/columbia-toddler-powder-lite-boys-kapuzenjacke-fuer-herren\\\/#primaryimage\"},\"image\":{\"@id\":\"https:\\\/\\\/marktxxl.de\\\/markt\\\/produkt\\\/columbia-toddler-powder-lite-boys-kapuzenjacke-fuer-herren\\\/#primaryimage\"},\"thumbnailUrl\":\"https:\\\/\\\/m.media-amazon.com\\\/images\\\/I\\\/416VBsTyJbL._SL500_.jpg\",\"datePublished\":\"2024-06-28T18:17:25+00:00\",\"description\":\"Markt-XXL Columbia Toddler Powder Lite Boys Kapuzenjacke f\u00fcr Herren\",\"breadcrumb\":{\"@id\":\"https:\\\/\\\/marktxxl.de\\\/markt\\\/produkt\\\/columbia-toddler-powder-lite-boys-kapuzenjacke-fuer-herren\\\/#breadcrumb\"},\"inLanguage\":\"de\",\"potentialAction\":[{\"@type\":\"ReadAction\",\"target\":[\"https:\\\/\\\/marktxxl.de\\\/markt\\\/produkt\\\/columbia-toddler-powder-lite-boys-kapuzenjacke-fuer-herren\\\/\"]}]},{\"@type\":\"ImageObject\",\"inLanguage\":\"de\",\"@id\":\"https:\\\/\\\/marktxxl.de\\\/markt\\\/produkt\\\/columbia-toddler-powder-lite-boys-kapuzenjacke-fuer-herren\\\/#primaryimage\",\"url\":\"https:\\\/\\\/m.media-amazon.com\\\/images\\\/I\\\/416VBsTyJbL._SL500_.jpg\",\"contentUrl\":\"https:\\\/\\\/m.media-amazon.com\\\/images\\\/I\\\/416VBsTyJbL._SL500_.jpg\",\"width\":476,\"height\":500},{\"@type\":\"BreadcrumbList\",\"@id\":\"https:\\\/\\\/marktxxl.de\\\/markt\\\/produkt\\\/columbia-toddler-powder-lite-boys-kapuzenjacke-fuer-herren\\\/#breadcrumb\",\"itemListElement\":[{\"@type\":\"ListItem\",\"position\":1,\"name\":\"Startseite\",\"item\":\"https:\\\/\\\/marktxxl.de\\\/markt\\\/\"},{\"@type\":\"ListItem\",\"position\":2,\"name\":\"Markt\",\"item\":\"https:\\\/\\\/marktxxl.de\\\/markt\\\/\"},{\"@type\":\"ListItem\",\"position\":3,\"name\":\"Columbia Toddler Powder Lite Boys Kapuzenjacke f\u00fcr Herren\"}]},{\"@type\":\"WebSite\",\"@id\":\"https:\\\/\\\/marktxxl.de\\\/markt\\\/#website\",\"url\":\"https:\\\/\\\/marktxxl.de\\\/markt\\\/\",\"name\":\"Markt-XXL\",\"description\":\"Ihr Markt Online\",\"publisher\":{\"@id\":\"https:\\\/\\\/marktxxl.de\\\/markt\\\/#organization\"},\"potentialAction\":[{\"@type\":\"SearchAction\",\"target\":{\"@type\":\"EntryPoint\",\"urlTemplate\":\"https:\\\/\\\/marktxxl.de\\\/markt\\\/?s={search_term_string}\"},\"query-input\":{\"@type\":\"PropertyValueSpecification\",\"valueRequired\":true,\"valueName\":\"search_term_string\"}}],\"inLanguage\":\"de\"},{\"@type\":\"Organization\",\"@id\":\"https:\\\/\\\/marktxxl.de\\\/markt\\\/#organization\",\"name\":\"Markt-XXL\",\"url\":\"https:\\\/\\\/marktxxl.de\\\/markt\\\/\",\"logo\":{\"@type\":\"ImageObject\",\"inLanguage\":\"de\",\"@id\":\"https:\\\/\\\/marktxxl.de\\\/markt\\\/#\\\/schema\\\/logo\\\/image\\\/\",\"url\":\"https:\\\/\\\/marktxxl.de\\\/markt\\\/wp-content\\\/uploads\\\/sites\\\/3\\\/2020\\\/12\\\/logo.png\",\"contentUrl\":\"https:\\\/\\\/marktxxl.de\\\/markt\\\/wp-content\\\/uploads\\\/sites\\\/3\\\/2020\\\/12\\\/logo.png\",\"width\":200,\"height\":70,\"caption\":\"Markt-XXL\"},\"image\":{\"@id\":\"https:\\\/\\\/marktxxl.de\\\/markt\\\/#\\\/schema\\\/logo\\\/image\\\/\"}}]}<\/script>\n<!-- \/ Yoast SEO plugin. -->","yoast_head_json":{"title":"Columbia Toddler Powder Lite Boys Kapuzenjacke f\u00fcr Herren - Markt-XXL","description":"Markt-XXL Columbia Toddler Powder Lite Boys Kapuzenjacke f\u00fcr Herren","robots":{"index":"index","follow":"follow","max-snippet":"max-snippet:-1","max-image-preview":"max-image-preview:large","max-video-preview":"max-video-preview:-1"},"canonical":"https:\/\/marktxxl.de\/markt\/produkt\/columbia-toddler-powder-lite-boys-kapuzenjacke-fuer-herren\/","og_locale":"de_DE","og_type":"article","og_title":"Columbia Toddler Powder Lite Boys Kapuzenjacke f\u00fcr Herren - Markt-XXL","og_description":"Markt-XXL Columbia Toddler Powder Lite Boys Kapuzenjacke f\u00fcr Herren","og_url":"https:\/\/marktxxl.de\/markt\/produkt\/columbia-toddler-powder-lite-boys-kapuzenjacke-fuer-herren\/","og_site_name":"Markt-XXL","twitter_card":"summary_large_image","twitter_misc":{"Gesch\u00e4tzte Lesezeit":"1\u00a0Minute"},"schema":{"@context":"https:\/\/schema.org","@graph":[{"@type":"WebPage","@id":"https:\/\/marktxxl.de\/markt\/produkt\/columbia-toddler-powder-lite-boys-kapuzenjacke-fuer-herren\/","url":"https:\/\/marktxxl.de\/markt\/produkt\/columbia-toddler-powder-lite-boys-kapuzenjacke-fuer-herren\/","name":"Columbia Toddler Powder Lite Boys Kapuzenjacke f\u00fcr Herren - Markt-XXL","isPartOf":{"@id":"https:\/\/marktxxl.de\/markt\/#website"},"primaryImageOfPage":{"@id":"https:\/\/marktxxl.de\/markt\/produkt\/columbia-toddler-powder-lite-boys-kapuzenjacke-fuer-herren\/#primaryimage"},"image":{"@id":"https:\/\/marktxxl.de\/markt\/produkt\/columbia-toddler-powder-lite-boys-kapuzenjacke-fuer-herren\/#primaryimage"},"thumbnailUrl":"https:\/\/m.media-amazon.com\/images\/I\/416VBsTyJbL._SL500_.jpg","datePublished":"2024-06-28T18:17:25+00:00","description":"Markt-XXL Columbia Toddler Powder Lite Boys Kapuzenjacke f\u00fcr Herren","breadcrumb":{"@id":"https:\/\/marktxxl.de\/markt\/produkt\/columbia-toddler-powder-lite-boys-kapuzenjacke-fuer-herren\/#breadcrumb"},"inLanguage":"de","potentialAction":[{"@type":"ReadAction","target":["https:\/\/marktxxl.de\/markt\/produkt\/columbia-toddler-powder-lite-boys-kapuzenjacke-fuer-herren\/"]}]},{"@type":"ImageObject","inLanguage":"de","@id":"https:\/\/marktxxl.de\/markt\/produkt\/columbia-toddler-powder-lite-boys-kapuzenjacke-fuer-herren\/#primaryimage","url":"https:\/\/m.media-amazon.com\/images\/I\/416VBsTyJbL._SL500_.jpg","contentUrl":"https:\/\/m.media-amazon.com\/images\/I\/416VBsTyJbL._SL500_.jpg","width":476,"height":500},{"@type":"BreadcrumbList","@id":"https:\/\/marktxxl.de\/markt\/produkt\/columbia-toddler-powder-lite-boys-kapuzenjacke-fuer-herren\/#breadcrumb","itemListElement":[{"@type":"ListItem","position":1,"name":"Startseite","item":"https:\/\/marktxxl.de\/markt\/"},{"@type":"ListItem","position":2,"name":"Markt","item":"https:\/\/marktxxl.de\/markt\/"},{"@type":"ListItem","position":3,"name":"Columbia Toddler Powder Lite Boys Kapuzenjacke f\u00fcr Herren"}]},{"@type":"WebSite","@id":"https:\/\/marktxxl.de\/markt\/#website","url":"https:\/\/marktxxl.de\/markt\/","name":"Markt-XXL","description":"Ihr Markt Online","publisher":{"@id":"https:\/\/marktxxl.de\/markt\/#organization"},"potentialAction":[{"@type":"SearchAction","target":{"@type":"EntryPoint","urlTemplate":"https:\/\/marktxxl.de\/markt\/?s={search_term_string}"},"query-input":{"@type":"PropertyValueSpecification","valueRequired":true,"valueName":"search_term_string"}}],"inLanguage":"de"},{"@type":"Organization","@id":"https:\/\/marktxxl.de\/markt\/#organization","name":"Markt-XXL","url":"https:\/\/marktxxl.de\/markt\/","logo":{"@type":"ImageObject","inLanguage":"de","@id":"https:\/\/marktxxl.de\/markt\/#\/schema\/logo\/image\/","url":"https:\/\/marktxxl.de\/markt\/wp-content\/uploads\/sites\/3\/2020\/12\/logo.png","contentUrl":"https:\/\/marktxxl.de\/markt\/wp-content\/uploads\/sites\/3\/2020\/12\/logo.png","width":200,"height":70,"caption":"Markt-XXL"},"image":{"@id":"https:\/\/marktxxl.de\/markt\/#\/schema\/logo\/image\/"}}]}},"_links":{"self":[{"href":"https:\/\/marktxxl.de\/markt\/wp-json\/wp\/v2\/product\/213598","targetHints":{"allow":["GET"]}}],"collection":[{"href":"https:\/\/marktxxl.de\/markt\/wp-json\/wp\/v2\/product"}],"about":[{"href":"https:\/\/marktxxl.de\/markt\/wp-json\/wp\/v2\/types\/product"}],"replies":[{"embeddable":true,"href":"https:\/\/marktxxl.de\/markt\/wp-json\/wp\/v2\/comments?post=213598"}],"wp:featuredmedia":[{"embeddable":true,"href":"https:\/\/marktxxl.de\/markt\/wp-json\/wp\/v2\/media\/213599"}],"wp:attachment":[{"href":"https:\/\/marktxxl.de\/markt\/wp-json\/wp\/v2\/media?parent=213598"}],"wp:term":[{"taxonomy":"product_brand","embeddable":true,"href":"https:\/\/marktxxl.de\/markt\/wp-json\/wp\/v2\/product_brand?post=213598"},{"taxonomy":"product_cat","embeddable":true,"href":"https:\/\/marktxxl.de\/markt\/wp-json\/wp\/v2\/product_cat?post=213598"},{"taxonomy":"product_tag","embeddable":true,"href":"https:\/\/marktxxl.de\/markt\/wp-json\/wp\/v2\/product_tag?post=213598"}],"curies":[{"name":"wp","href":"https:\/\/api.w.org\/{rel}","templated":true}]}}