{"id":213452,"date":"2024-06-28T19:16:58","date_gmt":"2024-06-28T17:16:58","guid":{"rendered":"https:\/\/marktxxl.de\/markt\/produkt\/evolsin-120ml-laeuseshampoo-laeusekamm-fuer-erwachsene-kinder-ab-6-monaten-bei-befall-von-haaren-mit-nissen-kopflaeusen-laeusemittel-schonend-fuer-die-kopfh\/"},"modified":"2024-06-28T19:16:58","modified_gmt":"2024-06-28T17:16:58","slug":"evolsin-120ml-laeuseshampoo-laeusekamm-fuer-erwachsene-kinder-ab-6-monaten-bei-befall-von-haaren-mit-nissen-kopflaeusen-laeusemittel-schonend-fuer-die-kopfh","status":"publish","type":"product","link":"https:\/\/marktxxl.de\/markt\/produkt\/evolsin-120ml-laeuseshampoo-laeusekamm-fuer-erwachsene-kinder-ab-6-monaten-bei-befall-von-haaren-mit-nissen-kopflaeusen-laeusemittel-schonend-fuer-die-kopfh\/","title":{"rendered":"Evolsin\u00ae 120ml L\u00e4useshampoo &amp; L\u00e4usekamm f\u00fcr Erwachsene &amp; Kinder ab 6 Monaten \u2013 bei Befall von Haaren mit Nissen &amp; Kopfl\u00e4usen \u2013 L\u00e4usemittel schonend f\u00fcr die Kopfhaut \u2013 wirkt in 15 Minuten"},"content":{"rendered":"<p>F\u00dcR L\u00c4USE- &amp; NISSENBEFALLENES HAAR: Evolsin L\u00e4useshampoo ist zur lokalen Anwendung auf Haar und Kopfhaut bestimmt, um Kopfl\u00e4use zu entfernen und die Entwicklung von Nissen zu verhindern. Es kommt mit Applikatorflasche &amp; Metallkamm zur zuverl\u00e4ssigen Anwendung<br \/>\nF\u00dcR ERWACHSENE &amp; KINDER GEEIGNET: Da das Produkt keine Insektizide enth\u00e4lt, entstehen keine Resistenzen und es kann sogar von schwangeren und stillenden Frauen sowie von Kindern ab 6 Monaten verwendet werden<br \/>\nMILD &amp; SCHONEND: Das Shampoo auf Silikonbasis enth\u00e4lt eine Mischung aus synthetischen und nat\u00fcrlichen \u00d6len, wie Silikon\u00f6l, Mandel\u00f6l, Aprikosenkern\u00f6l und Vitamin E. Dadurch ist es besonders schonend zur Kopfhaut<br \/>\nSCHNELL &amp; EFFEKTIV: Tragen Sie das Produkt auf das Haar auf und lassen Sie es 15 Minuten einwirken (bei starkem Befall k\u00f6nnen Sie es bis zu 30 Minuten einwirken lassen). Waschen Sie das Haar und verwenden Sie anschlie\u00dfend Ihr \u00fcbliches Shampoo. Teilen Sie das Haar in 1 cm breite Str\u00e4hnen ein. Mit dem Metallkamm entfernen Sie die toten Kopfl\u00e4use und Nissen<br \/>\nDEUTSCHE MARKENQUALIT\u00c4T: Das Evolsin L\u00e4useshampoo ist ein in der EU gepr\u00fcftes und zertifiziertes Medizinprodukt, welches unter h\u00f6chsten Qualit\u00e4ts- und Sicherheitsstandards ausschlie\u00dflich in Europa produziert wird<br \/>\n<div class=\"main-cross-sell\" data-asin=\"B0C5JMZDH3\">\n\n\t<div class=\"WooZone-cross-sell-loader\">\n\t\t<div>\n\t\t\t<div id=\"floatingBarsG\">\n\t\t\t\t<div class=\"blockG\" id=\"rotateG_01\"><\/div>\n\t\t\t\t<div class=\"blockG\" id=\"rotateG_02\"><\/div>\n\t\t\t\t<div class=\"blockG\" id=\"rotateG_03\"><\/div>\n\t\t\t\t<div class=\"blockG\" id=\"rotateG_04\"><\/div>\n\t\t\t\t<div class=\"blockG\" id=\"rotateG_05\"><\/div>\n\t\t\t\t<div class=\"blockG\" id=\"rotateG_06\"><\/div>\n\t\t\t\t<div class=\"blockG\" id=\"rotateG_07\"><\/div>\n\t\t\t\t<div class=\"blockG\" id=\"rotateG_08\"><\/div>\n\t\t\t<\/div>\n\t\t\t<div class=\"WooZone-cross-sell-loader-text\"><\/div>\n\t\t<\/div>\n\t<\/div>\n\n\t\t\n<\/div>\n<div style=\"clear:both;\"><\/div><\/p>\n","protected":false},"excerpt":{"rendered":"<p>F\u00dcR L\u00c4USE- &amp; NISSENBEFALLENES HAAR: Evolsin L\u00e4useshampoo ist zur lokalen Anwendung auf Haar und Kopfhaut bestimmt, um Kopfl\u00e4use zu entfernen und die Entwicklung von Nissen zu verhindern. Es kommt mit Applikatorflasche &amp; Metallkamm zur zuverl\u00e4ssigen Anwendung<br \/>\nF\u00dcR ERWACHSENE &amp; KINDER GEEIGNET: Da das Produkt keine Insektizide enth\u00e4lt, entstehen keine Resistenzen und es kann sogar von schwangeren und stillenden Frauen sowie von Kindern ab 6 Monaten verwendet werden<br \/>\nMILD &amp; SCHONEND: Das Shampoo auf Silikonbasis enth\u00e4lt eine Mischung aus synthetischen und nat\u00fcrlichen \u00d6len, wie Silikon\u00f6l, Mandel\u00f6l, Aprikosenkern\u00f6l und Vitamin E. Dadurch ist es besonders schonend zur Kopfhaut<\/p>\n","protected":false},"featured_media":213453,"comment_status":"open","ping_status":"closed","template":"","meta":[],"product_brand":[],"product_cat":[2858,7659],"product_tag":[],"class_list":{"0":"post-213452","1":"product","2":"type-product","3":"status-publish","4":"has-post-thumbnail","6":"product_cat-beauty","7":"product_cat-manikuere-pedikuere","8":"pa_brand-evolsin","9":"pa_manufacturer-evolsin-medical","10":"pa_model-evolluse","11":"pa_size-120-00-ml-1er-pack","12":"pa_weight-0-0440924524-pfund","14":"first","15":"instock","16":"shipping-taxable","17":"purchasable","18":"product-type-simple","19":"customify-col","20":"product-has-gallery"},"yoast_head":"<!-- This site is optimized with the Yoast SEO plugin v27.4 - https:\/\/yoast.com\/product\/yoast-seo-wordpress\/ -->\n<title>Evolsin\u00ae 120ml L\u00e4useshampoo &amp; L\u00e4usekamm f\u00fcr Erwachsene &amp; Kinder ab 6 Monaten \u2013 bei Befall von Haaren mit Nissen &amp; Kopfl\u00e4usen \u2013 L\u00e4usemittel schonend f\u00fcr die Kopfhaut \u2013 wirkt in 15 Minuten - Markt-XXL<\/title>\n<meta name=\"description\" content=\"Markt-XXL Evolsin\u00ae 120ml L\u00e4useshampoo &amp; L\u00e4usekamm f\u00fcr Erwachsene &amp; Kinder ab 6 Monaten \u2013 bei Befall von Haaren mit Nissen &amp; Kopfl\u00e4usen \u2013 L\u00e4usemittel schonend f\u00fcr die Kopfhaut \u2013 wirkt in 15 Minuten\" \/>\n<meta name=\"robots\" content=\"index, follow, max-snippet:-1, max-image-preview:large, max-video-preview:-1\" \/>\n<link rel=\"canonical\" href=\"https:\/\/marktxxl.de\/markt\/produkt\/evolsin-120ml-laeuseshampoo-laeusekamm-fuer-erwachsene-kinder-ab-6-monaten-bei-befall-von-haaren-mit-nissen-kopflaeusen-laeusemittel-schonend-fuer-die-kopfh\/\" \/>\n<meta property=\"og:locale\" content=\"de_DE\" \/>\n<meta property=\"og:type\" content=\"article\" \/>\n<meta property=\"og:title\" content=\"Evolsin\u00ae 120ml L\u00e4useshampoo &amp; L\u00e4usekamm f\u00fcr Erwachsene &amp; Kinder ab 6 Monaten \u2013 bei Befall von Haaren mit Nissen &amp; Kopfl\u00e4usen \u2013 L\u00e4usemittel schonend f\u00fcr die Kopfhaut \u2013 wirkt in 15 Minuten - Markt-XXL\" \/>\n<meta property=\"og:description\" content=\"Markt-XXL Evolsin\u00ae 120ml L\u00e4useshampoo &amp; L\u00e4usekamm f\u00fcr Erwachsene &amp; Kinder ab 6 Monaten \u2013 bei Befall von Haaren mit Nissen &amp; Kopfl\u00e4usen \u2013 L\u00e4usemittel schonend f\u00fcr die Kopfhaut \u2013 wirkt in 15 Minuten\" \/>\n<meta property=\"og:url\" content=\"https:\/\/marktxxl.de\/markt\/produkt\/evolsin-120ml-laeuseshampoo-laeusekamm-fuer-erwachsene-kinder-ab-6-monaten-bei-befall-von-haaren-mit-nissen-kopflaeusen-laeusemittel-schonend-fuer-die-kopfh\/\" \/>\n<meta property=\"og:site_name\" content=\"Markt-XXL\" \/>\n<meta name=\"twitter:card\" content=\"summary_large_image\" \/>\n<meta name=\"twitter:label1\" content=\"Gesch\u00e4tzte Lesezeit\" \/>\n\t<meta name=\"twitter:data1\" content=\"1\u00a0Minute\" \/>\n<script type=\"application\/ld+json\" class=\"yoast-schema-graph\">{\"@context\":\"https:\\\/\\\/schema.org\",\"@graph\":[{\"@type\":\"WebPage\",\"@id\":\"https:\\\/\\\/marktxxl.de\\\/markt\\\/produkt\\\/evolsin-120ml-laeuseshampoo-laeusekamm-fuer-erwachsene-kinder-ab-6-monaten-bei-befall-von-haaren-mit-nissen-kopflaeusen-laeusemittel-schonend-fuer-die-kopfh\\\/\",\"url\":\"https:\\\/\\\/marktxxl.de\\\/markt\\\/produkt\\\/evolsin-120ml-laeuseshampoo-laeusekamm-fuer-erwachsene-kinder-ab-6-monaten-bei-befall-von-haaren-mit-nissen-kopflaeusen-laeusemittel-schonend-fuer-die-kopfh\\\/\",\"name\":\"Evolsin\u00ae 120ml L\u00e4useshampoo &amp; L\u00e4usekamm f\u00fcr Erwachsene &amp; Kinder ab 6 Monaten \u2013 bei Befall von Haaren mit Nissen &amp; Kopfl\u00e4usen \u2013 L\u00e4usemittel schonend f\u00fcr die Kopfhaut \u2013 wirkt in 15 Minuten - Markt-XXL\",\"isPartOf\":{\"@id\":\"https:\\\/\\\/marktxxl.de\\\/markt\\\/#website\"},\"primaryImageOfPage\":{\"@id\":\"https:\\\/\\\/marktxxl.de\\\/markt\\\/produkt\\\/evolsin-120ml-laeuseshampoo-laeusekamm-fuer-erwachsene-kinder-ab-6-monaten-bei-befall-von-haaren-mit-nissen-kopflaeusen-laeusemittel-schonend-fuer-die-kopfh\\\/#primaryimage\"},\"image\":{\"@id\":\"https:\\\/\\\/marktxxl.de\\\/markt\\\/produkt\\\/evolsin-120ml-laeuseshampoo-laeusekamm-fuer-erwachsene-kinder-ab-6-monaten-bei-befall-von-haaren-mit-nissen-kopflaeusen-laeusemittel-schonend-fuer-die-kopfh\\\/#primaryimage\"},\"thumbnailUrl\":\"https:\\\/\\\/m.media-amazon.com\\\/images\\\/I\\\/51ooKTvQSLL._SL500_.jpg\",\"datePublished\":\"2024-06-28T17:16:58+00:00\",\"description\":\"Markt-XXL Evolsin\u00ae 120ml L\u00e4useshampoo &amp; L\u00e4usekamm f\u00fcr Erwachsene &amp; Kinder ab 6 Monaten \u2013 bei Befall von Haaren mit Nissen &amp; Kopfl\u00e4usen \u2013 L\u00e4usemittel schonend f\u00fcr die Kopfhaut \u2013 wirkt in 15 Minuten\",\"breadcrumb\":{\"@id\":\"https:\\\/\\\/marktxxl.de\\\/markt\\\/produkt\\\/evolsin-120ml-laeuseshampoo-laeusekamm-fuer-erwachsene-kinder-ab-6-monaten-bei-befall-von-haaren-mit-nissen-kopflaeusen-laeusemittel-schonend-fuer-die-kopfh\\\/#breadcrumb\"},\"inLanguage\":\"de\",\"potentialAction\":[{\"@type\":\"ReadAction\",\"target\":[\"https:\\\/\\\/marktxxl.de\\\/markt\\\/produkt\\\/evolsin-120ml-laeuseshampoo-laeusekamm-fuer-erwachsene-kinder-ab-6-monaten-bei-befall-von-haaren-mit-nissen-kopflaeusen-laeusemittel-schonend-fuer-die-kopfh\\\/\"]}]},{\"@type\":\"ImageObject\",\"inLanguage\":\"de\",\"@id\":\"https:\\\/\\\/marktxxl.de\\\/markt\\\/produkt\\\/evolsin-120ml-laeuseshampoo-laeusekamm-fuer-erwachsene-kinder-ab-6-monaten-bei-befall-von-haaren-mit-nissen-kopflaeusen-laeusemittel-schonend-fuer-die-kopfh\\\/#primaryimage\",\"url\":\"https:\\\/\\\/m.media-amazon.com\\\/images\\\/I\\\/51ooKTvQSLL._SL500_.jpg\",\"contentUrl\":\"https:\\\/\\\/m.media-amazon.com\\\/images\\\/I\\\/51ooKTvQSLL._SL500_.jpg\",\"width\":500,\"height\":500},{\"@type\":\"BreadcrumbList\",\"@id\":\"https:\\\/\\\/marktxxl.de\\\/markt\\\/produkt\\\/evolsin-120ml-laeuseshampoo-laeusekamm-fuer-erwachsene-kinder-ab-6-monaten-bei-befall-von-haaren-mit-nissen-kopflaeusen-laeusemittel-schonend-fuer-die-kopfh\\\/#breadcrumb\",\"itemListElement\":[{\"@type\":\"ListItem\",\"position\":1,\"name\":\"Startseite\",\"item\":\"https:\\\/\\\/marktxxl.de\\\/markt\\\/\"},{\"@type\":\"ListItem\",\"position\":2,\"name\":\"Markt\",\"item\":\"https:\\\/\\\/marktxxl.de\\\/markt\\\/\"},{\"@type\":\"ListItem\",\"position\":3,\"name\":\"Evolsin\u00ae 120ml L\u00e4useshampoo &amp; L\u00e4usekamm f\u00fcr Erwachsene &amp; Kinder ab 6 Monaten \u2013 bei Befall von Haaren mit Nissen &amp; Kopfl\u00e4usen \u2013 L\u00e4usemittel schonend f\u00fcr die Kopfhaut \u2013 wirkt in 15 Minuten\"}]},{\"@type\":\"WebSite\",\"@id\":\"https:\\\/\\\/marktxxl.de\\\/markt\\\/#website\",\"url\":\"https:\\\/\\\/marktxxl.de\\\/markt\\\/\",\"name\":\"Markt-XXL\",\"description\":\"Ihr Markt Online\",\"publisher\":{\"@id\":\"https:\\\/\\\/marktxxl.de\\\/markt\\\/#organization\"},\"potentialAction\":[{\"@type\":\"SearchAction\",\"target\":{\"@type\":\"EntryPoint\",\"urlTemplate\":\"https:\\\/\\\/marktxxl.de\\\/markt\\\/?s={search_term_string}\"},\"query-input\":{\"@type\":\"PropertyValueSpecification\",\"valueRequired\":true,\"valueName\":\"search_term_string\"}}],\"inLanguage\":\"de\"},{\"@type\":\"Organization\",\"@id\":\"https:\\\/\\\/marktxxl.de\\\/markt\\\/#organization\",\"name\":\"Markt-XXL\",\"url\":\"https:\\\/\\\/marktxxl.de\\\/markt\\\/\",\"logo\":{\"@type\":\"ImageObject\",\"inLanguage\":\"de\",\"@id\":\"https:\\\/\\\/marktxxl.de\\\/markt\\\/#\\\/schema\\\/logo\\\/image\\\/\",\"url\":\"https:\\\/\\\/marktxxl.de\\\/markt\\\/wp-content\\\/uploads\\\/sites\\\/3\\\/2020\\\/12\\\/logo.png\",\"contentUrl\":\"https:\\\/\\\/marktxxl.de\\\/markt\\\/wp-content\\\/uploads\\\/sites\\\/3\\\/2020\\\/12\\\/logo.png\",\"width\":200,\"height\":70,\"caption\":\"Markt-XXL\"},\"image\":{\"@id\":\"https:\\\/\\\/marktxxl.de\\\/markt\\\/#\\\/schema\\\/logo\\\/image\\\/\"}}]}<\/script>\n<!-- \/ Yoast SEO plugin. -->","yoast_head_json":{"title":"Evolsin\u00ae 120ml L\u00e4useshampoo &amp; L\u00e4usekamm f\u00fcr Erwachsene &amp; Kinder ab 6 Monaten \u2013 bei Befall von Haaren mit Nissen &amp; Kopfl\u00e4usen \u2013 L\u00e4usemittel schonend f\u00fcr die Kopfhaut \u2013 wirkt in 15 Minuten - Markt-XXL","description":"Markt-XXL Evolsin\u00ae 120ml L\u00e4useshampoo &amp; L\u00e4usekamm f\u00fcr Erwachsene &amp; Kinder ab 6 Monaten \u2013 bei Befall von Haaren mit Nissen &amp; Kopfl\u00e4usen \u2013 L\u00e4usemittel schonend f\u00fcr die Kopfhaut \u2013 wirkt in 15 Minuten","robots":{"index":"index","follow":"follow","max-snippet":"max-snippet:-1","max-image-preview":"max-image-preview:large","max-video-preview":"max-video-preview:-1"},"canonical":"https:\/\/marktxxl.de\/markt\/produkt\/evolsin-120ml-laeuseshampoo-laeusekamm-fuer-erwachsene-kinder-ab-6-monaten-bei-befall-von-haaren-mit-nissen-kopflaeusen-laeusemittel-schonend-fuer-die-kopfh\/","og_locale":"de_DE","og_type":"article","og_title":"Evolsin\u00ae 120ml L\u00e4useshampoo &amp; L\u00e4usekamm f\u00fcr Erwachsene &amp; Kinder ab 6 Monaten \u2013 bei Befall von Haaren mit Nissen &amp; Kopfl\u00e4usen \u2013 L\u00e4usemittel schonend f\u00fcr die Kopfhaut \u2013 wirkt in 15 Minuten - Markt-XXL","og_description":"Markt-XXL Evolsin\u00ae 120ml L\u00e4useshampoo &amp; L\u00e4usekamm f\u00fcr Erwachsene &amp; Kinder ab 6 Monaten \u2013 bei Befall von Haaren mit Nissen &amp; Kopfl\u00e4usen \u2013 L\u00e4usemittel schonend f\u00fcr die Kopfhaut \u2013 wirkt in 15 Minuten","og_url":"https:\/\/marktxxl.de\/markt\/produkt\/evolsin-120ml-laeuseshampoo-laeusekamm-fuer-erwachsene-kinder-ab-6-monaten-bei-befall-von-haaren-mit-nissen-kopflaeusen-laeusemittel-schonend-fuer-die-kopfh\/","og_site_name":"Markt-XXL","twitter_card":"summary_large_image","twitter_misc":{"Gesch\u00e4tzte Lesezeit":"1\u00a0Minute"},"schema":{"@context":"https:\/\/schema.org","@graph":[{"@type":"WebPage","@id":"https:\/\/marktxxl.de\/markt\/produkt\/evolsin-120ml-laeuseshampoo-laeusekamm-fuer-erwachsene-kinder-ab-6-monaten-bei-befall-von-haaren-mit-nissen-kopflaeusen-laeusemittel-schonend-fuer-die-kopfh\/","url":"https:\/\/marktxxl.de\/markt\/produkt\/evolsin-120ml-laeuseshampoo-laeusekamm-fuer-erwachsene-kinder-ab-6-monaten-bei-befall-von-haaren-mit-nissen-kopflaeusen-laeusemittel-schonend-fuer-die-kopfh\/","name":"Evolsin\u00ae 120ml L\u00e4useshampoo &amp; L\u00e4usekamm f\u00fcr Erwachsene &amp; Kinder ab 6 Monaten \u2013 bei Befall von Haaren mit Nissen &amp; Kopfl\u00e4usen \u2013 L\u00e4usemittel schonend f\u00fcr die Kopfhaut \u2013 wirkt in 15 Minuten - Markt-XXL","isPartOf":{"@id":"https:\/\/marktxxl.de\/markt\/#website"},"primaryImageOfPage":{"@id":"https:\/\/marktxxl.de\/markt\/produkt\/evolsin-120ml-laeuseshampoo-laeusekamm-fuer-erwachsene-kinder-ab-6-monaten-bei-befall-von-haaren-mit-nissen-kopflaeusen-laeusemittel-schonend-fuer-die-kopfh\/#primaryimage"},"image":{"@id":"https:\/\/marktxxl.de\/markt\/produkt\/evolsin-120ml-laeuseshampoo-laeusekamm-fuer-erwachsene-kinder-ab-6-monaten-bei-befall-von-haaren-mit-nissen-kopflaeusen-laeusemittel-schonend-fuer-die-kopfh\/#primaryimage"},"thumbnailUrl":"https:\/\/m.media-amazon.com\/images\/I\/51ooKTvQSLL._SL500_.jpg","datePublished":"2024-06-28T17:16:58+00:00","description":"Markt-XXL Evolsin\u00ae 120ml L\u00e4useshampoo &amp; L\u00e4usekamm f\u00fcr Erwachsene &amp; Kinder ab 6 Monaten \u2013 bei Befall von Haaren mit Nissen &amp; Kopfl\u00e4usen \u2013 L\u00e4usemittel schonend f\u00fcr die Kopfhaut \u2013 wirkt in 15 Minuten","breadcrumb":{"@id":"https:\/\/marktxxl.de\/markt\/produkt\/evolsin-120ml-laeuseshampoo-laeusekamm-fuer-erwachsene-kinder-ab-6-monaten-bei-befall-von-haaren-mit-nissen-kopflaeusen-laeusemittel-schonend-fuer-die-kopfh\/#breadcrumb"},"inLanguage":"de","potentialAction":[{"@type":"ReadAction","target":["https:\/\/marktxxl.de\/markt\/produkt\/evolsin-120ml-laeuseshampoo-laeusekamm-fuer-erwachsene-kinder-ab-6-monaten-bei-befall-von-haaren-mit-nissen-kopflaeusen-laeusemittel-schonend-fuer-die-kopfh\/"]}]},{"@type":"ImageObject","inLanguage":"de","@id":"https:\/\/marktxxl.de\/markt\/produkt\/evolsin-120ml-laeuseshampoo-laeusekamm-fuer-erwachsene-kinder-ab-6-monaten-bei-befall-von-haaren-mit-nissen-kopflaeusen-laeusemittel-schonend-fuer-die-kopfh\/#primaryimage","url":"https:\/\/m.media-amazon.com\/images\/I\/51ooKTvQSLL._SL500_.jpg","contentUrl":"https:\/\/m.media-amazon.com\/images\/I\/51ooKTvQSLL._SL500_.jpg","width":500,"height":500},{"@type":"BreadcrumbList","@id":"https:\/\/marktxxl.de\/markt\/produkt\/evolsin-120ml-laeuseshampoo-laeusekamm-fuer-erwachsene-kinder-ab-6-monaten-bei-befall-von-haaren-mit-nissen-kopflaeusen-laeusemittel-schonend-fuer-die-kopfh\/#breadcrumb","itemListElement":[{"@type":"ListItem","position":1,"name":"Startseite","item":"https:\/\/marktxxl.de\/markt\/"},{"@type":"ListItem","position":2,"name":"Markt","item":"https:\/\/marktxxl.de\/markt\/"},{"@type":"ListItem","position":3,"name":"Evolsin\u00ae 120ml L\u00e4useshampoo &amp; L\u00e4usekamm f\u00fcr Erwachsene &amp; Kinder ab 6 Monaten \u2013 bei Befall von Haaren mit Nissen &amp; Kopfl\u00e4usen \u2013 L\u00e4usemittel schonend f\u00fcr die Kopfhaut \u2013 wirkt in 15 Minuten"}]},{"@type":"WebSite","@id":"https:\/\/marktxxl.de\/markt\/#website","url":"https:\/\/marktxxl.de\/markt\/","name":"Markt-XXL","description":"Ihr Markt Online","publisher":{"@id":"https:\/\/marktxxl.de\/markt\/#organization"},"potentialAction":[{"@type":"SearchAction","target":{"@type":"EntryPoint","urlTemplate":"https:\/\/marktxxl.de\/markt\/?s={search_term_string}"},"query-input":{"@type":"PropertyValueSpecification","valueRequired":true,"valueName":"search_term_string"}}],"inLanguage":"de"},{"@type":"Organization","@id":"https:\/\/marktxxl.de\/markt\/#organization","name":"Markt-XXL","url":"https:\/\/marktxxl.de\/markt\/","logo":{"@type":"ImageObject","inLanguage":"de","@id":"https:\/\/marktxxl.de\/markt\/#\/schema\/logo\/image\/","url":"https:\/\/marktxxl.de\/markt\/wp-content\/uploads\/sites\/3\/2020\/12\/logo.png","contentUrl":"https:\/\/marktxxl.de\/markt\/wp-content\/uploads\/sites\/3\/2020\/12\/logo.png","width":200,"height":70,"caption":"Markt-XXL"},"image":{"@id":"https:\/\/marktxxl.de\/markt\/#\/schema\/logo\/image\/"}}]}},"_links":{"self":[{"href":"https:\/\/marktxxl.de\/markt\/wp-json\/wp\/v2\/product\/213452","targetHints":{"allow":["GET"]}}],"collection":[{"href":"https:\/\/marktxxl.de\/markt\/wp-json\/wp\/v2\/product"}],"about":[{"href":"https:\/\/marktxxl.de\/markt\/wp-json\/wp\/v2\/types\/product"}],"replies":[{"embeddable":true,"href":"https:\/\/marktxxl.de\/markt\/wp-json\/wp\/v2\/comments?post=213452"}],"wp:featuredmedia":[{"embeddable":true,"href":"https:\/\/marktxxl.de\/markt\/wp-json\/wp\/v2\/media\/213453"}],"wp:attachment":[{"href":"https:\/\/marktxxl.de\/markt\/wp-json\/wp\/v2\/media?parent=213452"}],"wp:term":[{"taxonomy":"product_brand","embeddable":true,"href":"https:\/\/marktxxl.de\/markt\/wp-json\/wp\/v2\/product_brand?post=213452"},{"taxonomy":"product_cat","embeddable":true,"href":"https:\/\/marktxxl.de\/markt\/wp-json\/wp\/v2\/product_cat?post=213452"},{"taxonomy":"product_tag","embeddable":true,"href":"https:\/\/marktxxl.de\/markt\/wp-json\/wp\/v2\/product_tag?post=213452"}],"curies":[{"name":"wp","href":"https:\/\/api.w.org\/{rel}","templated":true}]}}