{"id":213257,"date":"2024-06-28T18:05:44","date_gmt":"2024-06-28T16:05:44","guid":{"rendered":"https:\/\/marktxxl.de\/markt\/produkt\/wet-brush-awestruck-original-detangler-jewel-teal\/"},"modified":"2024-06-28T18:05:44","modified_gmt":"2024-06-28T16:05:44","slug":"wet-brush-awestruck-original-detangler-jewel-teal","status":"publish","type":"product","link":"https:\/\/marktxxl.de\/markt\/produkt\/wet-brush-awestruck-original-detangler-jewel-teal\/","title":{"rendered":"Wet Brush Awestruck Original Detangler Jewel Teal"},"content":{"rendered":"<p>Entwirrer: Die Wet Brush Original Detangler hilft dem Haar stark und gesund zu bleiben. L\u00f6st sanft Knoten, auf nassem oder trockenem Haar, ohne zu ziehen oder zu verhaken. Sobald Sie es verwenden, werden Sie den Unterschied sp\u00fcren und nie wieder eine andere Haarb\u00fcrste ausprobieren wollen.<br \/>\nEntwirren mit weniger Sch\u00e4den: Die exklusiven, ultraweichen IntelliFlex-Borsten gleiten mit Leichtigkeit durch Verfilzungen. L\u00e4sst Sie mit weniger Kraft b\u00fcrsten, so dass Sie das Haar mit weniger Sch\u00e4den entwirren k\u00f6nnen<br \/>\nSchmerzlos: Flexible Borsten minimieren Schmerzen und sch\u00fctzen vor Spliss und Bruch.<br \/>\nF\u00fcr alle Haartypen: Ideal f\u00fcr glattes, lockiges, strukturiertes, dickes und gewelltes Haar<br \/>\nKomfortables Design: Verf\u00fcgt \u00fcber einen komfortablen Griff<br \/>\n<div class=\"main-cross-sell\" data-asin=\"B0B9JG7WKZ\">\n\n\t<div class=\"WooZone-cross-sell-loader\">\n\t\t<div>\n\t\t\t<div id=\"floatingBarsG\">\n\t\t\t\t<div class=\"blockG\" id=\"rotateG_01\"><\/div>\n\t\t\t\t<div class=\"blockG\" id=\"rotateG_02\"><\/div>\n\t\t\t\t<div class=\"blockG\" id=\"rotateG_03\"><\/div>\n\t\t\t\t<div class=\"blockG\" id=\"rotateG_04\"><\/div>\n\t\t\t\t<div class=\"blockG\" id=\"rotateG_05\"><\/div>\n\t\t\t\t<div class=\"blockG\" id=\"rotateG_06\"><\/div>\n\t\t\t\t<div class=\"blockG\" id=\"rotateG_07\"><\/div>\n\t\t\t\t<div class=\"blockG\" id=\"rotateG_08\"><\/div>\n\t\t\t<\/div>\n\t\t\t<div class=\"WooZone-cross-sell-loader-text\"><\/div>\n\t\t<\/div>\n\t<\/div>\n\n\t\t\n<\/div>\n<div style=\"clear:both;\"><\/div><\/p>\n","protected":false},"excerpt":{"rendered":"<p>Entwirrer: Die Wet Brush Original Detangler hilft dem Haar stark und gesund zu bleiben. L\u00f6st sanft Knoten, auf nassem oder trockenem Haar, ohne zu ziehen oder zu verhaken. Sobald Sie es verwenden, werden Sie den Unterschied sp\u00fcren und nie wieder eine andere Haarb\u00fcrste ausprobieren wollen.<br \/>\nEntwirren mit weniger Sch\u00e4den: Die exklusiven, ultraweichen IntelliFlex-Borsten gleiten mit Leichtigkeit durch Verfilzungen. L\u00e4sst Sie mit weniger Kraft b\u00fcrsten, so dass Sie das Haar mit weniger Sch\u00e4den entwirren k\u00f6nnen<br \/>\nSchmerzlos: Flexible Borsten minimieren Schmerzen und sch\u00fctzen vor Spliss und Bruch.<\/p>\n","protected":false},"featured_media":213258,"comment_status":"open","ping_status":"closed","template":"","meta":[],"product_brand":[],"product_cat":[2858,6994],"product_tag":[],"class_list":{"0":"post-213257","1":"product","2":"type-product","3":"status-publish","4":"has-post-thumbnail","6":"product_cat-beauty","7":"product_cat-haarpflege-styling","8":"pa_binding-badartikel","9":"pa_brand-wet-brush","10":"pa_color-awestruck-jewel-teal","11":"pa_manufacturer-jd-brush-company-llc","12":"pa_model-a","14":"first","15":"instock","16":"sale","17":"shipping-taxable","18":"purchasable","19":"product-type-simple","20":"customify-col","21":"product-has-gallery"},"yoast_head":"<!-- This site is optimized with the Yoast SEO plugin v27.4 - https:\/\/yoast.com\/product\/yoast-seo-wordpress\/ -->\n<title>Wet Brush Awestruck Original Detangler Jewel Teal - Markt-XXL<\/title>\n<meta name=\"description\" content=\"Markt-XXL Wet Brush Awestruck Original Detangler Jewel Teal\" \/>\n<meta name=\"robots\" content=\"index, follow, max-snippet:-1, max-image-preview:large, max-video-preview:-1\" \/>\n<link rel=\"canonical\" href=\"https:\/\/marktxxl.de\/markt\/produkt\/wet-brush-awestruck-original-detangler-jewel-teal\/\" \/>\n<meta property=\"og:locale\" content=\"de_DE\" \/>\n<meta property=\"og:type\" content=\"article\" \/>\n<meta property=\"og:title\" content=\"Wet Brush Awestruck Original Detangler Jewel Teal - Markt-XXL\" \/>\n<meta property=\"og:description\" content=\"Markt-XXL Wet Brush Awestruck Original Detangler Jewel Teal\" \/>\n<meta property=\"og:url\" content=\"https:\/\/marktxxl.de\/markt\/produkt\/wet-brush-awestruck-original-detangler-jewel-teal\/\" \/>\n<meta property=\"og:site_name\" content=\"Markt-XXL\" \/>\n<meta name=\"twitter:card\" content=\"summary_large_image\" \/>\n<meta name=\"twitter:label1\" content=\"Gesch\u00e4tzte Lesezeit\" \/>\n\t<meta name=\"twitter:data1\" content=\"1\u00a0Minute\" \/>\n<script type=\"application\/ld+json\" class=\"yoast-schema-graph\">{\"@context\":\"https:\\\/\\\/schema.org\",\"@graph\":[{\"@type\":\"WebPage\",\"@id\":\"https:\\\/\\\/marktxxl.de\\\/markt\\\/produkt\\\/wet-brush-awestruck-original-detangler-jewel-teal\\\/\",\"url\":\"https:\\\/\\\/marktxxl.de\\\/markt\\\/produkt\\\/wet-brush-awestruck-original-detangler-jewel-teal\\\/\",\"name\":\"Wet Brush Awestruck Original Detangler Jewel Teal - Markt-XXL\",\"isPartOf\":{\"@id\":\"https:\\\/\\\/marktxxl.de\\\/markt\\\/#website\"},\"primaryImageOfPage\":{\"@id\":\"https:\\\/\\\/marktxxl.de\\\/markt\\\/produkt\\\/wet-brush-awestruck-original-detangler-jewel-teal\\\/#primaryimage\"},\"image\":{\"@id\":\"https:\\\/\\\/marktxxl.de\\\/markt\\\/produkt\\\/wet-brush-awestruck-original-detangler-jewel-teal\\\/#primaryimage\"},\"thumbnailUrl\":\"https:\\\/\\\/m.media-amazon.com\\\/images\\\/I\\\/51IU-B7XaAL._SL500_.jpg\",\"datePublished\":\"2024-06-28T16:05:44+00:00\",\"description\":\"Markt-XXL Wet Brush Awestruck Original Detangler Jewel Teal\",\"breadcrumb\":{\"@id\":\"https:\\\/\\\/marktxxl.de\\\/markt\\\/produkt\\\/wet-brush-awestruck-original-detangler-jewel-teal\\\/#breadcrumb\"},\"inLanguage\":\"de\",\"potentialAction\":[{\"@type\":\"ReadAction\",\"target\":[\"https:\\\/\\\/marktxxl.de\\\/markt\\\/produkt\\\/wet-brush-awestruck-original-detangler-jewel-teal\\\/\"]}]},{\"@type\":\"ImageObject\",\"inLanguage\":\"de\",\"@id\":\"https:\\\/\\\/marktxxl.de\\\/markt\\\/produkt\\\/wet-brush-awestruck-original-detangler-jewel-teal\\\/#primaryimage\",\"url\":\"https:\\\/\\\/m.media-amazon.com\\\/images\\\/I\\\/51IU-B7XaAL._SL500_.jpg\",\"contentUrl\":\"https:\\\/\\\/m.media-amazon.com\\\/images\\\/I\\\/51IU-B7XaAL._SL500_.jpg\",\"width\":500,\"height\":500},{\"@type\":\"BreadcrumbList\",\"@id\":\"https:\\\/\\\/marktxxl.de\\\/markt\\\/produkt\\\/wet-brush-awestruck-original-detangler-jewel-teal\\\/#breadcrumb\",\"itemListElement\":[{\"@type\":\"ListItem\",\"position\":1,\"name\":\"Startseite\",\"item\":\"https:\\\/\\\/marktxxl.de\\\/markt\\\/\"},{\"@type\":\"ListItem\",\"position\":2,\"name\":\"Markt\",\"item\":\"https:\\\/\\\/marktxxl.de\\\/markt\\\/\"},{\"@type\":\"ListItem\",\"position\":3,\"name\":\"Wet Brush Awestruck Original Detangler Jewel Teal\"}]},{\"@type\":\"WebSite\",\"@id\":\"https:\\\/\\\/marktxxl.de\\\/markt\\\/#website\",\"url\":\"https:\\\/\\\/marktxxl.de\\\/markt\\\/\",\"name\":\"Markt-XXL\",\"description\":\"Ihr Markt Online\",\"publisher\":{\"@id\":\"https:\\\/\\\/marktxxl.de\\\/markt\\\/#organization\"},\"potentialAction\":[{\"@type\":\"SearchAction\",\"target\":{\"@type\":\"EntryPoint\",\"urlTemplate\":\"https:\\\/\\\/marktxxl.de\\\/markt\\\/?s={search_term_string}\"},\"query-input\":{\"@type\":\"PropertyValueSpecification\",\"valueRequired\":true,\"valueName\":\"search_term_string\"}}],\"inLanguage\":\"de\"},{\"@type\":\"Organization\",\"@id\":\"https:\\\/\\\/marktxxl.de\\\/markt\\\/#organization\",\"name\":\"Markt-XXL\",\"url\":\"https:\\\/\\\/marktxxl.de\\\/markt\\\/\",\"logo\":{\"@type\":\"ImageObject\",\"inLanguage\":\"de\",\"@id\":\"https:\\\/\\\/marktxxl.de\\\/markt\\\/#\\\/schema\\\/logo\\\/image\\\/\",\"url\":\"https:\\\/\\\/marktxxl.de\\\/markt\\\/wp-content\\\/uploads\\\/sites\\\/3\\\/2020\\\/12\\\/logo.png\",\"contentUrl\":\"https:\\\/\\\/marktxxl.de\\\/markt\\\/wp-content\\\/uploads\\\/sites\\\/3\\\/2020\\\/12\\\/logo.png\",\"width\":200,\"height\":70,\"caption\":\"Markt-XXL\"},\"image\":{\"@id\":\"https:\\\/\\\/marktxxl.de\\\/markt\\\/#\\\/schema\\\/logo\\\/image\\\/\"}}]}<\/script>\n<!-- \/ Yoast SEO plugin. -->","yoast_head_json":{"title":"Wet Brush Awestruck Original Detangler Jewel Teal - Markt-XXL","description":"Markt-XXL Wet Brush Awestruck Original Detangler Jewel Teal","robots":{"index":"index","follow":"follow","max-snippet":"max-snippet:-1","max-image-preview":"max-image-preview:large","max-video-preview":"max-video-preview:-1"},"canonical":"https:\/\/marktxxl.de\/markt\/produkt\/wet-brush-awestruck-original-detangler-jewel-teal\/","og_locale":"de_DE","og_type":"article","og_title":"Wet Brush Awestruck Original Detangler Jewel Teal - Markt-XXL","og_description":"Markt-XXL Wet Brush Awestruck Original Detangler Jewel Teal","og_url":"https:\/\/marktxxl.de\/markt\/produkt\/wet-brush-awestruck-original-detangler-jewel-teal\/","og_site_name":"Markt-XXL","twitter_card":"summary_large_image","twitter_misc":{"Gesch\u00e4tzte Lesezeit":"1\u00a0Minute"},"schema":{"@context":"https:\/\/schema.org","@graph":[{"@type":"WebPage","@id":"https:\/\/marktxxl.de\/markt\/produkt\/wet-brush-awestruck-original-detangler-jewel-teal\/","url":"https:\/\/marktxxl.de\/markt\/produkt\/wet-brush-awestruck-original-detangler-jewel-teal\/","name":"Wet Brush Awestruck Original Detangler Jewel Teal - Markt-XXL","isPartOf":{"@id":"https:\/\/marktxxl.de\/markt\/#website"},"primaryImageOfPage":{"@id":"https:\/\/marktxxl.de\/markt\/produkt\/wet-brush-awestruck-original-detangler-jewel-teal\/#primaryimage"},"image":{"@id":"https:\/\/marktxxl.de\/markt\/produkt\/wet-brush-awestruck-original-detangler-jewel-teal\/#primaryimage"},"thumbnailUrl":"https:\/\/m.media-amazon.com\/images\/I\/51IU-B7XaAL._SL500_.jpg","datePublished":"2024-06-28T16:05:44+00:00","description":"Markt-XXL Wet Brush Awestruck Original Detangler Jewel Teal","breadcrumb":{"@id":"https:\/\/marktxxl.de\/markt\/produkt\/wet-brush-awestruck-original-detangler-jewel-teal\/#breadcrumb"},"inLanguage":"de","potentialAction":[{"@type":"ReadAction","target":["https:\/\/marktxxl.de\/markt\/produkt\/wet-brush-awestruck-original-detangler-jewel-teal\/"]}]},{"@type":"ImageObject","inLanguage":"de","@id":"https:\/\/marktxxl.de\/markt\/produkt\/wet-brush-awestruck-original-detangler-jewel-teal\/#primaryimage","url":"https:\/\/m.media-amazon.com\/images\/I\/51IU-B7XaAL._SL500_.jpg","contentUrl":"https:\/\/m.media-amazon.com\/images\/I\/51IU-B7XaAL._SL500_.jpg","width":500,"height":500},{"@type":"BreadcrumbList","@id":"https:\/\/marktxxl.de\/markt\/produkt\/wet-brush-awestruck-original-detangler-jewel-teal\/#breadcrumb","itemListElement":[{"@type":"ListItem","position":1,"name":"Startseite","item":"https:\/\/marktxxl.de\/markt\/"},{"@type":"ListItem","position":2,"name":"Markt","item":"https:\/\/marktxxl.de\/markt\/"},{"@type":"ListItem","position":3,"name":"Wet Brush Awestruck Original Detangler Jewel Teal"}]},{"@type":"WebSite","@id":"https:\/\/marktxxl.de\/markt\/#website","url":"https:\/\/marktxxl.de\/markt\/","name":"Markt-XXL","description":"Ihr Markt Online","publisher":{"@id":"https:\/\/marktxxl.de\/markt\/#organization"},"potentialAction":[{"@type":"SearchAction","target":{"@type":"EntryPoint","urlTemplate":"https:\/\/marktxxl.de\/markt\/?s={search_term_string}"},"query-input":{"@type":"PropertyValueSpecification","valueRequired":true,"valueName":"search_term_string"}}],"inLanguage":"de"},{"@type":"Organization","@id":"https:\/\/marktxxl.de\/markt\/#organization","name":"Markt-XXL","url":"https:\/\/marktxxl.de\/markt\/","logo":{"@type":"ImageObject","inLanguage":"de","@id":"https:\/\/marktxxl.de\/markt\/#\/schema\/logo\/image\/","url":"https:\/\/marktxxl.de\/markt\/wp-content\/uploads\/sites\/3\/2020\/12\/logo.png","contentUrl":"https:\/\/marktxxl.de\/markt\/wp-content\/uploads\/sites\/3\/2020\/12\/logo.png","width":200,"height":70,"caption":"Markt-XXL"},"image":{"@id":"https:\/\/marktxxl.de\/markt\/#\/schema\/logo\/image\/"}}]}},"_links":{"self":[{"href":"https:\/\/marktxxl.de\/markt\/wp-json\/wp\/v2\/product\/213257","targetHints":{"allow":["GET"]}}],"collection":[{"href":"https:\/\/marktxxl.de\/markt\/wp-json\/wp\/v2\/product"}],"about":[{"href":"https:\/\/marktxxl.de\/markt\/wp-json\/wp\/v2\/types\/product"}],"replies":[{"embeddable":true,"href":"https:\/\/marktxxl.de\/markt\/wp-json\/wp\/v2\/comments?post=213257"}],"wp:featuredmedia":[{"embeddable":true,"href":"https:\/\/marktxxl.de\/markt\/wp-json\/wp\/v2\/media\/213258"}],"wp:attachment":[{"href":"https:\/\/marktxxl.de\/markt\/wp-json\/wp\/v2\/media?parent=213257"}],"wp:term":[{"taxonomy":"product_brand","embeddable":true,"href":"https:\/\/marktxxl.de\/markt\/wp-json\/wp\/v2\/product_brand?post=213257"},{"taxonomy":"product_cat","embeddable":true,"href":"https:\/\/marktxxl.de\/markt\/wp-json\/wp\/v2\/product_cat?post=213257"},{"taxonomy":"product_tag","embeddable":true,"href":"https:\/\/marktxxl.de\/markt\/wp-json\/wp\/v2\/product_tag?post=213257"}],"curies":[{"name":"wp","href":"https:\/\/api.w.org\/{rel}","templated":true}]}}