{"id":212854,"date":"2024-06-28T15:25:53","date_gmt":"2024-06-28T13:25:53","guid":{"rendered":"https:\/\/marktxxl.de\/markt\/produkt\/scotch-magic-greener-klebeband-standardbreite-fuer-reparaturarbeiten-3-4-x-900-zoll-10-rollen-812-10p\/"},"modified":"2024-06-28T15:25:53","modified_gmt":"2024-06-28T13:25:53","slug":"scotch-magic-greener-klebeband-standardbreite-fuer-reparaturarbeiten-3-4-x-900-zoll-10-rollen-812-10p","status":"publish","type":"product","link":"https:\/\/marktxxl.de\/markt\/produkt\/scotch-magic-greener-klebeband-standardbreite-fuer-reparaturarbeiten-3-4-x-900-zoll-10-rollen-812-10p\/","title":{"rendered":"Scotch Magic Greener Klebeband, Standardbreite, f\u00fcr Reparaturarbeiten, 3\/4 x 900 Zoll, 10 Rollen (812-10P)"},"content":{"rendered":"<p>Gleiche tolle Leistung wie das Original Scotch Magic Tape.<br \/>\nBevorzugtes Klebeband f\u00fcr B\u00fcros, H\u00e4user und Schulen &#8211; ideal f\u00fcr dauerhafte Papierreparaturen.<br \/>\nAus recyceltem oder pflanzlichem Material<br \/>\n<div class=\"main-cross-sell\" data-asin=\"B004Z4E8XC\">\n\n\t<div class=\"WooZone-cross-sell-loader\">\n\t\t<div>\n\t\t\t<div id=\"floatingBarsG\">\n\t\t\t\t<div class=\"blockG\" id=\"rotateG_01\"><\/div>\n\t\t\t\t<div class=\"blockG\" id=\"rotateG_02\"><\/div>\n\t\t\t\t<div class=\"blockG\" id=\"rotateG_03\"><\/div>\n\t\t\t\t<div class=\"blockG\" id=\"rotateG_04\"><\/div>\n\t\t\t\t<div class=\"blockG\" id=\"rotateG_05\"><\/div>\n\t\t\t\t<div class=\"blockG\" id=\"rotateG_06\"><\/div>\n\t\t\t\t<div class=\"blockG\" id=\"rotateG_07\"><\/div>\n\t\t\t\t<div class=\"blockG\" id=\"rotateG_08\"><\/div>\n\t\t\t<\/div>\n\t\t\t<div class=\"WooZone-cross-sell-loader-text\"><\/div>\n\t\t<\/div>\n\t<\/div>\n\n\t\t\n<\/div>\n<div style=\"clear:both;\"><\/div><\/p>\n","protected":false},"excerpt":{"rendered":"<p>Gleiche tolle Leistung wie das Original Scotch Magic Tape.<br \/>\nBevorzugtes Klebeband f\u00fcr B\u00fcros, H\u00e4user und Schulen &#8211; ideal f\u00fcr dauerhafte Papierreparaturen.<br \/>\nAus recyceltem oder pflanzlichem Material<\/p>\n","protected":false},"featured_media":212855,"comment_status":"open","ping_status":"closed","template":"","meta":[],"product_brand":[],"product_cat":[1983,11212],"product_tag":[],"class_list":{"0":"post-212854","1":"product","2":"type-product","3":"status-publish","4":"has-post-thumbnail","6":"product_cat-baumarkt","7":"product_cat-malerbedarf-werkzeuge-tapeten","8":"pa_binding-buerobedarf-schreibwaren","9":"pa_brand-3m","10":"pa_color-durchsichtig","11":"pa_height-2-594-zoll","12":"pa_length-2-625-zoll","13":"pa_manufacturer-3m-office-products","14":"pa_model-812-10p","15":"pa_size-0-75-x-900-in","16":"pa_weight-0-8-pounds","17":"pa_width-8-75-zoll","19":"first","20":"instock","21":"shipping-taxable","22":"purchasable","23":"product-type-simple","24":"customify-col","25":"product-has-gallery"},"yoast_head":"<!-- This site is optimized with the Yoast SEO plugin v27.4 - https:\/\/yoast.com\/product\/yoast-seo-wordpress\/ -->\n<title>Scotch Magic Greener Klebeband, Standardbreite, f\u00fcr Reparaturarbeiten, 3\/4 x 900 Zoll, 10 Rollen (812-10P) - Markt-XXL<\/title>\n<meta name=\"description\" content=\"Markt-XXL Scotch Magic Greener Klebeband, Standardbreite, f\u00fcr Reparaturarbeiten, 3\/4 x 900 Zoll, 10 Rollen (812-10P)\" \/>\n<meta name=\"robots\" content=\"index, follow, max-snippet:-1, max-image-preview:large, max-video-preview:-1\" \/>\n<link rel=\"canonical\" href=\"https:\/\/marktxxl.de\/markt\/produkt\/scotch-magic-greener-klebeband-standardbreite-fuer-reparaturarbeiten-3-4-x-900-zoll-10-rollen-812-10p\/\" \/>\n<meta property=\"og:locale\" content=\"de_DE\" \/>\n<meta property=\"og:type\" content=\"article\" \/>\n<meta property=\"og:title\" content=\"Scotch Magic Greener Klebeband, Standardbreite, f\u00fcr Reparaturarbeiten, 3\/4 x 900 Zoll, 10 Rollen (812-10P) - Markt-XXL\" \/>\n<meta property=\"og:description\" content=\"Markt-XXL Scotch Magic Greener Klebeband, Standardbreite, f\u00fcr Reparaturarbeiten, 3\/4 x 900 Zoll, 10 Rollen (812-10P)\" \/>\n<meta property=\"og:url\" content=\"https:\/\/marktxxl.de\/markt\/produkt\/scotch-magic-greener-klebeband-standardbreite-fuer-reparaturarbeiten-3-4-x-900-zoll-10-rollen-812-10p\/\" \/>\n<meta property=\"og:site_name\" content=\"Markt-XXL\" \/>\n<meta name=\"twitter:card\" content=\"summary_large_image\" \/>\n<script type=\"application\/ld+json\" class=\"yoast-schema-graph\">{\"@context\":\"https:\\\/\\\/schema.org\",\"@graph\":[{\"@type\":\"WebPage\",\"@id\":\"https:\\\/\\\/marktxxl.de\\\/markt\\\/produkt\\\/scotch-magic-greener-klebeband-standardbreite-fuer-reparaturarbeiten-3-4-x-900-zoll-10-rollen-812-10p\\\/\",\"url\":\"https:\\\/\\\/marktxxl.de\\\/markt\\\/produkt\\\/scotch-magic-greener-klebeband-standardbreite-fuer-reparaturarbeiten-3-4-x-900-zoll-10-rollen-812-10p\\\/\",\"name\":\"Scotch Magic Greener Klebeband, Standardbreite, f\u00fcr Reparaturarbeiten, 3\\\/4 x 900 Zoll, 10 Rollen (812-10P) - Markt-XXL\",\"isPartOf\":{\"@id\":\"https:\\\/\\\/marktxxl.de\\\/markt\\\/#website\"},\"primaryImageOfPage\":{\"@id\":\"https:\\\/\\\/marktxxl.de\\\/markt\\\/produkt\\\/scotch-magic-greener-klebeband-standardbreite-fuer-reparaturarbeiten-3-4-x-900-zoll-10-rollen-812-10p\\\/#primaryimage\"},\"image\":{\"@id\":\"https:\\\/\\\/marktxxl.de\\\/markt\\\/produkt\\\/scotch-magic-greener-klebeband-standardbreite-fuer-reparaturarbeiten-3-4-x-900-zoll-10-rollen-812-10p\\\/#primaryimage\"},\"thumbnailUrl\":\"https:\\\/\\\/m.media-amazon.com\\\/images\\\/I\\\/41978N1ZwgL._SL500_.jpg\",\"datePublished\":\"2024-06-28T13:25:53+00:00\",\"description\":\"Markt-XXL Scotch Magic Greener Klebeband, Standardbreite, f\u00fcr Reparaturarbeiten, 3\\\/4 x 900 Zoll, 10 Rollen (812-10P)\",\"breadcrumb\":{\"@id\":\"https:\\\/\\\/marktxxl.de\\\/markt\\\/produkt\\\/scotch-magic-greener-klebeband-standardbreite-fuer-reparaturarbeiten-3-4-x-900-zoll-10-rollen-812-10p\\\/#breadcrumb\"},\"inLanguage\":\"de\",\"potentialAction\":[{\"@type\":\"ReadAction\",\"target\":[\"https:\\\/\\\/marktxxl.de\\\/markt\\\/produkt\\\/scotch-magic-greener-klebeband-standardbreite-fuer-reparaturarbeiten-3-4-x-900-zoll-10-rollen-812-10p\\\/\"]}]},{\"@type\":\"ImageObject\",\"inLanguage\":\"de\",\"@id\":\"https:\\\/\\\/marktxxl.de\\\/markt\\\/produkt\\\/scotch-magic-greener-klebeband-standardbreite-fuer-reparaturarbeiten-3-4-x-900-zoll-10-rollen-812-10p\\\/#primaryimage\",\"url\":\"https:\\\/\\\/m.media-amazon.com\\\/images\\\/I\\\/41978N1ZwgL._SL500_.jpg\",\"contentUrl\":\"https:\\\/\\\/m.media-amazon.com\\\/images\\\/I\\\/41978N1ZwgL._SL500_.jpg\",\"width\":500,\"height\":334},{\"@type\":\"BreadcrumbList\",\"@id\":\"https:\\\/\\\/marktxxl.de\\\/markt\\\/produkt\\\/scotch-magic-greener-klebeband-standardbreite-fuer-reparaturarbeiten-3-4-x-900-zoll-10-rollen-812-10p\\\/#breadcrumb\",\"itemListElement\":[{\"@type\":\"ListItem\",\"position\":1,\"name\":\"Startseite\",\"item\":\"https:\\\/\\\/marktxxl.de\\\/markt\\\/\"},{\"@type\":\"ListItem\",\"position\":2,\"name\":\"Markt\",\"item\":\"https:\\\/\\\/marktxxl.de\\\/markt\\\/\"},{\"@type\":\"ListItem\",\"position\":3,\"name\":\"Scotch Magic Greener Klebeband, Standardbreite, f\u00fcr Reparaturarbeiten, 3\\\/4 x 900 Zoll, 10 Rollen (812-10P)\"}]},{\"@type\":\"WebSite\",\"@id\":\"https:\\\/\\\/marktxxl.de\\\/markt\\\/#website\",\"url\":\"https:\\\/\\\/marktxxl.de\\\/markt\\\/\",\"name\":\"Markt-XXL\",\"description\":\"Ihr Markt Online\",\"publisher\":{\"@id\":\"https:\\\/\\\/marktxxl.de\\\/markt\\\/#organization\"},\"potentialAction\":[{\"@type\":\"SearchAction\",\"target\":{\"@type\":\"EntryPoint\",\"urlTemplate\":\"https:\\\/\\\/marktxxl.de\\\/markt\\\/?s={search_term_string}\"},\"query-input\":{\"@type\":\"PropertyValueSpecification\",\"valueRequired\":true,\"valueName\":\"search_term_string\"}}],\"inLanguage\":\"de\"},{\"@type\":\"Organization\",\"@id\":\"https:\\\/\\\/marktxxl.de\\\/markt\\\/#organization\",\"name\":\"Markt-XXL\",\"url\":\"https:\\\/\\\/marktxxl.de\\\/markt\\\/\",\"logo\":{\"@type\":\"ImageObject\",\"inLanguage\":\"de\",\"@id\":\"https:\\\/\\\/marktxxl.de\\\/markt\\\/#\\\/schema\\\/logo\\\/image\\\/\",\"url\":\"https:\\\/\\\/marktxxl.de\\\/markt\\\/wp-content\\\/uploads\\\/sites\\\/3\\\/2020\\\/12\\\/logo.png\",\"contentUrl\":\"https:\\\/\\\/marktxxl.de\\\/markt\\\/wp-content\\\/uploads\\\/sites\\\/3\\\/2020\\\/12\\\/logo.png\",\"width\":200,\"height\":70,\"caption\":\"Markt-XXL\"},\"image\":{\"@id\":\"https:\\\/\\\/marktxxl.de\\\/markt\\\/#\\\/schema\\\/logo\\\/image\\\/\"}}]}<\/script>\n<!-- \/ Yoast SEO plugin. -->","yoast_head_json":{"title":"Scotch Magic Greener Klebeband, Standardbreite, f\u00fcr Reparaturarbeiten, 3\/4 x 900 Zoll, 10 Rollen (812-10P) - Markt-XXL","description":"Markt-XXL Scotch Magic Greener Klebeband, Standardbreite, f\u00fcr Reparaturarbeiten, 3\/4 x 900 Zoll, 10 Rollen (812-10P)","robots":{"index":"index","follow":"follow","max-snippet":"max-snippet:-1","max-image-preview":"max-image-preview:large","max-video-preview":"max-video-preview:-1"},"canonical":"https:\/\/marktxxl.de\/markt\/produkt\/scotch-magic-greener-klebeband-standardbreite-fuer-reparaturarbeiten-3-4-x-900-zoll-10-rollen-812-10p\/","og_locale":"de_DE","og_type":"article","og_title":"Scotch Magic Greener Klebeband, Standardbreite, f\u00fcr Reparaturarbeiten, 3\/4 x 900 Zoll, 10 Rollen (812-10P) - Markt-XXL","og_description":"Markt-XXL Scotch Magic Greener Klebeband, Standardbreite, f\u00fcr Reparaturarbeiten, 3\/4 x 900 Zoll, 10 Rollen (812-10P)","og_url":"https:\/\/marktxxl.de\/markt\/produkt\/scotch-magic-greener-klebeband-standardbreite-fuer-reparaturarbeiten-3-4-x-900-zoll-10-rollen-812-10p\/","og_site_name":"Markt-XXL","twitter_card":"summary_large_image","schema":{"@context":"https:\/\/schema.org","@graph":[{"@type":"WebPage","@id":"https:\/\/marktxxl.de\/markt\/produkt\/scotch-magic-greener-klebeband-standardbreite-fuer-reparaturarbeiten-3-4-x-900-zoll-10-rollen-812-10p\/","url":"https:\/\/marktxxl.de\/markt\/produkt\/scotch-magic-greener-klebeband-standardbreite-fuer-reparaturarbeiten-3-4-x-900-zoll-10-rollen-812-10p\/","name":"Scotch Magic Greener Klebeband, Standardbreite, f\u00fcr Reparaturarbeiten, 3\/4 x 900 Zoll, 10 Rollen (812-10P) - Markt-XXL","isPartOf":{"@id":"https:\/\/marktxxl.de\/markt\/#website"},"primaryImageOfPage":{"@id":"https:\/\/marktxxl.de\/markt\/produkt\/scotch-magic-greener-klebeband-standardbreite-fuer-reparaturarbeiten-3-4-x-900-zoll-10-rollen-812-10p\/#primaryimage"},"image":{"@id":"https:\/\/marktxxl.de\/markt\/produkt\/scotch-magic-greener-klebeband-standardbreite-fuer-reparaturarbeiten-3-4-x-900-zoll-10-rollen-812-10p\/#primaryimage"},"thumbnailUrl":"https:\/\/m.media-amazon.com\/images\/I\/41978N1ZwgL._SL500_.jpg","datePublished":"2024-06-28T13:25:53+00:00","description":"Markt-XXL Scotch Magic Greener Klebeband, Standardbreite, f\u00fcr Reparaturarbeiten, 3\/4 x 900 Zoll, 10 Rollen (812-10P)","breadcrumb":{"@id":"https:\/\/marktxxl.de\/markt\/produkt\/scotch-magic-greener-klebeband-standardbreite-fuer-reparaturarbeiten-3-4-x-900-zoll-10-rollen-812-10p\/#breadcrumb"},"inLanguage":"de","potentialAction":[{"@type":"ReadAction","target":["https:\/\/marktxxl.de\/markt\/produkt\/scotch-magic-greener-klebeband-standardbreite-fuer-reparaturarbeiten-3-4-x-900-zoll-10-rollen-812-10p\/"]}]},{"@type":"ImageObject","inLanguage":"de","@id":"https:\/\/marktxxl.de\/markt\/produkt\/scotch-magic-greener-klebeband-standardbreite-fuer-reparaturarbeiten-3-4-x-900-zoll-10-rollen-812-10p\/#primaryimage","url":"https:\/\/m.media-amazon.com\/images\/I\/41978N1ZwgL._SL500_.jpg","contentUrl":"https:\/\/m.media-amazon.com\/images\/I\/41978N1ZwgL._SL500_.jpg","width":500,"height":334},{"@type":"BreadcrumbList","@id":"https:\/\/marktxxl.de\/markt\/produkt\/scotch-magic-greener-klebeband-standardbreite-fuer-reparaturarbeiten-3-4-x-900-zoll-10-rollen-812-10p\/#breadcrumb","itemListElement":[{"@type":"ListItem","position":1,"name":"Startseite","item":"https:\/\/marktxxl.de\/markt\/"},{"@type":"ListItem","position":2,"name":"Markt","item":"https:\/\/marktxxl.de\/markt\/"},{"@type":"ListItem","position":3,"name":"Scotch Magic Greener Klebeband, Standardbreite, f\u00fcr Reparaturarbeiten, 3\/4 x 900 Zoll, 10 Rollen (812-10P)"}]},{"@type":"WebSite","@id":"https:\/\/marktxxl.de\/markt\/#website","url":"https:\/\/marktxxl.de\/markt\/","name":"Markt-XXL","description":"Ihr Markt Online","publisher":{"@id":"https:\/\/marktxxl.de\/markt\/#organization"},"potentialAction":[{"@type":"SearchAction","target":{"@type":"EntryPoint","urlTemplate":"https:\/\/marktxxl.de\/markt\/?s={search_term_string}"},"query-input":{"@type":"PropertyValueSpecification","valueRequired":true,"valueName":"search_term_string"}}],"inLanguage":"de"},{"@type":"Organization","@id":"https:\/\/marktxxl.de\/markt\/#organization","name":"Markt-XXL","url":"https:\/\/marktxxl.de\/markt\/","logo":{"@type":"ImageObject","inLanguage":"de","@id":"https:\/\/marktxxl.de\/markt\/#\/schema\/logo\/image\/","url":"https:\/\/marktxxl.de\/markt\/wp-content\/uploads\/sites\/3\/2020\/12\/logo.png","contentUrl":"https:\/\/marktxxl.de\/markt\/wp-content\/uploads\/sites\/3\/2020\/12\/logo.png","width":200,"height":70,"caption":"Markt-XXL"},"image":{"@id":"https:\/\/marktxxl.de\/markt\/#\/schema\/logo\/image\/"}}]}},"_links":{"self":[{"href":"https:\/\/marktxxl.de\/markt\/wp-json\/wp\/v2\/product\/212854","targetHints":{"allow":["GET"]}}],"collection":[{"href":"https:\/\/marktxxl.de\/markt\/wp-json\/wp\/v2\/product"}],"about":[{"href":"https:\/\/marktxxl.de\/markt\/wp-json\/wp\/v2\/types\/product"}],"replies":[{"embeddable":true,"href":"https:\/\/marktxxl.de\/markt\/wp-json\/wp\/v2\/comments?post=212854"}],"wp:featuredmedia":[{"embeddable":true,"href":"https:\/\/marktxxl.de\/markt\/wp-json\/wp\/v2\/media\/212855"}],"wp:attachment":[{"href":"https:\/\/marktxxl.de\/markt\/wp-json\/wp\/v2\/media?parent=212854"}],"wp:term":[{"taxonomy":"product_brand","embeddable":true,"href":"https:\/\/marktxxl.de\/markt\/wp-json\/wp\/v2\/product_brand?post=212854"},{"taxonomy":"product_cat","embeddable":true,"href":"https:\/\/marktxxl.de\/markt\/wp-json\/wp\/v2\/product_cat?post=212854"},{"taxonomy":"product_tag","embeddable":true,"href":"https:\/\/marktxxl.de\/markt\/wp-json\/wp\/v2\/product_tag?post=212854"}],"curies":[{"name":"wp","href":"https:\/\/api.w.org\/{rel}","templated":true}]}}