{"id":212644,"date":"2024-06-28T14:07:29","date_gmt":"2024-06-28T12:07:29","guid":{"rendered":"https:\/\/marktxxl.de\/markt\/produkt\/17-x-22-erste-hilfe-poster-infant-child-adult-cpr\/"},"modified":"2024-06-28T14:07:29","modified_gmt":"2024-06-28T12:07:29","slug":"17-x-22-erste-hilfe-poster-infant-child-adult-cpr","status":"publish","type":"product","link":"https:\/\/marktxxl.de\/markt\/produkt\/17-x-22-erste-hilfe-poster-infant-child-adult-cpr\/","title":{"rendered":"17 x 22 Erste Hilfe Poster Infant, Child, Adult CPR"},"content":{"rendered":"<p>Klare Erste-Hilfe-Anleitung \u2013 Dieses leicht verst\u00e4ndliche Poster verf\u00fcgt \u00fcber Erste-Hilfe-Anweisungen f\u00fcr S\u00e4uglinge, Kinder und Erwachsene.<br \/>\nAusgezeichnete Qualit\u00e4t \u2013 lebendige Farben gedruckt auf hoher Qualit\u00e4t (100#) Papier Hergestellt mit doppelseitiger 3 mm dicker verkapselter Laminierung und allseitig versiegelt, um vor Schmutz, Staub, Feuchtigkeit und Feuchtigkeit zu sch\u00fctzen.<br \/>\nSIZE \u2013 jedes Poster misst 43,2 x 55,9 cm. Wird auch in 30,5 x 45,7 cm verkauft. Suche: B086HN3HKX<br \/>\nInternational products have separate terms, are sold from abroad and may differ from local products, including fit, age ratings, and language of product, labeling or instructions.<br \/>\n<div class=\"main-cross-sell\" data-asin=\"B07CB9S76C\">\n\n\t<div class=\"WooZone-cross-sell-loader\">\n\t\t<div>\n\t\t\t<div id=\"floatingBarsG\">\n\t\t\t\t<div class=\"blockG\" id=\"rotateG_01\"><\/div>\n\t\t\t\t<div class=\"blockG\" id=\"rotateG_02\"><\/div>\n\t\t\t\t<div class=\"blockG\" id=\"rotateG_03\"><\/div>\n\t\t\t\t<div class=\"blockG\" id=\"rotateG_04\"><\/div>\n\t\t\t\t<div class=\"blockG\" id=\"rotateG_05\"><\/div>\n\t\t\t\t<div class=\"blockG\" id=\"rotateG_06\"><\/div>\n\t\t\t\t<div class=\"blockG\" id=\"rotateG_07\"><\/div>\n\t\t\t\t<div class=\"blockG\" id=\"rotateG_08\"><\/div>\n\t\t\t<\/div>\n\t\t\t<div class=\"WooZone-cross-sell-loader-text\"><\/div>\n\t\t<\/div>\n\t<\/div>\n\n\t\t\n<\/div>\n<div style=\"clear:both;\"><\/div><\/p>\n","protected":false},"excerpt":{"rendered":"<p>Klare Erste-Hilfe-Anleitung \u2013 Dieses leicht verst\u00e4ndliche Poster verf\u00fcgt \u00fcber Erste-Hilfe-Anweisungen f\u00fcr S\u00e4uglinge, Kinder und Erwachsene.<br \/>\nAusgezeichnete Qualit\u00e4t \u2013 lebendige Farben gedruckt auf hoher Qualit\u00e4t (100#) Papier Hergestellt mit doppelseitiger 3 mm dicker verkapselter Laminierung und allseitig versiegelt, um vor Schmutz, Staub, Feuchtigkeit und Feuchtigkeit zu sch\u00fctzen.<br \/>\nSIZE \u2013 jedes Poster misst 43,2 x 55,9 cm. Wird auch in 30,5 x 45,7 cm verkauft. Suche: B086HN3HKX<\/p>\n","protected":false},"featured_media":212645,"comment_status":"open","ping_status":"closed","template":"","meta":[],"product_brand":[],"product_cat":[21,9378],"product_tag":[],"class_list":{"0":"post-212644","1":"product","2":"type-product","3":"status-publish","4":"has-post-thumbnail","6":"product_cat-baby","7":"product_cat-sicherheit-baby","8":"pa_binding-badartikel","9":"pa_brand-safety-magnets","10":"pa_color-laminated","11":"pa_height-22-zoll","12":"pa_length-17-zoll","13":"pa_manufacturer-safety-magnets","14":"pa_model-5000-cpr-choking-1218-nl-15","15":"pa_size-infant-child-adult-cpr","16":"pa_width-0-1-zoll","18":"first","19":"instock","20":"shipping-taxable","21":"purchasable","22":"product-type-simple","23":"customify-col","24":"product-has-gallery"},"yoast_head":"<!-- This site is optimized with the Yoast SEO plugin v27.3 - https:\/\/yoast.com\/product\/yoast-seo-wordpress\/ -->\n<title>17 x 22 Erste Hilfe Poster Infant, Child, Adult CPR - Markt-XXL<\/title>\n<meta name=\"description\" content=\"Markt-XXL 17 x 22 Erste Hilfe Poster Infant, Child, Adult CPR\" \/>\n<meta name=\"robots\" content=\"index, follow, max-snippet:-1, max-image-preview:large, max-video-preview:-1\" \/>\n<link rel=\"canonical\" href=\"https:\/\/marktxxl.de\/markt\/produkt\/17-x-22-erste-hilfe-poster-infant-child-adult-cpr\/\" \/>\n<meta property=\"og:locale\" content=\"de_DE\" \/>\n<meta property=\"og:type\" content=\"article\" \/>\n<meta property=\"og:title\" content=\"17 x 22 Erste Hilfe Poster Infant, Child, Adult CPR - Markt-XXL\" \/>\n<meta property=\"og:description\" content=\"Markt-XXL 17 x 22 Erste Hilfe Poster Infant, Child, Adult CPR\" \/>\n<meta property=\"og:url\" content=\"https:\/\/marktxxl.de\/markt\/produkt\/17-x-22-erste-hilfe-poster-infant-child-adult-cpr\/\" \/>\n<meta property=\"og:site_name\" content=\"Markt-XXL\" \/>\n<meta name=\"twitter:card\" content=\"summary_large_image\" \/>\n<meta name=\"twitter:label1\" content=\"Gesch\u00e4tzte Lesezeit\" \/>\n\t<meta name=\"twitter:data1\" content=\"1\u00a0Minute\" \/>\n<script type=\"application\/ld+json\" class=\"yoast-schema-graph\">{\"@context\":\"https:\\\/\\\/schema.org\",\"@graph\":[{\"@type\":\"WebPage\",\"@id\":\"https:\\\/\\\/marktxxl.de\\\/markt\\\/produkt\\\/17-x-22-erste-hilfe-poster-infant-child-adult-cpr\\\/\",\"url\":\"https:\\\/\\\/marktxxl.de\\\/markt\\\/produkt\\\/17-x-22-erste-hilfe-poster-infant-child-adult-cpr\\\/\",\"name\":\"17 x 22 Erste Hilfe Poster Infant, Child, Adult CPR - Markt-XXL\",\"isPartOf\":{\"@id\":\"https:\\\/\\\/marktxxl.de\\\/markt\\\/#website\"},\"primaryImageOfPage\":{\"@id\":\"https:\\\/\\\/marktxxl.de\\\/markt\\\/produkt\\\/17-x-22-erste-hilfe-poster-infant-child-adult-cpr\\\/#primaryimage\"},\"image\":{\"@id\":\"https:\\\/\\\/marktxxl.de\\\/markt\\\/produkt\\\/17-x-22-erste-hilfe-poster-infant-child-adult-cpr\\\/#primaryimage\"},\"thumbnailUrl\":\"https:\\\/\\\/m.media-amazon.com\\\/images\\\/I\\\/51tOdbxsA+L._SL500_.jpg\",\"datePublished\":\"2024-06-28T12:07:29+00:00\",\"description\":\"Markt-XXL 17 x 22 Erste Hilfe Poster Infant, Child, Adult CPR\",\"breadcrumb\":{\"@id\":\"https:\\\/\\\/marktxxl.de\\\/markt\\\/produkt\\\/17-x-22-erste-hilfe-poster-infant-child-adult-cpr\\\/#breadcrumb\"},\"inLanguage\":\"de\",\"potentialAction\":[{\"@type\":\"ReadAction\",\"target\":[\"https:\\\/\\\/marktxxl.de\\\/markt\\\/produkt\\\/17-x-22-erste-hilfe-poster-infant-child-adult-cpr\\\/\"]}]},{\"@type\":\"ImageObject\",\"inLanguage\":\"de\",\"@id\":\"https:\\\/\\\/marktxxl.de\\\/markt\\\/produkt\\\/17-x-22-erste-hilfe-poster-infant-child-adult-cpr\\\/#primaryimage\",\"url\":\"https:\\\/\\\/m.media-amazon.com\\\/images\\\/I\\\/51tOdbxsA+L._SL500_.jpg\",\"contentUrl\":\"https:\\\/\\\/m.media-amazon.com\\\/images\\\/I\\\/51tOdbxsA+L._SL500_.jpg\",\"width\":370,\"height\":500},{\"@type\":\"BreadcrumbList\",\"@id\":\"https:\\\/\\\/marktxxl.de\\\/markt\\\/produkt\\\/17-x-22-erste-hilfe-poster-infant-child-adult-cpr\\\/#breadcrumb\",\"itemListElement\":[{\"@type\":\"ListItem\",\"position\":1,\"name\":\"Startseite\",\"item\":\"https:\\\/\\\/marktxxl.de\\\/markt\\\/\"},{\"@type\":\"ListItem\",\"position\":2,\"name\":\"Markt\",\"item\":\"https:\\\/\\\/marktxxl.de\\\/markt\\\/\"},{\"@type\":\"ListItem\",\"position\":3,\"name\":\"17 x 22 Erste Hilfe Poster Infant, Child, Adult CPR\"}]},{\"@type\":\"WebSite\",\"@id\":\"https:\\\/\\\/marktxxl.de\\\/markt\\\/#website\",\"url\":\"https:\\\/\\\/marktxxl.de\\\/markt\\\/\",\"name\":\"Markt-XXL\",\"description\":\"Ihr Markt Online\",\"publisher\":{\"@id\":\"https:\\\/\\\/marktxxl.de\\\/markt\\\/#organization\"},\"potentialAction\":[{\"@type\":\"SearchAction\",\"target\":{\"@type\":\"EntryPoint\",\"urlTemplate\":\"https:\\\/\\\/marktxxl.de\\\/markt\\\/?s={search_term_string}\"},\"query-input\":{\"@type\":\"PropertyValueSpecification\",\"valueRequired\":true,\"valueName\":\"search_term_string\"}}],\"inLanguage\":\"de\"},{\"@type\":\"Organization\",\"@id\":\"https:\\\/\\\/marktxxl.de\\\/markt\\\/#organization\",\"name\":\"Markt-XXL\",\"url\":\"https:\\\/\\\/marktxxl.de\\\/markt\\\/\",\"logo\":{\"@type\":\"ImageObject\",\"inLanguage\":\"de\",\"@id\":\"https:\\\/\\\/marktxxl.de\\\/markt\\\/#\\\/schema\\\/logo\\\/image\\\/\",\"url\":\"https:\\\/\\\/marktxxl.de\\\/markt\\\/wp-content\\\/uploads\\\/sites\\\/3\\\/2020\\\/12\\\/logo.png\",\"contentUrl\":\"https:\\\/\\\/marktxxl.de\\\/markt\\\/wp-content\\\/uploads\\\/sites\\\/3\\\/2020\\\/12\\\/logo.png\",\"width\":200,\"height\":70,\"caption\":\"Markt-XXL\"},\"image\":{\"@id\":\"https:\\\/\\\/marktxxl.de\\\/markt\\\/#\\\/schema\\\/logo\\\/image\\\/\"}}]}<\/script>\n<!-- \/ Yoast SEO plugin. -->","yoast_head_json":{"title":"17 x 22 Erste Hilfe Poster Infant, Child, Adult CPR - Markt-XXL","description":"Markt-XXL 17 x 22 Erste Hilfe Poster Infant, Child, Adult CPR","robots":{"index":"index","follow":"follow","max-snippet":"max-snippet:-1","max-image-preview":"max-image-preview:large","max-video-preview":"max-video-preview:-1"},"canonical":"https:\/\/marktxxl.de\/markt\/produkt\/17-x-22-erste-hilfe-poster-infant-child-adult-cpr\/","og_locale":"de_DE","og_type":"article","og_title":"17 x 22 Erste Hilfe Poster Infant, Child, Adult CPR - Markt-XXL","og_description":"Markt-XXL 17 x 22 Erste Hilfe Poster Infant, Child, Adult CPR","og_url":"https:\/\/marktxxl.de\/markt\/produkt\/17-x-22-erste-hilfe-poster-infant-child-adult-cpr\/","og_site_name":"Markt-XXL","twitter_card":"summary_large_image","twitter_misc":{"Gesch\u00e4tzte Lesezeit":"1\u00a0Minute"},"schema":{"@context":"https:\/\/schema.org","@graph":[{"@type":"WebPage","@id":"https:\/\/marktxxl.de\/markt\/produkt\/17-x-22-erste-hilfe-poster-infant-child-adult-cpr\/","url":"https:\/\/marktxxl.de\/markt\/produkt\/17-x-22-erste-hilfe-poster-infant-child-adult-cpr\/","name":"17 x 22 Erste Hilfe Poster Infant, Child, Adult CPR - Markt-XXL","isPartOf":{"@id":"https:\/\/marktxxl.de\/markt\/#website"},"primaryImageOfPage":{"@id":"https:\/\/marktxxl.de\/markt\/produkt\/17-x-22-erste-hilfe-poster-infant-child-adult-cpr\/#primaryimage"},"image":{"@id":"https:\/\/marktxxl.de\/markt\/produkt\/17-x-22-erste-hilfe-poster-infant-child-adult-cpr\/#primaryimage"},"thumbnailUrl":"https:\/\/m.media-amazon.com\/images\/I\/51tOdbxsA+L._SL500_.jpg","datePublished":"2024-06-28T12:07:29+00:00","description":"Markt-XXL 17 x 22 Erste Hilfe Poster Infant, Child, Adult CPR","breadcrumb":{"@id":"https:\/\/marktxxl.de\/markt\/produkt\/17-x-22-erste-hilfe-poster-infant-child-adult-cpr\/#breadcrumb"},"inLanguage":"de","potentialAction":[{"@type":"ReadAction","target":["https:\/\/marktxxl.de\/markt\/produkt\/17-x-22-erste-hilfe-poster-infant-child-adult-cpr\/"]}]},{"@type":"ImageObject","inLanguage":"de","@id":"https:\/\/marktxxl.de\/markt\/produkt\/17-x-22-erste-hilfe-poster-infant-child-adult-cpr\/#primaryimage","url":"https:\/\/m.media-amazon.com\/images\/I\/51tOdbxsA+L._SL500_.jpg","contentUrl":"https:\/\/m.media-amazon.com\/images\/I\/51tOdbxsA+L._SL500_.jpg","width":370,"height":500},{"@type":"BreadcrumbList","@id":"https:\/\/marktxxl.de\/markt\/produkt\/17-x-22-erste-hilfe-poster-infant-child-adult-cpr\/#breadcrumb","itemListElement":[{"@type":"ListItem","position":1,"name":"Startseite","item":"https:\/\/marktxxl.de\/markt\/"},{"@type":"ListItem","position":2,"name":"Markt","item":"https:\/\/marktxxl.de\/markt\/"},{"@type":"ListItem","position":3,"name":"17 x 22 Erste Hilfe Poster Infant, Child, Adult CPR"}]},{"@type":"WebSite","@id":"https:\/\/marktxxl.de\/markt\/#website","url":"https:\/\/marktxxl.de\/markt\/","name":"Markt-XXL","description":"Ihr Markt Online","publisher":{"@id":"https:\/\/marktxxl.de\/markt\/#organization"},"potentialAction":[{"@type":"SearchAction","target":{"@type":"EntryPoint","urlTemplate":"https:\/\/marktxxl.de\/markt\/?s={search_term_string}"},"query-input":{"@type":"PropertyValueSpecification","valueRequired":true,"valueName":"search_term_string"}}],"inLanguage":"de"},{"@type":"Organization","@id":"https:\/\/marktxxl.de\/markt\/#organization","name":"Markt-XXL","url":"https:\/\/marktxxl.de\/markt\/","logo":{"@type":"ImageObject","inLanguage":"de","@id":"https:\/\/marktxxl.de\/markt\/#\/schema\/logo\/image\/","url":"https:\/\/marktxxl.de\/markt\/wp-content\/uploads\/sites\/3\/2020\/12\/logo.png","contentUrl":"https:\/\/marktxxl.de\/markt\/wp-content\/uploads\/sites\/3\/2020\/12\/logo.png","width":200,"height":70,"caption":"Markt-XXL"},"image":{"@id":"https:\/\/marktxxl.de\/markt\/#\/schema\/logo\/image\/"}}]}},"_links":{"self":[{"href":"https:\/\/marktxxl.de\/markt\/wp-json\/wp\/v2\/product\/212644","targetHints":{"allow":["GET"]}}],"collection":[{"href":"https:\/\/marktxxl.de\/markt\/wp-json\/wp\/v2\/product"}],"about":[{"href":"https:\/\/marktxxl.de\/markt\/wp-json\/wp\/v2\/types\/product"}],"replies":[{"embeddable":true,"href":"https:\/\/marktxxl.de\/markt\/wp-json\/wp\/v2\/comments?post=212644"}],"wp:featuredmedia":[{"embeddable":true,"href":"https:\/\/marktxxl.de\/markt\/wp-json\/wp\/v2\/media\/212645"}],"wp:attachment":[{"href":"https:\/\/marktxxl.de\/markt\/wp-json\/wp\/v2\/media?parent=212644"}],"wp:term":[{"taxonomy":"product_brand","embeddable":true,"href":"https:\/\/marktxxl.de\/markt\/wp-json\/wp\/v2\/product_brand?post=212644"},{"taxonomy":"product_cat","embeddable":true,"href":"https:\/\/marktxxl.de\/markt\/wp-json\/wp\/v2\/product_cat?post=212644"},{"taxonomy":"product_tag","embeddable":true,"href":"https:\/\/marktxxl.de\/markt\/wp-json\/wp\/v2\/product_tag?post=212644"}],"curies":[{"name":"wp","href":"https:\/\/api.w.org\/{rel}","templated":true}]}}