{"id":212412,"date":"2024-06-28T12:49:34","date_gmt":"2024-06-28T10:49:34","guid":{"rendered":"https:\/\/marktxxl.de\/markt\/produkt\/9-stueck-steckel-weiss-staubschutz-deckel-steckdosendeckel-abdeckung-fuer-saubere-schuko-steckdosen-steckdosenleisten-mehrfachsteckdosen-spritzschutz-design-motiv-hotel-und-firmen-steckel\/"},"modified":"2024-06-28T12:49:34","modified_gmt":"2024-06-28T10:49:34","slug":"9-stueck-steckel-weiss-staubschutz-deckel-steckdosendeckel-abdeckung-fuer-saubere-schuko-steckdosen-steckdosenleisten-mehrfachsteckdosen-spritzschutz-design-motiv-hotel-und-firmen-steckel","status":"publish","type":"product","link":"https:\/\/marktxxl.de\/markt\/produkt\/9-stueck-steckel-weiss-staubschutz-deckel-steckdosendeckel-abdeckung-fuer-saubere-schuko-steckdosen-steckdosenleisten-mehrfachsteckdosen-spritzschutz-design-motiv-hotel-und-firmen-steckel\/","title":{"rendered":"9 St\u00fcck STECKEL wei\u00df Staubschutz Deckel Steckdosendeckel Abdeckung f\u00fcr saubere Schuko-Steckdosen Steckdosenleisten Mehrfachsteckdosen Spritzschutz Design Motiv-Hotel-und Firmen-Steckel"},"content":{"rendered":"<p>Der STECKEL ist der perfekte Staubschutz f\u00fcr freie Steckdosen in Steckdosenleisten, Kabeltrommeln, in Wohnung, Haus und Firma.<br \/>\nDer STECKEL passt in alle Schuko-Steckdosen. Er h\u00e4lt offene Steckdosen endlich staubfrei und sieht dezent aus. Mit einem Motiv-Aufkleber wird er zum dekorativen Motiv-STECKEL.<br \/>\nIn der K\u00fcche dient der STECKEL als Spritzschutz und spart gef\u00e4hrliche und umst\u00e4ndliche Reinigung der Steckdosen. Bei Bedarf ist er ganz leicht ohne Hilfsmittel zu entnehmen.<br \/>\nLieferumfang 9 St\u00fcck ORIGINAL-STECKEL, Farbe 9x wei\u00df, ohne Motiv-Aufkleber. Durchmesser 41,6mm, wei\u00df. Name und Design gesch\u00fctzt.<br \/>\nViele genau passende Motiv-Aufkleber mit hochwertiger 3D-Doming-Beschichtung verf\u00fcgbar. F\u00fcr Hotels und Firmen mit eigenem Logo gegen Aufpreis als Marken-Steckel bedruckbar.<br \/>\n<div class=\"main-cross-sell\" data-asin=\"B084KY4CY3\">\n\n\t<div class=\"WooZone-cross-sell-loader\">\n\t\t<div>\n\t\t\t<div id=\"floatingBarsG\">\n\t\t\t\t<div class=\"blockG\" id=\"rotateG_01\"><\/div>\n\t\t\t\t<div class=\"blockG\" id=\"rotateG_02\"><\/div>\n\t\t\t\t<div class=\"blockG\" id=\"rotateG_03\"><\/div>\n\t\t\t\t<div class=\"blockG\" id=\"rotateG_04\"><\/div>\n\t\t\t\t<div class=\"blockG\" id=\"rotateG_05\"><\/div>\n\t\t\t\t<div class=\"blockG\" id=\"rotateG_06\"><\/div>\n\t\t\t\t<div class=\"blockG\" id=\"rotateG_07\"><\/div>\n\t\t\t\t<div class=\"blockG\" id=\"rotateG_08\"><\/div>\n\t\t\t<\/div>\n\t\t\t<div class=\"WooZone-cross-sell-loader-text\"><\/div>\n\t\t<\/div>\n\t<\/div>\n\n\t\t\n<\/div>\n<div style=\"clear:both;\"><\/div><\/p>\n","protected":false},"excerpt":{"rendered":"<p>Der STECKEL ist der perfekte Staubschutz f\u00fcr freie Steckdosen in Steckdosenleisten, Kabeltrommeln, in Wohnung, Haus und Firma.<br \/>\nDer STECKEL passt in alle Schuko-Steckdosen. Er h\u00e4lt offene Steckdosen endlich staubfrei und sieht dezent aus. Mit einem Motiv-Aufkleber wird er zum dekorativen Motiv-STECKEL.<br \/>\nIn der K\u00fcche dient der STECKEL als Spritzschutz und spart gef\u00e4hrliche und umst\u00e4ndliche Reinigung der Steckdosen. Bei Bedarf ist er ganz leicht ohne Hilfsmittel zu entnehmen.<\/p>\n","protected":false},"featured_media":212413,"comment_status":"open","ping_status":"closed","template":"","meta":[],"product_brand":[],"product_cat":[21,9378],"product_tag":[],"class_list":{"0":"post-212412","1":"product","2":"type-product","3":"status-publish","4":"has-post-thumbnail","6":"product_cat-baby","7":"product_cat-sicherheit-baby","8":"pa_binding-elektronik","9":"pa_brand-steckel","10":"pa_color-weiss","11":"pa_height-0-3937-zoll","12":"pa_languages-originalsprache-deutsch","13":"pa_length-1-637792-zoll","14":"pa_manufacturer-diw","15":"pa_model-ak3-at1-gl-m-x","16":"pa_width-1-637792-zoll","18":"first","19":"instock","20":"shipping-taxable","21":"purchasable","22":"product-type-simple","23":"customify-col","24":"product-has-gallery"},"yoast_head":"<!-- This site is optimized with the Yoast SEO plugin v27.4 - https:\/\/yoast.com\/product\/yoast-seo-wordpress\/ -->\n<title>9 St\u00fcck STECKEL wei\u00df Staubschutz Deckel Steckdosendeckel Abdeckung f\u00fcr saubere Schuko-Steckdosen Steckdosenleisten Mehrfachsteckdosen Spritzschutz Design Motiv-Hotel-und Firmen-Steckel - Markt-XXL<\/title>\n<meta name=\"description\" content=\"Markt-XXL 9 St\u00fcck STECKEL wei\u00df Staubschutz Deckel Steckdosendeckel Abdeckung f\u00fcr saubere Schuko-Steckdosen Steckdosenleisten Mehrfachsteckdosen Spritzschutz Design Motiv-Hotel-und Firmen-Steckel\" \/>\n<meta name=\"robots\" content=\"index, follow, max-snippet:-1, max-image-preview:large, max-video-preview:-1\" \/>\n<link rel=\"canonical\" href=\"https:\/\/marktxxl.de\/markt\/produkt\/9-stueck-steckel-weiss-staubschutz-deckel-steckdosendeckel-abdeckung-fuer-saubere-schuko-steckdosen-steckdosenleisten-mehrfachsteckdosen-spritzschutz-design-motiv-hotel-und-firmen-steckel\/\" \/>\n<meta property=\"og:locale\" content=\"de_DE\" \/>\n<meta property=\"og:type\" content=\"article\" \/>\n<meta property=\"og:title\" content=\"9 St\u00fcck STECKEL wei\u00df Staubschutz Deckel Steckdosendeckel Abdeckung f\u00fcr saubere Schuko-Steckdosen Steckdosenleisten Mehrfachsteckdosen Spritzschutz Design Motiv-Hotel-und Firmen-Steckel - Markt-XXL\" \/>\n<meta property=\"og:description\" content=\"Markt-XXL 9 St\u00fcck STECKEL wei\u00df Staubschutz Deckel Steckdosendeckel Abdeckung f\u00fcr saubere Schuko-Steckdosen Steckdosenleisten Mehrfachsteckdosen Spritzschutz Design Motiv-Hotel-und Firmen-Steckel\" \/>\n<meta property=\"og:url\" content=\"https:\/\/marktxxl.de\/markt\/produkt\/9-stueck-steckel-weiss-staubschutz-deckel-steckdosendeckel-abdeckung-fuer-saubere-schuko-steckdosen-steckdosenleisten-mehrfachsteckdosen-spritzschutz-design-motiv-hotel-und-firmen-steckel\/\" \/>\n<meta property=\"og:site_name\" content=\"Markt-XXL\" \/>\n<meta name=\"twitter:card\" content=\"summary_large_image\" \/>\n<meta name=\"twitter:label1\" content=\"Gesch\u00e4tzte Lesezeit\" \/>\n\t<meta name=\"twitter:data1\" content=\"1\u00a0Minute\" \/>\n<script type=\"application\/ld+json\" class=\"yoast-schema-graph\">{\"@context\":\"https:\\\/\\\/schema.org\",\"@graph\":[{\"@type\":\"WebPage\",\"@id\":\"https:\\\/\\\/marktxxl.de\\\/markt\\\/produkt\\\/9-stueck-steckel-weiss-staubschutz-deckel-steckdosendeckel-abdeckung-fuer-saubere-schuko-steckdosen-steckdosenleisten-mehrfachsteckdosen-spritzschutz-design-motiv-hotel-und-firmen-steckel\\\/\",\"url\":\"https:\\\/\\\/marktxxl.de\\\/markt\\\/produkt\\\/9-stueck-steckel-weiss-staubschutz-deckel-steckdosendeckel-abdeckung-fuer-saubere-schuko-steckdosen-steckdosenleisten-mehrfachsteckdosen-spritzschutz-design-motiv-hotel-und-firmen-steckel\\\/\",\"name\":\"9 St\u00fcck STECKEL wei\u00df Staubschutz Deckel Steckdosendeckel Abdeckung f\u00fcr saubere Schuko-Steckdosen Steckdosenleisten Mehrfachsteckdosen Spritzschutz Design Motiv-Hotel-und Firmen-Steckel - Markt-XXL\",\"isPartOf\":{\"@id\":\"https:\\\/\\\/marktxxl.de\\\/markt\\\/#website\"},\"primaryImageOfPage\":{\"@id\":\"https:\\\/\\\/marktxxl.de\\\/markt\\\/produkt\\\/9-stueck-steckel-weiss-staubschutz-deckel-steckdosendeckel-abdeckung-fuer-saubere-schuko-steckdosen-steckdosenleisten-mehrfachsteckdosen-spritzschutz-design-motiv-hotel-und-firmen-steckel\\\/#primaryimage\"},\"image\":{\"@id\":\"https:\\\/\\\/marktxxl.de\\\/markt\\\/produkt\\\/9-stueck-steckel-weiss-staubschutz-deckel-steckdosendeckel-abdeckung-fuer-saubere-schuko-steckdosen-steckdosenleisten-mehrfachsteckdosen-spritzschutz-design-motiv-hotel-und-firmen-steckel\\\/#primaryimage\"},\"thumbnailUrl\":\"https:\\\/\\\/m.media-amazon.com\\\/images\\\/I\\\/41Sb2bOiEmL._SL500_.jpg\",\"datePublished\":\"2024-06-28T10:49:34+00:00\",\"description\":\"Markt-XXL 9 St\u00fcck STECKEL wei\u00df Staubschutz Deckel Steckdosendeckel Abdeckung f\u00fcr saubere Schuko-Steckdosen Steckdosenleisten Mehrfachsteckdosen Spritzschutz Design Motiv-Hotel-und Firmen-Steckel\",\"breadcrumb\":{\"@id\":\"https:\\\/\\\/marktxxl.de\\\/markt\\\/produkt\\\/9-stueck-steckel-weiss-staubschutz-deckel-steckdosendeckel-abdeckung-fuer-saubere-schuko-steckdosen-steckdosenleisten-mehrfachsteckdosen-spritzschutz-design-motiv-hotel-und-firmen-steckel\\\/#breadcrumb\"},\"inLanguage\":\"de\",\"potentialAction\":[{\"@type\":\"ReadAction\",\"target\":[\"https:\\\/\\\/marktxxl.de\\\/markt\\\/produkt\\\/9-stueck-steckel-weiss-staubschutz-deckel-steckdosendeckel-abdeckung-fuer-saubere-schuko-steckdosen-steckdosenleisten-mehrfachsteckdosen-spritzschutz-design-motiv-hotel-und-firmen-steckel\\\/\"]}]},{\"@type\":\"ImageObject\",\"inLanguage\":\"de\",\"@id\":\"https:\\\/\\\/marktxxl.de\\\/markt\\\/produkt\\\/9-stueck-steckel-weiss-staubschutz-deckel-steckdosendeckel-abdeckung-fuer-saubere-schuko-steckdosen-steckdosenleisten-mehrfachsteckdosen-spritzschutz-design-motiv-hotel-und-firmen-steckel\\\/#primaryimage\",\"url\":\"https:\\\/\\\/m.media-amazon.com\\\/images\\\/I\\\/41Sb2bOiEmL._SL500_.jpg\",\"contentUrl\":\"https:\\\/\\\/m.media-amazon.com\\\/images\\\/I\\\/41Sb2bOiEmL._SL500_.jpg\",\"width\":436,\"height\":500},{\"@type\":\"BreadcrumbList\",\"@id\":\"https:\\\/\\\/marktxxl.de\\\/markt\\\/produkt\\\/9-stueck-steckel-weiss-staubschutz-deckel-steckdosendeckel-abdeckung-fuer-saubere-schuko-steckdosen-steckdosenleisten-mehrfachsteckdosen-spritzschutz-design-motiv-hotel-und-firmen-steckel\\\/#breadcrumb\",\"itemListElement\":[{\"@type\":\"ListItem\",\"position\":1,\"name\":\"Startseite\",\"item\":\"https:\\\/\\\/marktxxl.de\\\/markt\\\/\"},{\"@type\":\"ListItem\",\"position\":2,\"name\":\"Markt\",\"item\":\"https:\\\/\\\/marktxxl.de\\\/markt\\\/\"},{\"@type\":\"ListItem\",\"position\":3,\"name\":\"9 St\u00fcck STECKEL wei\u00df Staubschutz Deckel Steckdosendeckel Abdeckung f\u00fcr saubere Schuko-Steckdosen Steckdosenleisten Mehrfachsteckdosen Spritzschutz Design Motiv-Hotel-und Firmen-Steckel\"}]},{\"@type\":\"WebSite\",\"@id\":\"https:\\\/\\\/marktxxl.de\\\/markt\\\/#website\",\"url\":\"https:\\\/\\\/marktxxl.de\\\/markt\\\/\",\"name\":\"Markt-XXL\",\"description\":\"Ihr Markt Online\",\"publisher\":{\"@id\":\"https:\\\/\\\/marktxxl.de\\\/markt\\\/#organization\"},\"potentialAction\":[{\"@type\":\"SearchAction\",\"target\":{\"@type\":\"EntryPoint\",\"urlTemplate\":\"https:\\\/\\\/marktxxl.de\\\/markt\\\/?s={search_term_string}\"},\"query-input\":{\"@type\":\"PropertyValueSpecification\",\"valueRequired\":true,\"valueName\":\"search_term_string\"}}],\"inLanguage\":\"de\"},{\"@type\":\"Organization\",\"@id\":\"https:\\\/\\\/marktxxl.de\\\/markt\\\/#organization\",\"name\":\"Markt-XXL\",\"url\":\"https:\\\/\\\/marktxxl.de\\\/markt\\\/\",\"logo\":{\"@type\":\"ImageObject\",\"inLanguage\":\"de\",\"@id\":\"https:\\\/\\\/marktxxl.de\\\/markt\\\/#\\\/schema\\\/logo\\\/image\\\/\",\"url\":\"https:\\\/\\\/marktxxl.de\\\/markt\\\/wp-content\\\/uploads\\\/sites\\\/3\\\/2020\\\/12\\\/logo.png\",\"contentUrl\":\"https:\\\/\\\/marktxxl.de\\\/markt\\\/wp-content\\\/uploads\\\/sites\\\/3\\\/2020\\\/12\\\/logo.png\",\"width\":200,\"height\":70,\"caption\":\"Markt-XXL\"},\"image\":{\"@id\":\"https:\\\/\\\/marktxxl.de\\\/markt\\\/#\\\/schema\\\/logo\\\/image\\\/\"}}]}<\/script>\n<!-- \/ Yoast SEO plugin. -->","yoast_head_json":{"title":"9 St\u00fcck STECKEL wei\u00df Staubschutz Deckel Steckdosendeckel Abdeckung f\u00fcr saubere Schuko-Steckdosen Steckdosenleisten Mehrfachsteckdosen Spritzschutz Design Motiv-Hotel-und Firmen-Steckel - Markt-XXL","description":"Markt-XXL 9 St\u00fcck STECKEL wei\u00df Staubschutz Deckel Steckdosendeckel Abdeckung f\u00fcr saubere Schuko-Steckdosen Steckdosenleisten Mehrfachsteckdosen Spritzschutz Design Motiv-Hotel-und Firmen-Steckel","robots":{"index":"index","follow":"follow","max-snippet":"max-snippet:-1","max-image-preview":"max-image-preview:large","max-video-preview":"max-video-preview:-1"},"canonical":"https:\/\/marktxxl.de\/markt\/produkt\/9-stueck-steckel-weiss-staubschutz-deckel-steckdosendeckel-abdeckung-fuer-saubere-schuko-steckdosen-steckdosenleisten-mehrfachsteckdosen-spritzschutz-design-motiv-hotel-und-firmen-steckel\/","og_locale":"de_DE","og_type":"article","og_title":"9 St\u00fcck STECKEL wei\u00df Staubschutz Deckel Steckdosendeckel Abdeckung f\u00fcr saubere Schuko-Steckdosen Steckdosenleisten Mehrfachsteckdosen Spritzschutz Design Motiv-Hotel-und Firmen-Steckel - Markt-XXL","og_description":"Markt-XXL 9 St\u00fcck STECKEL wei\u00df Staubschutz Deckel Steckdosendeckel Abdeckung f\u00fcr saubere Schuko-Steckdosen Steckdosenleisten Mehrfachsteckdosen Spritzschutz Design Motiv-Hotel-und Firmen-Steckel","og_url":"https:\/\/marktxxl.de\/markt\/produkt\/9-stueck-steckel-weiss-staubschutz-deckel-steckdosendeckel-abdeckung-fuer-saubere-schuko-steckdosen-steckdosenleisten-mehrfachsteckdosen-spritzschutz-design-motiv-hotel-und-firmen-steckel\/","og_site_name":"Markt-XXL","twitter_card":"summary_large_image","twitter_misc":{"Gesch\u00e4tzte Lesezeit":"1\u00a0Minute"},"schema":{"@context":"https:\/\/schema.org","@graph":[{"@type":"WebPage","@id":"https:\/\/marktxxl.de\/markt\/produkt\/9-stueck-steckel-weiss-staubschutz-deckel-steckdosendeckel-abdeckung-fuer-saubere-schuko-steckdosen-steckdosenleisten-mehrfachsteckdosen-spritzschutz-design-motiv-hotel-und-firmen-steckel\/","url":"https:\/\/marktxxl.de\/markt\/produkt\/9-stueck-steckel-weiss-staubschutz-deckel-steckdosendeckel-abdeckung-fuer-saubere-schuko-steckdosen-steckdosenleisten-mehrfachsteckdosen-spritzschutz-design-motiv-hotel-und-firmen-steckel\/","name":"9 St\u00fcck STECKEL wei\u00df Staubschutz Deckel Steckdosendeckel Abdeckung f\u00fcr saubere Schuko-Steckdosen Steckdosenleisten Mehrfachsteckdosen Spritzschutz Design Motiv-Hotel-und Firmen-Steckel - Markt-XXL","isPartOf":{"@id":"https:\/\/marktxxl.de\/markt\/#website"},"primaryImageOfPage":{"@id":"https:\/\/marktxxl.de\/markt\/produkt\/9-stueck-steckel-weiss-staubschutz-deckel-steckdosendeckel-abdeckung-fuer-saubere-schuko-steckdosen-steckdosenleisten-mehrfachsteckdosen-spritzschutz-design-motiv-hotel-und-firmen-steckel\/#primaryimage"},"image":{"@id":"https:\/\/marktxxl.de\/markt\/produkt\/9-stueck-steckel-weiss-staubschutz-deckel-steckdosendeckel-abdeckung-fuer-saubere-schuko-steckdosen-steckdosenleisten-mehrfachsteckdosen-spritzschutz-design-motiv-hotel-und-firmen-steckel\/#primaryimage"},"thumbnailUrl":"https:\/\/m.media-amazon.com\/images\/I\/41Sb2bOiEmL._SL500_.jpg","datePublished":"2024-06-28T10:49:34+00:00","description":"Markt-XXL 9 St\u00fcck STECKEL wei\u00df Staubschutz Deckel Steckdosendeckel Abdeckung f\u00fcr saubere Schuko-Steckdosen Steckdosenleisten Mehrfachsteckdosen Spritzschutz Design Motiv-Hotel-und Firmen-Steckel","breadcrumb":{"@id":"https:\/\/marktxxl.de\/markt\/produkt\/9-stueck-steckel-weiss-staubschutz-deckel-steckdosendeckel-abdeckung-fuer-saubere-schuko-steckdosen-steckdosenleisten-mehrfachsteckdosen-spritzschutz-design-motiv-hotel-und-firmen-steckel\/#breadcrumb"},"inLanguage":"de","potentialAction":[{"@type":"ReadAction","target":["https:\/\/marktxxl.de\/markt\/produkt\/9-stueck-steckel-weiss-staubschutz-deckel-steckdosendeckel-abdeckung-fuer-saubere-schuko-steckdosen-steckdosenleisten-mehrfachsteckdosen-spritzschutz-design-motiv-hotel-und-firmen-steckel\/"]}]},{"@type":"ImageObject","inLanguage":"de","@id":"https:\/\/marktxxl.de\/markt\/produkt\/9-stueck-steckel-weiss-staubschutz-deckel-steckdosendeckel-abdeckung-fuer-saubere-schuko-steckdosen-steckdosenleisten-mehrfachsteckdosen-spritzschutz-design-motiv-hotel-und-firmen-steckel\/#primaryimage","url":"https:\/\/m.media-amazon.com\/images\/I\/41Sb2bOiEmL._SL500_.jpg","contentUrl":"https:\/\/m.media-amazon.com\/images\/I\/41Sb2bOiEmL._SL500_.jpg","width":436,"height":500},{"@type":"BreadcrumbList","@id":"https:\/\/marktxxl.de\/markt\/produkt\/9-stueck-steckel-weiss-staubschutz-deckel-steckdosendeckel-abdeckung-fuer-saubere-schuko-steckdosen-steckdosenleisten-mehrfachsteckdosen-spritzschutz-design-motiv-hotel-und-firmen-steckel\/#breadcrumb","itemListElement":[{"@type":"ListItem","position":1,"name":"Startseite","item":"https:\/\/marktxxl.de\/markt\/"},{"@type":"ListItem","position":2,"name":"Markt","item":"https:\/\/marktxxl.de\/markt\/"},{"@type":"ListItem","position":3,"name":"9 St\u00fcck STECKEL wei\u00df Staubschutz Deckel Steckdosendeckel Abdeckung f\u00fcr saubere Schuko-Steckdosen Steckdosenleisten Mehrfachsteckdosen Spritzschutz Design Motiv-Hotel-und Firmen-Steckel"}]},{"@type":"WebSite","@id":"https:\/\/marktxxl.de\/markt\/#website","url":"https:\/\/marktxxl.de\/markt\/","name":"Markt-XXL","description":"Ihr Markt Online","publisher":{"@id":"https:\/\/marktxxl.de\/markt\/#organization"},"potentialAction":[{"@type":"SearchAction","target":{"@type":"EntryPoint","urlTemplate":"https:\/\/marktxxl.de\/markt\/?s={search_term_string}"},"query-input":{"@type":"PropertyValueSpecification","valueRequired":true,"valueName":"search_term_string"}}],"inLanguage":"de"},{"@type":"Organization","@id":"https:\/\/marktxxl.de\/markt\/#organization","name":"Markt-XXL","url":"https:\/\/marktxxl.de\/markt\/","logo":{"@type":"ImageObject","inLanguage":"de","@id":"https:\/\/marktxxl.de\/markt\/#\/schema\/logo\/image\/","url":"https:\/\/marktxxl.de\/markt\/wp-content\/uploads\/sites\/3\/2020\/12\/logo.png","contentUrl":"https:\/\/marktxxl.de\/markt\/wp-content\/uploads\/sites\/3\/2020\/12\/logo.png","width":200,"height":70,"caption":"Markt-XXL"},"image":{"@id":"https:\/\/marktxxl.de\/markt\/#\/schema\/logo\/image\/"}}]}},"_links":{"self":[{"href":"https:\/\/marktxxl.de\/markt\/wp-json\/wp\/v2\/product\/212412","targetHints":{"allow":["GET"]}}],"collection":[{"href":"https:\/\/marktxxl.de\/markt\/wp-json\/wp\/v2\/product"}],"about":[{"href":"https:\/\/marktxxl.de\/markt\/wp-json\/wp\/v2\/types\/product"}],"replies":[{"embeddable":true,"href":"https:\/\/marktxxl.de\/markt\/wp-json\/wp\/v2\/comments?post=212412"}],"wp:featuredmedia":[{"embeddable":true,"href":"https:\/\/marktxxl.de\/markt\/wp-json\/wp\/v2\/media\/212413"}],"wp:attachment":[{"href":"https:\/\/marktxxl.de\/markt\/wp-json\/wp\/v2\/media?parent=212412"}],"wp:term":[{"taxonomy":"product_brand","embeddable":true,"href":"https:\/\/marktxxl.de\/markt\/wp-json\/wp\/v2\/product_brand?post=212412"},{"taxonomy":"product_cat","embeddable":true,"href":"https:\/\/marktxxl.de\/markt\/wp-json\/wp\/v2\/product_cat?post=212412"},{"taxonomy":"product_tag","embeddable":true,"href":"https:\/\/marktxxl.de\/markt\/wp-json\/wp\/v2\/product_tag?post=212412"}],"curies":[{"name":"wp","href":"https:\/\/api.w.org\/{rel}","templated":true}]}}