{"id":212281,"date":"2024-06-28T11:58:12","date_gmt":"2024-06-28T09:58:12","guid":{"rendered":"https:\/\/marktxxl.de\/markt\/produkt\/8-grosse-spucktuecher-fuer-babys-53-3x27-9-cm-ultra-saugfaehiges-spucktuch-handwaschlappen-neugeborenes-handtuch-milch-spucktuecher-spucktuecher-fuer-unisex-jungen-ma\/"},"modified":"2024-06-28T11:58:12","modified_gmt":"2024-06-28T09:58:12","slug":"8-grosse-spucktuecher-fuer-babys-53-3x27-9-cm-ultra-saugfaehiges-spucktuch-handwaschlappen-neugeborenes-handtuch-milch-spucktuecher-spucktuecher-fuer-unisex-jungen-ma","status":"publish","type":"product","link":"https:\/\/marktxxl.de\/markt\/produkt\/8-grosse-spucktuecher-fuer-babys-53-3x27-9-cm-ultra-saugfaehiges-spucktuch-handwaschlappen-neugeborenes-handtuch-milch-spucktuecher-spucktuecher-fuer-unisex-jungen-ma\/","title":{"rendered":"8 gro\u00dfe Spuckt\u00fccher f\u00fcr Babys \u2013 53.3&#215;27.9 cm Ultra saugf\u00e4higes Spucktuch, Handwaschlappen, Neugeborenes Handtuch \u2013 Milch Spuckt\u00fccher \u2013 Spuckt\u00fccher f\u00fcr Unisex, Jungen, M\u00e4dchen \u2013 Spuckt\u00fccher Set (wei\u00df)"},"content":{"rendered":"<p>\u3010Absorbierend und nicht schrumpfen\u3011 Spuckt\u00fccher aus Korallen-Fleece \u2013 kein Elternteil kann jemals zu viele Korallen-Fleece-Spuckt\u00fccher haben, da sie f\u00fcr so viele Dinge verwendet werden k\u00f6nnen. Ideale Gr\u00f6\u00dfe, um in eine Handtasche oder Wickeltasche zu passen und kann \u00fcberall im Haus verwendet werden, da sie super praktisch beim F\u00fcttern, Wickeln oder sogar beim Reinigen des Babys sind<br \/>\n\u3010Saugf\u00e4hig und nicht schrumpfen\u3011 Mehrzweck-unerl\u00e4sslich f\u00fcr Babys \u2013 unsere Korallen-Fleece-T\u00fccher sind so vielseitig und k\u00f6nnen auf vielf\u00e4ltige Weise verwendet werden. Perfekt zum Schutz Ihrer Kleidung beim Aufsto\u00dfen der Kleinen, zum Aufwischen von klebrigen Unordnungen, als Stilldecke, zum Zahnen, Sabbern von Babys oder sogar als Wickelauflage, um den Bereich hygienisch zu halten<br \/>\nPerfekt f\u00fcr Stickerei: Hochwertiges Korallen-Fleece \u2013 aus atmungsaktiven Fasern, diese Spuckt\u00fccher sind Top-Qualit\u00e4t und maschinenwaschbar. Korallen-Fleece ist super sanft zur Anwendung auf empfindlicher Babyhaut, atmungsaktiv und extra saugf\u00e4hig<br \/>\n\u3010 Saugf\u00e4higkeit und keine Schrumpfungen \u3011 Packungsinformationen: Diese Packung enth\u00e4lt 8 x Spuckt\u00fccher mit den Ma\u00dfen 53,3 x 27,9 cm. Die T\u00fccher sind 100% Coral-Fleece aus extra saugf\u00e4higem, weichem Material.<br \/>\n\u3010Absorbierend und nicht schrumpfen\u3011 Perfektes Geschenk f\u00fcr Babypartys \u2013 oben in der Babyregion, dies ist ein wesentlicher Artikel f\u00fcr neue Eltern, je mehr umso fr\u00f6hlich, wenn Spuckt\u00fccher betriffen. Diese wei\u00dfen Spuckt\u00fccher sind sowohl f\u00fcr Jungen als auch M\u00e4dchen geeignet, leicht zu waschen und sehr strapazierf\u00e4hig.<br \/>\n<div class=\"main-cross-sell\" data-asin=\"B08BFMMKZ5\">\n\n\t<div class=\"WooZone-cross-sell-loader\">\n\t\t<div>\n\t\t\t<div id=\"floatingBarsG\">\n\t\t\t\t<div class=\"blockG\" id=\"rotateG_01\"><\/div>\n\t\t\t\t<div class=\"blockG\" id=\"rotateG_02\"><\/div>\n\t\t\t\t<div class=\"blockG\" id=\"rotateG_03\"><\/div>\n\t\t\t\t<div class=\"blockG\" id=\"rotateG_04\"><\/div>\n\t\t\t\t<div class=\"blockG\" id=\"rotateG_05\"><\/div>\n\t\t\t\t<div class=\"blockG\" id=\"rotateG_06\"><\/div>\n\t\t\t\t<div class=\"blockG\" id=\"rotateG_07\"><\/div>\n\t\t\t\t<div class=\"blockG\" id=\"rotateG_08\"><\/div>\n\t\t\t<\/div>\n\t\t\t<div class=\"WooZone-cross-sell-loader-text\"><\/div>\n\t\t<\/div>\n\t<\/div>\n\n\t\t\n<\/div>\n<div style=\"clear:both;\"><\/div><\/p>\n","protected":false},"excerpt":{"rendered":"<p>\u3010Absorbierend und nicht schrumpfen\u3011 Spuckt\u00fccher aus Korallen-Fleece \u2013 kein Elternteil kann jemals zu viele Korallen-Fleece-Spuckt\u00fccher haben, da sie f\u00fcr so viele Dinge verwendet werden k\u00f6nnen. Ideale Gr\u00f6\u00dfe, um in eine Handtasche oder Wickeltasche zu passen und kann \u00fcberall im Haus verwendet werden, da sie super praktisch beim F\u00fcttern, Wickeln oder sogar beim Reinigen des Babys sind<br \/>\n\u3010Saugf\u00e4hig und nicht schrumpfen\u3011 Mehrzweck-unerl\u00e4sslich f\u00fcr Babys \u2013 unsere Korallen-Fleece-T\u00fccher sind so vielseitig und k\u00f6nnen auf vielf\u00e4ltige Weise verwendet werden. Perfekt zum Schutz Ihrer Kleidung beim Aufsto\u00dfen der Kleinen, zum Aufwischen von klebrigen Unordnungen, als Stilldecke, zum Zahnen, Sabbern von Babys oder sogar als Wickelauflage, um den Bereich hygienisch zu halten<br \/>\nPerfekt f\u00fcr Stickerei: Hochwertiges Korallen-Fleece \u2013 aus atmungsaktiven Fasern, diese Spuckt\u00fccher sind Top-Qualit\u00e4t und maschinenwaschbar. Korallen-Fleece ist super sanft zur Anwendung auf empfindlicher Babyhaut, atmungsaktiv und extra saugf\u00e4hig<\/p>\n","protected":false},"featured_media":212282,"comment_status":"open","ping_status":"closed","template":"","meta":[],"product_brand":[],"product_cat":[21,9216],"product_tag":[],"class_list":{"0":"post-212281","1":"product","2":"type-product","3":"status-publish","4":"has-post-thumbnail","6":"product_cat-baby","7":"product_cat-ernaehrung-stillen-baby","8":"pa_binding-unbekannter-einband","9":"pa_brand-spotted-play","10":"pa_color-weiss","11":"pa_height-0-2-zoll","12":"pa_length-20-zoll","13":"pa_manufacturer-spotted-play","14":"pa_model-burpcloths","15":"pa_weight-0-25-pfund","16":"pa_width-10-zoll","18":"first","19":"instock","20":"shipping-taxable","21":"purchasable","22":"product-type-simple","23":"customify-col","24":"product-has-gallery"},"yoast_head":"<!-- This site is optimized with the Yoast SEO plugin v27.4 - https:\/\/yoast.com\/product\/yoast-seo-wordpress\/ -->\n<title>8 gro\u00dfe Spuckt\u00fccher f\u00fcr Babys \u2013 53.3x27.9 cm Ultra saugf\u00e4higes Spucktuch, Handwaschlappen, Neugeborenes Handtuch \u2013 Milch Spuckt\u00fccher \u2013 Spuckt\u00fccher f\u00fcr Unisex, Jungen, M\u00e4dchen \u2013 Spuckt\u00fccher Set (wei\u00df) - Markt-XXL<\/title>\n<meta name=\"description\" content=\"Markt-XXL 8 gro\u00dfe Spuckt\u00fccher f\u00fcr Babys \u2013 53.3x27.9 cm Ultra saugf\u00e4higes Spucktuch, Handwaschlappen, Neugeborenes Handtuch \u2013 Milch Spuckt\u00fccher \u2013 Spuckt\u00fccher f\u00fcr Unisex, Jungen, M\u00e4dchen \u2013 Spuckt\u00fccher Set (wei\u00df)\" \/>\n<meta name=\"robots\" content=\"index, follow, max-snippet:-1, max-image-preview:large, max-video-preview:-1\" \/>\n<link rel=\"canonical\" href=\"https:\/\/marktxxl.de\/markt\/produkt\/8-grosse-spucktuecher-fuer-babys-53-3x27-9-cm-ultra-saugfaehiges-spucktuch-handwaschlappen-neugeborenes-handtuch-milch-spucktuecher-spucktuecher-fuer-unisex-jungen-ma\/\" \/>\n<meta property=\"og:locale\" content=\"de_DE\" \/>\n<meta property=\"og:type\" content=\"article\" \/>\n<meta property=\"og:title\" content=\"8 gro\u00dfe Spuckt\u00fccher f\u00fcr Babys \u2013 53.3x27.9 cm Ultra saugf\u00e4higes Spucktuch, Handwaschlappen, Neugeborenes Handtuch \u2013 Milch Spuckt\u00fccher \u2013 Spuckt\u00fccher f\u00fcr Unisex, Jungen, M\u00e4dchen \u2013 Spuckt\u00fccher Set (wei\u00df) - Markt-XXL\" \/>\n<meta property=\"og:description\" content=\"Markt-XXL 8 gro\u00dfe Spuckt\u00fccher f\u00fcr Babys \u2013 53.3x27.9 cm Ultra saugf\u00e4higes Spucktuch, Handwaschlappen, Neugeborenes Handtuch \u2013 Milch Spuckt\u00fccher \u2013 Spuckt\u00fccher f\u00fcr Unisex, Jungen, M\u00e4dchen \u2013 Spuckt\u00fccher Set (wei\u00df)\" \/>\n<meta property=\"og:url\" content=\"https:\/\/marktxxl.de\/markt\/produkt\/8-grosse-spucktuecher-fuer-babys-53-3x27-9-cm-ultra-saugfaehiges-spucktuch-handwaschlappen-neugeborenes-handtuch-milch-spucktuecher-spucktuecher-fuer-unisex-jungen-ma\/\" \/>\n<meta property=\"og:site_name\" content=\"Markt-XXL\" \/>\n<meta name=\"twitter:card\" content=\"summary_large_image\" \/>\n<meta name=\"twitter:label1\" content=\"Gesch\u00e4tzte Lesezeit\" \/>\n\t<meta name=\"twitter:data1\" content=\"1\u00a0Minute\" \/>\n<script type=\"application\/ld+json\" class=\"yoast-schema-graph\">{\"@context\":\"https:\\\/\\\/schema.org\",\"@graph\":[{\"@type\":\"WebPage\",\"@id\":\"https:\\\/\\\/marktxxl.de\\\/markt\\\/produkt\\\/8-grosse-spucktuecher-fuer-babys-53-3x27-9-cm-ultra-saugfaehiges-spucktuch-handwaschlappen-neugeborenes-handtuch-milch-spucktuecher-spucktuecher-fuer-unisex-jungen-ma\\\/\",\"url\":\"https:\\\/\\\/marktxxl.de\\\/markt\\\/produkt\\\/8-grosse-spucktuecher-fuer-babys-53-3x27-9-cm-ultra-saugfaehiges-spucktuch-handwaschlappen-neugeborenes-handtuch-milch-spucktuecher-spucktuecher-fuer-unisex-jungen-ma\\\/\",\"name\":\"8 gro\u00dfe Spuckt\u00fccher f\u00fcr Babys \u2013 53.3x27.9 cm Ultra saugf\u00e4higes Spucktuch, Handwaschlappen, Neugeborenes Handtuch \u2013 Milch Spuckt\u00fccher \u2013 Spuckt\u00fccher f\u00fcr Unisex, Jungen, M\u00e4dchen \u2013 Spuckt\u00fccher Set (wei\u00df) - Markt-XXL\",\"isPartOf\":{\"@id\":\"https:\\\/\\\/marktxxl.de\\\/markt\\\/#website\"},\"primaryImageOfPage\":{\"@id\":\"https:\\\/\\\/marktxxl.de\\\/markt\\\/produkt\\\/8-grosse-spucktuecher-fuer-babys-53-3x27-9-cm-ultra-saugfaehiges-spucktuch-handwaschlappen-neugeborenes-handtuch-milch-spucktuecher-spucktuecher-fuer-unisex-jungen-ma\\\/#primaryimage\"},\"image\":{\"@id\":\"https:\\\/\\\/marktxxl.de\\\/markt\\\/produkt\\\/8-grosse-spucktuecher-fuer-babys-53-3x27-9-cm-ultra-saugfaehiges-spucktuch-handwaschlappen-neugeborenes-handtuch-milch-spucktuecher-spucktuecher-fuer-unisex-jungen-ma\\\/#primaryimage\"},\"thumbnailUrl\":\"https:\\\/\\\/m.media-amazon.com\\\/images\\\/I\\\/41GelgeI4HS._SL500_.jpg\",\"datePublished\":\"2024-06-28T09:58:12+00:00\",\"description\":\"Markt-XXL 8 gro\u00dfe Spuckt\u00fccher f\u00fcr Babys \u2013 53.3x27.9 cm Ultra saugf\u00e4higes Spucktuch, Handwaschlappen, Neugeborenes Handtuch \u2013 Milch Spuckt\u00fccher \u2013 Spuckt\u00fccher f\u00fcr Unisex, Jungen, M\u00e4dchen \u2013 Spuckt\u00fccher Set (wei\u00df)\",\"breadcrumb\":{\"@id\":\"https:\\\/\\\/marktxxl.de\\\/markt\\\/produkt\\\/8-grosse-spucktuecher-fuer-babys-53-3x27-9-cm-ultra-saugfaehiges-spucktuch-handwaschlappen-neugeborenes-handtuch-milch-spucktuecher-spucktuecher-fuer-unisex-jungen-ma\\\/#breadcrumb\"},\"inLanguage\":\"de\",\"potentialAction\":[{\"@type\":\"ReadAction\",\"target\":[\"https:\\\/\\\/marktxxl.de\\\/markt\\\/produkt\\\/8-grosse-spucktuecher-fuer-babys-53-3x27-9-cm-ultra-saugfaehiges-spucktuch-handwaschlappen-neugeborenes-handtuch-milch-spucktuecher-spucktuecher-fuer-unisex-jungen-ma\\\/\"]}]},{\"@type\":\"ImageObject\",\"inLanguage\":\"de\",\"@id\":\"https:\\\/\\\/marktxxl.de\\\/markt\\\/produkt\\\/8-grosse-spucktuecher-fuer-babys-53-3x27-9-cm-ultra-saugfaehiges-spucktuch-handwaschlappen-neugeborenes-handtuch-milch-spucktuecher-spucktuecher-fuer-unisex-jungen-ma\\\/#primaryimage\",\"url\":\"https:\\\/\\\/m.media-amazon.com\\\/images\\\/I\\\/41GelgeI4HS._SL500_.jpg\",\"contentUrl\":\"https:\\\/\\\/m.media-amazon.com\\\/images\\\/I\\\/41GelgeI4HS._SL500_.jpg\",\"width\":500,\"height\":500},{\"@type\":\"BreadcrumbList\",\"@id\":\"https:\\\/\\\/marktxxl.de\\\/markt\\\/produkt\\\/8-grosse-spucktuecher-fuer-babys-53-3x27-9-cm-ultra-saugfaehiges-spucktuch-handwaschlappen-neugeborenes-handtuch-milch-spucktuecher-spucktuecher-fuer-unisex-jungen-ma\\\/#breadcrumb\",\"itemListElement\":[{\"@type\":\"ListItem\",\"position\":1,\"name\":\"Startseite\",\"item\":\"https:\\\/\\\/marktxxl.de\\\/markt\\\/\"},{\"@type\":\"ListItem\",\"position\":2,\"name\":\"Markt\",\"item\":\"https:\\\/\\\/marktxxl.de\\\/markt\\\/\"},{\"@type\":\"ListItem\",\"position\":3,\"name\":\"8 gro\u00dfe Spuckt\u00fccher f\u00fcr Babys \u2013 53.3&#215;27.9 cm Ultra saugf\u00e4higes Spucktuch, Handwaschlappen, Neugeborenes Handtuch \u2013 Milch Spuckt\u00fccher \u2013 Spuckt\u00fccher f\u00fcr Unisex, Jungen, M\u00e4dchen \u2013 Spuckt\u00fccher Set (wei\u00df)\"}]},{\"@type\":\"WebSite\",\"@id\":\"https:\\\/\\\/marktxxl.de\\\/markt\\\/#website\",\"url\":\"https:\\\/\\\/marktxxl.de\\\/markt\\\/\",\"name\":\"Markt-XXL\",\"description\":\"Ihr Markt Online\",\"publisher\":{\"@id\":\"https:\\\/\\\/marktxxl.de\\\/markt\\\/#organization\"},\"potentialAction\":[{\"@type\":\"SearchAction\",\"target\":{\"@type\":\"EntryPoint\",\"urlTemplate\":\"https:\\\/\\\/marktxxl.de\\\/markt\\\/?s={search_term_string}\"},\"query-input\":{\"@type\":\"PropertyValueSpecification\",\"valueRequired\":true,\"valueName\":\"search_term_string\"}}],\"inLanguage\":\"de\"},{\"@type\":\"Organization\",\"@id\":\"https:\\\/\\\/marktxxl.de\\\/markt\\\/#organization\",\"name\":\"Markt-XXL\",\"url\":\"https:\\\/\\\/marktxxl.de\\\/markt\\\/\",\"logo\":{\"@type\":\"ImageObject\",\"inLanguage\":\"de\",\"@id\":\"https:\\\/\\\/marktxxl.de\\\/markt\\\/#\\\/schema\\\/logo\\\/image\\\/\",\"url\":\"https:\\\/\\\/marktxxl.de\\\/markt\\\/wp-content\\\/uploads\\\/sites\\\/3\\\/2020\\\/12\\\/logo.png\",\"contentUrl\":\"https:\\\/\\\/marktxxl.de\\\/markt\\\/wp-content\\\/uploads\\\/sites\\\/3\\\/2020\\\/12\\\/logo.png\",\"width\":200,\"height\":70,\"caption\":\"Markt-XXL\"},\"image\":{\"@id\":\"https:\\\/\\\/marktxxl.de\\\/markt\\\/#\\\/schema\\\/logo\\\/image\\\/\"}}]}<\/script>\n<!-- \/ Yoast SEO plugin. -->","yoast_head_json":{"title":"8 gro\u00dfe Spuckt\u00fccher f\u00fcr Babys \u2013 53.3x27.9 cm Ultra saugf\u00e4higes Spucktuch, Handwaschlappen, Neugeborenes Handtuch \u2013 Milch Spuckt\u00fccher \u2013 Spuckt\u00fccher f\u00fcr Unisex, Jungen, M\u00e4dchen \u2013 Spuckt\u00fccher Set (wei\u00df) - Markt-XXL","description":"Markt-XXL 8 gro\u00dfe Spuckt\u00fccher f\u00fcr Babys \u2013 53.3x27.9 cm Ultra saugf\u00e4higes Spucktuch, Handwaschlappen, Neugeborenes Handtuch \u2013 Milch Spuckt\u00fccher \u2013 Spuckt\u00fccher f\u00fcr Unisex, Jungen, M\u00e4dchen \u2013 Spuckt\u00fccher Set (wei\u00df)","robots":{"index":"index","follow":"follow","max-snippet":"max-snippet:-1","max-image-preview":"max-image-preview:large","max-video-preview":"max-video-preview:-1"},"canonical":"https:\/\/marktxxl.de\/markt\/produkt\/8-grosse-spucktuecher-fuer-babys-53-3x27-9-cm-ultra-saugfaehiges-spucktuch-handwaschlappen-neugeborenes-handtuch-milch-spucktuecher-spucktuecher-fuer-unisex-jungen-ma\/","og_locale":"de_DE","og_type":"article","og_title":"8 gro\u00dfe Spuckt\u00fccher f\u00fcr Babys \u2013 53.3x27.9 cm Ultra saugf\u00e4higes Spucktuch, Handwaschlappen, Neugeborenes Handtuch \u2013 Milch Spuckt\u00fccher \u2013 Spuckt\u00fccher f\u00fcr Unisex, Jungen, M\u00e4dchen \u2013 Spuckt\u00fccher Set (wei\u00df) - Markt-XXL","og_description":"Markt-XXL 8 gro\u00dfe Spuckt\u00fccher f\u00fcr Babys \u2013 53.3x27.9 cm Ultra saugf\u00e4higes Spucktuch, Handwaschlappen, Neugeborenes Handtuch \u2013 Milch Spuckt\u00fccher \u2013 Spuckt\u00fccher f\u00fcr Unisex, Jungen, M\u00e4dchen \u2013 Spuckt\u00fccher Set (wei\u00df)","og_url":"https:\/\/marktxxl.de\/markt\/produkt\/8-grosse-spucktuecher-fuer-babys-53-3x27-9-cm-ultra-saugfaehiges-spucktuch-handwaschlappen-neugeborenes-handtuch-milch-spucktuecher-spucktuecher-fuer-unisex-jungen-ma\/","og_site_name":"Markt-XXL","twitter_card":"summary_large_image","twitter_misc":{"Gesch\u00e4tzte Lesezeit":"1\u00a0Minute"},"schema":{"@context":"https:\/\/schema.org","@graph":[{"@type":"WebPage","@id":"https:\/\/marktxxl.de\/markt\/produkt\/8-grosse-spucktuecher-fuer-babys-53-3x27-9-cm-ultra-saugfaehiges-spucktuch-handwaschlappen-neugeborenes-handtuch-milch-spucktuecher-spucktuecher-fuer-unisex-jungen-ma\/","url":"https:\/\/marktxxl.de\/markt\/produkt\/8-grosse-spucktuecher-fuer-babys-53-3x27-9-cm-ultra-saugfaehiges-spucktuch-handwaschlappen-neugeborenes-handtuch-milch-spucktuecher-spucktuecher-fuer-unisex-jungen-ma\/","name":"8 gro\u00dfe Spuckt\u00fccher f\u00fcr Babys \u2013 53.3x27.9 cm Ultra saugf\u00e4higes Spucktuch, Handwaschlappen, Neugeborenes Handtuch \u2013 Milch Spuckt\u00fccher \u2013 Spuckt\u00fccher f\u00fcr Unisex, Jungen, M\u00e4dchen \u2013 Spuckt\u00fccher Set (wei\u00df) - Markt-XXL","isPartOf":{"@id":"https:\/\/marktxxl.de\/markt\/#website"},"primaryImageOfPage":{"@id":"https:\/\/marktxxl.de\/markt\/produkt\/8-grosse-spucktuecher-fuer-babys-53-3x27-9-cm-ultra-saugfaehiges-spucktuch-handwaschlappen-neugeborenes-handtuch-milch-spucktuecher-spucktuecher-fuer-unisex-jungen-ma\/#primaryimage"},"image":{"@id":"https:\/\/marktxxl.de\/markt\/produkt\/8-grosse-spucktuecher-fuer-babys-53-3x27-9-cm-ultra-saugfaehiges-spucktuch-handwaschlappen-neugeborenes-handtuch-milch-spucktuecher-spucktuecher-fuer-unisex-jungen-ma\/#primaryimage"},"thumbnailUrl":"https:\/\/m.media-amazon.com\/images\/I\/41GelgeI4HS._SL500_.jpg","datePublished":"2024-06-28T09:58:12+00:00","description":"Markt-XXL 8 gro\u00dfe Spuckt\u00fccher f\u00fcr Babys \u2013 53.3x27.9 cm Ultra saugf\u00e4higes Spucktuch, Handwaschlappen, Neugeborenes Handtuch \u2013 Milch Spuckt\u00fccher \u2013 Spuckt\u00fccher f\u00fcr Unisex, Jungen, M\u00e4dchen \u2013 Spuckt\u00fccher Set (wei\u00df)","breadcrumb":{"@id":"https:\/\/marktxxl.de\/markt\/produkt\/8-grosse-spucktuecher-fuer-babys-53-3x27-9-cm-ultra-saugfaehiges-spucktuch-handwaschlappen-neugeborenes-handtuch-milch-spucktuecher-spucktuecher-fuer-unisex-jungen-ma\/#breadcrumb"},"inLanguage":"de","potentialAction":[{"@type":"ReadAction","target":["https:\/\/marktxxl.de\/markt\/produkt\/8-grosse-spucktuecher-fuer-babys-53-3x27-9-cm-ultra-saugfaehiges-spucktuch-handwaschlappen-neugeborenes-handtuch-milch-spucktuecher-spucktuecher-fuer-unisex-jungen-ma\/"]}]},{"@type":"ImageObject","inLanguage":"de","@id":"https:\/\/marktxxl.de\/markt\/produkt\/8-grosse-spucktuecher-fuer-babys-53-3x27-9-cm-ultra-saugfaehiges-spucktuch-handwaschlappen-neugeborenes-handtuch-milch-spucktuecher-spucktuecher-fuer-unisex-jungen-ma\/#primaryimage","url":"https:\/\/m.media-amazon.com\/images\/I\/41GelgeI4HS._SL500_.jpg","contentUrl":"https:\/\/m.media-amazon.com\/images\/I\/41GelgeI4HS._SL500_.jpg","width":500,"height":500},{"@type":"BreadcrumbList","@id":"https:\/\/marktxxl.de\/markt\/produkt\/8-grosse-spucktuecher-fuer-babys-53-3x27-9-cm-ultra-saugfaehiges-spucktuch-handwaschlappen-neugeborenes-handtuch-milch-spucktuecher-spucktuecher-fuer-unisex-jungen-ma\/#breadcrumb","itemListElement":[{"@type":"ListItem","position":1,"name":"Startseite","item":"https:\/\/marktxxl.de\/markt\/"},{"@type":"ListItem","position":2,"name":"Markt","item":"https:\/\/marktxxl.de\/markt\/"},{"@type":"ListItem","position":3,"name":"8 gro\u00dfe Spuckt\u00fccher f\u00fcr Babys \u2013 53.3&#215;27.9 cm Ultra saugf\u00e4higes Spucktuch, Handwaschlappen, Neugeborenes Handtuch \u2013 Milch Spuckt\u00fccher \u2013 Spuckt\u00fccher f\u00fcr Unisex, Jungen, M\u00e4dchen \u2013 Spuckt\u00fccher Set (wei\u00df)"}]},{"@type":"WebSite","@id":"https:\/\/marktxxl.de\/markt\/#website","url":"https:\/\/marktxxl.de\/markt\/","name":"Markt-XXL","description":"Ihr Markt Online","publisher":{"@id":"https:\/\/marktxxl.de\/markt\/#organization"},"potentialAction":[{"@type":"SearchAction","target":{"@type":"EntryPoint","urlTemplate":"https:\/\/marktxxl.de\/markt\/?s={search_term_string}"},"query-input":{"@type":"PropertyValueSpecification","valueRequired":true,"valueName":"search_term_string"}}],"inLanguage":"de"},{"@type":"Organization","@id":"https:\/\/marktxxl.de\/markt\/#organization","name":"Markt-XXL","url":"https:\/\/marktxxl.de\/markt\/","logo":{"@type":"ImageObject","inLanguage":"de","@id":"https:\/\/marktxxl.de\/markt\/#\/schema\/logo\/image\/","url":"https:\/\/marktxxl.de\/markt\/wp-content\/uploads\/sites\/3\/2020\/12\/logo.png","contentUrl":"https:\/\/marktxxl.de\/markt\/wp-content\/uploads\/sites\/3\/2020\/12\/logo.png","width":200,"height":70,"caption":"Markt-XXL"},"image":{"@id":"https:\/\/marktxxl.de\/markt\/#\/schema\/logo\/image\/"}}]}},"_links":{"self":[{"href":"https:\/\/marktxxl.de\/markt\/wp-json\/wp\/v2\/product\/212281","targetHints":{"allow":["GET"]}}],"collection":[{"href":"https:\/\/marktxxl.de\/markt\/wp-json\/wp\/v2\/product"}],"about":[{"href":"https:\/\/marktxxl.de\/markt\/wp-json\/wp\/v2\/types\/product"}],"replies":[{"embeddable":true,"href":"https:\/\/marktxxl.de\/markt\/wp-json\/wp\/v2\/comments?post=212281"}],"wp:featuredmedia":[{"embeddable":true,"href":"https:\/\/marktxxl.de\/markt\/wp-json\/wp\/v2\/media\/212282"}],"wp:attachment":[{"href":"https:\/\/marktxxl.de\/markt\/wp-json\/wp\/v2\/media?parent=212281"}],"wp:term":[{"taxonomy":"product_brand","embeddable":true,"href":"https:\/\/marktxxl.de\/markt\/wp-json\/wp\/v2\/product_brand?post=212281"},{"taxonomy":"product_cat","embeddable":true,"href":"https:\/\/marktxxl.de\/markt\/wp-json\/wp\/v2\/product_cat?post=212281"},{"taxonomy":"product_tag","embeddable":true,"href":"https:\/\/marktxxl.de\/markt\/wp-json\/wp\/v2\/product_tag?post=212281"}],"curies":[{"name":"wp","href":"https:\/\/api.w.org\/{rel}","templated":true}]}}