{"id":212160,"date":"2024-06-28T11:38:28","date_gmt":"2024-06-28T09:38:28","guid":{"rendered":"https:\/\/marktxxl.de\/markt\/produkt\/helan-linea-bimbi-sweet-benvenuto-set-babybadewanne-mit-shampoo-und-duschgel-fuer-kinder-250-ml-reisstaerke-babybadewanne-75-g-tuecher-fuer-neugeborene-60-stueck-wechselcreme-100-g-crem\/"},"modified":"2024-06-28T11:38:28","modified_gmt":"2024-06-28T09:38:28","slug":"helan-linea-bimbi-sweet-benvenuto-set-babybadewanne-mit-shampoo-und-duschgel-fuer-kinder-250-ml-reisstaerke-babybadewanne-75-g-tuecher-fuer-neugeborene-60-stueck-wechselcreme-100-g-crem","status":"publish","type":"product","link":"https:\/\/marktxxl.de\/markt\/produkt\/helan-linea-bimbi-sweet-benvenuto-set-babybadewanne-mit-shampoo-und-duschgel-fuer-kinder-250-ml-reisstaerke-babybadewanne-75-g-tuecher-fuer-neugeborene-60-stueck-wechselcreme-100-g-crem\/","title":{"rendered":"Helan, Linea Bimbi \u2013 Sweet Benvenuto Set Babybadewanne mit Shampoo und Duschgel f\u00fcr Kinder 250 ml, Reisst\u00e4rke Babybadewanne 75 g, T\u00fccher f\u00fcr Neugeborene 60 St\u00fcck, Wechselcreme 100 g, Creme 100 ml"},"content":{"rendered":"<p>Hygiene-Set f\u00fcr Baby und Neugeborenes mit 5 Produkten zur Pflege von K\u00f6rper und Haar: Dieses Set enth\u00e4lt Bio-Kosmetik f\u00fcr Babys und Babys, ideal als Geschenk und Babybadewannen-Set f\u00fcr Babys. Das Set beinhaltet Duschbad insgesamt 250 ml, Bio Nat\u00fcrliche Reinigungst\u00fccher mit 60 St\u00fcck, duftende Reisst\u00e4rke 75 g, Schutzcreme f\u00fcr Windelwechsel 100 g und 100 ml Gesichts- und K\u00f6rpercreme<br \/>\nShampoo und Duschgel sanft f\u00fcr Gesicht, K\u00f6rper und Haar: Ein einziges Produkt aus Tensiden pflanzlichen Ursprungs. Diese sanfte Reinigungsbasis mit S\u00fc\u00dfmandelproteinen und Extrakten aus Ringelblume und Kamille erm\u00f6glicht das Abl\u00f6sen von Unreinheiten ohne die empfindlichen Haar- und Hautstrukturen des Neugeborenen zu beeintr\u00e4chtigen, ohne die Augen zu verbrennen und auch f\u00fcr h\u00e4ufiges Waschen geeignet. Mikrobiologisch getestet, ohne Parabene, Phenoxyethanol, SLS, SLES, EDTA und PEG<br \/>\nREISST\u00c4RKE, FRISCH UND SELLEND: St\u00e4rke ist der Hauptbestandteil von Reissamen, der fein pulverisiert und auf der Haut eine angenehme erfrischende Wirkung erweicht. Besonders weich und beruhigend, verhindert Mazeration in den Leistenfalten der Haut von Neugeborenen, h\u00e4lt sie trocken und verhindert Reizungen und R\u00f6tungen. Aloe Vera und Macadamia und Olive \u00d6le machen das Produkt besonders feuchtigkeitsspendend f\u00fcr eine seidige Haut<br \/>\nBIO NAT\u00dcRLICHE REINIGUNGST\u00dcCKE OHNE ALKOHOL, BERUHIGEND MIT KALENDUL UND KAMOMILLE: Frisch und nat\u00fcrlich, alkoholfrei und parf\u00fcmfrei, diese neutralen T\u00fccher reinigen die Haut sanft und beruhigen Reizungen und R\u00f6tungen. Weich und samtig, effektiv f\u00fcr die Reinigung und sicher f\u00fcr die Haut des Babys, mit Calendula und Kamille beruhigend. 100% biologisch abbaubare und kompostierbare Baumwolle schont die Umwelt und die empfindlichste Haut, so dass die Haut gut sauber, trocken, weich und mit Feuchtigkeit versorgt wird<br \/>\nHELAN LIEBT MENSCH UND NATUR: Die Mission des Unternehmens war es von Anfang an, Kosmetika zu formulieren und herzustellen, die im Einklang mit der Hautphysiologie, der Natur, der Umwelt und der Tierwelt entworfen und hergestellt wurden<br \/>\n<div class=\"main-cross-sell\" data-asin=\"B09GB5LPWP\">\n\n\t<div class=\"WooZone-cross-sell-loader\">\n\t\t<div>\n\t\t\t<div id=\"floatingBarsG\">\n\t\t\t\t<div class=\"blockG\" id=\"rotateG_01\"><\/div>\n\t\t\t\t<div class=\"blockG\" id=\"rotateG_02\"><\/div>\n\t\t\t\t<div class=\"blockG\" id=\"rotateG_03\"><\/div>\n\t\t\t\t<div class=\"blockG\" id=\"rotateG_04\"><\/div>\n\t\t\t\t<div class=\"blockG\" id=\"rotateG_05\"><\/div>\n\t\t\t\t<div class=\"blockG\" id=\"rotateG_06\"><\/div>\n\t\t\t\t<div class=\"blockG\" id=\"rotateG_07\"><\/div>\n\t\t\t\t<div class=\"blockG\" id=\"rotateG_08\"><\/div>\n\t\t\t<\/div>\n\t\t\t<div class=\"WooZone-cross-sell-loader-text\"><\/div>\n\t\t<\/div>\n\t<\/div>\n\n\t\t\n<\/div>\n<div style=\"clear:both;\"><\/div><\/p>\n","protected":false},"excerpt":{"rendered":"<p>Hygiene-Set f\u00fcr Baby und Neugeborenes mit 5 Produkten zur Pflege von K\u00f6rper und Haar: Dieses Set enth\u00e4lt Bio-Kosmetik f\u00fcr Babys und Babys, ideal als Geschenk und Babybadewannen-Set f\u00fcr Babys. Das Set beinhaltet Duschbad insgesamt 250 ml, Bio Nat\u00fcrliche Reinigungst\u00fccher mit 60 St\u00fcck, duftende Reisst\u00e4rke 75 g, Schutzcreme f\u00fcr Windelwechsel 100 g und 100 ml Gesichts- und K\u00f6rpercreme<br \/>\nShampoo und Duschgel sanft f\u00fcr Gesicht, K\u00f6rper und Haar: Ein einziges Produkt aus Tensiden pflanzlichen Ursprungs. Diese sanfte Reinigungsbasis mit S\u00fc\u00dfmandelproteinen und Extrakten aus Ringelblume und Kamille erm\u00f6glicht das Abl\u00f6sen von Unreinheiten ohne die empfindlichen Haar- und Hautstrukturen des Neugeborenen zu beeintr\u00e4chtigen, ohne die Augen zu verbrennen und auch f\u00fcr h\u00e4ufiges Waschen geeignet. Mikrobiologisch getestet, ohne Parabene, Phenoxyethanol, SLS, SLES, EDTA und PEG<br \/>\nREISST\u00c4RKE, FRISCH UND SELLEND: St\u00e4rke ist der Hauptbestandteil von Reissamen, der fein pulverisiert und auf der Haut eine angenehme erfrischende Wirkung erweicht. Besonders weich und beruhigend, verhindert Mazeration in den Leistenfalten der Haut von Neugeborenen, h\u00e4lt sie trocken und verhindert Reizungen und R\u00f6tungen. Aloe Vera und Macadamia und Olive \u00d6le machen das Produkt besonders feuchtigkeitsspendend f\u00fcr eine seidige Haut<\/p>\n","protected":false},"featured_media":212161,"comment_status":"open","ping_status":"closed","template":"","meta":[],"product_brand":[],"product_cat":[21,8929],"product_tag":[],"class_list":{"0":"post-212160","1":"product","2":"type-product","3":"status-publish","4":"has-post-thumbnail","6":"product_cat-baby","7":"product_cat-babygeschenke-baby","8":"pa_brand-helan","9":"pa_manufacturer-helan","10":"pa_size-64-teiliges-set","11":"pa_weight-2-9982867632-pfund","13":"first","14":"instock","15":"shipping-taxable","16":"purchasable","17":"product-type-simple","18":"customify-col","19":"product-has-gallery"},"yoast_head":"<!-- This site is optimized with the Yoast SEO plugin v27.4 - https:\/\/yoast.com\/product\/yoast-seo-wordpress\/ -->\n<title>Helan, Linea Bimbi \u2013 Sweet Benvenuto Set Babybadewanne mit Shampoo und Duschgel f\u00fcr Kinder 250 ml, Reisst\u00e4rke Babybadewanne 75 g, T\u00fccher f\u00fcr Neugeborene 60 St\u00fcck, Wechselcreme 100 g, Creme 100 ml - Markt-XXL<\/title>\n<meta name=\"description\" content=\"Markt-XXL Helan, Linea Bimbi \u2013 Sweet Benvenuto Set Babybadewanne mit Shampoo und Duschgel f\u00fcr Kinder 250 ml, Reisst\u00e4rke Babybadewanne 75 g, T\u00fccher f\u00fcr Neugeborene 60 St\u00fcck, Wechselcreme 100 g, Creme 100 ml\" \/>\n<meta name=\"robots\" content=\"index, follow, max-snippet:-1, max-image-preview:large, max-video-preview:-1\" \/>\n<link rel=\"canonical\" href=\"https:\/\/marktxxl.de\/markt\/produkt\/helan-linea-bimbi-sweet-benvenuto-set-babybadewanne-mit-shampoo-und-duschgel-fuer-kinder-250-ml-reisstaerke-babybadewanne-75-g-tuecher-fuer-neugeborene-60-stueck-wechselcreme-100-g-crem\/\" \/>\n<meta property=\"og:locale\" content=\"de_DE\" \/>\n<meta property=\"og:type\" content=\"article\" \/>\n<meta property=\"og:title\" content=\"Helan, Linea Bimbi \u2013 Sweet Benvenuto Set Babybadewanne mit Shampoo und Duschgel f\u00fcr Kinder 250 ml, Reisst\u00e4rke Babybadewanne 75 g, T\u00fccher f\u00fcr Neugeborene 60 St\u00fcck, Wechselcreme 100 g, Creme 100 ml - Markt-XXL\" \/>\n<meta property=\"og:description\" content=\"Markt-XXL Helan, Linea Bimbi \u2013 Sweet Benvenuto Set Babybadewanne mit Shampoo und Duschgel f\u00fcr Kinder 250 ml, Reisst\u00e4rke Babybadewanne 75 g, T\u00fccher f\u00fcr Neugeborene 60 St\u00fcck, Wechselcreme 100 g, Creme 100 ml\" \/>\n<meta property=\"og:url\" content=\"https:\/\/marktxxl.de\/markt\/produkt\/helan-linea-bimbi-sweet-benvenuto-set-babybadewanne-mit-shampoo-und-duschgel-fuer-kinder-250-ml-reisstaerke-babybadewanne-75-g-tuecher-fuer-neugeborene-60-stueck-wechselcreme-100-g-crem\/\" \/>\n<meta property=\"og:site_name\" content=\"Markt-XXL\" \/>\n<meta name=\"twitter:card\" content=\"summary_large_image\" \/>\n<meta name=\"twitter:label1\" content=\"Gesch\u00e4tzte Lesezeit\" \/>\n\t<meta name=\"twitter:data1\" content=\"2\u00a0Minuten\" \/>\n<script type=\"application\/ld+json\" class=\"yoast-schema-graph\">{\"@context\":\"https:\\\/\\\/schema.org\",\"@graph\":[{\"@type\":\"WebPage\",\"@id\":\"https:\\\/\\\/marktxxl.de\\\/markt\\\/produkt\\\/helan-linea-bimbi-sweet-benvenuto-set-babybadewanne-mit-shampoo-und-duschgel-fuer-kinder-250-ml-reisstaerke-babybadewanne-75-g-tuecher-fuer-neugeborene-60-stueck-wechselcreme-100-g-crem\\\/\",\"url\":\"https:\\\/\\\/marktxxl.de\\\/markt\\\/produkt\\\/helan-linea-bimbi-sweet-benvenuto-set-babybadewanne-mit-shampoo-und-duschgel-fuer-kinder-250-ml-reisstaerke-babybadewanne-75-g-tuecher-fuer-neugeborene-60-stueck-wechselcreme-100-g-crem\\\/\",\"name\":\"Helan, Linea Bimbi \u2013 Sweet Benvenuto Set Babybadewanne mit Shampoo und Duschgel f\u00fcr Kinder 250 ml, Reisst\u00e4rke Babybadewanne 75 g, T\u00fccher f\u00fcr Neugeborene 60 St\u00fcck, Wechselcreme 100 g, Creme 100 ml - Markt-XXL\",\"isPartOf\":{\"@id\":\"https:\\\/\\\/marktxxl.de\\\/markt\\\/#website\"},\"primaryImageOfPage\":{\"@id\":\"https:\\\/\\\/marktxxl.de\\\/markt\\\/produkt\\\/helan-linea-bimbi-sweet-benvenuto-set-babybadewanne-mit-shampoo-und-duschgel-fuer-kinder-250-ml-reisstaerke-babybadewanne-75-g-tuecher-fuer-neugeborene-60-stueck-wechselcreme-100-g-crem\\\/#primaryimage\"},\"image\":{\"@id\":\"https:\\\/\\\/marktxxl.de\\\/markt\\\/produkt\\\/helan-linea-bimbi-sweet-benvenuto-set-babybadewanne-mit-shampoo-und-duschgel-fuer-kinder-250-ml-reisstaerke-babybadewanne-75-g-tuecher-fuer-neugeborene-60-stueck-wechselcreme-100-g-crem\\\/#primaryimage\"},\"thumbnailUrl\":\"https:\\\/\\\/m.media-amazon.com\\\/images\\\/I\\\/51ER88dxDwL._SL500_.jpg\",\"datePublished\":\"2024-06-28T09:38:28+00:00\",\"description\":\"Markt-XXL Helan, Linea Bimbi \u2013 Sweet Benvenuto Set Babybadewanne mit Shampoo und Duschgel f\u00fcr Kinder 250 ml, Reisst\u00e4rke Babybadewanne 75 g, T\u00fccher f\u00fcr Neugeborene 60 St\u00fcck, Wechselcreme 100 g, Creme 100 ml\",\"breadcrumb\":{\"@id\":\"https:\\\/\\\/marktxxl.de\\\/markt\\\/produkt\\\/helan-linea-bimbi-sweet-benvenuto-set-babybadewanne-mit-shampoo-und-duschgel-fuer-kinder-250-ml-reisstaerke-babybadewanne-75-g-tuecher-fuer-neugeborene-60-stueck-wechselcreme-100-g-crem\\\/#breadcrumb\"},\"inLanguage\":\"de\",\"potentialAction\":[{\"@type\":\"ReadAction\",\"target\":[\"https:\\\/\\\/marktxxl.de\\\/markt\\\/produkt\\\/helan-linea-bimbi-sweet-benvenuto-set-babybadewanne-mit-shampoo-und-duschgel-fuer-kinder-250-ml-reisstaerke-babybadewanne-75-g-tuecher-fuer-neugeborene-60-stueck-wechselcreme-100-g-crem\\\/\"]}]},{\"@type\":\"ImageObject\",\"inLanguage\":\"de\",\"@id\":\"https:\\\/\\\/marktxxl.de\\\/markt\\\/produkt\\\/helan-linea-bimbi-sweet-benvenuto-set-babybadewanne-mit-shampoo-und-duschgel-fuer-kinder-250-ml-reisstaerke-babybadewanne-75-g-tuecher-fuer-neugeborene-60-stueck-wechselcreme-100-g-crem\\\/#primaryimage\",\"url\":\"https:\\\/\\\/m.media-amazon.com\\\/images\\\/I\\\/51ER88dxDwL._SL500_.jpg\",\"contentUrl\":\"https:\\\/\\\/m.media-amazon.com\\\/images\\\/I\\\/51ER88dxDwL._SL500_.jpg\",\"width\":500,\"height\":421},{\"@type\":\"BreadcrumbList\",\"@id\":\"https:\\\/\\\/marktxxl.de\\\/markt\\\/produkt\\\/helan-linea-bimbi-sweet-benvenuto-set-babybadewanne-mit-shampoo-und-duschgel-fuer-kinder-250-ml-reisstaerke-babybadewanne-75-g-tuecher-fuer-neugeborene-60-stueck-wechselcreme-100-g-crem\\\/#breadcrumb\",\"itemListElement\":[{\"@type\":\"ListItem\",\"position\":1,\"name\":\"Startseite\",\"item\":\"https:\\\/\\\/marktxxl.de\\\/markt\\\/\"},{\"@type\":\"ListItem\",\"position\":2,\"name\":\"Markt\",\"item\":\"https:\\\/\\\/marktxxl.de\\\/markt\\\/\"},{\"@type\":\"ListItem\",\"position\":3,\"name\":\"Helan, Linea Bimbi \u2013 Sweet Benvenuto Set Babybadewanne mit Shampoo und Duschgel f\u00fcr Kinder 250 ml, Reisst\u00e4rke Babybadewanne 75 g, T\u00fccher f\u00fcr Neugeborene 60 St\u00fcck, Wechselcreme 100 g, Creme 100 ml\"}]},{\"@type\":\"WebSite\",\"@id\":\"https:\\\/\\\/marktxxl.de\\\/markt\\\/#website\",\"url\":\"https:\\\/\\\/marktxxl.de\\\/markt\\\/\",\"name\":\"Markt-XXL\",\"description\":\"Ihr Markt Online\",\"publisher\":{\"@id\":\"https:\\\/\\\/marktxxl.de\\\/markt\\\/#organization\"},\"potentialAction\":[{\"@type\":\"SearchAction\",\"target\":{\"@type\":\"EntryPoint\",\"urlTemplate\":\"https:\\\/\\\/marktxxl.de\\\/markt\\\/?s={search_term_string}\"},\"query-input\":{\"@type\":\"PropertyValueSpecification\",\"valueRequired\":true,\"valueName\":\"search_term_string\"}}],\"inLanguage\":\"de\"},{\"@type\":\"Organization\",\"@id\":\"https:\\\/\\\/marktxxl.de\\\/markt\\\/#organization\",\"name\":\"Markt-XXL\",\"url\":\"https:\\\/\\\/marktxxl.de\\\/markt\\\/\",\"logo\":{\"@type\":\"ImageObject\",\"inLanguage\":\"de\",\"@id\":\"https:\\\/\\\/marktxxl.de\\\/markt\\\/#\\\/schema\\\/logo\\\/image\\\/\",\"url\":\"https:\\\/\\\/marktxxl.de\\\/markt\\\/wp-content\\\/uploads\\\/sites\\\/3\\\/2020\\\/12\\\/logo.png\",\"contentUrl\":\"https:\\\/\\\/marktxxl.de\\\/markt\\\/wp-content\\\/uploads\\\/sites\\\/3\\\/2020\\\/12\\\/logo.png\",\"width\":200,\"height\":70,\"caption\":\"Markt-XXL\"},\"image\":{\"@id\":\"https:\\\/\\\/marktxxl.de\\\/markt\\\/#\\\/schema\\\/logo\\\/image\\\/\"}}]}<\/script>\n<!-- \/ Yoast SEO plugin. -->","yoast_head_json":{"title":"Helan, Linea Bimbi \u2013 Sweet Benvenuto Set Babybadewanne mit Shampoo und Duschgel f\u00fcr Kinder 250 ml, Reisst\u00e4rke Babybadewanne 75 g, T\u00fccher f\u00fcr Neugeborene 60 St\u00fcck, Wechselcreme 100 g, Creme 100 ml - Markt-XXL","description":"Markt-XXL Helan, Linea Bimbi \u2013 Sweet Benvenuto Set Babybadewanne mit Shampoo und Duschgel f\u00fcr Kinder 250 ml, Reisst\u00e4rke Babybadewanne 75 g, T\u00fccher f\u00fcr Neugeborene 60 St\u00fcck, Wechselcreme 100 g, Creme 100 ml","robots":{"index":"index","follow":"follow","max-snippet":"max-snippet:-1","max-image-preview":"max-image-preview:large","max-video-preview":"max-video-preview:-1"},"canonical":"https:\/\/marktxxl.de\/markt\/produkt\/helan-linea-bimbi-sweet-benvenuto-set-babybadewanne-mit-shampoo-und-duschgel-fuer-kinder-250-ml-reisstaerke-babybadewanne-75-g-tuecher-fuer-neugeborene-60-stueck-wechselcreme-100-g-crem\/","og_locale":"de_DE","og_type":"article","og_title":"Helan, Linea Bimbi \u2013 Sweet Benvenuto Set Babybadewanne mit Shampoo und Duschgel f\u00fcr Kinder 250 ml, Reisst\u00e4rke Babybadewanne 75 g, T\u00fccher f\u00fcr Neugeborene 60 St\u00fcck, Wechselcreme 100 g, Creme 100 ml - Markt-XXL","og_description":"Markt-XXL Helan, Linea Bimbi \u2013 Sweet Benvenuto Set Babybadewanne mit Shampoo und Duschgel f\u00fcr Kinder 250 ml, Reisst\u00e4rke Babybadewanne 75 g, T\u00fccher f\u00fcr Neugeborene 60 St\u00fcck, Wechselcreme 100 g, Creme 100 ml","og_url":"https:\/\/marktxxl.de\/markt\/produkt\/helan-linea-bimbi-sweet-benvenuto-set-babybadewanne-mit-shampoo-und-duschgel-fuer-kinder-250-ml-reisstaerke-babybadewanne-75-g-tuecher-fuer-neugeborene-60-stueck-wechselcreme-100-g-crem\/","og_site_name":"Markt-XXL","twitter_card":"summary_large_image","twitter_misc":{"Gesch\u00e4tzte Lesezeit":"2\u00a0Minuten"},"schema":{"@context":"https:\/\/schema.org","@graph":[{"@type":"WebPage","@id":"https:\/\/marktxxl.de\/markt\/produkt\/helan-linea-bimbi-sweet-benvenuto-set-babybadewanne-mit-shampoo-und-duschgel-fuer-kinder-250-ml-reisstaerke-babybadewanne-75-g-tuecher-fuer-neugeborene-60-stueck-wechselcreme-100-g-crem\/","url":"https:\/\/marktxxl.de\/markt\/produkt\/helan-linea-bimbi-sweet-benvenuto-set-babybadewanne-mit-shampoo-und-duschgel-fuer-kinder-250-ml-reisstaerke-babybadewanne-75-g-tuecher-fuer-neugeborene-60-stueck-wechselcreme-100-g-crem\/","name":"Helan, Linea Bimbi \u2013 Sweet Benvenuto Set Babybadewanne mit Shampoo und Duschgel f\u00fcr Kinder 250 ml, Reisst\u00e4rke Babybadewanne 75 g, T\u00fccher f\u00fcr Neugeborene 60 St\u00fcck, Wechselcreme 100 g, Creme 100 ml - Markt-XXL","isPartOf":{"@id":"https:\/\/marktxxl.de\/markt\/#website"},"primaryImageOfPage":{"@id":"https:\/\/marktxxl.de\/markt\/produkt\/helan-linea-bimbi-sweet-benvenuto-set-babybadewanne-mit-shampoo-und-duschgel-fuer-kinder-250-ml-reisstaerke-babybadewanne-75-g-tuecher-fuer-neugeborene-60-stueck-wechselcreme-100-g-crem\/#primaryimage"},"image":{"@id":"https:\/\/marktxxl.de\/markt\/produkt\/helan-linea-bimbi-sweet-benvenuto-set-babybadewanne-mit-shampoo-und-duschgel-fuer-kinder-250-ml-reisstaerke-babybadewanne-75-g-tuecher-fuer-neugeborene-60-stueck-wechselcreme-100-g-crem\/#primaryimage"},"thumbnailUrl":"https:\/\/m.media-amazon.com\/images\/I\/51ER88dxDwL._SL500_.jpg","datePublished":"2024-06-28T09:38:28+00:00","description":"Markt-XXL Helan, Linea Bimbi \u2013 Sweet Benvenuto Set Babybadewanne mit Shampoo und Duschgel f\u00fcr Kinder 250 ml, Reisst\u00e4rke Babybadewanne 75 g, T\u00fccher f\u00fcr Neugeborene 60 St\u00fcck, Wechselcreme 100 g, Creme 100 ml","breadcrumb":{"@id":"https:\/\/marktxxl.de\/markt\/produkt\/helan-linea-bimbi-sweet-benvenuto-set-babybadewanne-mit-shampoo-und-duschgel-fuer-kinder-250-ml-reisstaerke-babybadewanne-75-g-tuecher-fuer-neugeborene-60-stueck-wechselcreme-100-g-crem\/#breadcrumb"},"inLanguage":"de","potentialAction":[{"@type":"ReadAction","target":["https:\/\/marktxxl.de\/markt\/produkt\/helan-linea-bimbi-sweet-benvenuto-set-babybadewanne-mit-shampoo-und-duschgel-fuer-kinder-250-ml-reisstaerke-babybadewanne-75-g-tuecher-fuer-neugeborene-60-stueck-wechselcreme-100-g-crem\/"]}]},{"@type":"ImageObject","inLanguage":"de","@id":"https:\/\/marktxxl.de\/markt\/produkt\/helan-linea-bimbi-sweet-benvenuto-set-babybadewanne-mit-shampoo-und-duschgel-fuer-kinder-250-ml-reisstaerke-babybadewanne-75-g-tuecher-fuer-neugeborene-60-stueck-wechselcreme-100-g-crem\/#primaryimage","url":"https:\/\/m.media-amazon.com\/images\/I\/51ER88dxDwL._SL500_.jpg","contentUrl":"https:\/\/m.media-amazon.com\/images\/I\/51ER88dxDwL._SL500_.jpg","width":500,"height":421},{"@type":"BreadcrumbList","@id":"https:\/\/marktxxl.de\/markt\/produkt\/helan-linea-bimbi-sweet-benvenuto-set-babybadewanne-mit-shampoo-und-duschgel-fuer-kinder-250-ml-reisstaerke-babybadewanne-75-g-tuecher-fuer-neugeborene-60-stueck-wechselcreme-100-g-crem\/#breadcrumb","itemListElement":[{"@type":"ListItem","position":1,"name":"Startseite","item":"https:\/\/marktxxl.de\/markt\/"},{"@type":"ListItem","position":2,"name":"Markt","item":"https:\/\/marktxxl.de\/markt\/"},{"@type":"ListItem","position":3,"name":"Helan, Linea Bimbi \u2013 Sweet Benvenuto Set Babybadewanne mit Shampoo und Duschgel f\u00fcr Kinder 250 ml, Reisst\u00e4rke Babybadewanne 75 g, T\u00fccher f\u00fcr Neugeborene 60 St\u00fcck, Wechselcreme 100 g, Creme 100 ml"}]},{"@type":"WebSite","@id":"https:\/\/marktxxl.de\/markt\/#website","url":"https:\/\/marktxxl.de\/markt\/","name":"Markt-XXL","description":"Ihr Markt Online","publisher":{"@id":"https:\/\/marktxxl.de\/markt\/#organization"},"potentialAction":[{"@type":"SearchAction","target":{"@type":"EntryPoint","urlTemplate":"https:\/\/marktxxl.de\/markt\/?s={search_term_string}"},"query-input":{"@type":"PropertyValueSpecification","valueRequired":true,"valueName":"search_term_string"}}],"inLanguage":"de"},{"@type":"Organization","@id":"https:\/\/marktxxl.de\/markt\/#organization","name":"Markt-XXL","url":"https:\/\/marktxxl.de\/markt\/","logo":{"@type":"ImageObject","inLanguage":"de","@id":"https:\/\/marktxxl.de\/markt\/#\/schema\/logo\/image\/","url":"https:\/\/marktxxl.de\/markt\/wp-content\/uploads\/sites\/3\/2020\/12\/logo.png","contentUrl":"https:\/\/marktxxl.de\/markt\/wp-content\/uploads\/sites\/3\/2020\/12\/logo.png","width":200,"height":70,"caption":"Markt-XXL"},"image":{"@id":"https:\/\/marktxxl.de\/markt\/#\/schema\/logo\/image\/"}}]}},"_links":{"self":[{"href":"https:\/\/marktxxl.de\/markt\/wp-json\/wp\/v2\/product\/212160","targetHints":{"allow":["GET"]}}],"collection":[{"href":"https:\/\/marktxxl.de\/markt\/wp-json\/wp\/v2\/product"}],"about":[{"href":"https:\/\/marktxxl.de\/markt\/wp-json\/wp\/v2\/types\/product"}],"replies":[{"embeddable":true,"href":"https:\/\/marktxxl.de\/markt\/wp-json\/wp\/v2\/comments?post=212160"}],"wp:featuredmedia":[{"embeddable":true,"href":"https:\/\/marktxxl.de\/markt\/wp-json\/wp\/v2\/media\/212161"}],"wp:attachment":[{"href":"https:\/\/marktxxl.de\/markt\/wp-json\/wp\/v2\/media?parent=212160"}],"wp:term":[{"taxonomy":"product_brand","embeddable":true,"href":"https:\/\/marktxxl.de\/markt\/wp-json\/wp\/v2\/product_brand?post=212160"},{"taxonomy":"product_cat","embeddable":true,"href":"https:\/\/marktxxl.de\/markt\/wp-json\/wp\/v2\/product_cat?post=212160"},{"taxonomy":"product_tag","embeddable":true,"href":"https:\/\/marktxxl.de\/markt\/wp-json\/wp\/v2\/product_tag?post=212160"}],"curies":[{"name":"wp","href":"https:\/\/api.w.org\/{rel}","templated":true}]}}