{"id":212108,"date":"2024-06-28T11:17:04","date_gmt":"2024-06-28T09:17:04","guid":{"rendered":"https:\/\/marktxxl.de\/markt\/produkt\/gruener-kranz-oh-baby-geschlechtsneutrale-aufkleber-babyparty-aufkleber-dankeschoen-etiketten-fuer-babyparty-51-cm\/"},"modified":"2024-06-28T11:17:04","modified_gmt":"2024-06-28T09:17:04","slug":"gruener-kranz-oh-baby-geschlechtsneutrale-aufkleber-babyparty-aufkleber-dankeschoen-etiketten-fuer-babyparty-51-cm","status":"publish","type":"product","link":"https:\/\/marktxxl.de\/markt\/produkt\/gruener-kranz-oh-baby-geschlechtsneutrale-aufkleber-babyparty-aufkleber-dankeschoen-etiketten-fuer-babyparty-51-cm\/","title":{"rendered":"Gr\u00fcner Kranz Oh Baby geschlechtsneutrale Aufkleber \u2013 Babyparty-Aufkleber \u2013 Dankesch\u00f6n-Etiketten f\u00fcr Babyparty, 5,1 cm"},"content":{"rendered":"<p>Greenery oh Baby-Aufkleber sind ideal f\u00fcr jede Jahreszeit und Gelegenheit, um Karten und Geschenke zu dekorieren, sagen Sie Danke an Ihre Kunden, Freunde, Familie.<br \/>\nPerfekt als Briefumschl\u00e4ge f\u00fcr den Versand Ihrer Hochzeitseinladungen oder als Partygeschenk-Aufkleber. Verwenden Sie sie, um Willkommensbeutel oder Geschenkboxen zu dekorieren.<br \/>\n\u3010Gr\u00f6\u00dfe\u3011 2 x 2 Zoll, 50 St\u00fcck, professionell gedruckt auf hochwertigem, mattem, selbstklebendem Etikettenpapier. Einfach abziehen und aufkleben<br \/>\nVerleihen Sie Ihrer Hochzeit, Brautparty, Babyparty oder Jubil\u00e4umsfeier eine pers\u00f6nliche Note.<br \/>\nDie Bereitstellung einer zufriedenstellenden Erfahrung ist unsere oberste Priorit\u00e4t f\u00fcr unsere Kunden. F\u00fchlen Sie sich frei, uns \u00fcber &#8220;Verk\u00e4ufer kontaktieren&#8221; zu kontaktieren, wenn Produkte nicht Ihren Erwartungen entsprechen.<br \/>\n<div class=\"main-cross-sell\" data-asin=\"B0953Q2KW1\">\n\n\t<div class=\"WooZone-cross-sell-loader\">\n\t\t<div>\n\t\t\t<div id=\"floatingBarsG\">\n\t\t\t\t<div class=\"blockG\" id=\"rotateG_01\"><\/div>\n\t\t\t\t<div class=\"blockG\" id=\"rotateG_02\"><\/div>\n\t\t\t\t<div class=\"blockG\" id=\"rotateG_03\"><\/div>\n\t\t\t\t<div class=\"blockG\" id=\"rotateG_04\"><\/div>\n\t\t\t\t<div class=\"blockG\" id=\"rotateG_05\"><\/div>\n\t\t\t\t<div class=\"blockG\" id=\"rotateG_06\"><\/div>\n\t\t\t\t<div class=\"blockG\" id=\"rotateG_07\"><\/div>\n\t\t\t\t<div class=\"blockG\" id=\"rotateG_08\"><\/div>\n\t\t\t<\/div>\n\t\t\t<div class=\"WooZone-cross-sell-loader-text\"><\/div>\n\t\t<\/div>\n\t<\/div>\n\n\t\t\n<\/div>\n<div style=\"clear:both;\"><\/div><\/p>\n","protected":false},"excerpt":{"rendered":"<p>Greenery oh Baby-Aufkleber sind ideal f\u00fcr jede Jahreszeit und Gelegenheit, um Karten und Geschenke zu dekorieren, sagen Sie Danke an Ihre Kunden, Freunde, Familie.<br \/>\nPerfekt als Briefumschl\u00e4ge f\u00fcr den Versand Ihrer Hochzeitseinladungen oder als Partygeschenk-Aufkleber. Verwenden Sie sie, um Willkommensbeutel oder Geschenkboxen zu dekorieren.<br \/>\n\u3010Gr\u00f6\u00dfe\u3011 2 x 2 Zoll, 50 St\u00fcck, professionell gedruckt auf hochwertigem, mattem, selbstklebendem Etikettenpapier. Einfach abziehen und aufkleben<\/p>\n","protected":false},"featured_media":212109,"comment_status":"open","ping_status":"closed","template":"","meta":[],"product_brand":[],"product_cat":[21,8929],"product_tag":[],"class_list":{"0":"post-212108","1":"product","2":"type-product","3":"status-publish","4":"has-post-thumbnail","6":"product_cat-baby","7":"product_cat-babygeschenke-baby","8":"pa_brand-eksplodi","9":"pa_color-gruen","10":"pa_height-0-01-zoll","11":"pa_length-2-zoll","12":"pa_manufacturer-hnpqn","13":"pa_width-2-zoll","15":"first","16":"instock","17":"shipping-taxable","18":"purchasable","19":"product-type-simple","20":"customify-col","21":"product-has-gallery"},"yoast_head":"<!-- This site is optimized with the Yoast SEO plugin v27.4 - https:\/\/yoast.com\/product\/yoast-seo-wordpress\/ -->\n<title>Gr\u00fcner Kranz Oh Baby geschlechtsneutrale Aufkleber \u2013 Babyparty-Aufkleber \u2013 Dankesch\u00f6n-Etiketten f\u00fcr Babyparty, 5,1 cm - Markt-XXL<\/title>\n<meta name=\"description\" content=\"Markt-XXL Gr\u00fcner Kranz Oh Baby geschlechtsneutrale Aufkleber \u2013 Babyparty-Aufkleber \u2013 Dankesch\u00f6n-Etiketten f\u00fcr Babyparty, 5,1 cm\" \/>\n<meta name=\"robots\" content=\"index, follow, max-snippet:-1, max-image-preview:large, max-video-preview:-1\" \/>\n<link rel=\"canonical\" href=\"https:\/\/marktxxl.de\/markt\/produkt\/gruener-kranz-oh-baby-geschlechtsneutrale-aufkleber-babyparty-aufkleber-dankeschoen-etiketten-fuer-babyparty-51-cm\/\" \/>\n<meta property=\"og:locale\" content=\"de_DE\" \/>\n<meta property=\"og:type\" content=\"article\" \/>\n<meta property=\"og:title\" content=\"Gr\u00fcner Kranz Oh Baby geschlechtsneutrale Aufkleber \u2013 Babyparty-Aufkleber \u2013 Dankesch\u00f6n-Etiketten f\u00fcr Babyparty, 5,1 cm - Markt-XXL\" \/>\n<meta property=\"og:description\" content=\"Markt-XXL Gr\u00fcner Kranz Oh Baby geschlechtsneutrale Aufkleber \u2013 Babyparty-Aufkleber \u2013 Dankesch\u00f6n-Etiketten f\u00fcr Babyparty, 5,1 cm\" \/>\n<meta property=\"og:url\" content=\"https:\/\/marktxxl.de\/markt\/produkt\/gruener-kranz-oh-baby-geschlechtsneutrale-aufkleber-babyparty-aufkleber-dankeschoen-etiketten-fuer-babyparty-51-cm\/\" \/>\n<meta property=\"og:site_name\" content=\"Markt-XXL\" \/>\n<meta name=\"twitter:card\" content=\"summary_large_image\" \/>\n<meta name=\"twitter:label1\" content=\"Gesch\u00e4tzte Lesezeit\" \/>\n\t<meta name=\"twitter:data1\" content=\"1\u00a0Minute\" \/>\n<script type=\"application\/ld+json\" class=\"yoast-schema-graph\">{\"@context\":\"https:\\\/\\\/schema.org\",\"@graph\":[{\"@type\":\"WebPage\",\"@id\":\"https:\\\/\\\/marktxxl.de\\\/markt\\\/produkt\\\/gruener-kranz-oh-baby-geschlechtsneutrale-aufkleber-babyparty-aufkleber-dankeschoen-etiketten-fuer-babyparty-51-cm\\\/\",\"url\":\"https:\\\/\\\/marktxxl.de\\\/markt\\\/produkt\\\/gruener-kranz-oh-baby-geschlechtsneutrale-aufkleber-babyparty-aufkleber-dankeschoen-etiketten-fuer-babyparty-51-cm\\\/\",\"name\":\"Gr\u00fcner Kranz Oh Baby geschlechtsneutrale Aufkleber \u2013 Babyparty-Aufkleber \u2013 Dankesch\u00f6n-Etiketten f\u00fcr Babyparty, 5,1 cm - Markt-XXL\",\"isPartOf\":{\"@id\":\"https:\\\/\\\/marktxxl.de\\\/markt\\\/#website\"},\"primaryImageOfPage\":{\"@id\":\"https:\\\/\\\/marktxxl.de\\\/markt\\\/produkt\\\/gruener-kranz-oh-baby-geschlechtsneutrale-aufkleber-babyparty-aufkleber-dankeschoen-etiketten-fuer-babyparty-51-cm\\\/#primaryimage\"},\"image\":{\"@id\":\"https:\\\/\\\/marktxxl.de\\\/markt\\\/produkt\\\/gruener-kranz-oh-baby-geschlechtsneutrale-aufkleber-babyparty-aufkleber-dankeschoen-etiketten-fuer-babyparty-51-cm\\\/#primaryimage\"},\"thumbnailUrl\":\"https:\\\/\\\/m.media-amazon.com\\\/images\\\/I\\\/51Q2ySea0mS._SL500_.jpg\",\"datePublished\":\"2024-06-28T09:17:04+00:00\",\"description\":\"Markt-XXL Gr\u00fcner Kranz Oh Baby geschlechtsneutrale Aufkleber \u2013 Babyparty-Aufkleber \u2013 Dankesch\u00f6n-Etiketten f\u00fcr Babyparty, 5,1 cm\",\"breadcrumb\":{\"@id\":\"https:\\\/\\\/marktxxl.de\\\/markt\\\/produkt\\\/gruener-kranz-oh-baby-geschlechtsneutrale-aufkleber-babyparty-aufkleber-dankeschoen-etiketten-fuer-babyparty-51-cm\\\/#breadcrumb\"},\"inLanguage\":\"de\",\"potentialAction\":[{\"@type\":\"ReadAction\",\"target\":[\"https:\\\/\\\/marktxxl.de\\\/markt\\\/produkt\\\/gruener-kranz-oh-baby-geschlechtsneutrale-aufkleber-babyparty-aufkleber-dankeschoen-etiketten-fuer-babyparty-51-cm\\\/\"]}]},{\"@type\":\"ImageObject\",\"inLanguage\":\"de\",\"@id\":\"https:\\\/\\\/marktxxl.de\\\/markt\\\/produkt\\\/gruener-kranz-oh-baby-geschlechtsneutrale-aufkleber-babyparty-aufkleber-dankeschoen-etiketten-fuer-babyparty-51-cm\\\/#primaryimage\",\"url\":\"https:\\\/\\\/m.media-amazon.com\\\/images\\\/I\\\/51Q2ySea0mS._SL500_.jpg\",\"contentUrl\":\"https:\\\/\\\/m.media-amazon.com\\\/images\\\/I\\\/51Q2ySea0mS._SL500_.jpg\",\"width\":500,\"height\":500},{\"@type\":\"BreadcrumbList\",\"@id\":\"https:\\\/\\\/marktxxl.de\\\/markt\\\/produkt\\\/gruener-kranz-oh-baby-geschlechtsneutrale-aufkleber-babyparty-aufkleber-dankeschoen-etiketten-fuer-babyparty-51-cm\\\/#breadcrumb\",\"itemListElement\":[{\"@type\":\"ListItem\",\"position\":1,\"name\":\"Startseite\",\"item\":\"https:\\\/\\\/marktxxl.de\\\/markt\\\/\"},{\"@type\":\"ListItem\",\"position\":2,\"name\":\"Markt\",\"item\":\"https:\\\/\\\/marktxxl.de\\\/markt\\\/\"},{\"@type\":\"ListItem\",\"position\":3,\"name\":\"Gr\u00fcner Kranz Oh Baby geschlechtsneutrale Aufkleber \u2013 Babyparty-Aufkleber \u2013 Dankesch\u00f6n-Etiketten f\u00fcr Babyparty, 5,1 cm\"}]},{\"@type\":\"WebSite\",\"@id\":\"https:\\\/\\\/marktxxl.de\\\/markt\\\/#website\",\"url\":\"https:\\\/\\\/marktxxl.de\\\/markt\\\/\",\"name\":\"Markt-XXL\",\"description\":\"Ihr Markt Online\",\"publisher\":{\"@id\":\"https:\\\/\\\/marktxxl.de\\\/markt\\\/#organization\"},\"potentialAction\":[{\"@type\":\"SearchAction\",\"target\":{\"@type\":\"EntryPoint\",\"urlTemplate\":\"https:\\\/\\\/marktxxl.de\\\/markt\\\/?s={search_term_string}\"},\"query-input\":{\"@type\":\"PropertyValueSpecification\",\"valueRequired\":true,\"valueName\":\"search_term_string\"}}],\"inLanguage\":\"de\"},{\"@type\":\"Organization\",\"@id\":\"https:\\\/\\\/marktxxl.de\\\/markt\\\/#organization\",\"name\":\"Markt-XXL\",\"url\":\"https:\\\/\\\/marktxxl.de\\\/markt\\\/\",\"logo\":{\"@type\":\"ImageObject\",\"inLanguage\":\"de\",\"@id\":\"https:\\\/\\\/marktxxl.de\\\/markt\\\/#\\\/schema\\\/logo\\\/image\\\/\",\"url\":\"https:\\\/\\\/marktxxl.de\\\/markt\\\/wp-content\\\/uploads\\\/sites\\\/3\\\/2020\\\/12\\\/logo.png\",\"contentUrl\":\"https:\\\/\\\/marktxxl.de\\\/markt\\\/wp-content\\\/uploads\\\/sites\\\/3\\\/2020\\\/12\\\/logo.png\",\"width\":200,\"height\":70,\"caption\":\"Markt-XXL\"},\"image\":{\"@id\":\"https:\\\/\\\/marktxxl.de\\\/markt\\\/#\\\/schema\\\/logo\\\/image\\\/\"}}]}<\/script>\n<!-- \/ Yoast SEO plugin. -->","yoast_head_json":{"title":"Gr\u00fcner Kranz Oh Baby geschlechtsneutrale Aufkleber \u2013 Babyparty-Aufkleber \u2013 Dankesch\u00f6n-Etiketten f\u00fcr Babyparty, 5,1 cm - Markt-XXL","description":"Markt-XXL Gr\u00fcner Kranz Oh Baby geschlechtsneutrale Aufkleber \u2013 Babyparty-Aufkleber \u2013 Dankesch\u00f6n-Etiketten f\u00fcr Babyparty, 5,1 cm","robots":{"index":"index","follow":"follow","max-snippet":"max-snippet:-1","max-image-preview":"max-image-preview:large","max-video-preview":"max-video-preview:-1"},"canonical":"https:\/\/marktxxl.de\/markt\/produkt\/gruener-kranz-oh-baby-geschlechtsneutrale-aufkleber-babyparty-aufkleber-dankeschoen-etiketten-fuer-babyparty-51-cm\/","og_locale":"de_DE","og_type":"article","og_title":"Gr\u00fcner Kranz Oh Baby geschlechtsneutrale Aufkleber \u2013 Babyparty-Aufkleber \u2013 Dankesch\u00f6n-Etiketten f\u00fcr Babyparty, 5,1 cm - Markt-XXL","og_description":"Markt-XXL Gr\u00fcner Kranz Oh Baby geschlechtsneutrale Aufkleber \u2013 Babyparty-Aufkleber \u2013 Dankesch\u00f6n-Etiketten f\u00fcr Babyparty, 5,1 cm","og_url":"https:\/\/marktxxl.de\/markt\/produkt\/gruener-kranz-oh-baby-geschlechtsneutrale-aufkleber-babyparty-aufkleber-dankeschoen-etiketten-fuer-babyparty-51-cm\/","og_site_name":"Markt-XXL","twitter_card":"summary_large_image","twitter_misc":{"Gesch\u00e4tzte Lesezeit":"1\u00a0Minute"},"schema":{"@context":"https:\/\/schema.org","@graph":[{"@type":"WebPage","@id":"https:\/\/marktxxl.de\/markt\/produkt\/gruener-kranz-oh-baby-geschlechtsneutrale-aufkleber-babyparty-aufkleber-dankeschoen-etiketten-fuer-babyparty-51-cm\/","url":"https:\/\/marktxxl.de\/markt\/produkt\/gruener-kranz-oh-baby-geschlechtsneutrale-aufkleber-babyparty-aufkleber-dankeschoen-etiketten-fuer-babyparty-51-cm\/","name":"Gr\u00fcner Kranz Oh Baby geschlechtsneutrale Aufkleber \u2013 Babyparty-Aufkleber \u2013 Dankesch\u00f6n-Etiketten f\u00fcr Babyparty, 5,1 cm - Markt-XXL","isPartOf":{"@id":"https:\/\/marktxxl.de\/markt\/#website"},"primaryImageOfPage":{"@id":"https:\/\/marktxxl.de\/markt\/produkt\/gruener-kranz-oh-baby-geschlechtsneutrale-aufkleber-babyparty-aufkleber-dankeschoen-etiketten-fuer-babyparty-51-cm\/#primaryimage"},"image":{"@id":"https:\/\/marktxxl.de\/markt\/produkt\/gruener-kranz-oh-baby-geschlechtsneutrale-aufkleber-babyparty-aufkleber-dankeschoen-etiketten-fuer-babyparty-51-cm\/#primaryimage"},"thumbnailUrl":"https:\/\/m.media-amazon.com\/images\/I\/51Q2ySea0mS._SL500_.jpg","datePublished":"2024-06-28T09:17:04+00:00","description":"Markt-XXL Gr\u00fcner Kranz Oh Baby geschlechtsneutrale Aufkleber \u2013 Babyparty-Aufkleber \u2013 Dankesch\u00f6n-Etiketten f\u00fcr Babyparty, 5,1 cm","breadcrumb":{"@id":"https:\/\/marktxxl.de\/markt\/produkt\/gruener-kranz-oh-baby-geschlechtsneutrale-aufkleber-babyparty-aufkleber-dankeschoen-etiketten-fuer-babyparty-51-cm\/#breadcrumb"},"inLanguage":"de","potentialAction":[{"@type":"ReadAction","target":["https:\/\/marktxxl.de\/markt\/produkt\/gruener-kranz-oh-baby-geschlechtsneutrale-aufkleber-babyparty-aufkleber-dankeschoen-etiketten-fuer-babyparty-51-cm\/"]}]},{"@type":"ImageObject","inLanguage":"de","@id":"https:\/\/marktxxl.de\/markt\/produkt\/gruener-kranz-oh-baby-geschlechtsneutrale-aufkleber-babyparty-aufkleber-dankeschoen-etiketten-fuer-babyparty-51-cm\/#primaryimage","url":"https:\/\/m.media-amazon.com\/images\/I\/51Q2ySea0mS._SL500_.jpg","contentUrl":"https:\/\/m.media-amazon.com\/images\/I\/51Q2ySea0mS._SL500_.jpg","width":500,"height":500},{"@type":"BreadcrumbList","@id":"https:\/\/marktxxl.de\/markt\/produkt\/gruener-kranz-oh-baby-geschlechtsneutrale-aufkleber-babyparty-aufkleber-dankeschoen-etiketten-fuer-babyparty-51-cm\/#breadcrumb","itemListElement":[{"@type":"ListItem","position":1,"name":"Startseite","item":"https:\/\/marktxxl.de\/markt\/"},{"@type":"ListItem","position":2,"name":"Markt","item":"https:\/\/marktxxl.de\/markt\/"},{"@type":"ListItem","position":3,"name":"Gr\u00fcner Kranz Oh Baby geschlechtsneutrale Aufkleber \u2013 Babyparty-Aufkleber \u2013 Dankesch\u00f6n-Etiketten f\u00fcr Babyparty, 5,1 cm"}]},{"@type":"WebSite","@id":"https:\/\/marktxxl.de\/markt\/#website","url":"https:\/\/marktxxl.de\/markt\/","name":"Markt-XXL","description":"Ihr Markt Online","publisher":{"@id":"https:\/\/marktxxl.de\/markt\/#organization"},"potentialAction":[{"@type":"SearchAction","target":{"@type":"EntryPoint","urlTemplate":"https:\/\/marktxxl.de\/markt\/?s={search_term_string}"},"query-input":{"@type":"PropertyValueSpecification","valueRequired":true,"valueName":"search_term_string"}}],"inLanguage":"de"},{"@type":"Organization","@id":"https:\/\/marktxxl.de\/markt\/#organization","name":"Markt-XXL","url":"https:\/\/marktxxl.de\/markt\/","logo":{"@type":"ImageObject","inLanguage":"de","@id":"https:\/\/marktxxl.de\/markt\/#\/schema\/logo\/image\/","url":"https:\/\/marktxxl.de\/markt\/wp-content\/uploads\/sites\/3\/2020\/12\/logo.png","contentUrl":"https:\/\/marktxxl.de\/markt\/wp-content\/uploads\/sites\/3\/2020\/12\/logo.png","width":200,"height":70,"caption":"Markt-XXL"},"image":{"@id":"https:\/\/marktxxl.de\/markt\/#\/schema\/logo\/image\/"}}]}},"_links":{"self":[{"href":"https:\/\/marktxxl.de\/markt\/wp-json\/wp\/v2\/product\/212108","targetHints":{"allow":["GET"]}}],"collection":[{"href":"https:\/\/marktxxl.de\/markt\/wp-json\/wp\/v2\/product"}],"about":[{"href":"https:\/\/marktxxl.de\/markt\/wp-json\/wp\/v2\/types\/product"}],"replies":[{"embeddable":true,"href":"https:\/\/marktxxl.de\/markt\/wp-json\/wp\/v2\/comments?post=212108"}],"wp:featuredmedia":[{"embeddable":true,"href":"https:\/\/marktxxl.de\/markt\/wp-json\/wp\/v2\/media\/212109"}],"wp:attachment":[{"href":"https:\/\/marktxxl.de\/markt\/wp-json\/wp\/v2\/media?parent=212108"}],"wp:term":[{"taxonomy":"product_brand","embeddable":true,"href":"https:\/\/marktxxl.de\/markt\/wp-json\/wp\/v2\/product_brand?post=212108"},{"taxonomy":"product_cat","embeddable":true,"href":"https:\/\/marktxxl.de\/markt\/wp-json\/wp\/v2\/product_cat?post=212108"},{"taxonomy":"product_tag","embeddable":true,"href":"https:\/\/marktxxl.de\/markt\/wp-json\/wp\/v2\/product_tag?post=212108"}],"curies":[{"name":"wp","href":"https:\/\/api.w.org\/{rel}","templated":true}]}}