{"id":211654,"date":"2024-06-28T08:57:28","date_gmt":"2024-06-28T06:57:28","guid":{"rendered":"https:\/\/marktxxl.de\/markt\/produkt\/asterom-gehstock-fuer-maenner-frauen-handgefertigter-ergonomischer-stabiler-holzstock-gehstoecke-fuer-senioren-erwachsene-robuste-kuehle-stoecke\/"},"modified":"2024-06-28T08:57:28","modified_gmt":"2024-06-28T06:57:28","slug":"asterom-gehstock-fuer-maenner-frauen-handgefertigter-ergonomischer-stabiler-holzstock-gehstoecke-fuer-senioren-erwachsene-robuste-kuehle-stoecke","status":"publish","type":"product","link":"https:\/\/marktxxl.de\/markt\/produkt\/asterom-gehstock-fuer-maenner-frauen-handgefertigter-ergonomischer-stabiler-holzstock-gehstoecke-fuer-senioren-erwachsene-robuste-kuehle-stoecke\/","title":{"rendered":"Asterom Gehstock f\u00fcr M\u00e4nner &amp; Frauen \u2013 Handgefertigter, ergonomischer, stabiler Holzstock | Gehst\u00f6cke f\u00fcr Senioren &amp; Erwachsene | robuste k\u00fchle St\u00f6cke"},"content":{"rendered":"<p>Einzigartiges anatomisches Design &#8211; Dieser modische Gehstock f\u00fcr M\u00e4nner und Frauen kommt mit einem ergonomisch geformten Griff, der f\u00fcr den t\u00e4glichen Gebrauch sehr bequem ist. Sie werden es lieben, wie sich dieser Stock in Ihren H\u00e4nden anf\u00fchlt.<br \/>\nHANDGEFERTIGTE HANDWERKSKUNST &#8211; Diese stilvollen Holzst\u00e4be werden von erfahrenen Handwerkern aus massiver, glatt geschliffener Eiche mit sch\u00f6ner Maserung geschnitzt. Unsere Beschichtungsqualit\u00e4tsstandards \u00e4hneln denen, die f\u00fcr die Holzinnenverkleidungen in Luxusautos verwendet werden.<br \/>\nGr\u00f6\u00dfe &#8211; Die Gesamtl\u00e4nge des Holzgehstocks betr\u00e4gt 36 Zoll, aber Sie k\u00f6nnen ihn bei Bedarf auf eine bestimmte L\u00e4nge zuschneiden. Wenn Sie eine benutzerdefinierte Gr\u00f6\u00dfe w\u00fcnschen, kontaktieren Sie uns bitte, bevor Sie Ihre Bestellung aufgeben (es wird einige Zeit dauern, um einen benutzerdefinierten Stock f\u00fcr Sie herzustellen).<br \/>\nSTABILE KONSTRUKTION &#8211; Der Griff und der Schaft sind mit einer langen D\u00fcbelschraube aus w\u00e4rmebehandeltem Kohlenstoffstahl verbunden, die eine dauerhafte Verbindung bietet, den Stock st\u00e4rkt und Sie den Griff wechseln l\u00e4sst. Sie werden sich sicher f\u00fchlen, wenn Sie wissen, dass Sie einen zuverl\u00e4ssigen Gehstock an Ihrer Seite haben.<br \/>\nAUSTAUSCHBARE CANE TIP &#8211; Die Gummispitze bietet zus\u00e4tzliche Sto\u00dfd\u00e4mpfung f\u00fcr Sicherheit und Komfort. Sie k\u00f6nnen problemlos eine normale Rohrspitze durch jede andere Spitze mit einem Innendurchmesser von 7\/8 Zoll ersetzen. Unsere einzigartigen Gehst\u00f6cke werden mit einer Ersatz-Gummispitze geliefert.<br \/>\n<div class=\"main-cross-sell\" data-asin=\"B0CK56MPZ8\">\n\n\t<div class=\"WooZone-cross-sell-loader\">\n\t\t<div>\n\t\t\t<div id=\"floatingBarsG\">\n\t\t\t\t<div class=\"blockG\" id=\"rotateG_01\"><\/div>\n\t\t\t\t<div class=\"blockG\" id=\"rotateG_02\"><\/div>\n\t\t\t\t<div class=\"blockG\" id=\"rotateG_03\"><\/div>\n\t\t\t\t<div class=\"blockG\" id=\"rotateG_04\"><\/div>\n\t\t\t\t<div class=\"blockG\" id=\"rotateG_05\"><\/div>\n\t\t\t\t<div class=\"blockG\" id=\"rotateG_06\"><\/div>\n\t\t\t\t<div class=\"blockG\" id=\"rotateG_07\"><\/div>\n\t\t\t\t<div class=\"blockG\" id=\"rotateG_08\"><\/div>\n\t\t\t<\/div>\n\t\t\t<div class=\"WooZone-cross-sell-loader-text\"><\/div>\n\t\t<\/div>\n\t<\/div>\n\n\t\t\n<\/div>\n<div style=\"clear:both;\"><\/div><\/p>\n","protected":false},"excerpt":{"rendered":"<p>Einzigartiges anatomisches Design &#8211; Dieser modische Gehstock f\u00fcr M\u00e4nner und Frauen kommt mit einem ergonomisch geformten Griff, der f\u00fcr den t\u00e4glichen Gebrauch sehr bequem ist. Sie werden es lieben, wie sich dieser Stock in Ihren H\u00e4nden anf\u00fchlt.<br \/>\nHANDGEFERTIGTE HANDWERKSKUNST &#8211; Diese stilvollen Holzst\u00e4be werden von erfahrenen Handwerkern aus massiver, glatt geschliffener Eiche mit sch\u00f6ner Maserung geschnitzt. Unsere Beschichtungsqualit\u00e4tsstandards \u00e4hneln denen, die f\u00fcr die Holzinnenverkleidungen in Luxusautos verwendet werden.<br \/>\nGr\u00f6\u00dfe &#8211; Die Gesamtl\u00e4nge des Holzgehstocks betr\u00e4gt 36 Zoll, aber Sie k\u00f6nnen ihn bei Bedarf auf eine bestimmte L\u00e4nge zuschneiden. Wenn Sie eine benutzerdefinierte Gr\u00f6\u00dfe w\u00fcnschen, kontaktieren Sie uns bitte, bevor Sie Ihre Bestellung aufgeben (es wird einige Zeit dauern, um einen benutzerdefinierten Stock f\u00fcr Sie herzustellen).<\/p>\n","protected":false},"featured_media":211655,"comment_status":"open","ping_status":"closed","template":"","meta":[],"product_brand":[],"product_cat":[566,5932],"product_tag":[],"class_list":{"0":"post-211654","1":"product","2":"type-product","3":"status-publish","4":"has-post-thumbnail","6":"product_cat-drogerie-koerperpflege","7":"product_cat-mobilitaetshilfen-zubehoer","8":"pa_brand-asterom","9":"pa_manufacturer-asterom","10":"pa_model-53325","11":"pa_size-m","13":"first","14":"instock","15":"shipping-taxable","16":"product-type-simple","17":"customify-col","18":"product-has-gallery"},"yoast_head":"<!-- This site is optimized with the Yoast SEO plugin v27.3 - https:\/\/yoast.com\/product\/yoast-seo-wordpress\/ -->\n<title>Asterom Gehstock f\u00fcr M\u00e4nner &amp; Frauen \u2013 Handgefertigter, ergonomischer, stabiler Holzstock | Gehst\u00f6cke f\u00fcr Senioren &amp; Erwachsene | robuste k\u00fchle St\u00f6cke - Markt-XXL<\/title>\n<meta name=\"description\" content=\"Markt-XXL Asterom Gehstock f\u00fcr M\u00e4nner &amp; Frauen \u2013 Handgefertigter, ergonomischer, stabiler Holzstock | Gehst\u00f6cke f\u00fcr Senioren &amp; Erwachsene | robuste k\u00fchle St\u00f6cke\" \/>\n<meta name=\"robots\" content=\"index, follow, max-snippet:-1, max-image-preview:large, max-video-preview:-1\" \/>\n<link rel=\"canonical\" href=\"https:\/\/marktxxl.de\/markt\/produkt\/asterom-gehstock-fuer-maenner-frauen-handgefertigter-ergonomischer-stabiler-holzstock-gehstoecke-fuer-senioren-erwachsene-robuste-kuehle-stoecke\/\" \/>\n<meta property=\"og:locale\" content=\"de_DE\" \/>\n<meta property=\"og:type\" content=\"article\" \/>\n<meta property=\"og:title\" content=\"Asterom Gehstock f\u00fcr M\u00e4nner &amp; Frauen \u2013 Handgefertigter, ergonomischer, stabiler Holzstock | Gehst\u00f6cke f\u00fcr Senioren &amp; Erwachsene | robuste k\u00fchle St\u00f6cke - Markt-XXL\" \/>\n<meta property=\"og:description\" content=\"Markt-XXL Asterom Gehstock f\u00fcr M\u00e4nner &amp; Frauen \u2013 Handgefertigter, ergonomischer, stabiler Holzstock | Gehst\u00f6cke f\u00fcr Senioren &amp; Erwachsene | robuste k\u00fchle St\u00f6cke\" \/>\n<meta property=\"og:url\" content=\"https:\/\/marktxxl.de\/markt\/produkt\/asterom-gehstock-fuer-maenner-frauen-handgefertigter-ergonomischer-stabiler-holzstock-gehstoecke-fuer-senioren-erwachsene-robuste-kuehle-stoecke\/\" \/>\n<meta property=\"og:site_name\" content=\"Markt-XXL\" \/>\n<meta name=\"twitter:card\" content=\"summary_large_image\" \/>\n<meta name=\"twitter:label1\" content=\"Gesch\u00e4tzte Lesezeit\" \/>\n\t<meta name=\"twitter:data1\" content=\"1\u00a0Minute\" \/>\n<script type=\"application\/ld+json\" class=\"yoast-schema-graph\">{\"@context\":\"https:\\\/\\\/schema.org\",\"@graph\":[{\"@type\":\"WebPage\",\"@id\":\"https:\\\/\\\/marktxxl.de\\\/markt\\\/produkt\\\/asterom-gehstock-fuer-maenner-frauen-handgefertigter-ergonomischer-stabiler-holzstock-gehstoecke-fuer-senioren-erwachsene-robuste-kuehle-stoecke\\\/\",\"url\":\"https:\\\/\\\/marktxxl.de\\\/markt\\\/produkt\\\/asterom-gehstock-fuer-maenner-frauen-handgefertigter-ergonomischer-stabiler-holzstock-gehstoecke-fuer-senioren-erwachsene-robuste-kuehle-stoecke\\\/\",\"name\":\"Asterom Gehstock f\u00fcr M\u00e4nner &amp; Frauen \u2013 Handgefertigter, ergonomischer, stabiler Holzstock | Gehst\u00f6cke f\u00fcr Senioren &amp; Erwachsene | robuste k\u00fchle St\u00f6cke - Markt-XXL\",\"isPartOf\":{\"@id\":\"https:\\\/\\\/marktxxl.de\\\/markt\\\/#website\"},\"primaryImageOfPage\":{\"@id\":\"https:\\\/\\\/marktxxl.de\\\/markt\\\/produkt\\\/asterom-gehstock-fuer-maenner-frauen-handgefertigter-ergonomischer-stabiler-holzstock-gehstoecke-fuer-senioren-erwachsene-robuste-kuehle-stoecke\\\/#primaryimage\"},\"image\":{\"@id\":\"https:\\\/\\\/marktxxl.de\\\/markt\\\/produkt\\\/asterom-gehstock-fuer-maenner-frauen-handgefertigter-ergonomischer-stabiler-holzstock-gehstoecke-fuer-senioren-erwachsene-robuste-kuehle-stoecke\\\/#primaryimage\"},\"thumbnailUrl\":\"https:\\\/\\\/m.media-amazon.com\\\/images\\\/I\\\/51HL12A0a3L._SL500_.jpg\",\"datePublished\":\"2024-06-28T06:57:28+00:00\",\"description\":\"Markt-XXL Asterom Gehstock f\u00fcr M\u00e4nner &amp; Frauen \u2013 Handgefertigter, ergonomischer, stabiler Holzstock | Gehst\u00f6cke f\u00fcr Senioren &amp; Erwachsene | robuste k\u00fchle St\u00f6cke\",\"breadcrumb\":{\"@id\":\"https:\\\/\\\/marktxxl.de\\\/markt\\\/produkt\\\/asterom-gehstock-fuer-maenner-frauen-handgefertigter-ergonomischer-stabiler-holzstock-gehstoecke-fuer-senioren-erwachsene-robuste-kuehle-stoecke\\\/#breadcrumb\"},\"inLanguage\":\"de\",\"potentialAction\":[{\"@type\":\"ReadAction\",\"target\":[\"https:\\\/\\\/marktxxl.de\\\/markt\\\/produkt\\\/asterom-gehstock-fuer-maenner-frauen-handgefertigter-ergonomischer-stabiler-holzstock-gehstoecke-fuer-senioren-erwachsene-robuste-kuehle-stoecke\\\/\"]}]},{\"@type\":\"ImageObject\",\"inLanguage\":\"de\",\"@id\":\"https:\\\/\\\/marktxxl.de\\\/markt\\\/produkt\\\/asterom-gehstock-fuer-maenner-frauen-handgefertigter-ergonomischer-stabiler-holzstock-gehstoecke-fuer-senioren-erwachsene-robuste-kuehle-stoecke\\\/#primaryimage\",\"url\":\"https:\\\/\\\/m.media-amazon.com\\\/images\\\/I\\\/51HL12A0a3L._SL500_.jpg\",\"contentUrl\":\"https:\\\/\\\/m.media-amazon.com\\\/images\\\/I\\\/51HL12A0a3L._SL500_.jpg\",\"width\":500,\"height\":500},{\"@type\":\"BreadcrumbList\",\"@id\":\"https:\\\/\\\/marktxxl.de\\\/markt\\\/produkt\\\/asterom-gehstock-fuer-maenner-frauen-handgefertigter-ergonomischer-stabiler-holzstock-gehstoecke-fuer-senioren-erwachsene-robuste-kuehle-stoecke\\\/#breadcrumb\",\"itemListElement\":[{\"@type\":\"ListItem\",\"position\":1,\"name\":\"Startseite\",\"item\":\"https:\\\/\\\/marktxxl.de\\\/markt\\\/\"},{\"@type\":\"ListItem\",\"position\":2,\"name\":\"Markt\",\"item\":\"https:\\\/\\\/marktxxl.de\\\/markt\\\/\"},{\"@type\":\"ListItem\",\"position\":3,\"name\":\"Asterom Gehstock f\u00fcr M\u00e4nner &amp; Frauen \u2013 Handgefertigter, ergonomischer, stabiler Holzstock | Gehst\u00f6cke f\u00fcr Senioren &amp; Erwachsene | robuste k\u00fchle St\u00f6cke\"}]},{\"@type\":\"WebSite\",\"@id\":\"https:\\\/\\\/marktxxl.de\\\/markt\\\/#website\",\"url\":\"https:\\\/\\\/marktxxl.de\\\/markt\\\/\",\"name\":\"Markt-XXL\",\"description\":\"Ihr Markt Online\",\"publisher\":{\"@id\":\"https:\\\/\\\/marktxxl.de\\\/markt\\\/#organization\"},\"potentialAction\":[{\"@type\":\"SearchAction\",\"target\":{\"@type\":\"EntryPoint\",\"urlTemplate\":\"https:\\\/\\\/marktxxl.de\\\/markt\\\/?s={search_term_string}\"},\"query-input\":{\"@type\":\"PropertyValueSpecification\",\"valueRequired\":true,\"valueName\":\"search_term_string\"}}],\"inLanguage\":\"de\"},{\"@type\":\"Organization\",\"@id\":\"https:\\\/\\\/marktxxl.de\\\/markt\\\/#organization\",\"name\":\"Markt-XXL\",\"url\":\"https:\\\/\\\/marktxxl.de\\\/markt\\\/\",\"logo\":{\"@type\":\"ImageObject\",\"inLanguage\":\"de\",\"@id\":\"https:\\\/\\\/marktxxl.de\\\/markt\\\/#\\\/schema\\\/logo\\\/image\\\/\",\"url\":\"https:\\\/\\\/marktxxl.de\\\/markt\\\/wp-content\\\/uploads\\\/sites\\\/3\\\/2020\\\/12\\\/logo.png\",\"contentUrl\":\"https:\\\/\\\/marktxxl.de\\\/markt\\\/wp-content\\\/uploads\\\/sites\\\/3\\\/2020\\\/12\\\/logo.png\",\"width\":200,\"height\":70,\"caption\":\"Markt-XXL\"},\"image\":{\"@id\":\"https:\\\/\\\/marktxxl.de\\\/markt\\\/#\\\/schema\\\/logo\\\/image\\\/\"}}]}<\/script>\n<!-- \/ Yoast SEO plugin. -->","yoast_head_json":{"title":"Asterom Gehstock f\u00fcr M\u00e4nner &amp; Frauen \u2013 Handgefertigter, ergonomischer, stabiler Holzstock | Gehst\u00f6cke f\u00fcr Senioren &amp; Erwachsene | robuste k\u00fchle St\u00f6cke - Markt-XXL","description":"Markt-XXL Asterom Gehstock f\u00fcr M\u00e4nner &amp; Frauen \u2013 Handgefertigter, ergonomischer, stabiler Holzstock | Gehst\u00f6cke f\u00fcr Senioren &amp; Erwachsene | robuste k\u00fchle St\u00f6cke","robots":{"index":"index","follow":"follow","max-snippet":"max-snippet:-1","max-image-preview":"max-image-preview:large","max-video-preview":"max-video-preview:-1"},"canonical":"https:\/\/marktxxl.de\/markt\/produkt\/asterom-gehstock-fuer-maenner-frauen-handgefertigter-ergonomischer-stabiler-holzstock-gehstoecke-fuer-senioren-erwachsene-robuste-kuehle-stoecke\/","og_locale":"de_DE","og_type":"article","og_title":"Asterom Gehstock f\u00fcr M\u00e4nner &amp; Frauen \u2013 Handgefertigter, ergonomischer, stabiler Holzstock | Gehst\u00f6cke f\u00fcr Senioren &amp; Erwachsene | robuste k\u00fchle St\u00f6cke - Markt-XXL","og_description":"Markt-XXL Asterom Gehstock f\u00fcr M\u00e4nner &amp; Frauen \u2013 Handgefertigter, ergonomischer, stabiler Holzstock | Gehst\u00f6cke f\u00fcr Senioren &amp; Erwachsene | robuste k\u00fchle St\u00f6cke","og_url":"https:\/\/marktxxl.de\/markt\/produkt\/asterom-gehstock-fuer-maenner-frauen-handgefertigter-ergonomischer-stabiler-holzstock-gehstoecke-fuer-senioren-erwachsene-robuste-kuehle-stoecke\/","og_site_name":"Markt-XXL","twitter_card":"summary_large_image","twitter_misc":{"Gesch\u00e4tzte Lesezeit":"1\u00a0Minute"},"schema":{"@context":"https:\/\/schema.org","@graph":[{"@type":"WebPage","@id":"https:\/\/marktxxl.de\/markt\/produkt\/asterom-gehstock-fuer-maenner-frauen-handgefertigter-ergonomischer-stabiler-holzstock-gehstoecke-fuer-senioren-erwachsene-robuste-kuehle-stoecke\/","url":"https:\/\/marktxxl.de\/markt\/produkt\/asterom-gehstock-fuer-maenner-frauen-handgefertigter-ergonomischer-stabiler-holzstock-gehstoecke-fuer-senioren-erwachsene-robuste-kuehle-stoecke\/","name":"Asterom Gehstock f\u00fcr M\u00e4nner &amp; Frauen \u2013 Handgefertigter, ergonomischer, stabiler Holzstock | Gehst\u00f6cke f\u00fcr Senioren &amp; Erwachsene | robuste k\u00fchle St\u00f6cke - Markt-XXL","isPartOf":{"@id":"https:\/\/marktxxl.de\/markt\/#website"},"primaryImageOfPage":{"@id":"https:\/\/marktxxl.de\/markt\/produkt\/asterom-gehstock-fuer-maenner-frauen-handgefertigter-ergonomischer-stabiler-holzstock-gehstoecke-fuer-senioren-erwachsene-robuste-kuehle-stoecke\/#primaryimage"},"image":{"@id":"https:\/\/marktxxl.de\/markt\/produkt\/asterom-gehstock-fuer-maenner-frauen-handgefertigter-ergonomischer-stabiler-holzstock-gehstoecke-fuer-senioren-erwachsene-robuste-kuehle-stoecke\/#primaryimage"},"thumbnailUrl":"https:\/\/m.media-amazon.com\/images\/I\/51HL12A0a3L._SL500_.jpg","datePublished":"2024-06-28T06:57:28+00:00","description":"Markt-XXL Asterom Gehstock f\u00fcr M\u00e4nner &amp; Frauen \u2013 Handgefertigter, ergonomischer, stabiler Holzstock | Gehst\u00f6cke f\u00fcr Senioren &amp; Erwachsene | robuste k\u00fchle St\u00f6cke","breadcrumb":{"@id":"https:\/\/marktxxl.de\/markt\/produkt\/asterom-gehstock-fuer-maenner-frauen-handgefertigter-ergonomischer-stabiler-holzstock-gehstoecke-fuer-senioren-erwachsene-robuste-kuehle-stoecke\/#breadcrumb"},"inLanguage":"de","potentialAction":[{"@type":"ReadAction","target":["https:\/\/marktxxl.de\/markt\/produkt\/asterom-gehstock-fuer-maenner-frauen-handgefertigter-ergonomischer-stabiler-holzstock-gehstoecke-fuer-senioren-erwachsene-robuste-kuehle-stoecke\/"]}]},{"@type":"ImageObject","inLanguage":"de","@id":"https:\/\/marktxxl.de\/markt\/produkt\/asterom-gehstock-fuer-maenner-frauen-handgefertigter-ergonomischer-stabiler-holzstock-gehstoecke-fuer-senioren-erwachsene-robuste-kuehle-stoecke\/#primaryimage","url":"https:\/\/m.media-amazon.com\/images\/I\/51HL12A0a3L._SL500_.jpg","contentUrl":"https:\/\/m.media-amazon.com\/images\/I\/51HL12A0a3L._SL500_.jpg","width":500,"height":500},{"@type":"BreadcrumbList","@id":"https:\/\/marktxxl.de\/markt\/produkt\/asterom-gehstock-fuer-maenner-frauen-handgefertigter-ergonomischer-stabiler-holzstock-gehstoecke-fuer-senioren-erwachsene-robuste-kuehle-stoecke\/#breadcrumb","itemListElement":[{"@type":"ListItem","position":1,"name":"Startseite","item":"https:\/\/marktxxl.de\/markt\/"},{"@type":"ListItem","position":2,"name":"Markt","item":"https:\/\/marktxxl.de\/markt\/"},{"@type":"ListItem","position":3,"name":"Asterom Gehstock f\u00fcr M\u00e4nner &amp; Frauen \u2013 Handgefertigter, ergonomischer, stabiler Holzstock | Gehst\u00f6cke f\u00fcr Senioren &amp; Erwachsene | robuste k\u00fchle St\u00f6cke"}]},{"@type":"WebSite","@id":"https:\/\/marktxxl.de\/markt\/#website","url":"https:\/\/marktxxl.de\/markt\/","name":"Markt-XXL","description":"Ihr Markt Online","publisher":{"@id":"https:\/\/marktxxl.de\/markt\/#organization"},"potentialAction":[{"@type":"SearchAction","target":{"@type":"EntryPoint","urlTemplate":"https:\/\/marktxxl.de\/markt\/?s={search_term_string}"},"query-input":{"@type":"PropertyValueSpecification","valueRequired":true,"valueName":"search_term_string"}}],"inLanguage":"de"},{"@type":"Organization","@id":"https:\/\/marktxxl.de\/markt\/#organization","name":"Markt-XXL","url":"https:\/\/marktxxl.de\/markt\/","logo":{"@type":"ImageObject","inLanguage":"de","@id":"https:\/\/marktxxl.de\/markt\/#\/schema\/logo\/image\/","url":"https:\/\/marktxxl.de\/markt\/wp-content\/uploads\/sites\/3\/2020\/12\/logo.png","contentUrl":"https:\/\/marktxxl.de\/markt\/wp-content\/uploads\/sites\/3\/2020\/12\/logo.png","width":200,"height":70,"caption":"Markt-XXL"},"image":{"@id":"https:\/\/marktxxl.de\/markt\/#\/schema\/logo\/image\/"}}]}},"_links":{"self":[{"href":"https:\/\/marktxxl.de\/markt\/wp-json\/wp\/v2\/product\/211654","targetHints":{"allow":["GET"]}}],"collection":[{"href":"https:\/\/marktxxl.de\/markt\/wp-json\/wp\/v2\/product"}],"about":[{"href":"https:\/\/marktxxl.de\/markt\/wp-json\/wp\/v2\/types\/product"}],"replies":[{"embeddable":true,"href":"https:\/\/marktxxl.de\/markt\/wp-json\/wp\/v2\/comments?post=211654"}],"wp:featuredmedia":[{"embeddable":true,"href":"https:\/\/marktxxl.de\/markt\/wp-json\/wp\/v2\/media\/211655"}],"wp:attachment":[{"href":"https:\/\/marktxxl.de\/markt\/wp-json\/wp\/v2\/media?parent=211654"}],"wp:term":[{"taxonomy":"product_brand","embeddable":true,"href":"https:\/\/marktxxl.de\/markt\/wp-json\/wp\/v2\/product_brand?post=211654"},{"taxonomy":"product_cat","embeddable":true,"href":"https:\/\/marktxxl.de\/markt\/wp-json\/wp\/v2\/product_cat?post=211654"},{"taxonomy":"product_tag","embeddable":true,"href":"https:\/\/marktxxl.de\/markt\/wp-json\/wp\/v2\/product_tag?post=211654"}],"curies":[{"name":"wp","href":"https:\/\/api.w.org\/{rel}","templated":true}]}}