{"id":211562,"date":"2024-06-28T08:35:41","date_gmt":"2024-06-28T06:35:41","guid":{"rendered":"https:\/\/marktxxl.de\/markt\/produkt\/sensalou-inkontinenzauflage-75x90-wasserdichte-bett-inkontinenzunterlage-waschbar-atmungsaktiv\/"},"modified":"2024-06-28T08:35:41","modified_gmt":"2024-06-28T06:35:41","slug":"sensalou-inkontinenzauflage-75x90-wasserdichte-bett-inkontinenzunterlage-waschbar-atmungsaktiv","status":"publish","type":"product","link":"https:\/\/marktxxl.de\/markt\/produkt\/sensalou-inkontinenzauflage-75x90-wasserdichte-bett-inkontinenzunterlage-waschbar-atmungsaktiv\/","title":{"rendered":"Sensalou Inkontinenzauflage 75&#215;90 wasserdichte Bett Inkontinenzunterlage waschbar, atmungsaktiv"},"content":{"rendered":"<p>Die wasserundurchl\u00e4ssige Sensalou Auflage sch\u00fctzt Ihre Matratze zuverl\u00e4ssig vor Urin, Wasser &amp; Blut<br \/>\nAtmungsaktive N\u00e4sseschutz Matratzenauflage mit Vierschicht Saugvlies. Extrem saugf\u00e4hig &amp; wasserdicht<br \/>\nBis 95 Grad waschbare Inkontinenz Betteinlage u.a. f\u00fcr Erwachsene und Senioren &#8211; Trockner geeignet<br \/>\nF\u00fcrs Kinderbett und Babybett &#8211; Als Kinder Bettn\u00e4sser Unterlage, oder Baby Gitterbett Matratzenschutz<br \/>\n\u00d6ko Tex zertifizierte Bettauflage ohne Gummi f\u00fcr einen gesunden Schlaf &#8211; Wasserbett &amp; Sofa geeignet<br \/>\n<div class=\"main-cross-sell\" data-asin=\"B07TD4JQ49\">\n\n\t<div class=\"WooZone-cross-sell-loader\">\n\t\t<div>\n\t\t\t<div id=\"floatingBarsG\">\n\t\t\t\t<div class=\"blockG\" id=\"rotateG_01\"><\/div>\n\t\t\t\t<div class=\"blockG\" id=\"rotateG_02\"><\/div>\n\t\t\t\t<div class=\"blockG\" id=\"rotateG_03\"><\/div>\n\t\t\t\t<div class=\"blockG\" id=\"rotateG_04\"><\/div>\n\t\t\t\t<div class=\"blockG\" id=\"rotateG_05\"><\/div>\n\t\t\t\t<div class=\"blockG\" id=\"rotateG_06\"><\/div>\n\t\t\t\t<div class=\"blockG\" id=\"rotateG_07\"><\/div>\n\t\t\t\t<div class=\"blockG\" id=\"rotateG_08\"><\/div>\n\t\t\t<\/div>\n\t\t\t<div class=\"WooZone-cross-sell-loader-text\"><\/div>\n\t\t<\/div>\n\t<\/div>\n\n\t\t\n<\/div>\n<div style=\"clear:both;\"><\/div><\/p>\n","protected":false},"excerpt":{"rendered":"<p>Die wasserundurchl\u00e4ssige Sensalou Auflage sch\u00fctzt Ihre Matratze zuverl\u00e4ssig vor Urin, Wasser &amp; Blut<br \/>\nAtmungsaktive N\u00e4sseschutz Matratzenauflage mit Vierschicht Saugvlies. Extrem saugf\u00e4hig &amp; wasserdicht<br \/>\nBis 95 Grad waschbare Inkontinenz Betteinlage u.a. f\u00fcr Erwachsene und Senioren &#8211; Trockner geeignet<\/p>\n","protected":false},"featured_media":211563,"comment_status":"open","ping_status":"closed","template":"","meta":[],"product_brand":[],"product_cat":[566,5932],"product_tag":[],"class_list":{"0":"post-211562","1":"product","2":"type-product","3":"status-publish","4":"has-post-thumbnail","6":"product_cat-drogerie-koerperpflege","7":"product_cat-mobilitaetshilfen-zubehoer","8":"pa_brand-sensalou","9":"pa_color-weiss","10":"pa_height-0-1574803148-zoll","11":"pa_length-35-43307083-zoll","12":"pa_manufacturer-sensalou","13":"pa_size-75x90-cm","14":"pa_width-29-527559025-zoll","16":"first","17":"instock","18":"shipping-taxable","19":"product-type-simple","20":"customify-col","21":"product-has-gallery"},"yoast_head":"<!-- This site is optimized with the Yoast SEO plugin v27.4 - https:\/\/yoast.com\/product\/yoast-seo-wordpress\/ -->\n<title>Sensalou Inkontinenzauflage 75x90 wasserdichte Bett Inkontinenzunterlage waschbar, atmungsaktiv - Markt-XXL<\/title>\n<meta name=\"description\" content=\"Markt-XXL Sensalou Inkontinenzauflage 75x90 wasserdichte Bett Inkontinenzunterlage waschbar, atmungsaktiv\" \/>\n<meta name=\"robots\" content=\"index, follow, max-snippet:-1, max-image-preview:large, max-video-preview:-1\" \/>\n<link rel=\"canonical\" href=\"https:\/\/marktxxl.de\/markt\/produkt\/sensalou-inkontinenzauflage-75x90-wasserdichte-bett-inkontinenzunterlage-waschbar-atmungsaktiv\/\" \/>\n<meta property=\"og:locale\" content=\"de_DE\" \/>\n<meta property=\"og:type\" content=\"article\" \/>\n<meta property=\"og:title\" content=\"Sensalou Inkontinenzauflage 75x90 wasserdichte Bett Inkontinenzunterlage waschbar, atmungsaktiv - Markt-XXL\" \/>\n<meta property=\"og:description\" content=\"Markt-XXL Sensalou Inkontinenzauflage 75x90 wasserdichte Bett Inkontinenzunterlage waschbar, atmungsaktiv\" \/>\n<meta property=\"og:url\" content=\"https:\/\/marktxxl.de\/markt\/produkt\/sensalou-inkontinenzauflage-75x90-wasserdichte-bett-inkontinenzunterlage-waschbar-atmungsaktiv\/\" \/>\n<meta property=\"og:site_name\" content=\"Markt-XXL\" \/>\n<meta name=\"twitter:card\" content=\"summary_large_image\" \/>\n<script type=\"application\/ld+json\" class=\"yoast-schema-graph\">{\"@context\":\"https:\\\/\\\/schema.org\",\"@graph\":[{\"@type\":\"WebPage\",\"@id\":\"https:\\\/\\\/marktxxl.de\\\/markt\\\/produkt\\\/sensalou-inkontinenzauflage-75x90-wasserdichte-bett-inkontinenzunterlage-waschbar-atmungsaktiv\\\/\",\"url\":\"https:\\\/\\\/marktxxl.de\\\/markt\\\/produkt\\\/sensalou-inkontinenzauflage-75x90-wasserdichte-bett-inkontinenzunterlage-waschbar-atmungsaktiv\\\/\",\"name\":\"Sensalou Inkontinenzauflage 75x90 wasserdichte Bett Inkontinenzunterlage waschbar, atmungsaktiv - Markt-XXL\",\"isPartOf\":{\"@id\":\"https:\\\/\\\/marktxxl.de\\\/markt\\\/#website\"},\"primaryImageOfPage\":{\"@id\":\"https:\\\/\\\/marktxxl.de\\\/markt\\\/produkt\\\/sensalou-inkontinenzauflage-75x90-wasserdichte-bett-inkontinenzunterlage-waschbar-atmungsaktiv\\\/#primaryimage\"},\"image\":{\"@id\":\"https:\\\/\\\/marktxxl.de\\\/markt\\\/produkt\\\/sensalou-inkontinenzauflage-75x90-wasserdichte-bett-inkontinenzunterlage-waschbar-atmungsaktiv\\\/#primaryimage\"},\"thumbnailUrl\":\"https:\\\/\\\/m.media-amazon.com\\\/images\\\/I\\\/31darSRzSJL._SL500_.jpg\",\"datePublished\":\"2024-06-28T06:35:41+00:00\",\"description\":\"Markt-XXL Sensalou Inkontinenzauflage 75x90 wasserdichte Bett Inkontinenzunterlage waschbar, atmungsaktiv\",\"breadcrumb\":{\"@id\":\"https:\\\/\\\/marktxxl.de\\\/markt\\\/produkt\\\/sensalou-inkontinenzauflage-75x90-wasserdichte-bett-inkontinenzunterlage-waschbar-atmungsaktiv\\\/#breadcrumb\"},\"inLanguage\":\"de\",\"potentialAction\":[{\"@type\":\"ReadAction\",\"target\":[\"https:\\\/\\\/marktxxl.de\\\/markt\\\/produkt\\\/sensalou-inkontinenzauflage-75x90-wasserdichte-bett-inkontinenzunterlage-waschbar-atmungsaktiv\\\/\"]}]},{\"@type\":\"ImageObject\",\"inLanguage\":\"de\",\"@id\":\"https:\\\/\\\/marktxxl.de\\\/markt\\\/produkt\\\/sensalou-inkontinenzauflage-75x90-wasserdichte-bett-inkontinenzunterlage-waschbar-atmungsaktiv\\\/#primaryimage\",\"url\":\"https:\\\/\\\/m.media-amazon.com\\\/images\\\/I\\\/31darSRzSJL._SL500_.jpg\",\"contentUrl\":\"https:\\\/\\\/m.media-amazon.com\\\/images\\\/I\\\/31darSRzSJL._SL500_.jpg\",\"width\":500,\"height\":500},{\"@type\":\"BreadcrumbList\",\"@id\":\"https:\\\/\\\/marktxxl.de\\\/markt\\\/produkt\\\/sensalou-inkontinenzauflage-75x90-wasserdichte-bett-inkontinenzunterlage-waschbar-atmungsaktiv\\\/#breadcrumb\",\"itemListElement\":[{\"@type\":\"ListItem\",\"position\":1,\"name\":\"Startseite\",\"item\":\"https:\\\/\\\/marktxxl.de\\\/markt\\\/\"},{\"@type\":\"ListItem\",\"position\":2,\"name\":\"Markt\",\"item\":\"https:\\\/\\\/marktxxl.de\\\/markt\\\/\"},{\"@type\":\"ListItem\",\"position\":3,\"name\":\"Sensalou Inkontinenzauflage 75&#215;90 wasserdichte Bett Inkontinenzunterlage waschbar, atmungsaktiv\"}]},{\"@type\":\"WebSite\",\"@id\":\"https:\\\/\\\/marktxxl.de\\\/markt\\\/#website\",\"url\":\"https:\\\/\\\/marktxxl.de\\\/markt\\\/\",\"name\":\"Markt-XXL\",\"description\":\"Ihr Markt Online\",\"publisher\":{\"@id\":\"https:\\\/\\\/marktxxl.de\\\/markt\\\/#organization\"},\"potentialAction\":[{\"@type\":\"SearchAction\",\"target\":{\"@type\":\"EntryPoint\",\"urlTemplate\":\"https:\\\/\\\/marktxxl.de\\\/markt\\\/?s={search_term_string}\"},\"query-input\":{\"@type\":\"PropertyValueSpecification\",\"valueRequired\":true,\"valueName\":\"search_term_string\"}}],\"inLanguage\":\"de\"},{\"@type\":\"Organization\",\"@id\":\"https:\\\/\\\/marktxxl.de\\\/markt\\\/#organization\",\"name\":\"Markt-XXL\",\"url\":\"https:\\\/\\\/marktxxl.de\\\/markt\\\/\",\"logo\":{\"@type\":\"ImageObject\",\"inLanguage\":\"de\",\"@id\":\"https:\\\/\\\/marktxxl.de\\\/markt\\\/#\\\/schema\\\/logo\\\/image\\\/\",\"url\":\"https:\\\/\\\/marktxxl.de\\\/markt\\\/wp-content\\\/uploads\\\/sites\\\/3\\\/2020\\\/12\\\/logo.png\",\"contentUrl\":\"https:\\\/\\\/marktxxl.de\\\/markt\\\/wp-content\\\/uploads\\\/sites\\\/3\\\/2020\\\/12\\\/logo.png\",\"width\":200,\"height\":70,\"caption\":\"Markt-XXL\"},\"image\":{\"@id\":\"https:\\\/\\\/marktxxl.de\\\/markt\\\/#\\\/schema\\\/logo\\\/image\\\/\"}}]}<\/script>\n<!-- \/ Yoast SEO plugin. -->","yoast_head_json":{"title":"Sensalou Inkontinenzauflage 75x90 wasserdichte Bett Inkontinenzunterlage waschbar, atmungsaktiv - Markt-XXL","description":"Markt-XXL Sensalou Inkontinenzauflage 75x90 wasserdichte Bett Inkontinenzunterlage waschbar, atmungsaktiv","robots":{"index":"index","follow":"follow","max-snippet":"max-snippet:-1","max-image-preview":"max-image-preview:large","max-video-preview":"max-video-preview:-1"},"canonical":"https:\/\/marktxxl.de\/markt\/produkt\/sensalou-inkontinenzauflage-75x90-wasserdichte-bett-inkontinenzunterlage-waschbar-atmungsaktiv\/","og_locale":"de_DE","og_type":"article","og_title":"Sensalou Inkontinenzauflage 75x90 wasserdichte Bett Inkontinenzunterlage waschbar, atmungsaktiv - Markt-XXL","og_description":"Markt-XXL Sensalou Inkontinenzauflage 75x90 wasserdichte Bett Inkontinenzunterlage waschbar, atmungsaktiv","og_url":"https:\/\/marktxxl.de\/markt\/produkt\/sensalou-inkontinenzauflage-75x90-wasserdichte-bett-inkontinenzunterlage-waschbar-atmungsaktiv\/","og_site_name":"Markt-XXL","twitter_card":"summary_large_image","schema":{"@context":"https:\/\/schema.org","@graph":[{"@type":"WebPage","@id":"https:\/\/marktxxl.de\/markt\/produkt\/sensalou-inkontinenzauflage-75x90-wasserdichte-bett-inkontinenzunterlage-waschbar-atmungsaktiv\/","url":"https:\/\/marktxxl.de\/markt\/produkt\/sensalou-inkontinenzauflage-75x90-wasserdichte-bett-inkontinenzunterlage-waschbar-atmungsaktiv\/","name":"Sensalou Inkontinenzauflage 75x90 wasserdichte Bett Inkontinenzunterlage waschbar, atmungsaktiv - Markt-XXL","isPartOf":{"@id":"https:\/\/marktxxl.de\/markt\/#website"},"primaryImageOfPage":{"@id":"https:\/\/marktxxl.de\/markt\/produkt\/sensalou-inkontinenzauflage-75x90-wasserdichte-bett-inkontinenzunterlage-waschbar-atmungsaktiv\/#primaryimage"},"image":{"@id":"https:\/\/marktxxl.de\/markt\/produkt\/sensalou-inkontinenzauflage-75x90-wasserdichte-bett-inkontinenzunterlage-waschbar-atmungsaktiv\/#primaryimage"},"thumbnailUrl":"https:\/\/m.media-amazon.com\/images\/I\/31darSRzSJL._SL500_.jpg","datePublished":"2024-06-28T06:35:41+00:00","description":"Markt-XXL Sensalou Inkontinenzauflage 75x90 wasserdichte Bett Inkontinenzunterlage waschbar, atmungsaktiv","breadcrumb":{"@id":"https:\/\/marktxxl.de\/markt\/produkt\/sensalou-inkontinenzauflage-75x90-wasserdichte-bett-inkontinenzunterlage-waschbar-atmungsaktiv\/#breadcrumb"},"inLanguage":"de","potentialAction":[{"@type":"ReadAction","target":["https:\/\/marktxxl.de\/markt\/produkt\/sensalou-inkontinenzauflage-75x90-wasserdichte-bett-inkontinenzunterlage-waschbar-atmungsaktiv\/"]}]},{"@type":"ImageObject","inLanguage":"de","@id":"https:\/\/marktxxl.de\/markt\/produkt\/sensalou-inkontinenzauflage-75x90-wasserdichte-bett-inkontinenzunterlage-waschbar-atmungsaktiv\/#primaryimage","url":"https:\/\/m.media-amazon.com\/images\/I\/31darSRzSJL._SL500_.jpg","contentUrl":"https:\/\/m.media-amazon.com\/images\/I\/31darSRzSJL._SL500_.jpg","width":500,"height":500},{"@type":"BreadcrumbList","@id":"https:\/\/marktxxl.de\/markt\/produkt\/sensalou-inkontinenzauflage-75x90-wasserdichte-bett-inkontinenzunterlage-waschbar-atmungsaktiv\/#breadcrumb","itemListElement":[{"@type":"ListItem","position":1,"name":"Startseite","item":"https:\/\/marktxxl.de\/markt\/"},{"@type":"ListItem","position":2,"name":"Markt","item":"https:\/\/marktxxl.de\/markt\/"},{"@type":"ListItem","position":3,"name":"Sensalou Inkontinenzauflage 75&#215;90 wasserdichte Bett Inkontinenzunterlage waschbar, atmungsaktiv"}]},{"@type":"WebSite","@id":"https:\/\/marktxxl.de\/markt\/#website","url":"https:\/\/marktxxl.de\/markt\/","name":"Markt-XXL","description":"Ihr Markt Online","publisher":{"@id":"https:\/\/marktxxl.de\/markt\/#organization"},"potentialAction":[{"@type":"SearchAction","target":{"@type":"EntryPoint","urlTemplate":"https:\/\/marktxxl.de\/markt\/?s={search_term_string}"},"query-input":{"@type":"PropertyValueSpecification","valueRequired":true,"valueName":"search_term_string"}}],"inLanguage":"de"},{"@type":"Organization","@id":"https:\/\/marktxxl.de\/markt\/#organization","name":"Markt-XXL","url":"https:\/\/marktxxl.de\/markt\/","logo":{"@type":"ImageObject","inLanguage":"de","@id":"https:\/\/marktxxl.de\/markt\/#\/schema\/logo\/image\/","url":"https:\/\/marktxxl.de\/markt\/wp-content\/uploads\/sites\/3\/2020\/12\/logo.png","contentUrl":"https:\/\/marktxxl.de\/markt\/wp-content\/uploads\/sites\/3\/2020\/12\/logo.png","width":200,"height":70,"caption":"Markt-XXL"},"image":{"@id":"https:\/\/marktxxl.de\/markt\/#\/schema\/logo\/image\/"}}]}},"_links":{"self":[{"href":"https:\/\/marktxxl.de\/markt\/wp-json\/wp\/v2\/product\/211562","targetHints":{"allow":["GET"]}}],"collection":[{"href":"https:\/\/marktxxl.de\/markt\/wp-json\/wp\/v2\/product"}],"about":[{"href":"https:\/\/marktxxl.de\/markt\/wp-json\/wp\/v2\/types\/product"}],"replies":[{"embeddable":true,"href":"https:\/\/marktxxl.de\/markt\/wp-json\/wp\/v2\/comments?post=211562"}],"wp:featuredmedia":[{"embeddable":true,"href":"https:\/\/marktxxl.de\/markt\/wp-json\/wp\/v2\/media\/211563"}],"wp:attachment":[{"href":"https:\/\/marktxxl.de\/markt\/wp-json\/wp\/v2\/media?parent=211562"}],"wp:term":[{"taxonomy":"product_brand","embeddable":true,"href":"https:\/\/marktxxl.de\/markt\/wp-json\/wp\/v2\/product_brand?post=211562"},{"taxonomy":"product_cat","embeddable":true,"href":"https:\/\/marktxxl.de\/markt\/wp-json\/wp\/v2\/product_cat?post=211562"},{"taxonomy":"product_tag","embeddable":true,"href":"https:\/\/marktxxl.de\/markt\/wp-json\/wp\/v2\/product_tag?post=211562"}],"curies":[{"name":"wp","href":"https:\/\/api.w.org\/{rel}","templated":true}]}}