{"id":211352,"date":"2024-06-28T07:18:11","date_gmt":"2024-06-28T05:18:11","guid":{"rendered":"https:\/\/marktxxl.de\/markt\/produkt\/2st-weihnachts-miniatur-lichterketten-20m-kuenstliche-lichter-wichtel-zubehoer-puppenhaus-zubehoer-mini-dekorationen-fuer-kleines-haus-lebkuchenhaus-weihnachtsbaeume\/"},"modified":"2024-06-28T07:18:11","modified_gmt":"2024-06-28T05:18:11","slug":"2st-weihnachts-miniatur-lichterketten-20m-kuenstliche-lichter-wichtel-zubehoer-puppenhaus-zubehoer-mini-dekorationen-fuer-kleines-haus-lebkuchenhaus-weihnachtsbaeume","status":"publish","type":"product","link":"https:\/\/marktxxl.de\/markt\/produkt\/2st-weihnachts-miniatur-lichterketten-20m-kuenstliche-lichter-wichtel-zubehoer-puppenhaus-zubehoer-mini-dekorationen-fuer-kleines-haus-lebkuchenhaus-weihnachtsbaeume\/","title":{"rendered":"2St Weihnachts Miniatur Lichterketten, 20m K\u00fcnstliche Lichter, Wichtel Zubeh\u00f6r Puppenhaus Zubeh\u00f6r, Mini Dekorationen f\u00fcr kleines haus, Lebkuchenhaus, Weihnachtsb\u00e4ume"},"content":{"rendered":"<p>Paketinhalt: Das Paket enth\u00e4lt 2 Rollen farbenfroher gef\u00e4lschter Saitenleuchten, jede Rolle ist 10 m lang und die Gesamtl\u00e4nge 20 m, was lang genug ist, damit Sie die Bed\u00fcrfnisse Ihrer Puppenhausdekoration entsprechen k\u00f6nnen.<br \/>\nProduktmaterial: Diese Weihnachtslichter bestehen aus Premium Kunststoff, nicht leicht zu brechen oder zu verblassen, mit glatte Oberfl\u00e4che, exquisiter Verarbeitung und leichtem Gewicht.<br \/>\nEinfach zu bedienen: Diese gef\u00e4lschten Lichter sind leicht zu schneiden und k\u00f6nnen je nach Ihren Bed\u00fcrfnissen auf jede L\u00e4nge geschnitten werden. Anschlie\u00dfend k\u00f6nnen Sie sie um die Gegenst\u00e4nde umgehen, die Sie dekorieren m\u00f6chten, und schafft leicht ein s\u00fc\u00dfes, romantisches, warmes Gef\u00fchl.<br \/>\nWeihnachtsthema: Diese farbenfrohen Lichter sind in klassischen Weihnachtsfarben entworfen, darunter Rot, Gr\u00fcn, Gold, Silber und andere Farben, die sehr \u00fcbereinstimmen mit dem Weihnachtsthema.<br \/>\nBreite Anwendung: Diese Mini Weihnachtsdekorationen eignen sich zum Dekorieren von DIY -Kunsthandwerk wie Mini -Puppenh\u00e4usern, Mini -Weihnachtsb\u00e4umen, Miniaturgartenlandschaften usw. Sie k\u00f6nnen auch zu Halsketten oder Armb\u00e4ndern verarbeitet werden.Sie k\u00f6nnen Ihrer Fantasie volles Spiel geben, um verschiedene Kunsthandwerk zu machen.<br \/>\n<div class=\"main-cross-sell\" data-asin=\"B0CJ4JPKX6\">\n\n\t<div class=\"WooZone-cross-sell-loader\">\n\t\t<div>\n\t\t\t<div id=\"floatingBarsG\">\n\t\t\t\t<div class=\"blockG\" id=\"rotateG_01\"><\/div>\n\t\t\t\t<div class=\"blockG\" id=\"rotateG_02\"><\/div>\n\t\t\t\t<div class=\"blockG\" id=\"rotateG_03\"><\/div>\n\t\t\t\t<div class=\"blockG\" id=\"rotateG_04\"><\/div>\n\t\t\t\t<div class=\"blockG\" id=\"rotateG_05\"><\/div>\n\t\t\t\t<div class=\"blockG\" id=\"rotateG_06\"><\/div>\n\t\t\t\t<div class=\"blockG\" id=\"rotateG_07\"><\/div>\n\t\t\t\t<div class=\"blockG\" id=\"rotateG_08\"><\/div>\n\t\t\t<\/div>\n\t\t\t<div class=\"WooZone-cross-sell-loader-text\"><\/div>\n\t\t<\/div>\n\t<\/div>\n\n\t\t\n<\/div>\n<div style=\"clear:both;\"><\/div><\/p>\n","protected":false},"excerpt":{"rendered":"<p>Paketinhalt: Das Paket enth\u00e4lt 2 Rollen farbenfroher gef\u00e4lschter Saitenleuchten, jede Rolle ist 10 m lang und die Gesamtl\u00e4nge 20 m, was lang genug ist, damit Sie die Bed\u00fcrfnisse Ihrer Puppenhausdekoration entsprechen k\u00f6nnen.<br \/>\nProduktmaterial: Diese Weihnachtslichter bestehen aus Premium Kunststoff, nicht leicht zu brechen oder zu verblassen, mit glatte Oberfl\u00e4che, exquisiter Verarbeitung und leichtem Gewicht.<br \/>\nEinfach zu bedienen: Diese gef\u00e4lschten Lichter sind leicht zu schneiden und k\u00f6nnen je nach Ihren Bed\u00fcrfnissen auf jede L\u00e4nge geschnitten werden. Anschlie\u00dfend k\u00f6nnen Sie sie um die Gegenst\u00e4nde umgehen, die Sie dekorieren m\u00f6chten, und schafft leicht ein s\u00fc\u00dfes, romantisches, warmes Gef\u00fchl.<\/p>\n","protected":false},"featured_media":211353,"comment_status":"open","ping_status":"closed","template":"","meta":[],"product_brand":[],"product_cat":[2108,15623],"product_tag":[],"class_list":{"0":"post-211352","1":"product","2":"type-product","3":"status-publish","4":"has-post-thumbnail","6":"product_cat-beleuchtung","7":"product_cat-lichtschlaeuche","8":"pa_brand-xihircd","9":"pa_height-2-755905509-zoll","10":"pa_length-5-118110231-zoll","11":"pa_manufacturer-xihircd","12":"pa_model-53267","13":"pa_width-2-755905509-zoll","15":"first","16":"instock","17":"shipping-taxable","18":"purchasable","19":"product-type-simple","20":"customify-col","21":"product-has-gallery"},"yoast_head":"<!-- This site is optimized with the Yoast SEO plugin v27.4 - https:\/\/yoast.com\/product\/yoast-seo-wordpress\/ -->\n<title>2St Weihnachts Miniatur Lichterketten, 20m K\u00fcnstliche Lichter, Wichtel Zubeh\u00f6r Puppenhaus Zubeh\u00f6r, Mini Dekorationen f\u00fcr kleines haus, Lebkuchenhaus, Weihnachtsb\u00e4ume - Markt-XXL<\/title>\n<meta name=\"description\" content=\"Markt-XXL 2St Weihnachts Miniatur Lichterketten, 20m K\u00fcnstliche Lichter, Wichtel Zubeh\u00f6r Puppenhaus Zubeh\u00f6r, Mini Dekorationen f\u00fcr kleines haus, Lebkuchenhaus, Weihnachtsb\u00e4ume\" \/>\n<meta name=\"robots\" content=\"index, follow, max-snippet:-1, max-image-preview:large, max-video-preview:-1\" \/>\n<link rel=\"canonical\" href=\"https:\/\/marktxxl.de\/markt\/produkt\/2st-weihnachts-miniatur-lichterketten-20m-kuenstliche-lichter-wichtel-zubehoer-puppenhaus-zubehoer-mini-dekorationen-fuer-kleines-haus-lebkuchenhaus-weihnachtsbaeume\/\" \/>\n<meta property=\"og:locale\" content=\"de_DE\" \/>\n<meta property=\"og:type\" content=\"article\" \/>\n<meta property=\"og:title\" content=\"2St Weihnachts Miniatur Lichterketten, 20m K\u00fcnstliche Lichter, Wichtel Zubeh\u00f6r Puppenhaus Zubeh\u00f6r, Mini Dekorationen f\u00fcr kleines haus, Lebkuchenhaus, Weihnachtsb\u00e4ume - Markt-XXL\" \/>\n<meta property=\"og:description\" content=\"Markt-XXL 2St Weihnachts Miniatur Lichterketten, 20m K\u00fcnstliche Lichter, Wichtel Zubeh\u00f6r Puppenhaus Zubeh\u00f6r, Mini Dekorationen f\u00fcr kleines haus, Lebkuchenhaus, Weihnachtsb\u00e4ume\" \/>\n<meta property=\"og:url\" content=\"https:\/\/marktxxl.de\/markt\/produkt\/2st-weihnachts-miniatur-lichterketten-20m-kuenstliche-lichter-wichtel-zubehoer-puppenhaus-zubehoer-mini-dekorationen-fuer-kleines-haus-lebkuchenhaus-weihnachtsbaeume\/\" \/>\n<meta property=\"og:site_name\" content=\"Markt-XXL\" \/>\n<meta name=\"twitter:card\" content=\"summary_large_image\" \/>\n<meta name=\"twitter:label1\" content=\"Gesch\u00e4tzte Lesezeit\" \/>\n\t<meta name=\"twitter:data1\" content=\"1\u00a0Minute\" \/>\n<script type=\"application\/ld+json\" class=\"yoast-schema-graph\">{\"@context\":\"https:\\\/\\\/schema.org\",\"@graph\":[{\"@type\":\"WebPage\",\"@id\":\"https:\\\/\\\/marktxxl.de\\\/markt\\\/produkt\\\/2st-weihnachts-miniatur-lichterketten-20m-kuenstliche-lichter-wichtel-zubehoer-puppenhaus-zubehoer-mini-dekorationen-fuer-kleines-haus-lebkuchenhaus-weihnachtsbaeume\\\/\",\"url\":\"https:\\\/\\\/marktxxl.de\\\/markt\\\/produkt\\\/2st-weihnachts-miniatur-lichterketten-20m-kuenstliche-lichter-wichtel-zubehoer-puppenhaus-zubehoer-mini-dekorationen-fuer-kleines-haus-lebkuchenhaus-weihnachtsbaeume\\\/\",\"name\":\"2St Weihnachts Miniatur Lichterketten, 20m K\u00fcnstliche Lichter, Wichtel Zubeh\u00f6r Puppenhaus Zubeh\u00f6r, Mini Dekorationen f\u00fcr kleines haus, Lebkuchenhaus, Weihnachtsb\u00e4ume - Markt-XXL\",\"isPartOf\":{\"@id\":\"https:\\\/\\\/marktxxl.de\\\/markt\\\/#website\"},\"primaryImageOfPage\":{\"@id\":\"https:\\\/\\\/marktxxl.de\\\/markt\\\/produkt\\\/2st-weihnachts-miniatur-lichterketten-20m-kuenstliche-lichter-wichtel-zubehoer-puppenhaus-zubehoer-mini-dekorationen-fuer-kleines-haus-lebkuchenhaus-weihnachtsbaeume\\\/#primaryimage\"},\"image\":{\"@id\":\"https:\\\/\\\/marktxxl.de\\\/markt\\\/produkt\\\/2st-weihnachts-miniatur-lichterketten-20m-kuenstliche-lichter-wichtel-zubehoer-puppenhaus-zubehoer-mini-dekorationen-fuer-kleines-haus-lebkuchenhaus-weihnachtsbaeume\\\/#primaryimage\"},\"thumbnailUrl\":\"https:\\\/\\\/m.media-amazon.com\\\/images\\\/I\\\/51h11UaaInL._SL500_.jpg\",\"datePublished\":\"2024-06-28T05:18:11+00:00\",\"description\":\"Markt-XXL 2St Weihnachts Miniatur Lichterketten, 20m K\u00fcnstliche Lichter, Wichtel Zubeh\u00f6r Puppenhaus Zubeh\u00f6r, Mini Dekorationen f\u00fcr kleines haus, Lebkuchenhaus, Weihnachtsb\u00e4ume\",\"breadcrumb\":{\"@id\":\"https:\\\/\\\/marktxxl.de\\\/markt\\\/produkt\\\/2st-weihnachts-miniatur-lichterketten-20m-kuenstliche-lichter-wichtel-zubehoer-puppenhaus-zubehoer-mini-dekorationen-fuer-kleines-haus-lebkuchenhaus-weihnachtsbaeume\\\/#breadcrumb\"},\"inLanguage\":\"de\",\"potentialAction\":[{\"@type\":\"ReadAction\",\"target\":[\"https:\\\/\\\/marktxxl.de\\\/markt\\\/produkt\\\/2st-weihnachts-miniatur-lichterketten-20m-kuenstliche-lichter-wichtel-zubehoer-puppenhaus-zubehoer-mini-dekorationen-fuer-kleines-haus-lebkuchenhaus-weihnachtsbaeume\\\/\"]}]},{\"@type\":\"ImageObject\",\"inLanguage\":\"de\",\"@id\":\"https:\\\/\\\/marktxxl.de\\\/markt\\\/produkt\\\/2st-weihnachts-miniatur-lichterketten-20m-kuenstliche-lichter-wichtel-zubehoer-puppenhaus-zubehoer-mini-dekorationen-fuer-kleines-haus-lebkuchenhaus-weihnachtsbaeume\\\/#primaryimage\",\"url\":\"https:\\\/\\\/m.media-amazon.com\\\/images\\\/I\\\/51h11UaaInL._SL500_.jpg\",\"contentUrl\":\"https:\\\/\\\/m.media-amazon.com\\\/images\\\/I\\\/51h11UaaInL._SL500_.jpg\",\"width\":500,\"height\":500},{\"@type\":\"BreadcrumbList\",\"@id\":\"https:\\\/\\\/marktxxl.de\\\/markt\\\/produkt\\\/2st-weihnachts-miniatur-lichterketten-20m-kuenstliche-lichter-wichtel-zubehoer-puppenhaus-zubehoer-mini-dekorationen-fuer-kleines-haus-lebkuchenhaus-weihnachtsbaeume\\\/#breadcrumb\",\"itemListElement\":[{\"@type\":\"ListItem\",\"position\":1,\"name\":\"Startseite\",\"item\":\"https:\\\/\\\/marktxxl.de\\\/markt\\\/\"},{\"@type\":\"ListItem\",\"position\":2,\"name\":\"Markt\",\"item\":\"https:\\\/\\\/marktxxl.de\\\/markt\\\/\"},{\"@type\":\"ListItem\",\"position\":3,\"name\":\"2St Weihnachts Miniatur Lichterketten, 20m K\u00fcnstliche Lichter, Wichtel Zubeh\u00f6r Puppenhaus Zubeh\u00f6r, Mini Dekorationen f\u00fcr kleines haus, Lebkuchenhaus, Weihnachtsb\u00e4ume\"}]},{\"@type\":\"WebSite\",\"@id\":\"https:\\\/\\\/marktxxl.de\\\/markt\\\/#website\",\"url\":\"https:\\\/\\\/marktxxl.de\\\/markt\\\/\",\"name\":\"Markt-XXL\",\"description\":\"Ihr Markt Online\",\"publisher\":{\"@id\":\"https:\\\/\\\/marktxxl.de\\\/markt\\\/#organization\"},\"potentialAction\":[{\"@type\":\"SearchAction\",\"target\":{\"@type\":\"EntryPoint\",\"urlTemplate\":\"https:\\\/\\\/marktxxl.de\\\/markt\\\/?s={search_term_string}\"},\"query-input\":{\"@type\":\"PropertyValueSpecification\",\"valueRequired\":true,\"valueName\":\"search_term_string\"}}],\"inLanguage\":\"de\"},{\"@type\":\"Organization\",\"@id\":\"https:\\\/\\\/marktxxl.de\\\/markt\\\/#organization\",\"name\":\"Markt-XXL\",\"url\":\"https:\\\/\\\/marktxxl.de\\\/markt\\\/\",\"logo\":{\"@type\":\"ImageObject\",\"inLanguage\":\"de\",\"@id\":\"https:\\\/\\\/marktxxl.de\\\/markt\\\/#\\\/schema\\\/logo\\\/image\\\/\",\"url\":\"https:\\\/\\\/marktxxl.de\\\/markt\\\/wp-content\\\/uploads\\\/sites\\\/3\\\/2020\\\/12\\\/logo.png\",\"contentUrl\":\"https:\\\/\\\/marktxxl.de\\\/markt\\\/wp-content\\\/uploads\\\/sites\\\/3\\\/2020\\\/12\\\/logo.png\",\"width\":200,\"height\":70,\"caption\":\"Markt-XXL\"},\"image\":{\"@id\":\"https:\\\/\\\/marktxxl.de\\\/markt\\\/#\\\/schema\\\/logo\\\/image\\\/\"}}]}<\/script>\n<!-- \/ Yoast SEO plugin. -->","yoast_head_json":{"title":"2St Weihnachts Miniatur Lichterketten, 20m K\u00fcnstliche Lichter, Wichtel Zubeh\u00f6r Puppenhaus Zubeh\u00f6r, Mini Dekorationen f\u00fcr kleines haus, Lebkuchenhaus, Weihnachtsb\u00e4ume - Markt-XXL","description":"Markt-XXL 2St Weihnachts Miniatur Lichterketten, 20m K\u00fcnstliche Lichter, Wichtel Zubeh\u00f6r Puppenhaus Zubeh\u00f6r, Mini Dekorationen f\u00fcr kleines haus, Lebkuchenhaus, Weihnachtsb\u00e4ume","robots":{"index":"index","follow":"follow","max-snippet":"max-snippet:-1","max-image-preview":"max-image-preview:large","max-video-preview":"max-video-preview:-1"},"canonical":"https:\/\/marktxxl.de\/markt\/produkt\/2st-weihnachts-miniatur-lichterketten-20m-kuenstliche-lichter-wichtel-zubehoer-puppenhaus-zubehoer-mini-dekorationen-fuer-kleines-haus-lebkuchenhaus-weihnachtsbaeume\/","og_locale":"de_DE","og_type":"article","og_title":"2St Weihnachts Miniatur Lichterketten, 20m K\u00fcnstliche Lichter, Wichtel Zubeh\u00f6r Puppenhaus Zubeh\u00f6r, Mini Dekorationen f\u00fcr kleines haus, Lebkuchenhaus, Weihnachtsb\u00e4ume - Markt-XXL","og_description":"Markt-XXL 2St Weihnachts Miniatur Lichterketten, 20m K\u00fcnstliche Lichter, Wichtel Zubeh\u00f6r Puppenhaus Zubeh\u00f6r, Mini Dekorationen f\u00fcr kleines haus, Lebkuchenhaus, Weihnachtsb\u00e4ume","og_url":"https:\/\/marktxxl.de\/markt\/produkt\/2st-weihnachts-miniatur-lichterketten-20m-kuenstliche-lichter-wichtel-zubehoer-puppenhaus-zubehoer-mini-dekorationen-fuer-kleines-haus-lebkuchenhaus-weihnachtsbaeume\/","og_site_name":"Markt-XXL","twitter_card":"summary_large_image","twitter_misc":{"Gesch\u00e4tzte Lesezeit":"1\u00a0Minute"},"schema":{"@context":"https:\/\/schema.org","@graph":[{"@type":"WebPage","@id":"https:\/\/marktxxl.de\/markt\/produkt\/2st-weihnachts-miniatur-lichterketten-20m-kuenstliche-lichter-wichtel-zubehoer-puppenhaus-zubehoer-mini-dekorationen-fuer-kleines-haus-lebkuchenhaus-weihnachtsbaeume\/","url":"https:\/\/marktxxl.de\/markt\/produkt\/2st-weihnachts-miniatur-lichterketten-20m-kuenstliche-lichter-wichtel-zubehoer-puppenhaus-zubehoer-mini-dekorationen-fuer-kleines-haus-lebkuchenhaus-weihnachtsbaeume\/","name":"2St Weihnachts Miniatur Lichterketten, 20m K\u00fcnstliche Lichter, Wichtel Zubeh\u00f6r Puppenhaus Zubeh\u00f6r, Mini Dekorationen f\u00fcr kleines haus, Lebkuchenhaus, Weihnachtsb\u00e4ume - Markt-XXL","isPartOf":{"@id":"https:\/\/marktxxl.de\/markt\/#website"},"primaryImageOfPage":{"@id":"https:\/\/marktxxl.de\/markt\/produkt\/2st-weihnachts-miniatur-lichterketten-20m-kuenstliche-lichter-wichtel-zubehoer-puppenhaus-zubehoer-mini-dekorationen-fuer-kleines-haus-lebkuchenhaus-weihnachtsbaeume\/#primaryimage"},"image":{"@id":"https:\/\/marktxxl.de\/markt\/produkt\/2st-weihnachts-miniatur-lichterketten-20m-kuenstliche-lichter-wichtel-zubehoer-puppenhaus-zubehoer-mini-dekorationen-fuer-kleines-haus-lebkuchenhaus-weihnachtsbaeume\/#primaryimage"},"thumbnailUrl":"https:\/\/m.media-amazon.com\/images\/I\/51h11UaaInL._SL500_.jpg","datePublished":"2024-06-28T05:18:11+00:00","description":"Markt-XXL 2St Weihnachts Miniatur Lichterketten, 20m K\u00fcnstliche Lichter, Wichtel Zubeh\u00f6r Puppenhaus Zubeh\u00f6r, Mini Dekorationen f\u00fcr kleines haus, Lebkuchenhaus, Weihnachtsb\u00e4ume","breadcrumb":{"@id":"https:\/\/marktxxl.de\/markt\/produkt\/2st-weihnachts-miniatur-lichterketten-20m-kuenstliche-lichter-wichtel-zubehoer-puppenhaus-zubehoer-mini-dekorationen-fuer-kleines-haus-lebkuchenhaus-weihnachtsbaeume\/#breadcrumb"},"inLanguage":"de","potentialAction":[{"@type":"ReadAction","target":["https:\/\/marktxxl.de\/markt\/produkt\/2st-weihnachts-miniatur-lichterketten-20m-kuenstliche-lichter-wichtel-zubehoer-puppenhaus-zubehoer-mini-dekorationen-fuer-kleines-haus-lebkuchenhaus-weihnachtsbaeume\/"]}]},{"@type":"ImageObject","inLanguage":"de","@id":"https:\/\/marktxxl.de\/markt\/produkt\/2st-weihnachts-miniatur-lichterketten-20m-kuenstliche-lichter-wichtel-zubehoer-puppenhaus-zubehoer-mini-dekorationen-fuer-kleines-haus-lebkuchenhaus-weihnachtsbaeume\/#primaryimage","url":"https:\/\/m.media-amazon.com\/images\/I\/51h11UaaInL._SL500_.jpg","contentUrl":"https:\/\/m.media-amazon.com\/images\/I\/51h11UaaInL._SL500_.jpg","width":500,"height":500},{"@type":"BreadcrumbList","@id":"https:\/\/marktxxl.de\/markt\/produkt\/2st-weihnachts-miniatur-lichterketten-20m-kuenstliche-lichter-wichtel-zubehoer-puppenhaus-zubehoer-mini-dekorationen-fuer-kleines-haus-lebkuchenhaus-weihnachtsbaeume\/#breadcrumb","itemListElement":[{"@type":"ListItem","position":1,"name":"Startseite","item":"https:\/\/marktxxl.de\/markt\/"},{"@type":"ListItem","position":2,"name":"Markt","item":"https:\/\/marktxxl.de\/markt\/"},{"@type":"ListItem","position":3,"name":"2St Weihnachts Miniatur Lichterketten, 20m K\u00fcnstliche Lichter, Wichtel Zubeh\u00f6r Puppenhaus Zubeh\u00f6r, Mini Dekorationen f\u00fcr kleines haus, Lebkuchenhaus, Weihnachtsb\u00e4ume"}]},{"@type":"WebSite","@id":"https:\/\/marktxxl.de\/markt\/#website","url":"https:\/\/marktxxl.de\/markt\/","name":"Markt-XXL","description":"Ihr Markt Online","publisher":{"@id":"https:\/\/marktxxl.de\/markt\/#organization"},"potentialAction":[{"@type":"SearchAction","target":{"@type":"EntryPoint","urlTemplate":"https:\/\/marktxxl.de\/markt\/?s={search_term_string}"},"query-input":{"@type":"PropertyValueSpecification","valueRequired":true,"valueName":"search_term_string"}}],"inLanguage":"de"},{"@type":"Organization","@id":"https:\/\/marktxxl.de\/markt\/#organization","name":"Markt-XXL","url":"https:\/\/marktxxl.de\/markt\/","logo":{"@type":"ImageObject","inLanguage":"de","@id":"https:\/\/marktxxl.de\/markt\/#\/schema\/logo\/image\/","url":"https:\/\/marktxxl.de\/markt\/wp-content\/uploads\/sites\/3\/2020\/12\/logo.png","contentUrl":"https:\/\/marktxxl.de\/markt\/wp-content\/uploads\/sites\/3\/2020\/12\/logo.png","width":200,"height":70,"caption":"Markt-XXL"},"image":{"@id":"https:\/\/marktxxl.de\/markt\/#\/schema\/logo\/image\/"}}]}},"_links":{"self":[{"href":"https:\/\/marktxxl.de\/markt\/wp-json\/wp\/v2\/product\/211352","targetHints":{"allow":["GET"]}}],"collection":[{"href":"https:\/\/marktxxl.de\/markt\/wp-json\/wp\/v2\/product"}],"about":[{"href":"https:\/\/marktxxl.de\/markt\/wp-json\/wp\/v2\/types\/product"}],"replies":[{"embeddable":true,"href":"https:\/\/marktxxl.de\/markt\/wp-json\/wp\/v2\/comments?post=211352"}],"wp:featuredmedia":[{"embeddable":true,"href":"https:\/\/marktxxl.de\/markt\/wp-json\/wp\/v2\/media\/211353"}],"wp:attachment":[{"href":"https:\/\/marktxxl.de\/markt\/wp-json\/wp\/v2\/media?parent=211352"}],"wp:term":[{"taxonomy":"product_brand","embeddable":true,"href":"https:\/\/marktxxl.de\/markt\/wp-json\/wp\/v2\/product_brand?post=211352"},{"taxonomy":"product_cat","embeddable":true,"href":"https:\/\/marktxxl.de\/markt\/wp-json\/wp\/v2\/product_cat?post=211352"},{"taxonomy":"product_tag","embeddable":true,"href":"https:\/\/marktxxl.de\/markt\/wp-json\/wp\/v2\/product_tag?post=211352"}],"curies":[{"name":"wp","href":"https:\/\/api.w.org\/{rel}","templated":true}]}}