{"id":211186,"date":"2024-06-28T06:49:57","date_gmt":"2024-06-28T04:49:57","guid":{"rendered":"https:\/\/marktxxl.de\/markt\/produkt\/uf-pro-striker-xt-gen-3-hose\/"},"modified":"2024-06-28T06:49:57","modified_gmt":"2024-06-28T04:49:57","slug":"uf-pro-striker-xt-gen-3-hose","status":"publish","type":"product","link":"https:\/\/marktxxl.de\/markt\/produkt\/uf-pro-striker-xt-gen-3-hose\/","title":{"rendered":"UF Pro Striker XT Gen.3 Hose"},"content":{"rendered":"<p>Die neueste Generation der erprobten UF PRO Striker XT Hose ist bequem im Design, robust im Charakter und zuverl\u00e4ssig im Einsatz. Mit integriertem Unterg\u00fcrtel, atmungsaktivem Bel\u00fcftungssystem und eingebauten Kniesch\u00fctzern ist die Cordura-verst\u00e4rkte Einsatzhose perfekt f\u00fcr Beh\u00f6rden, Milit\u00e4r und Zivilisten.<br \/>\nSchoeller-dynamic Strechmaterial im Bund- und Ges\u00e4\u00dfbereich sowie an den hinteren Oberschenkeln bietet h\u00f6chsten Tragekomfort und optimale Bewegungsfreiheit.<br \/>\nDas atmungsaktive, rei\u00dffeste Ripstop Hauptmaterial wird in einer speziellen Webtechnik hergestellt, bei der in Abst\u00e4nden von 5-8 mm dickere F\u00e4den in das sonst d\u00fcnne Gewebe integriert werden. Cordura -verst\u00e4rkte G\u00fcrtelschlaufen, Kniepads und B\u00fcndchen.<br \/>\nDer integrierte Unterg\u00fcrtel mit Flauschklettau\u00dfenseite fixiert die Hose und verhindert das Verrutschen.<br \/>\nDie eingebauten, 5-fach verstellbaren Kniepads bieten hervorragenden Schutz und k\u00f6nnen mit optionalen Kniesch\u00fctzern weiter aufger\u00fcstet werden (siehe unten).<br \/>\nDas intelligente Bel\u00fcftungssystem sorgt f\u00fcr K\u00fchle und Erfrischung an hei\u00dfen Tagen. Dank Boot Hook Stiefelhaken und Weiteneinstellung durch Gummizug am Bein rutscht das Hosenbein nicht nach oben.<br \/>\nF\u00fcnf doppelte G\u00fcrtelschlaufen mit Druckkn\u00f6pfen halten Dienstkoppeln bis 58 mm Breite sicher in Position.<br \/>\nDer Bund passt sich dank seitlicher elastischer Gummiz\u00fcge optimal dem Tr\u00e4ger an.<br \/>\n<div class=\"main-cross-sell\" data-asin=\"B0B31KCHTL\">\n\n\t<div class=\"WooZone-cross-sell-loader\">\n\t\t<div>\n\t\t\t<div id=\"floatingBarsG\">\n\t\t\t\t<div class=\"blockG\" id=\"rotateG_01\"><\/div>\n\t\t\t\t<div class=\"blockG\" id=\"rotateG_02\"><\/div>\n\t\t\t\t<div class=\"blockG\" id=\"rotateG_03\"><\/div>\n\t\t\t\t<div class=\"blockG\" id=\"rotateG_04\"><\/div>\n\t\t\t\t<div class=\"blockG\" id=\"rotateG_05\"><\/div>\n\t\t\t\t<div class=\"blockG\" id=\"rotateG_06\"><\/div>\n\t\t\t\t<div class=\"blockG\" id=\"rotateG_07\"><\/div>\n\t\t\t\t<div class=\"blockG\" id=\"rotateG_08\"><\/div>\n\t\t\t<\/div>\n\t\t\t<div class=\"WooZone-cross-sell-loader-text\"><\/div>\n\t\t<\/div>\n\t<\/div>\n\n\t\t\n<\/div>\n<div style=\"clear:both;\"><\/div><\/p>\n","protected":false},"excerpt":{"rendered":"<p>Die neueste Generation der erprobten UF PRO Striker XT Hose ist bequem im Design, robust im Charakter und zuverl\u00e4ssig im Einsatz. Mit integriertem Unterg\u00fcrtel, atmungsaktivem Bel\u00fcftungssystem und eingebauten Kniesch\u00fctzern ist die Cordura-verst\u00e4rkte Einsatzhose perfekt f\u00fcr Beh\u00f6rden, Milit\u00e4r und Zivilisten.<br \/>\nSchoeller-dynamic Strechmaterial im Bund- und Ges\u00e4\u00dfbereich sowie an den hinteren Oberschenkeln bietet h\u00f6chsten Tragekomfort und optimale Bewegungsfreiheit.<br \/>\nDas atmungsaktive, rei\u00dffeste Ripstop Hauptmaterial wird in einer speziellen Webtechnik hergestellt, bei der in Abst\u00e4nden von 5-8 mm dickere F\u00e4den in das sonst d\u00fcnne Gewebe integriert werden. Cordura -verst\u00e4rkte G\u00fcrtelschlaufen, Kniepads und B\u00fcndchen.<\/p>\n","protected":false},"featured_media":211187,"comment_status":"open","ping_status":"closed","template":"","meta":[],"product_brand":[],"product_cat":[4143,1186],"product_tag":[],"class_list":{"0":"post-211186","1":"product","2":"type-product","3":"status-publish","4":"has-post-thumbnail","6":"product_cat-arbeitskleidung-uniformen","7":"product_cat-bekleidung","8":"pa_binding-textilien","9":"pa_brand-uf-pro","10":"pa_manufacturer-uf-pro","12":"first","13":"instock","14":"shipping-taxable","15":"product-type-simple","16":"customify-col","17":"product-has-gallery"},"yoast_head":"<!-- This site is optimized with the Yoast SEO plugin v27.3 - https:\/\/yoast.com\/product\/yoast-seo-wordpress\/ -->\n<title>UF Pro Striker XT Gen.3 Hose - Markt-XXL<\/title>\n<meta name=\"description\" content=\"Markt-XXL UF Pro Striker XT Gen.3 Hose\" \/>\n<meta name=\"robots\" content=\"index, follow, max-snippet:-1, max-image-preview:large, max-video-preview:-1\" \/>\n<link rel=\"canonical\" href=\"https:\/\/marktxxl.de\/markt\/produkt\/uf-pro-striker-xt-gen-3-hose\/\" \/>\n<meta property=\"og:locale\" content=\"de_DE\" \/>\n<meta property=\"og:type\" content=\"article\" \/>\n<meta property=\"og:title\" content=\"UF Pro Striker XT Gen.3 Hose - Markt-XXL\" \/>\n<meta property=\"og:description\" content=\"Markt-XXL UF Pro Striker XT Gen.3 Hose\" \/>\n<meta property=\"og:url\" content=\"https:\/\/marktxxl.de\/markt\/produkt\/uf-pro-striker-xt-gen-3-hose\/\" \/>\n<meta property=\"og:site_name\" content=\"Markt-XXL\" \/>\n<meta name=\"twitter:card\" content=\"summary_large_image\" \/>\n<meta name=\"twitter:label1\" content=\"Gesch\u00e4tzte Lesezeit\" \/>\n\t<meta name=\"twitter:data1\" content=\"1\u00a0Minute\" \/>\n<script type=\"application\/ld+json\" class=\"yoast-schema-graph\">{\"@context\":\"https:\\\/\\\/schema.org\",\"@graph\":[{\"@type\":\"WebPage\",\"@id\":\"https:\\\/\\\/marktxxl.de\\\/markt\\\/produkt\\\/uf-pro-striker-xt-gen-3-hose\\\/\",\"url\":\"https:\\\/\\\/marktxxl.de\\\/markt\\\/produkt\\\/uf-pro-striker-xt-gen-3-hose\\\/\",\"name\":\"UF Pro Striker XT Gen.3 Hose - Markt-XXL\",\"isPartOf\":{\"@id\":\"https:\\\/\\\/marktxxl.de\\\/markt\\\/#website\"},\"primaryImageOfPage\":{\"@id\":\"https:\\\/\\\/marktxxl.de\\\/markt\\\/produkt\\\/uf-pro-striker-xt-gen-3-hose\\\/#primaryimage\"},\"image\":{\"@id\":\"https:\\\/\\\/marktxxl.de\\\/markt\\\/produkt\\\/uf-pro-striker-xt-gen-3-hose\\\/#primaryimage\"},\"thumbnailUrl\":\"https:\\\/\\\/m.media-amazon.com\\\/images\\\/I\\\/31oyONeiTjL._SL500_.jpg\",\"datePublished\":\"2024-06-28T04:49:57+00:00\",\"description\":\"Markt-XXL UF Pro Striker XT Gen.3 Hose\",\"breadcrumb\":{\"@id\":\"https:\\\/\\\/marktxxl.de\\\/markt\\\/produkt\\\/uf-pro-striker-xt-gen-3-hose\\\/#breadcrumb\"},\"inLanguage\":\"de\",\"potentialAction\":[{\"@type\":\"ReadAction\",\"target\":[\"https:\\\/\\\/marktxxl.de\\\/markt\\\/produkt\\\/uf-pro-striker-xt-gen-3-hose\\\/\"]}]},{\"@type\":\"ImageObject\",\"inLanguage\":\"de\",\"@id\":\"https:\\\/\\\/marktxxl.de\\\/markt\\\/produkt\\\/uf-pro-striker-xt-gen-3-hose\\\/#primaryimage\",\"url\":\"https:\\\/\\\/m.media-amazon.com\\\/images\\\/I\\\/31oyONeiTjL._SL500_.jpg\",\"contentUrl\":\"https:\\\/\\\/m.media-amazon.com\\\/images\\\/I\\\/31oyONeiTjL._SL500_.jpg\",\"width\":500,\"height\":500},{\"@type\":\"BreadcrumbList\",\"@id\":\"https:\\\/\\\/marktxxl.de\\\/markt\\\/produkt\\\/uf-pro-striker-xt-gen-3-hose\\\/#breadcrumb\",\"itemListElement\":[{\"@type\":\"ListItem\",\"position\":1,\"name\":\"Startseite\",\"item\":\"https:\\\/\\\/marktxxl.de\\\/markt\\\/\"},{\"@type\":\"ListItem\",\"position\":2,\"name\":\"Markt\",\"item\":\"https:\\\/\\\/marktxxl.de\\\/markt\\\/\"},{\"@type\":\"ListItem\",\"position\":3,\"name\":\"UF Pro Striker XT Gen.3 Hose\"}]},{\"@type\":\"WebSite\",\"@id\":\"https:\\\/\\\/marktxxl.de\\\/markt\\\/#website\",\"url\":\"https:\\\/\\\/marktxxl.de\\\/markt\\\/\",\"name\":\"Markt-XXL\",\"description\":\"Ihr Markt Online\",\"publisher\":{\"@id\":\"https:\\\/\\\/marktxxl.de\\\/markt\\\/#organization\"},\"potentialAction\":[{\"@type\":\"SearchAction\",\"target\":{\"@type\":\"EntryPoint\",\"urlTemplate\":\"https:\\\/\\\/marktxxl.de\\\/markt\\\/?s={search_term_string}\"},\"query-input\":{\"@type\":\"PropertyValueSpecification\",\"valueRequired\":true,\"valueName\":\"search_term_string\"}}],\"inLanguage\":\"de\"},{\"@type\":\"Organization\",\"@id\":\"https:\\\/\\\/marktxxl.de\\\/markt\\\/#organization\",\"name\":\"Markt-XXL\",\"url\":\"https:\\\/\\\/marktxxl.de\\\/markt\\\/\",\"logo\":{\"@type\":\"ImageObject\",\"inLanguage\":\"de\",\"@id\":\"https:\\\/\\\/marktxxl.de\\\/markt\\\/#\\\/schema\\\/logo\\\/image\\\/\",\"url\":\"https:\\\/\\\/marktxxl.de\\\/markt\\\/wp-content\\\/uploads\\\/sites\\\/3\\\/2020\\\/12\\\/logo.png\",\"contentUrl\":\"https:\\\/\\\/marktxxl.de\\\/markt\\\/wp-content\\\/uploads\\\/sites\\\/3\\\/2020\\\/12\\\/logo.png\",\"width\":200,\"height\":70,\"caption\":\"Markt-XXL\"},\"image\":{\"@id\":\"https:\\\/\\\/marktxxl.de\\\/markt\\\/#\\\/schema\\\/logo\\\/image\\\/\"}}]}<\/script>\n<!-- \/ Yoast SEO plugin. -->","yoast_head_json":{"title":"UF Pro Striker XT Gen.3 Hose - Markt-XXL","description":"Markt-XXL UF Pro Striker XT Gen.3 Hose","robots":{"index":"index","follow":"follow","max-snippet":"max-snippet:-1","max-image-preview":"max-image-preview:large","max-video-preview":"max-video-preview:-1"},"canonical":"https:\/\/marktxxl.de\/markt\/produkt\/uf-pro-striker-xt-gen-3-hose\/","og_locale":"de_DE","og_type":"article","og_title":"UF Pro Striker XT Gen.3 Hose - Markt-XXL","og_description":"Markt-XXL UF Pro Striker XT Gen.3 Hose","og_url":"https:\/\/marktxxl.de\/markt\/produkt\/uf-pro-striker-xt-gen-3-hose\/","og_site_name":"Markt-XXL","twitter_card":"summary_large_image","twitter_misc":{"Gesch\u00e4tzte Lesezeit":"1\u00a0Minute"},"schema":{"@context":"https:\/\/schema.org","@graph":[{"@type":"WebPage","@id":"https:\/\/marktxxl.de\/markt\/produkt\/uf-pro-striker-xt-gen-3-hose\/","url":"https:\/\/marktxxl.de\/markt\/produkt\/uf-pro-striker-xt-gen-3-hose\/","name":"UF Pro Striker XT Gen.3 Hose - Markt-XXL","isPartOf":{"@id":"https:\/\/marktxxl.de\/markt\/#website"},"primaryImageOfPage":{"@id":"https:\/\/marktxxl.de\/markt\/produkt\/uf-pro-striker-xt-gen-3-hose\/#primaryimage"},"image":{"@id":"https:\/\/marktxxl.de\/markt\/produkt\/uf-pro-striker-xt-gen-3-hose\/#primaryimage"},"thumbnailUrl":"https:\/\/m.media-amazon.com\/images\/I\/31oyONeiTjL._SL500_.jpg","datePublished":"2024-06-28T04:49:57+00:00","description":"Markt-XXL UF Pro Striker XT Gen.3 Hose","breadcrumb":{"@id":"https:\/\/marktxxl.de\/markt\/produkt\/uf-pro-striker-xt-gen-3-hose\/#breadcrumb"},"inLanguage":"de","potentialAction":[{"@type":"ReadAction","target":["https:\/\/marktxxl.de\/markt\/produkt\/uf-pro-striker-xt-gen-3-hose\/"]}]},{"@type":"ImageObject","inLanguage":"de","@id":"https:\/\/marktxxl.de\/markt\/produkt\/uf-pro-striker-xt-gen-3-hose\/#primaryimage","url":"https:\/\/m.media-amazon.com\/images\/I\/31oyONeiTjL._SL500_.jpg","contentUrl":"https:\/\/m.media-amazon.com\/images\/I\/31oyONeiTjL._SL500_.jpg","width":500,"height":500},{"@type":"BreadcrumbList","@id":"https:\/\/marktxxl.de\/markt\/produkt\/uf-pro-striker-xt-gen-3-hose\/#breadcrumb","itemListElement":[{"@type":"ListItem","position":1,"name":"Startseite","item":"https:\/\/marktxxl.de\/markt\/"},{"@type":"ListItem","position":2,"name":"Markt","item":"https:\/\/marktxxl.de\/markt\/"},{"@type":"ListItem","position":3,"name":"UF Pro Striker XT Gen.3 Hose"}]},{"@type":"WebSite","@id":"https:\/\/marktxxl.de\/markt\/#website","url":"https:\/\/marktxxl.de\/markt\/","name":"Markt-XXL","description":"Ihr Markt Online","publisher":{"@id":"https:\/\/marktxxl.de\/markt\/#organization"},"potentialAction":[{"@type":"SearchAction","target":{"@type":"EntryPoint","urlTemplate":"https:\/\/marktxxl.de\/markt\/?s={search_term_string}"},"query-input":{"@type":"PropertyValueSpecification","valueRequired":true,"valueName":"search_term_string"}}],"inLanguage":"de"},{"@type":"Organization","@id":"https:\/\/marktxxl.de\/markt\/#organization","name":"Markt-XXL","url":"https:\/\/marktxxl.de\/markt\/","logo":{"@type":"ImageObject","inLanguage":"de","@id":"https:\/\/marktxxl.de\/markt\/#\/schema\/logo\/image\/","url":"https:\/\/marktxxl.de\/markt\/wp-content\/uploads\/sites\/3\/2020\/12\/logo.png","contentUrl":"https:\/\/marktxxl.de\/markt\/wp-content\/uploads\/sites\/3\/2020\/12\/logo.png","width":200,"height":70,"caption":"Markt-XXL"},"image":{"@id":"https:\/\/marktxxl.de\/markt\/#\/schema\/logo\/image\/"}}]}},"_links":{"self":[{"href":"https:\/\/marktxxl.de\/markt\/wp-json\/wp\/v2\/product\/211186","targetHints":{"allow":["GET"]}}],"collection":[{"href":"https:\/\/marktxxl.de\/markt\/wp-json\/wp\/v2\/product"}],"about":[{"href":"https:\/\/marktxxl.de\/markt\/wp-json\/wp\/v2\/types\/product"}],"replies":[{"embeddable":true,"href":"https:\/\/marktxxl.de\/markt\/wp-json\/wp\/v2\/comments?post=211186"}],"wp:featuredmedia":[{"embeddable":true,"href":"https:\/\/marktxxl.de\/markt\/wp-json\/wp\/v2\/media\/211187"}],"wp:attachment":[{"href":"https:\/\/marktxxl.de\/markt\/wp-json\/wp\/v2\/media?parent=211186"}],"wp:term":[{"taxonomy":"product_brand","embeddable":true,"href":"https:\/\/marktxxl.de\/markt\/wp-json\/wp\/v2\/product_brand?post=211186"},{"taxonomy":"product_cat","embeddable":true,"href":"https:\/\/marktxxl.de\/markt\/wp-json\/wp\/v2\/product_cat?post=211186"},{"taxonomy":"product_tag","embeddable":true,"href":"https:\/\/marktxxl.de\/markt\/wp-json\/wp\/v2\/product_tag?post=211186"}],"curies":[{"name":"wp","href":"https:\/\/api.w.org\/{rel}","templated":true}]}}