{"id":211083,"date":"2024-06-28T05:49:21","date_gmt":"2024-06-28T03:49:21","guid":{"rendered":"https:\/\/marktxxl.de\/markt\/produkt\/akku-adapter-fuer-makita-18v-li-ion-akku-konvertieren-auf-ryobi-18v-akku-kompatibel-mit-makita-bl1860b-bl1860-bl1850b-bl1840-bl1830b-bl1830-bl1820-bl1815-18v-akku-converter\/"},"modified":"2024-06-28T05:49:21","modified_gmt":"2024-06-28T03:49:21","slug":"akku-adapter-fuer-makita-18v-li-ion-akku-konvertieren-auf-ryobi-18v-akku-kompatibel-mit-makita-bl1860b-bl1860-bl1850b-bl1840-bl1830b-bl1830-bl1820-bl1815-18v-akku-converter","status":"publish","type":"product","link":"https:\/\/marktxxl.de\/markt\/produkt\/akku-adapter-fuer-makita-18v-li-ion-akku-konvertieren-auf-ryobi-18v-akku-kompatibel-mit-makita-bl1860b-bl1860-bl1850b-bl1840-bl1830b-bl1830-bl1820-bl1815-18v-akku-converter\/","title":{"rendered":"Akku Adapter f\u00fcr Makita 18V Li-Ion Akku Konvertieren auf Ryobi 18V Akku, kompatibel mit Makita BL1860B\/BL1860\/BL1850B\/BL1840\/BL1830B\/BL1830\/BL1820\/BL1815, 18V Akku-Converter"},"content":{"rendered":"<p>Adapter-Konverter-Funktion: Dieser Akku-Adapter ist kompatibel mit Makita 18 V Lithium-Ionen-Schiebeakkus, um sie f\u00fcr RYOBI 18-Volt-Akku-Werkzeuge anzuwenden. Mit diesem Konverter k\u00f6nnen Sie die Vorteile einer verl\u00e4ngerten Lithium-Ionen-Akku-Betriebszeit bei vorhandenen 18-V-Werkzeuginstrumenten genie\u00dfen.<br \/>\n\u3010Anwendbare Akku-Modelle\u3011 Die Unterseite dieses Adapters ist nur mit Makita 18 V Lithium-Lithium-Ionen-Akkus kompatibel, z. BL1815 BL1815B BL1820 BL1820B BL1830 BL1830B BL1840 BL1840B BL1850 BL1850B BL1860 BL1860B BL1845 BL1890 BL1890B 18V Li-Ion Batterie<br \/>\n\u3010Ersetzen Sie 18V NI-CD\/Ni-MH Akku\u3011: Ersatz f\u00fcr Ryobi P102, P103, P104, P105, P107, P108, P109, P145, P122, P161, P189, P190 Lithium-Ionen-Akku und passend f\u00fcr Ryobi 18V ONE+. System Akku-Elektrowerkzeuge (Hinweis: Nicht geeignet f\u00fcr Ryobi Akku-S\u00e4ge P551, f\u00fcr Ryobi 18 V Radio, Lampe, z. B. f\u00fcr Ryobi P742 P746)<br \/>\n\u3010Zuverl\u00e4ssig und praktisch\u3011: Dieser schnurlose Elektrowerkzeug-Adapter ist aus ABS-Material, stark und zuverl\u00e4ssig. Professionelles kompaktes Design und einfache Installation. Bequem zu tragen und einfach zu bedienen. Gr\u00f6\u00dfe: ca. 11 x 7,8 x 8,4 cm.<br \/>\n\u3010Achtung\u3011 Kann nicht zum Aufladen von Elektrowerkzeug-Akkus verwendet werden, dieser Adapter passt nicht in jedes Ladeger\u00e4t. Wenn Sie Ihre Elektrowerkzeugakkus aufladen m\u00fcssen, verwenden Sie bitte die Original-Akku-Ladeger\u00e4te.<br \/>\n<div class=\"main-cross-sell\" data-asin=\"B097G9JZ2L\">\n\n\t<div class=\"WooZone-cross-sell-loader\">\n\t\t<div>\n\t\t\t<div id=\"floatingBarsG\">\n\t\t\t\t<div class=\"blockG\" id=\"rotateG_01\"><\/div>\n\t\t\t\t<div class=\"blockG\" id=\"rotateG_02\"><\/div>\n\t\t\t\t<div class=\"blockG\" id=\"rotateG_03\"><\/div>\n\t\t\t\t<div class=\"blockG\" id=\"rotateG_04\"><\/div>\n\t\t\t\t<div class=\"blockG\" id=\"rotateG_05\"><\/div>\n\t\t\t\t<div class=\"blockG\" id=\"rotateG_06\"><\/div>\n\t\t\t\t<div class=\"blockG\" id=\"rotateG_07\"><\/div>\n\t\t\t\t<div class=\"blockG\" id=\"rotateG_08\"><\/div>\n\t\t\t<\/div>\n\t\t\t<div class=\"WooZone-cross-sell-loader-text\"><\/div>\n\t\t<\/div>\n\t<\/div>\n\n\t\t\n<\/div>\n<div style=\"clear:both;\"><\/div><\/p>\n","protected":false},"excerpt":{"rendered":"<p>Adapter-Konverter-Funktion: Dieser Akku-Adapter ist kompatibel mit Makita 18 V Lithium-Ionen-Schiebeakkus, um sie f\u00fcr RYOBI 18-Volt-Akku-Werkzeuge anzuwenden. Mit diesem Konverter k\u00f6nnen Sie die Vorteile einer verl\u00e4ngerten Lithium-Ionen-Akku-Betriebszeit bei vorhandenen 18-V-Werkzeuginstrumenten genie\u00dfen.<br \/>\n\u3010Anwendbare Akku-Modelle\u3011 Die Unterseite dieses Adapters ist nur mit Makita 18 V Lithium-Lithium-Ionen-Akkus kompatibel, z. BL1815 BL1815B BL1820 BL1820B BL1830 BL1830B BL1840 BL1840B BL1850 BL1850B BL1860 BL1860B BL1845 BL1890 BL1890B 18V Li-Ion Batterie<br \/>\n\u3010Ersetzen Sie 18V NI-CD\/Ni-MH Akku\u3011: Ersatz f\u00fcr Ryobi P102, P103, P104, P105, P107, P108, P109, P145, P122, P161, P189, P190 Lithium-Ionen-Akku und passend f\u00fcr Ryobi 18V ONE+. System Akku-Elektrowerkzeuge (Hinweis: Nicht geeignet f\u00fcr Ryobi Akku-S\u00e4ge P551, f\u00fcr Ryobi 18 V Radio, Lampe, z. B. f\u00fcr Ryobi P742 P746)<\/p>\n","protected":false},"featured_media":211084,"comment_status":"open","ping_status":"closed","template":"","meta":[],"product_brand":[],"product_cat":[1983,11235],"product_tag":[],"class_list":{"0":"post-211083","1":"product","2":"type-product","3":"status-publish","4":"has-post-thumbnail","6":"product_cat-baumarkt","7":"product_cat-rasenmaeher-elektrische-gartenwerkzeuge","8":"pa_binding-elektronik","9":"pa_brand-qinizx","10":"pa_height-3-3-zoll","11":"pa_length-4-33-zoll","12":"pa_model-mt20rnl-apt","13":"pa_weight-0-34-pounds","14":"pa_width-3-07-zoll","16":"first","17":"instock","18":"shipping-taxable","19":"purchasable","20":"product-type-simple","21":"customify-col","22":"product-has-gallery"},"yoast_head":"<!-- This site is optimized with the Yoast SEO plugin v27.4 - https:\/\/yoast.com\/product\/yoast-seo-wordpress\/ -->\n<title>Akku Adapter f\u00fcr Makita 18V Li-Ion Akku Konvertieren auf Ryobi 18V Akku, kompatibel mit Makita BL1860B\/BL1860\/BL1850B\/BL1840\/BL1830B\/BL1830\/BL1820\/BL1815, 18V Akku-Converter - Markt-XXL<\/title>\n<meta name=\"description\" content=\"Markt-XXL Akku Adapter f\u00fcr Makita 18V Li-Ion Akku Konvertieren auf Ryobi 18V Akku, kompatibel mit Makita BL1860B\/BL1860\/BL1850B\/BL1840\/BL1830B\/BL1830\/BL1820\/BL1815, 18V Akku-Converter\" \/>\n<meta name=\"robots\" content=\"index, follow, max-snippet:-1, max-image-preview:large, max-video-preview:-1\" \/>\n<link rel=\"canonical\" href=\"https:\/\/marktxxl.de\/markt\/produkt\/akku-adapter-fuer-makita-18v-li-ion-akku-konvertieren-auf-ryobi-18v-akku-kompatibel-mit-makita-bl1860b-bl1860-bl1850b-bl1840-bl1830b-bl1830-bl1820-bl1815-18v-akku-converter\/\" \/>\n<meta property=\"og:locale\" content=\"de_DE\" \/>\n<meta property=\"og:type\" content=\"article\" \/>\n<meta property=\"og:title\" content=\"Akku Adapter f\u00fcr Makita 18V Li-Ion Akku Konvertieren auf Ryobi 18V Akku, kompatibel mit Makita BL1860B\/BL1860\/BL1850B\/BL1840\/BL1830B\/BL1830\/BL1820\/BL1815, 18V Akku-Converter - Markt-XXL\" \/>\n<meta property=\"og:description\" content=\"Markt-XXL Akku Adapter f\u00fcr Makita 18V Li-Ion Akku Konvertieren auf Ryobi 18V Akku, kompatibel mit Makita BL1860B\/BL1860\/BL1850B\/BL1840\/BL1830B\/BL1830\/BL1820\/BL1815, 18V Akku-Converter\" \/>\n<meta property=\"og:url\" content=\"https:\/\/marktxxl.de\/markt\/produkt\/akku-adapter-fuer-makita-18v-li-ion-akku-konvertieren-auf-ryobi-18v-akku-kompatibel-mit-makita-bl1860b-bl1860-bl1850b-bl1840-bl1830b-bl1830-bl1820-bl1815-18v-akku-converter\/\" \/>\n<meta property=\"og:site_name\" content=\"Markt-XXL\" \/>\n<meta name=\"twitter:card\" content=\"summary_large_image\" \/>\n<meta name=\"twitter:label1\" content=\"Gesch\u00e4tzte Lesezeit\" \/>\n\t<meta name=\"twitter:data1\" content=\"1\u00a0Minute\" \/>\n<script type=\"application\/ld+json\" class=\"yoast-schema-graph\">{\"@context\":\"https:\\\/\\\/schema.org\",\"@graph\":[{\"@type\":\"WebPage\",\"@id\":\"https:\\\/\\\/marktxxl.de\\\/markt\\\/produkt\\\/akku-adapter-fuer-makita-18v-li-ion-akku-konvertieren-auf-ryobi-18v-akku-kompatibel-mit-makita-bl1860b-bl1860-bl1850b-bl1840-bl1830b-bl1830-bl1820-bl1815-18v-akku-converter\\\/\",\"url\":\"https:\\\/\\\/marktxxl.de\\\/markt\\\/produkt\\\/akku-adapter-fuer-makita-18v-li-ion-akku-konvertieren-auf-ryobi-18v-akku-kompatibel-mit-makita-bl1860b-bl1860-bl1850b-bl1840-bl1830b-bl1830-bl1820-bl1815-18v-akku-converter\\\/\",\"name\":\"Akku Adapter f\u00fcr Makita 18V Li-Ion Akku Konvertieren auf Ryobi 18V Akku, kompatibel mit Makita BL1860B\\\/BL1860\\\/BL1850B\\\/BL1840\\\/BL1830B\\\/BL1830\\\/BL1820\\\/BL1815, 18V Akku-Converter - Markt-XXL\",\"isPartOf\":{\"@id\":\"https:\\\/\\\/marktxxl.de\\\/markt\\\/#website\"},\"primaryImageOfPage\":{\"@id\":\"https:\\\/\\\/marktxxl.de\\\/markt\\\/produkt\\\/akku-adapter-fuer-makita-18v-li-ion-akku-konvertieren-auf-ryobi-18v-akku-kompatibel-mit-makita-bl1860b-bl1860-bl1850b-bl1840-bl1830b-bl1830-bl1820-bl1815-18v-akku-converter\\\/#primaryimage\"},\"image\":{\"@id\":\"https:\\\/\\\/marktxxl.de\\\/markt\\\/produkt\\\/akku-adapter-fuer-makita-18v-li-ion-akku-konvertieren-auf-ryobi-18v-akku-kompatibel-mit-makita-bl1860b-bl1860-bl1850b-bl1840-bl1830b-bl1830-bl1820-bl1815-18v-akku-converter\\\/#primaryimage\"},\"thumbnailUrl\":\"https:\\\/\\\/m.media-amazon.com\\\/images\\\/I\\\/414f8o2WaAS._SL500_.jpg\",\"datePublished\":\"2024-06-28T03:49:21+00:00\",\"description\":\"Markt-XXL Akku Adapter f\u00fcr Makita 18V Li-Ion Akku Konvertieren auf Ryobi 18V Akku, kompatibel mit Makita BL1860B\\\/BL1860\\\/BL1850B\\\/BL1840\\\/BL1830B\\\/BL1830\\\/BL1820\\\/BL1815, 18V Akku-Converter\",\"breadcrumb\":{\"@id\":\"https:\\\/\\\/marktxxl.de\\\/markt\\\/produkt\\\/akku-adapter-fuer-makita-18v-li-ion-akku-konvertieren-auf-ryobi-18v-akku-kompatibel-mit-makita-bl1860b-bl1860-bl1850b-bl1840-bl1830b-bl1830-bl1820-bl1815-18v-akku-converter\\\/#breadcrumb\"},\"inLanguage\":\"de\",\"potentialAction\":[{\"@type\":\"ReadAction\",\"target\":[\"https:\\\/\\\/marktxxl.de\\\/markt\\\/produkt\\\/akku-adapter-fuer-makita-18v-li-ion-akku-konvertieren-auf-ryobi-18v-akku-kompatibel-mit-makita-bl1860b-bl1860-bl1850b-bl1840-bl1830b-bl1830-bl1820-bl1815-18v-akku-converter\\\/\"]}]},{\"@type\":\"ImageObject\",\"inLanguage\":\"de\",\"@id\":\"https:\\\/\\\/marktxxl.de\\\/markt\\\/produkt\\\/akku-adapter-fuer-makita-18v-li-ion-akku-konvertieren-auf-ryobi-18v-akku-kompatibel-mit-makita-bl1860b-bl1860-bl1850b-bl1840-bl1830b-bl1830-bl1820-bl1815-18v-akku-converter\\\/#primaryimage\",\"url\":\"https:\\\/\\\/m.media-amazon.com\\\/images\\\/I\\\/414f8o2WaAS._SL500_.jpg\",\"contentUrl\":\"https:\\\/\\\/m.media-amazon.com\\\/images\\\/I\\\/414f8o2WaAS._SL500_.jpg\",\"width\":500,\"height\":500},{\"@type\":\"BreadcrumbList\",\"@id\":\"https:\\\/\\\/marktxxl.de\\\/markt\\\/produkt\\\/akku-adapter-fuer-makita-18v-li-ion-akku-konvertieren-auf-ryobi-18v-akku-kompatibel-mit-makita-bl1860b-bl1860-bl1850b-bl1840-bl1830b-bl1830-bl1820-bl1815-18v-akku-converter\\\/#breadcrumb\",\"itemListElement\":[{\"@type\":\"ListItem\",\"position\":1,\"name\":\"Startseite\",\"item\":\"https:\\\/\\\/marktxxl.de\\\/markt\\\/\"},{\"@type\":\"ListItem\",\"position\":2,\"name\":\"Markt\",\"item\":\"https:\\\/\\\/marktxxl.de\\\/markt\\\/\"},{\"@type\":\"ListItem\",\"position\":3,\"name\":\"Akku Adapter f\u00fcr Makita 18V Li-Ion Akku Konvertieren auf Ryobi 18V Akku, kompatibel mit Makita BL1860B\\\/BL1860\\\/BL1850B\\\/BL1840\\\/BL1830B\\\/BL1830\\\/BL1820\\\/BL1815, 18V Akku-Converter\"}]},{\"@type\":\"WebSite\",\"@id\":\"https:\\\/\\\/marktxxl.de\\\/markt\\\/#website\",\"url\":\"https:\\\/\\\/marktxxl.de\\\/markt\\\/\",\"name\":\"Markt-XXL\",\"description\":\"Ihr Markt Online\",\"publisher\":{\"@id\":\"https:\\\/\\\/marktxxl.de\\\/markt\\\/#organization\"},\"potentialAction\":[{\"@type\":\"SearchAction\",\"target\":{\"@type\":\"EntryPoint\",\"urlTemplate\":\"https:\\\/\\\/marktxxl.de\\\/markt\\\/?s={search_term_string}\"},\"query-input\":{\"@type\":\"PropertyValueSpecification\",\"valueRequired\":true,\"valueName\":\"search_term_string\"}}],\"inLanguage\":\"de\"},{\"@type\":\"Organization\",\"@id\":\"https:\\\/\\\/marktxxl.de\\\/markt\\\/#organization\",\"name\":\"Markt-XXL\",\"url\":\"https:\\\/\\\/marktxxl.de\\\/markt\\\/\",\"logo\":{\"@type\":\"ImageObject\",\"inLanguage\":\"de\",\"@id\":\"https:\\\/\\\/marktxxl.de\\\/markt\\\/#\\\/schema\\\/logo\\\/image\\\/\",\"url\":\"https:\\\/\\\/marktxxl.de\\\/markt\\\/wp-content\\\/uploads\\\/sites\\\/3\\\/2020\\\/12\\\/logo.png\",\"contentUrl\":\"https:\\\/\\\/marktxxl.de\\\/markt\\\/wp-content\\\/uploads\\\/sites\\\/3\\\/2020\\\/12\\\/logo.png\",\"width\":200,\"height\":70,\"caption\":\"Markt-XXL\"},\"image\":{\"@id\":\"https:\\\/\\\/marktxxl.de\\\/markt\\\/#\\\/schema\\\/logo\\\/image\\\/\"}}]}<\/script>\n<!-- \/ Yoast SEO plugin. -->","yoast_head_json":{"title":"Akku Adapter f\u00fcr Makita 18V Li-Ion Akku Konvertieren auf Ryobi 18V Akku, kompatibel mit Makita BL1860B\/BL1860\/BL1850B\/BL1840\/BL1830B\/BL1830\/BL1820\/BL1815, 18V Akku-Converter - Markt-XXL","description":"Markt-XXL Akku Adapter f\u00fcr Makita 18V Li-Ion Akku Konvertieren auf Ryobi 18V Akku, kompatibel mit Makita BL1860B\/BL1860\/BL1850B\/BL1840\/BL1830B\/BL1830\/BL1820\/BL1815, 18V Akku-Converter","robots":{"index":"index","follow":"follow","max-snippet":"max-snippet:-1","max-image-preview":"max-image-preview:large","max-video-preview":"max-video-preview:-1"},"canonical":"https:\/\/marktxxl.de\/markt\/produkt\/akku-adapter-fuer-makita-18v-li-ion-akku-konvertieren-auf-ryobi-18v-akku-kompatibel-mit-makita-bl1860b-bl1860-bl1850b-bl1840-bl1830b-bl1830-bl1820-bl1815-18v-akku-converter\/","og_locale":"de_DE","og_type":"article","og_title":"Akku Adapter f\u00fcr Makita 18V Li-Ion Akku Konvertieren auf Ryobi 18V Akku, kompatibel mit Makita BL1860B\/BL1860\/BL1850B\/BL1840\/BL1830B\/BL1830\/BL1820\/BL1815, 18V Akku-Converter - Markt-XXL","og_description":"Markt-XXL Akku Adapter f\u00fcr Makita 18V Li-Ion Akku Konvertieren auf Ryobi 18V Akku, kompatibel mit Makita BL1860B\/BL1860\/BL1850B\/BL1840\/BL1830B\/BL1830\/BL1820\/BL1815, 18V Akku-Converter","og_url":"https:\/\/marktxxl.de\/markt\/produkt\/akku-adapter-fuer-makita-18v-li-ion-akku-konvertieren-auf-ryobi-18v-akku-kompatibel-mit-makita-bl1860b-bl1860-bl1850b-bl1840-bl1830b-bl1830-bl1820-bl1815-18v-akku-converter\/","og_site_name":"Markt-XXL","twitter_card":"summary_large_image","twitter_misc":{"Gesch\u00e4tzte Lesezeit":"1\u00a0Minute"},"schema":{"@context":"https:\/\/schema.org","@graph":[{"@type":"WebPage","@id":"https:\/\/marktxxl.de\/markt\/produkt\/akku-adapter-fuer-makita-18v-li-ion-akku-konvertieren-auf-ryobi-18v-akku-kompatibel-mit-makita-bl1860b-bl1860-bl1850b-bl1840-bl1830b-bl1830-bl1820-bl1815-18v-akku-converter\/","url":"https:\/\/marktxxl.de\/markt\/produkt\/akku-adapter-fuer-makita-18v-li-ion-akku-konvertieren-auf-ryobi-18v-akku-kompatibel-mit-makita-bl1860b-bl1860-bl1850b-bl1840-bl1830b-bl1830-bl1820-bl1815-18v-akku-converter\/","name":"Akku Adapter f\u00fcr Makita 18V Li-Ion Akku Konvertieren auf Ryobi 18V Akku, kompatibel mit Makita BL1860B\/BL1860\/BL1850B\/BL1840\/BL1830B\/BL1830\/BL1820\/BL1815, 18V Akku-Converter - Markt-XXL","isPartOf":{"@id":"https:\/\/marktxxl.de\/markt\/#website"},"primaryImageOfPage":{"@id":"https:\/\/marktxxl.de\/markt\/produkt\/akku-adapter-fuer-makita-18v-li-ion-akku-konvertieren-auf-ryobi-18v-akku-kompatibel-mit-makita-bl1860b-bl1860-bl1850b-bl1840-bl1830b-bl1830-bl1820-bl1815-18v-akku-converter\/#primaryimage"},"image":{"@id":"https:\/\/marktxxl.de\/markt\/produkt\/akku-adapter-fuer-makita-18v-li-ion-akku-konvertieren-auf-ryobi-18v-akku-kompatibel-mit-makita-bl1860b-bl1860-bl1850b-bl1840-bl1830b-bl1830-bl1820-bl1815-18v-akku-converter\/#primaryimage"},"thumbnailUrl":"https:\/\/m.media-amazon.com\/images\/I\/414f8o2WaAS._SL500_.jpg","datePublished":"2024-06-28T03:49:21+00:00","description":"Markt-XXL Akku Adapter f\u00fcr Makita 18V Li-Ion Akku Konvertieren auf Ryobi 18V Akku, kompatibel mit Makita BL1860B\/BL1860\/BL1850B\/BL1840\/BL1830B\/BL1830\/BL1820\/BL1815, 18V Akku-Converter","breadcrumb":{"@id":"https:\/\/marktxxl.de\/markt\/produkt\/akku-adapter-fuer-makita-18v-li-ion-akku-konvertieren-auf-ryobi-18v-akku-kompatibel-mit-makita-bl1860b-bl1860-bl1850b-bl1840-bl1830b-bl1830-bl1820-bl1815-18v-akku-converter\/#breadcrumb"},"inLanguage":"de","potentialAction":[{"@type":"ReadAction","target":["https:\/\/marktxxl.de\/markt\/produkt\/akku-adapter-fuer-makita-18v-li-ion-akku-konvertieren-auf-ryobi-18v-akku-kompatibel-mit-makita-bl1860b-bl1860-bl1850b-bl1840-bl1830b-bl1830-bl1820-bl1815-18v-akku-converter\/"]}]},{"@type":"ImageObject","inLanguage":"de","@id":"https:\/\/marktxxl.de\/markt\/produkt\/akku-adapter-fuer-makita-18v-li-ion-akku-konvertieren-auf-ryobi-18v-akku-kompatibel-mit-makita-bl1860b-bl1860-bl1850b-bl1840-bl1830b-bl1830-bl1820-bl1815-18v-akku-converter\/#primaryimage","url":"https:\/\/m.media-amazon.com\/images\/I\/414f8o2WaAS._SL500_.jpg","contentUrl":"https:\/\/m.media-amazon.com\/images\/I\/414f8o2WaAS._SL500_.jpg","width":500,"height":500},{"@type":"BreadcrumbList","@id":"https:\/\/marktxxl.de\/markt\/produkt\/akku-adapter-fuer-makita-18v-li-ion-akku-konvertieren-auf-ryobi-18v-akku-kompatibel-mit-makita-bl1860b-bl1860-bl1850b-bl1840-bl1830b-bl1830-bl1820-bl1815-18v-akku-converter\/#breadcrumb","itemListElement":[{"@type":"ListItem","position":1,"name":"Startseite","item":"https:\/\/marktxxl.de\/markt\/"},{"@type":"ListItem","position":2,"name":"Markt","item":"https:\/\/marktxxl.de\/markt\/"},{"@type":"ListItem","position":3,"name":"Akku Adapter f\u00fcr Makita 18V Li-Ion Akku Konvertieren auf Ryobi 18V Akku, kompatibel mit Makita BL1860B\/BL1860\/BL1850B\/BL1840\/BL1830B\/BL1830\/BL1820\/BL1815, 18V Akku-Converter"}]},{"@type":"WebSite","@id":"https:\/\/marktxxl.de\/markt\/#website","url":"https:\/\/marktxxl.de\/markt\/","name":"Markt-XXL","description":"Ihr Markt Online","publisher":{"@id":"https:\/\/marktxxl.de\/markt\/#organization"},"potentialAction":[{"@type":"SearchAction","target":{"@type":"EntryPoint","urlTemplate":"https:\/\/marktxxl.de\/markt\/?s={search_term_string}"},"query-input":{"@type":"PropertyValueSpecification","valueRequired":true,"valueName":"search_term_string"}}],"inLanguage":"de"},{"@type":"Organization","@id":"https:\/\/marktxxl.de\/markt\/#organization","name":"Markt-XXL","url":"https:\/\/marktxxl.de\/markt\/","logo":{"@type":"ImageObject","inLanguage":"de","@id":"https:\/\/marktxxl.de\/markt\/#\/schema\/logo\/image\/","url":"https:\/\/marktxxl.de\/markt\/wp-content\/uploads\/sites\/3\/2020\/12\/logo.png","contentUrl":"https:\/\/marktxxl.de\/markt\/wp-content\/uploads\/sites\/3\/2020\/12\/logo.png","width":200,"height":70,"caption":"Markt-XXL"},"image":{"@id":"https:\/\/marktxxl.de\/markt\/#\/schema\/logo\/image\/"}}]}},"_links":{"self":[{"href":"https:\/\/marktxxl.de\/markt\/wp-json\/wp\/v2\/product\/211083","targetHints":{"allow":["GET"]}}],"collection":[{"href":"https:\/\/marktxxl.de\/markt\/wp-json\/wp\/v2\/product"}],"about":[{"href":"https:\/\/marktxxl.de\/markt\/wp-json\/wp\/v2\/types\/product"}],"replies":[{"embeddable":true,"href":"https:\/\/marktxxl.de\/markt\/wp-json\/wp\/v2\/comments?post=211083"}],"wp:featuredmedia":[{"embeddable":true,"href":"https:\/\/marktxxl.de\/markt\/wp-json\/wp\/v2\/media\/211084"}],"wp:attachment":[{"href":"https:\/\/marktxxl.de\/markt\/wp-json\/wp\/v2\/media?parent=211083"}],"wp:term":[{"taxonomy":"product_brand","embeddable":true,"href":"https:\/\/marktxxl.de\/markt\/wp-json\/wp\/v2\/product_brand?post=211083"},{"taxonomy":"product_cat","embeddable":true,"href":"https:\/\/marktxxl.de\/markt\/wp-json\/wp\/v2\/product_cat?post=211083"},{"taxonomy":"product_tag","embeddable":true,"href":"https:\/\/marktxxl.de\/markt\/wp-json\/wp\/v2\/product_tag?post=211083"}],"curies":[{"name":"wp","href":"https:\/\/api.w.org\/{rel}","templated":true}]}}