{"id":210533,"date":"2024-05-29T15:43:53","date_gmt":"2024-05-29T13:43:53","guid":{"rendered":"https:\/\/marktxxl.de\/markt\/produkt\/intimrasierer-mann-3-in-1-nasenhaartrimmer-und-rasierer-herren-elektrisch-mit-stehender-ladestationnass-und-trockengebrauchrasierer-herren-intimbereich-fuer-brust-beine-achselhoehle-leiste-naseipx\/"},"modified":"2024-05-29T15:43:53","modified_gmt":"2024-05-29T13:43:53","slug":"intimrasierer-mann-3-in-1-nasenhaartrimmer-und-rasierer-herren-elektrisch-mit-stehender-ladestationnass-und-trockengebrauchrasierer-herren-intimbereich-fuer-brust-beine-achselhoehle-leiste-naseipx","status":"publish","type":"product","link":"https:\/\/marktxxl.de\/markt\/produkt\/intimrasierer-mann-3-in-1-nasenhaartrimmer-und-rasierer-herren-elektrisch-mit-stehender-ladestationnass-und-trockengebrauchrasierer-herren-intimbereich-fuer-brust-beine-achselhoehle-leiste-naseipx\/","title":{"rendered":"Intimrasierer Mann, 3-in-1 Nasenhaartrimmer und Rasierer Herren Elektrisch mit Stehender Ladestation,Nass-und Trockengebrauch,rasierer herren intimbereich f\u00fcr Brust Beine Achselh\u00f6hle Leiste Nase,IPX7"},"content":{"rendered":"<p>\u3010Vielseitiges Design\u3011Intimrasierer mann mit 3-in-1 multifunktionalem Design, einfach austauschbarem Kopf f\u00fcr Nasenhaartrimmer Herren, Rasierer Herren Elektrisch und K\u00f6rperhaartrimmer. Geeignet zum Trimmen von Haaren an intimen Stellen, der Leistengegend, Beinen, Armen, Brust, Koteletten, Bart, Nase und Ohren, um verschiedenen Pflegebed\u00fcrfnissen gerecht zu werden.<br \/>\n\u3010Sichere Keramikklingen und leistungsstarker Motor\u3011Der intimrasierer mann verwendet hochwertige Keramikklingen mit einem leistungsstarken Motor, der mit 7000 U\/min dreht, um pr\u00e4zises Trimmen ohne Ziehen oder Reizung zu gew\u00e4hrleisten. Effizient und hautfreundlich bietet er das sicherste und angenehmste Rasiererlebnis. Die Keramikklingen reduzieren Hautirritationen und Reibungen und sch\u00fctzen die Haut vor Sch\u00e4den.<br \/>\n\u3010Doppelte Lademethoden\u3011Unterst\u00fctzt sowohl direktes Einstecken als auch das Laden \u00fcber die Dockingstation, der rasierer herren elektrisch ist mit einem Typ-C-Ladeanschluss ausgestattet, um jederzeit und \u00fcberall den Ladezustand flexibel zu halten.<br \/>\n\u3010Einstellbare L\u00e4ngen\u3011Mit 3 Aufsteckk\u00e4mmen bietet der barttrimmer 5 verschiedene L\u00e4ngenoptionen (2\/3\/6\/9\/12 mm), damit Benutzer die passende Trimml\u00e4nge nach pers\u00f6nlichen Vorlieben ausw\u00e4hlen k\u00f6nnen und m\u00fchelos individuelle Stile kreieren k\u00f6nnen.<br \/>\n\u3010Wasserdichtes Design nach IPX7\u3011Der k\u00f6rperrasierer herren ist vollst\u00e4ndig wasserdicht und f\u00fcr die Verwendung im nassen oder trockenen Zustand geeignet. Er verf\u00fcgt \u00fcber einen abnehmbaren Klingenkopf f\u00fcr einfache Reinigung und gew\u00e4hrleistet Hygiene und eine l\u00e4ngere Lebensdauer des Produkts.<br \/>\n\u3010Ergonomisches Design\u3011Ergonomisch gestaltet f\u00fcr Komfort und Benutzerfreundlichkeit, selbst bei langfristiger Nutzung bietet der intim rasierer m\u00e4nner ein reibungsloses Trimmen ohne Erm\u00fcdung.<br \/>\n\u3010Kundenservice\u3011Bei Fragen oder Problemen w\u00e4hrend der Nutzung des Produkts k\u00f6nnen Sie uns jederzeit kontaktieren. Unser Kundenserviceteam steht Ihnen zur Verf\u00fcgung, um Ihnen bei der L\u00f6sung zu helfen und ein optimales Nutzungserlebnis zu gew\u00e4hrleisten.<br \/>\n<div class=\"main-cross-sell\" data-asin=\"B0CXXTVGTL\">\n\n\t<div class=\"WooZone-cross-sell-loader\">\n\t\t<div>\n\t\t\t<div id=\"floatingBarsG\">\n\t\t\t\t<div class=\"blockG\" id=\"rotateG_01\"><\/div>\n\t\t\t\t<div class=\"blockG\" id=\"rotateG_02\"><\/div>\n\t\t\t\t<div class=\"blockG\" id=\"rotateG_03\"><\/div>\n\t\t\t\t<div class=\"blockG\" id=\"rotateG_04\"><\/div>\n\t\t\t\t<div class=\"blockG\" id=\"rotateG_05\"><\/div>\n\t\t\t\t<div class=\"blockG\" id=\"rotateG_06\"><\/div>\n\t\t\t\t<div class=\"blockG\" id=\"rotateG_07\"><\/div>\n\t\t\t\t<div class=\"blockG\" id=\"rotateG_08\"><\/div>\n\t\t\t<\/div>\n\t\t\t<div class=\"WooZone-cross-sell-loader-text\"><\/div>\n\t\t<\/div>\n\t<\/div>\n\n\t\t\n<\/div>\n<div style=\"clear:both;\"><\/div><\/p>\n","protected":false},"excerpt":{"rendered":"<p>\u3010Vielseitiges Design\u3011Intimrasierer mann mit 3-in-1 multifunktionalem Design, einfach austauschbarem Kopf f\u00fcr Nasenhaartrimmer Herren, Rasierer Herren Elektrisch und K\u00f6rperhaartrimmer. Geeignet zum Trimmen von Haaren an intimen Stellen, der Leistengegend, Beinen, Armen, Brust, Koteletten, Bart, Nase und Ohren, um verschiedenen Pflegebed\u00fcrfnissen gerecht zu werden.<br \/>\n\u3010Sichere Keramikklingen und leistungsstarker Motor\u3011Der intimrasierer mann verwendet hochwertige Keramikklingen mit einem leistungsstarken Motor, der mit 7000 U\/min dreht, um pr\u00e4zises Trimmen ohne Ziehen oder Reizung zu gew\u00e4hrleisten. Effizient und hautfreundlich bietet er das sicherste und angenehmste Rasiererlebnis. Die Keramikklingen reduzieren Hautirritationen und Reibungen und sch\u00fctzen die Haut vor Sch\u00e4den.<br \/>\n\u3010Doppelte Lademethoden\u3011Unterst\u00fctzt sowohl direktes Einstecken als auch das Laden \u00fcber die Dockingstation, der rasierer herren elektrisch ist mit einem Typ-C-Ladeanschluss ausgestattet, um jederzeit und \u00fcberall den Ladezustand flexibel zu halten.<\/p>\n","protected":false},"featured_media":210534,"comment_status":"open","ping_status":"closed","template":"","meta":[],"product_brand":[],"product_cat":[566,6190],"product_tag":[],"class_list":{"0":"post-210533","1":"product","2":"type-product","3":"status-publish","4":"has-post-thumbnail","6":"product_cat-drogerie-koerperpflege","7":"product_cat-rasur-enthaarung","8":"pa_brand-houpoo","9":"pa_color-schwarz","10":"pa_manufacturer-houpoo","12":"first","13":"instock","14":"shipping-taxable","15":"purchasable","16":"product-type-simple","17":"customify-col","18":"product-has-gallery"},"yoast_head":"<!-- This site is optimized with the Yoast SEO plugin v27.4 - https:\/\/yoast.com\/product\/yoast-seo-wordpress\/ -->\n<title>Intimrasierer Mann, 3-in-1 Nasenhaartrimmer und Rasierer Herren Elektrisch mit Stehender Ladestation,Nass-und Trockengebrauch,rasierer herren intimbereich f\u00fcr Brust Beine Achselh\u00f6hle Leiste Nase,IPX7 - Markt-XXL<\/title>\n<meta name=\"description\" content=\"Markt-XXL Intimrasierer Mann, 3-in-1 Nasenhaartrimmer und Rasierer Herren Elektrisch mit Stehender Ladestation,Nass-und Trockengebrauch,rasierer herren intimbereich f\u00fcr Brust Beine Achselh\u00f6hle Leiste Nase,IPX7\" \/>\n<meta name=\"robots\" content=\"index, follow, max-snippet:-1, max-image-preview:large, max-video-preview:-1\" \/>\n<link rel=\"canonical\" href=\"https:\/\/marktxxl.de\/markt\/produkt\/intimrasierer-mann-3-in-1-nasenhaartrimmer-und-rasierer-herren-elektrisch-mit-stehender-ladestationnass-und-trockengebrauchrasierer-herren-intimbereich-fuer-brust-beine-achselhoehle-leiste-naseipx\/\" \/>\n<meta property=\"og:locale\" content=\"de_DE\" \/>\n<meta property=\"og:type\" content=\"article\" \/>\n<meta property=\"og:title\" content=\"Intimrasierer Mann, 3-in-1 Nasenhaartrimmer und Rasierer Herren Elektrisch mit Stehender Ladestation,Nass-und Trockengebrauch,rasierer herren intimbereich f\u00fcr Brust Beine Achselh\u00f6hle Leiste Nase,IPX7 - Markt-XXL\" \/>\n<meta property=\"og:description\" content=\"Markt-XXL Intimrasierer Mann, 3-in-1 Nasenhaartrimmer und Rasierer Herren Elektrisch mit Stehender Ladestation,Nass-und Trockengebrauch,rasierer herren intimbereich f\u00fcr Brust Beine Achselh\u00f6hle Leiste Nase,IPX7\" \/>\n<meta property=\"og:url\" content=\"https:\/\/marktxxl.de\/markt\/produkt\/intimrasierer-mann-3-in-1-nasenhaartrimmer-und-rasierer-herren-elektrisch-mit-stehender-ladestationnass-und-trockengebrauchrasierer-herren-intimbereich-fuer-brust-beine-achselhoehle-leiste-naseipx\/\" \/>\n<meta property=\"og:site_name\" content=\"Markt-XXL\" \/>\n<meta name=\"twitter:card\" content=\"summary_large_image\" \/>\n<meta name=\"twitter:label1\" content=\"Gesch\u00e4tzte Lesezeit\" \/>\n\t<meta name=\"twitter:data1\" content=\"1\u00a0Minute\" \/>\n<script type=\"application\/ld+json\" class=\"yoast-schema-graph\">{\"@context\":\"https:\\\/\\\/schema.org\",\"@graph\":[{\"@type\":\"WebPage\",\"@id\":\"https:\\\/\\\/marktxxl.de\\\/markt\\\/produkt\\\/intimrasierer-mann-3-in-1-nasenhaartrimmer-und-rasierer-herren-elektrisch-mit-stehender-ladestationnass-und-trockengebrauchrasierer-herren-intimbereich-fuer-brust-beine-achselhoehle-leiste-naseipx\\\/\",\"url\":\"https:\\\/\\\/marktxxl.de\\\/markt\\\/produkt\\\/intimrasierer-mann-3-in-1-nasenhaartrimmer-und-rasierer-herren-elektrisch-mit-stehender-ladestationnass-und-trockengebrauchrasierer-herren-intimbereich-fuer-brust-beine-achselhoehle-leiste-naseipx\\\/\",\"name\":\"Intimrasierer Mann, 3-in-1 Nasenhaartrimmer und Rasierer Herren Elektrisch mit Stehender Ladestation,Nass-und Trockengebrauch,rasierer herren intimbereich f\u00fcr Brust Beine Achselh\u00f6hle Leiste Nase,IPX7 - Markt-XXL\",\"isPartOf\":{\"@id\":\"https:\\\/\\\/marktxxl.de\\\/markt\\\/#website\"},\"primaryImageOfPage\":{\"@id\":\"https:\\\/\\\/marktxxl.de\\\/markt\\\/produkt\\\/intimrasierer-mann-3-in-1-nasenhaartrimmer-und-rasierer-herren-elektrisch-mit-stehender-ladestationnass-und-trockengebrauchrasierer-herren-intimbereich-fuer-brust-beine-achselhoehle-leiste-naseipx\\\/#primaryimage\"},\"image\":{\"@id\":\"https:\\\/\\\/marktxxl.de\\\/markt\\\/produkt\\\/intimrasierer-mann-3-in-1-nasenhaartrimmer-und-rasierer-herren-elektrisch-mit-stehender-ladestationnass-und-trockengebrauchrasierer-herren-intimbereich-fuer-brust-beine-achselhoehle-leiste-naseipx\\\/#primaryimage\"},\"thumbnailUrl\":\"https:\\\/\\\/m.media-amazon.com\\\/images\\\/I\\\/41O+GFajqsL._SL500_.jpg\",\"datePublished\":\"2024-05-29T13:43:53+00:00\",\"description\":\"Markt-XXL Intimrasierer Mann, 3-in-1 Nasenhaartrimmer und Rasierer Herren Elektrisch mit Stehender Ladestation,Nass-und Trockengebrauch,rasierer herren intimbereich f\u00fcr Brust Beine Achselh\u00f6hle Leiste Nase,IPX7\",\"breadcrumb\":{\"@id\":\"https:\\\/\\\/marktxxl.de\\\/markt\\\/produkt\\\/intimrasierer-mann-3-in-1-nasenhaartrimmer-und-rasierer-herren-elektrisch-mit-stehender-ladestationnass-und-trockengebrauchrasierer-herren-intimbereich-fuer-brust-beine-achselhoehle-leiste-naseipx\\\/#breadcrumb\"},\"inLanguage\":\"de\",\"potentialAction\":[{\"@type\":\"ReadAction\",\"target\":[\"https:\\\/\\\/marktxxl.de\\\/markt\\\/produkt\\\/intimrasierer-mann-3-in-1-nasenhaartrimmer-und-rasierer-herren-elektrisch-mit-stehender-ladestationnass-und-trockengebrauchrasierer-herren-intimbereich-fuer-brust-beine-achselhoehle-leiste-naseipx\\\/\"]}]},{\"@type\":\"ImageObject\",\"inLanguage\":\"de\",\"@id\":\"https:\\\/\\\/marktxxl.de\\\/markt\\\/produkt\\\/intimrasierer-mann-3-in-1-nasenhaartrimmer-und-rasierer-herren-elektrisch-mit-stehender-ladestationnass-und-trockengebrauchrasierer-herren-intimbereich-fuer-brust-beine-achselhoehle-leiste-naseipx\\\/#primaryimage\",\"url\":\"https:\\\/\\\/m.media-amazon.com\\\/images\\\/I\\\/41O+GFajqsL._SL500_.jpg\",\"contentUrl\":\"https:\\\/\\\/m.media-amazon.com\\\/images\\\/I\\\/41O+GFajqsL._SL500_.jpg\",\"width\":500,\"height\":500},{\"@type\":\"BreadcrumbList\",\"@id\":\"https:\\\/\\\/marktxxl.de\\\/markt\\\/produkt\\\/intimrasierer-mann-3-in-1-nasenhaartrimmer-und-rasierer-herren-elektrisch-mit-stehender-ladestationnass-und-trockengebrauchrasierer-herren-intimbereich-fuer-brust-beine-achselhoehle-leiste-naseipx\\\/#breadcrumb\",\"itemListElement\":[{\"@type\":\"ListItem\",\"position\":1,\"name\":\"Startseite\",\"item\":\"https:\\\/\\\/marktxxl.de\\\/markt\\\/\"},{\"@type\":\"ListItem\",\"position\":2,\"name\":\"Markt\",\"item\":\"https:\\\/\\\/marktxxl.de\\\/markt\\\/\"},{\"@type\":\"ListItem\",\"position\":3,\"name\":\"Intimrasierer Mann, 3-in-1 Nasenhaartrimmer und Rasierer Herren Elektrisch mit Stehender Ladestation,Nass-und Trockengebrauch,rasierer herren intimbereich f\u00fcr Brust Beine Achselh\u00f6hle Leiste Nase,IPX7\"}]},{\"@type\":\"WebSite\",\"@id\":\"https:\\\/\\\/marktxxl.de\\\/markt\\\/#website\",\"url\":\"https:\\\/\\\/marktxxl.de\\\/markt\\\/\",\"name\":\"Markt-XXL\",\"description\":\"Ihr Markt Online\",\"publisher\":{\"@id\":\"https:\\\/\\\/marktxxl.de\\\/markt\\\/#organization\"},\"potentialAction\":[{\"@type\":\"SearchAction\",\"target\":{\"@type\":\"EntryPoint\",\"urlTemplate\":\"https:\\\/\\\/marktxxl.de\\\/markt\\\/?s={search_term_string}\"},\"query-input\":{\"@type\":\"PropertyValueSpecification\",\"valueRequired\":true,\"valueName\":\"search_term_string\"}}],\"inLanguage\":\"de\"},{\"@type\":\"Organization\",\"@id\":\"https:\\\/\\\/marktxxl.de\\\/markt\\\/#organization\",\"name\":\"Markt-XXL\",\"url\":\"https:\\\/\\\/marktxxl.de\\\/markt\\\/\",\"logo\":{\"@type\":\"ImageObject\",\"inLanguage\":\"de\",\"@id\":\"https:\\\/\\\/marktxxl.de\\\/markt\\\/#\\\/schema\\\/logo\\\/image\\\/\",\"url\":\"https:\\\/\\\/marktxxl.de\\\/markt\\\/wp-content\\\/uploads\\\/sites\\\/3\\\/2020\\\/12\\\/logo.png\",\"contentUrl\":\"https:\\\/\\\/marktxxl.de\\\/markt\\\/wp-content\\\/uploads\\\/sites\\\/3\\\/2020\\\/12\\\/logo.png\",\"width\":200,\"height\":70,\"caption\":\"Markt-XXL\"},\"image\":{\"@id\":\"https:\\\/\\\/marktxxl.de\\\/markt\\\/#\\\/schema\\\/logo\\\/image\\\/\"}}]}<\/script>\n<!-- \/ Yoast SEO plugin. -->","yoast_head_json":{"title":"Intimrasierer Mann, 3-in-1 Nasenhaartrimmer und Rasierer Herren Elektrisch mit Stehender Ladestation,Nass-und Trockengebrauch,rasierer herren intimbereich f\u00fcr Brust Beine Achselh\u00f6hle Leiste Nase,IPX7 - Markt-XXL","description":"Markt-XXL Intimrasierer Mann, 3-in-1 Nasenhaartrimmer und Rasierer Herren Elektrisch mit Stehender Ladestation,Nass-und Trockengebrauch,rasierer herren intimbereich f\u00fcr Brust Beine Achselh\u00f6hle Leiste Nase,IPX7","robots":{"index":"index","follow":"follow","max-snippet":"max-snippet:-1","max-image-preview":"max-image-preview:large","max-video-preview":"max-video-preview:-1"},"canonical":"https:\/\/marktxxl.de\/markt\/produkt\/intimrasierer-mann-3-in-1-nasenhaartrimmer-und-rasierer-herren-elektrisch-mit-stehender-ladestationnass-und-trockengebrauchrasierer-herren-intimbereich-fuer-brust-beine-achselhoehle-leiste-naseipx\/","og_locale":"de_DE","og_type":"article","og_title":"Intimrasierer Mann, 3-in-1 Nasenhaartrimmer und Rasierer Herren Elektrisch mit Stehender Ladestation,Nass-und Trockengebrauch,rasierer herren intimbereich f\u00fcr Brust Beine Achselh\u00f6hle Leiste Nase,IPX7 - Markt-XXL","og_description":"Markt-XXL Intimrasierer Mann, 3-in-1 Nasenhaartrimmer und Rasierer Herren Elektrisch mit Stehender Ladestation,Nass-und Trockengebrauch,rasierer herren intimbereich f\u00fcr Brust Beine Achselh\u00f6hle Leiste Nase,IPX7","og_url":"https:\/\/marktxxl.de\/markt\/produkt\/intimrasierer-mann-3-in-1-nasenhaartrimmer-und-rasierer-herren-elektrisch-mit-stehender-ladestationnass-und-trockengebrauchrasierer-herren-intimbereich-fuer-brust-beine-achselhoehle-leiste-naseipx\/","og_site_name":"Markt-XXL","twitter_card":"summary_large_image","twitter_misc":{"Gesch\u00e4tzte Lesezeit":"1\u00a0Minute"},"schema":{"@context":"https:\/\/schema.org","@graph":[{"@type":"WebPage","@id":"https:\/\/marktxxl.de\/markt\/produkt\/intimrasierer-mann-3-in-1-nasenhaartrimmer-und-rasierer-herren-elektrisch-mit-stehender-ladestationnass-und-trockengebrauchrasierer-herren-intimbereich-fuer-brust-beine-achselhoehle-leiste-naseipx\/","url":"https:\/\/marktxxl.de\/markt\/produkt\/intimrasierer-mann-3-in-1-nasenhaartrimmer-und-rasierer-herren-elektrisch-mit-stehender-ladestationnass-und-trockengebrauchrasierer-herren-intimbereich-fuer-brust-beine-achselhoehle-leiste-naseipx\/","name":"Intimrasierer Mann, 3-in-1 Nasenhaartrimmer und Rasierer Herren Elektrisch mit Stehender Ladestation,Nass-und Trockengebrauch,rasierer herren intimbereich f\u00fcr Brust Beine Achselh\u00f6hle Leiste Nase,IPX7 - Markt-XXL","isPartOf":{"@id":"https:\/\/marktxxl.de\/markt\/#website"},"primaryImageOfPage":{"@id":"https:\/\/marktxxl.de\/markt\/produkt\/intimrasierer-mann-3-in-1-nasenhaartrimmer-und-rasierer-herren-elektrisch-mit-stehender-ladestationnass-und-trockengebrauchrasierer-herren-intimbereich-fuer-brust-beine-achselhoehle-leiste-naseipx\/#primaryimage"},"image":{"@id":"https:\/\/marktxxl.de\/markt\/produkt\/intimrasierer-mann-3-in-1-nasenhaartrimmer-und-rasierer-herren-elektrisch-mit-stehender-ladestationnass-und-trockengebrauchrasierer-herren-intimbereich-fuer-brust-beine-achselhoehle-leiste-naseipx\/#primaryimage"},"thumbnailUrl":"https:\/\/m.media-amazon.com\/images\/I\/41O+GFajqsL._SL500_.jpg","datePublished":"2024-05-29T13:43:53+00:00","description":"Markt-XXL Intimrasierer Mann, 3-in-1 Nasenhaartrimmer und Rasierer Herren Elektrisch mit Stehender Ladestation,Nass-und Trockengebrauch,rasierer herren intimbereich f\u00fcr Brust Beine Achselh\u00f6hle Leiste Nase,IPX7","breadcrumb":{"@id":"https:\/\/marktxxl.de\/markt\/produkt\/intimrasierer-mann-3-in-1-nasenhaartrimmer-und-rasierer-herren-elektrisch-mit-stehender-ladestationnass-und-trockengebrauchrasierer-herren-intimbereich-fuer-brust-beine-achselhoehle-leiste-naseipx\/#breadcrumb"},"inLanguage":"de","potentialAction":[{"@type":"ReadAction","target":["https:\/\/marktxxl.de\/markt\/produkt\/intimrasierer-mann-3-in-1-nasenhaartrimmer-und-rasierer-herren-elektrisch-mit-stehender-ladestationnass-und-trockengebrauchrasierer-herren-intimbereich-fuer-brust-beine-achselhoehle-leiste-naseipx\/"]}]},{"@type":"ImageObject","inLanguage":"de","@id":"https:\/\/marktxxl.de\/markt\/produkt\/intimrasierer-mann-3-in-1-nasenhaartrimmer-und-rasierer-herren-elektrisch-mit-stehender-ladestationnass-und-trockengebrauchrasierer-herren-intimbereich-fuer-brust-beine-achselhoehle-leiste-naseipx\/#primaryimage","url":"https:\/\/m.media-amazon.com\/images\/I\/41O+GFajqsL._SL500_.jpg","contentUrl":"https:\/\/m.media-amazon.com\/images\/I\/41O+GFajqsL._SL500_.jpg","width":500,"height":500},{"@type":"BreadcrumbList","@id":"https:\/\/marktxxl.de\/markt\/produkt\/intimrasierer-mann-3-in-1-nasenhaartrimmer-und-rasierer-herren-elektrisch-mit-stehender-ladestationnass-und-trockengebrauchrasierer-herren-intimbereich-fuer-brust-beine-achselhoehle-leiste-naseipx\/#breadcrumb","itemListElement":[{"@type":"ListItem","position":1,"name":"Startseite","item":"https:\/\/marktxxl.de\/markt\/"},{"@type":"ListItem","position":2,"name":"Markt","item":"https:\/\/marktxxl.de\/markt\/"},{"@type":"ListItem","position":3,"name":"Intimrasierer Mann, 3-in-1 Nasenhaartrimmer und Rasierer Herren Elektrisch mit Stehender Ladestation,Nass-und Trockengebrauch,rasierer herren intimbereich f\u00fcr Brust Beine Achselh\u00f6hle Leiste Nase,IPX7"}]},{"@type":"WebSite","@id":"https:\/\/marktxxl.de\/markt\/#website","url":"https:\/\/marktxxl.de\/markt\/","name":"Markt-XXL","description":"Ihr Markt Online","publisher":{"@id":"https:\/\/marktxxl.de\/markt\/#organization"},"potentialAction":[{"@type":"SearchAction","target":{"@type":"EntryPoint","urlTemplate":"https:\/\/marktxxl.de\/markt\/?s={search_term_string}"},"query-input":{"@type":"PropertyValueSpecification","valueRequired":true,"valueName":"search_term_string"}}],"inLanguage":"de"},{"@type":"Organization","@id":"https:\/\/marktxxl.de\/markt\/#organization","name":"Markt-XXL","url":"https:\/\/marktxxl.de\/markt\/","logo":{"@type":"ImageObject","inLanguage":"de","@id":"https:\/\/marktxxl.de\/markt\/#\/schema\/logo\/image\/","url":"https:\/\/marktxxl.de\/markt\/wp-content\/uploads\/sites\/3\/2020\/12\/logo.png","contentUrl":"https:\/\/marktxxl.de\/markt\/wp-content\/uploads\/sites\/3\/2020\/12\/logo.png","width":200,"height":70,"caption":"Markt-XXL"},"image":{"@id":"https:\/\/marktxxl.de\/markt\/#\/schema\/logo\/image\/"}}]}},"_links":{"self":[{"href":"https:\/\/marktxxl.de\/markt\/wp-json\/wp\/v2\/product\/210533","targetHints":{"allow":["GET"]}}],"collection":[{"href":"https:\/\/marktxxl.de\/markt\/wp-json\/wp\/v2\/product"}],"about":[{"href":"https:\/\/marktxxl.de\/markt\/wp-json\/wp\/v2\/types\/product"}],"replies":[{"embeddable":true,"href":"https:\/\/marktxxl.de\/markt\/wp-json\/wp\/v2\/comments?post=210533"}],"wp:featuredmedia":[{"embeddable":true,"href":"https:\/\/marktxxl.de\/markt\/wp-json\/wp\/v2\/media\/210534"}],"wp:attachment":[{"href":"https:\/\/marktxxl.de\/markt\/wp-json\/wp\/v2\/media?parent=210533"}],"wp:term":[{"taxonomy":"product_brand","embeddable":true,"href":"https:\/\/marktxxl.de\/markt\/wp-json\/wp\/v2\/product_brand?post=210533"},{"taxonomy":"product_cat","embeddable":true,"href":"https:\/\/marktxxl.de\/markt\/wp-json\/wp\/v2\/product_cat?post=210533"},{"taxonomy":"product_tag","embeddable":true,"href":"https:\/\/marktxxl.de\/markt\/wp-json\/wp\/v2\/product_tag?post=210533"}],"curies":[{"name":"wp","href":"https:\/\/api.w.org\/{rel}","templated":true}]}}