{"id":210472,"date":"2024-05-29T15:29:40","date_gmt":"2024-05-29T13:29:40","guid":{"rendered":"https:\/\/marktxxl.de\/markt\/produkt\/vegrem-elektrischer-staubgeblaese-mit-3-gang-110-000-u-min-4000-mah-2-in-1-druckluftspray-handstaubsaugermit-duesentastatur-reinigungsset-und-usb-ladekabel-geeignet-fuer-pc-laptop-sofa\/"},"modified":"2024-05-29T15:29:40","modified_gmt":"2024-05-29T13:29:40","slug":"vegrem-elektrischer-staubgeblaese-mit-3-gang-110-000-u-min-4000-mah-2-in-1-druckluftspray-handstaubsaugermit-duesentastatur-reinigungsset-und-usb-ladekabel-geeignet-fuer-pc-laptop-sofa","status":"publish","type":"product","link":"https:\/\/marktxxl.de\/markt\/produkt\/vegrem-elektrischer-staubgeblaese-mit-3-gang-110-000-u-min-4000-mah-2-in-1-druckluftspray-handstaubsaugermit-duesentastatur-reinigungsset-und-usb-ladekabel-geeignet-fuer-pc-laptop-sofa\/","title":{"rendered":"VEGREM Elektrischer Staubgebl\u00e4se mit 3 Gang, 110.000 U\/min, 4000 mAh, 2-in-1 Druckluftspray Handstaubsauger,mit D\u00fcsen,Tastatur Reinigungsset und USB-Ladekabel, Geeignet f\u00fcr PC, Laptop, Sofa"},"content":{"rendered":"<p>\u3010Leistungsstarker B\u00fcrstenloser Motor\u3011Mit einer maximalen Drehzahl von 110.000 U\/min und einem b\u00fcrstenlosen Motordesign bietet das air duster eine hervorragende Leistung, einen niedrigen Ger\u00e4uschpegel und eine hohe Energieeffizienz. Mit einer starken Saugleistung von 14kpa k\u00f6nnen problemlos Schmutz und Staub von elektronischen Ger\u00e4ten entfernt werden. Die starke Luftzirkulation erm\u00f6glicht eine effiziente Reinigung und macht es zu einem verl\u00e4sslichen Werkzeug zur Druckluftreinigung.<br \/>\n\u3010Drei Geschwindigkeitsstufen\u3011Der elektrischer staubgebl\u00e4se verf\u00fcgt \u00fcber drei einstellbare Geschwindigkeitsstufen (50000 U\/min, 80000 U\/min, 110000 U\/min). Ein langes Dr\u00fccken startet das Ger\u00e4t, um versehentliche Ber\u00fchrungen zu vermeiden, und der Wechsel der Geschwindigkeitsstufen erfolgt schnell und einfach.<br \/>\n\u3010Schnelles Aufladen\u3011Der staubgebl\u00e4se PC ist mit einem Type-C-Datenkabel ausgestattet und kann in nur 2,5 Stunden vollst\u00e4ndig aufgeladen werden. Die Batterielaufzeit betr\u00e4gt 15 bis 30 Minuten, abh\u00e4ngig von der verwendeten Geschwindigkeitsstufe. Es kann \u00fcber einen Computer, ein Handy-Ladeger\u00e4t, ein Autoladeger\u00e4t oder andere Adapter aufgeladen werden. Im Vergleich zu Druckluftdosen ist es wirtschaftlicher und umweltfreundlicher. Die perfekte Wahl f\u00fcr die Reinigung und Entstaubung im Haushalt.<br \/>\n\u3010Zweiteiliges Reinigungsset\u3011Das auto reinigungsset wird mit einer Reihe von Reinigungszubeh\u00f6r geliefert, darunter D\u00fcsen, eine Tastaturreinigungsb\u00fcrste und ein Staubbeh\u00e4lter. Damit k\u00f6nnen verschiedene Reinigungsanforderungen flexibel bew\u00e4ltigt werden. Hartn\u00e4ckiger Schmutz kann zun\u00e4chst mit der B\u00fcrste und der D\u00fcse behandelt und dann mit dem Staubbeh\u00e4lter entfernt werden. Alternativ kann der Staub direkt mit der Saugfunktion entfernt werden, je nach Bedarf.<br \/>\n\u3010LED-Licht, Umweltfreundlich und Energiesparend\u3011Das Ger\u00e4t kann herk\u00f6mmliche Druckluftspray ersetzen und ist wiederaufladbar. Das LED-Licht erleichtert die Reinigung von dunklen Ecken und sch\u00fctzt gleichzeitig elektronische Ger\u00e4te vor Fl\u00fcssigkeitssch\u00e4den. Es entstehen keine Fl\u00fcssigkeiten oder Eis w\u00e4hrend des Reinigungsprozesses, was das Ger\u00e4t umweltfreundlich und energieeffizient macht.<br \/>\n<div class=\"main-cross-sell\" data-asin=\"B0D2RD8ZND\">\n\n\t<div class=\"WooZone-cross-sell-loader\">\n\t\t<div>\n\t\t\t<div id=\"floatingBarsG\">\n\t\t\t\t<div class=\"blockG\" id=\"rotateG_01\"><\/div>\n\t\t\t\t<div class=\"blockG\" id=\"rotateG_02\"><\/div>\n\t\t\t\t<div class=\"blockG\" id=\"rotateG_03\"><\/div>\n\t\t\t\t<div class=\"blockG\" id=\"rotateG_04\"><\/div>\n\t\t\t\t<div class=\"blockG\" id=\"rotateG_05\"><\/div>\n\t\t\t\t<div class=\"blockG\" id=\"rotateG_06\"><\/div>\n\t\t\t\t<div class=\"blockG\" id=\"rotateG_07\"><\/div>\n\t\t\t\t<div class=\"blockG\" id=\"rotateG_08\"><\/div>\n\t\t\t<\/div>\n\t\t\t<div class=\"WooZone-cross-sell-loader-text\"><\/div>\n\t\t<\/div>\n\t<\/div>\n\n\t\t\n<\/div>\n<div style=\"clear:both;\"><\/div><\/p>\n","protected":false},"excerpt":{"rendered":"<p>\u3010Leistungsstarker B\u00fcrstenloser Motor\u3011Mit einer maximalen Drehzahl von 110.000 U\/min und einem b\u00fcrstenlosen Motordesign bietet das air duster eine hervorragende Leistung, einen niedrigen Ger\u00e4uschpegel und eine hohe Energieeffizienz. Mit einer starken Saugleistung von 14kpa k\u00f6nnen problemlos Schmutz und Staub von elektronischen Ger\u00e4ten entfernt werden. Die starke Luftzirkulation erm\u00f6glicht eine effiziente Reinigung und macht es zu einem verl\u00e4sslichen Werkzeug zur Druckluftreinigung.<br \/>\n\u3010Drei Geschwindigkeitsstufen\u3011Der elektrischer staubgebl\u00e4se verf\u00fcgt \u00fcber drei einstellbare Geschwindigkeitsstufen (50000 U\/min, 80000 U\/min, 110000 U\/min). Ein langes Dr\u00fccken startet das Ger\u00e4t, um versehentliche Ber\u00fchrungen zu vermeiden, und der Wechsel der Geschwindigkeitsstufen erfolgt schnell und einfach.<br \/>\n\u3010Schnelles Aufladen\u3011Der staubgebl\u00e4se PC ist mit einem Type-C-Datenkabel ausgestattet und kann in nur 2,5 Stunden vollst\u00e4ndig aufgeladen werden. Die Batterielaufzeit betr\u00e4gt 15 bis 30 Minuten, abh\u00e4ngig von der verwendeten Geschwindigkeitsstufe. Es kann \u00fcber einen Computer, ein Handy-Ladeger\u00e4t, ein Autoladeger\u00e4t oder andere Adapter aufgeladen werden. Im Vergleich zu Druckluftdosen ist es wirtschaftlicher und umweltfreundlicher. Die perfekte Wahl f\u00fcr die Reinigung und Entstaubung im Haushalt.<\/p>\n","protected":false},"featured_media":210473,"comment_status":"open","ping_status":"closed","template":"","meta":[],"product_brand":[],"product_cat":[504,8284],"product_tag":[],"class_list":{"0":"post-210472","1":"product","2":"type-product","3":"status-publish","4":"has-post-thumbnail","6":"product_cat-buerobedarf-schreibwaren","7":"product_cat-bueromaterial","8":"pa_binding-haushaltswaren","9":"pa_brand-vegrem","10":"pa_color-schwarz","11":"pa_height-7-5984251891-zoll","12":"pa_length-4-3700787357-zoll","13":"pa_manufacturer-sancai","14":"pa_model-cn01a","15":"pa_weight-1-322773572-pounds","16":"pa_width-2-755905509-zoll","18":"first","19":"instock","20":"sale","21":"shipping-taxable","22":"purchasable","23":"product-type-simple","24":"customify-col","25":"product-has-gallery"},"yoast_head":"<!-- This site is optimized with the Yoast SEO plugin v27.4 - https:\/\/yoast.com\/product\/yoast-seo-wordpress\/ -->\n<title>VEGREM Elektrischer Staubgebl\u00e4se mit 3 Gang, 110.000 U\/min, 4000 mAh, 2-in-1 Druckluftspray Handstaubsauger,mit D\u00fcsen,Tastatur Reinigungsset und USB-Ladekabel, Geeignet f\u00fcr PC, Laptop, Sofa - Markt-XXL<\/title>\n<meta name=\"description\" content=\"Markt-XXL VEGREM Elektrischer Staubgebl\u00e4se mit 3 Gang, 110.000 U\/min, 4000 mAh, 2-in-1 Druckluftspray Handstaubsauger,mit D\u00fcsen,Tastatur Reinigungsset und USB-Ladekabel, Geeignet f\u00fcr PC, Laptop, Sofa\" \/>\n<meta name=\"robots\" content=\"index, follow, max-snippet:-1, max-image-preview:large, max-video-preview:-1\" \/>\n<link rel=\"canonical\" href=\"https:\/\/marktxxl.de\/markt\/produkt\/vegrem-elektrischer-staubgeblaese-mit-3-gang-110-000-u-min-4000-mah-2-in-1-druckluftspray-handstaubsaugermit-duesentastatur-reinigungsset-und-usb-ladekabel-geeignet-fuer-pc-laptop-sofa\/\" \/>\n<meta property=\"og:locale\" content=\"de_DE\" \/>\n<meta property=\"og:type\" content=\"article\" \/>\n<meta property=\"og:title\" content=\"VEGREM Elektrischer Staubgebl\u00e4se mit 3 Gang, 110.000 U\/min, 4000 mAh, 2-in-1 Druckluftspray Handstaubsauger,mit D\u00fcsen,Tastatur Reinigungsset und USB-Ladekabel, Geeignet f\u00fcr PC, Laptop, Sofa - Markt-XXL\" \/>\n<meta property=\"og:description\" content=\"Markt-XXL VEGREM Elektrischer Staubgebl\u00e4se mit 3 Gang, 110.000 U\/min, 4000 mAh, 2-in-1 Druckluftspray Handstaubsauger,mit D\u00fcsen,Tastatur Reinigungsset und USB-Ladekabel, Geeignet f\u00fcr PC, Laptop, Sofa\" \/>\n<meta property=\"og:url\" content=\"https:\/\/marktxxl.de\/markt\/produkt\/vegrem-elektrischer-staubgeblaese-mit-3-gang-110-000-u-min-4000-mah-2-in-1-druckluftspray-handstaubsaugermit-duesentastatur-reinigungsset-und-usb-ladekabel-geeignet-fuer-pc-laptop-sofa\/\" \/>\n<meta property=\"og:site_name\" content=\"Markt-XXL\" \/>\n<meta name=\"twitter:card\" content=\"summary_large_image\" \/>\n<meta name=\"twitter:label1\" content=\"Gesch\u00e4tzte Lesezeit\" \/>\n\t<meta name=\"twitter:data1\" content=\"2\u00a0Minuten\" \/>\n<script type=\"application\/ld+json\" class=\"yoast-schema-graph\">{\"@context\":\"https:\\\/\\\/schema.org\",\"@graph\":[{\"@type\":\"WebPage\",\"@id\":\"https:\\\/\\\/marktxxl.de\\\/markt\\\/produkt\\\/vegrem-elektrischer-staubgeblaese-mit-3-gang-110-000-u-min-4000-mah-2-in-1-druckluftspray-handstaubsaugermit-duesentastatur-reinigungsset-und-usb-ladekabel-geeignet-fuer-pc-laptop-sofa\\\/\",\"url\":\"https:\\\/\\\/marktxxl.de\\\/markt\\\/produkt\\\/vegrem-elektrischer-staubgeblaese-mit-3-gang-110-000-u-min-4000-mah-2-in-1-druckluftspray-handstaubsaugermit-duesentastatur-reinigungsset-und-usb-ladekabel-geeignet-fuer-pc-laptop-sofa\\\/\",\"name\":\"VEGREM Elektrischer Staubgebl\u00e4se mit 3 Gang, 110.000 U\\\/min, 4000 mAh, 2-in-1 Druckluftspray Handstaubsauger,mit D\u00fcsen,Tastatur Reinigungsset und USB-Ladekabel, Geeignet f\u00fcr PC, Laptop, Sofa - Markt-XXL\",\"isPartOf\":{\"@id\":\"https:\\\/\\\/marktxxl.de\\\/markt\\\/#website\"},\"primaryImageOfPage\":{\"@id\":\"https:\\\/\\\/marktxxl.de\\\/markt\\\/produkt\\\/vegrem-elektrischer-staubgeblaese-mit-3-gang-110-000-u-min-4000-mah-2-in-1-druckluftspray-handstaubsaugermit-duesentastatur-reinigungsset-und-usb-ladekabel-geeignet-fuer-pc-laptop-sofa\\\/#primaryimage\"},\"image\":{\"@id\":\"https:\\\/\\\/marktxxl.de\\\/markt\\\/produkt\\\/vegrem-elektrischer-staubgeblaese-mit-3-gang-110-000-u-min-4000-mah-2-in-1-druckluftspray-handstaubsaugermit-duesentastatur-reinigungsset-und-usb-ladekabel-geeignet-fuer-pc-laptop-sofa\\\/#primaryimage\"},\"thumbnailUrl\":\"https:\\\/\\\/m.media-amazon.com\\\/images\\\/I\\\/418nhGnIEyL._SL500_.jpg\",\"datePublished\":\"2024-05-29T13:29:40+00:00\",\"description\":\"Markt-XXL VEGREM Elektrischer Staubgebl\u00e4se mit 3 Gang, 110.000 U\\\/min, 4000 mAh, 2-in-1 Druckluftspray Handstaubsauger,mit D\u00fcsen,Tastatur Reinigungsset und USB-Ladekabel, Geeignet f\u00fcr PC, Laptop, Sofa\",\"breadcrumb\":{\"@id\":\"https:\\\/\\\/marktxxl.de\\\/markt\\\/produkt\\\/vegrem-elektrischer-staubgeblaese-mit-3-gang-110-000-u-min-4000-mah-2-in-1-druckluftspray-handstaubsaugermit-duesentastatur-reinigungsset-und-usb-ladekabel-geeignet-fuer-pc-laptop-sofa\\\/#breadcrumb\"},\"inLanguage\":\"de\",\"potentialAction\":[{\"@type\":\"ReadAction\",\"target\":[\"https:\\\/\\\/marktxxl.de\\\/markt\\\/produkt\\\/vegrem-elektrischer-staubgeblaese-mit-3-gang-110-000-u-min-4000-mah-2-in-1-druckluftspray-handstaubsaugermit-duesentastatur-reinigungsset-und-usb-ladekabel-geeignet-fuer-pc-laptop-sofa\\\/\"]}]},{\"@type\":\"ImageObject\",\"inLanguage\":\"de\",\"@id\":\"https:\\\/\\\/marktxxl.de\\\/markt\\\/produkt\\\/vegrem-elektrischer-staubgeblaese-mit-3-gang-110-000-u-min-4000-mah-2-in-1-druckluftspray-handstaubsaugermit-duesentastatur-reinigungsset-und-usb-ladekabel-geeignet-fuer-pc-laptop-sofa\\\/#primaryimage\",\"url\":\"https:\\\/\\\/m.media-amazon.com\\\/images\\\/I\\\/418nhGnIEyL._SL500_.jpg\",\"contentUrl\":\"https:\\\/\\\/m.media-amazon.com\\\/images\\\/I\\\/418nhGnIEyL._SL500_.jpg\",\"width\":500,\"height\":500},{\"@type\":\"BreadcrumbList\",\"@id\":\"https:\\\/\\\/marktxxl.de\\\/markt\\\/produkt\\\/vegrem-elektrischer-staubgeblaese-mit-3-gang-110-000-u-min-4000-mah-2-in-1-druckluftspray-handstaubsaugermit-duesentastatur-reinigungsset-und-usb-ladekabel-geeignet-fuer-pc-laptop-sofa\\\/#breadcrumb\",\"itemListElement\":[{\"@type\":\"ListItem\",\"position\":1,\"name\":\"Startseite\",\"item\":\"https:\\\/\\\/marktxxl.de\\\/markt\\\/\"},{\"@type\":\"ListItem\",\"position\":2,\"name\":\"Markt\",\"item\":\"https:\\\/\\\/marktxxl.de\\\/markt\\\/\"},{\"@type\":\"ListItem\",\"position\":3,\"name\":\"VEGREM Elektrischer Staubgebl\u00e4se mit 3 Gang, 110.000 U\\\/min, 4000 mAh, 2-in-1 Druckluftspray Handstaubsauger,mit D\u00fcsen,Tastatur Reinigungsset und USB-Ladekabel, Geeignet f\u00fcr PC, Laptop, Sofa\"}]},{\"@type\":\"WebSite\",\"@id\":\"https:\\\/\\\/marktxxl.de\\\/markt\\\/#website\",\"url\":\"https:\\\/\\\/marktxxl.de\\\/markt\\\/\",\"name\":\"Markt-XXL\",\"description\":\"Ihr Markt Online\",\"publisher\":{\"@id\":\"https:\\\/\\\/marktxxl.de\\\/markt\\\/#organization\"},\"potentialAction\":[{\"@type\":\"SearchAction\",\"target\":{\"@type\":\"EntryPoint\",\"urlTemplate\":\"https:\\\/\\\/marktxxl.de\\\/markt\\\/?s={search_term_string}\"},\"query-input\":{\"@type\":\"PropertyValueSpecification\",\"valueRequired\":true,\"valueName\":\"search_term_string\"}}],\"inLanguage\":\"de\"},{\"@type\":\"Organization\",\"@id\":\"https:\\\/\\\/marktxxl.de\\\/markt\\\/#organization\",\"name\":\"Markt-XXL\",\"url\":\"https:\\\/\\\/marktxxl.de\\\/markt\\\/\",\"logo\":{\"@type\":\"ImageObject\",\"inLanguage\":\"de\",\"@id\":\"https:\\\/\\\/marktxxl.de\\\/markt\\\/#\\\/schema\\\/logo\\\/image\\\/\",\"url\":\"https:\\\/\\\/marktxxl.de\\\/markt\\\/wp-content\\\/uploads\\\/sites\\\/3\\\/2020\\\/12\\\/logo.png\",\"contentUrl\":\"https:\\\/\\\/marktxxl.de\\\/markt\\\/wp-content\\\/uploads\\\/sites\\\/3\\\/2020\\\/12\\\/logo.png\",\"width\":200,\"height\":70,\"caption\":\"Markt-XXL\"},\"image\":{\"@id\":\"https:\\\/\\\/marktxxl.de\\\/markt\\\/#\\\/schema\\\/logo\\\/image\\\/\"}}]}<\/script>\n<!-- \/ Yoast SEO plugin. -->","yoast_head_json":{"title":"VEGREM Elektrischer Staubgebl\u00e4se mit 3 Gang, 110.000 U\/min, 4000 mAh, 2-in-1 Druckluftspray Handstaubsauger,mit D\u00fcsen,Tastatur Reinigungsset und USB-Ladekabel, Geeignet f\u00fcr PC, Laptop, Sofa - Markt-XXL","description":"Markt-XXL VEGREM Elektrischer Staubgebl\u00e4se mit 3 Gang, 110.000 U\/min, 4000 mAh, 2-in-1 Druckluftspray Handstaubsauger,mit D\u00fcsen,Tastatur Reinigungsset und USB-Ladekabel, Geeignet f\u00fcr PC, Laptop, Sofa","robots":{"index":"index","follow":"follow","max-snippet":"max-snippet:-1","max-image-preview":"max-image-preview:large","max-video-preview":"max-video-preview:-1"},"canonical":"https:\/\/marktxxl.de\/markt\/produkt\/vegrem-elektrischer-staubgeblaese-mit-3-gang-110-000-u-min-4000-mah-2-in-1-druckluftspray-handstaubsaugermit-duesentastatur-reinigungsset-und-usb-ladekabel-geeignet-fuer-pc-laptop-sofa\/","og_locale":"de_DE","og_type":"article","og_title":"VEGREM Elektrischer Staubgebl\u00e4se mit 3 Gang, 110.000 U\/min, 4000 mAh, 2-in-1 Druckluftspray Handstaubsauger,mit D\u00fcsen,Tastatur Reinigungsset und USB-Ladekabel, Geeignet f\u00fcr PC, Laptop, Sofa - Markt-XXL","og_description":"Markt-XXL VEGREM Elektrischer Staubgebl\u00e4se mit 3 Gang, 110.000 U\/min, 4000 mAh, 2-in-1 Druckluftspray Handstaubsauger,mit D\u00fcsen,Tastatur Reinigungsset und USB-Ladekabel, Geeignet f\u00fcr PC, Laptop, Sofa","og_url":"https:\/\/marktxxl.de\/markt\/produkt\/vegrem-elektrischer-staubgeblaese-mit-3-gang-110-000-u-min-4000-mah-2-in-1-druckluftspray-handstaubsaugermit-duesentastatur-reinigungsset-und-usb-ladekabel-geeignet-fuer-pc-laptop-sofa\/","og_site_name":"Markt-XXL","twitter_card":"summary_large_image","twitter_misc":{"Gesch\u00e4tzte Lesezeit":"2\u00a0Minuten"},"schema":{"@context":"https:\/\/schema.org","@graph":[{"@type":"WebPage","@id":"https:\/\/marktxxl.de\/markt\/produkt\/vegrem-elektrischer-staubgeblaese-mit-3-gang-110-000-u-min-4000-mah-2-in-1-druckluftspray-handstaubsaugermit-duesentastatur-reinigungsset-und-usb-ladekabel-geeignet-fuer-pc-laptop-sofa\/","url":"https:\/\/marktxxl.de\/markt\/produkt\/vegrem-elektrischer-staubgeblaese-mit-3-gang-110-000-u-min-4000-mah-2-in-1-druckluftspray-handstaubsaugermit-duesentastatur-reinigungsset-und-usb-ladekabel-geeignet-fuer-pc-laptop-sofa\/","name":"VEGREM Elektrischer Staubgebl\u00e4se mit 3 Gang, 110.000 U\/min, 4000 mAh, 2-in-1 Druckluftspray Handstaubsauger,mit D\u00fcsen,Tastatur Reinigungsset und USB-Ladekabel, Geeignet f\u00fcr PC, Laptop, Sofa - Markt-XXL","isPartOf":{"@id":"https:\/\/marktxxl.de\/markt\/#website"},"primaryImageOfPage":{"@id":"https:\/\/marktxxl.de\/markt\/produkt\/vegrem-elektrischer-staubgeblaese-mit-3-gang-110-000-u-min-4000-mah-2-in-1-druckluftspray-handstaubsaugermit-duesentastatur-reinigungsset-und-usb-ladekabel-geeignet-fuer-pc-laptop-sofa\/#primaryimage"},"image":{"@id":"https:\/\/marktxxl.de\/markt\/produkt\/vegrem-elektrischer-staubgeblaese-mit-3-gang-110-000-u-min-4000-mah-2-in-1-druckluftspray-handstaubsaugermit-duesentastatur-reinigungsset-und-usb-ladekabel-geeignet-fuer-pc-laptop-sofa\/#primaryimage"},"thumbnailUrl":"https:\/\/m.media-amazon.com\/images\/I\/418nhGnIEyL._SL500_.jpg","datePublished":"2024-05-29T13:29:40+00:00","description":"Markt-XXL VEGREM Elektrischer Staubgebl\u00e4se mit 3 Gang, 110.000 U\/min, 4000 mAh, 2-in-1 Druckluftspray Handstaubsauger,mit D\u00fcsen,Tastatur Reinigungsset und USB-Ladekabel, Geeignet f\u00fcr PC, Laptop, Sofa","breadcrumb":{"@id":"https:\/\/marktxxl.de\/markt\/produkt\/vegrem-elektrischer-staubgeblaese-mit-3-gang-110-000-u-min-4000-mah-2-in-1-druckluftspray-handstaubsaugermit-duesentastatur-reinigungsset-und-usb-ladekabel-geeignet-fuer-pc-laptop-sofa\/#breadcrumb"},"inLanguage":"de","potentialAction":[{"@type":"ReadAction","target":["https:\/\/marktxxl.de\/markt\/produkt\/vegrem-elektrischer-staubgeblaese-mit-3-gang-110-000-u-min-4000-mah-2-in-1-druckluftspray-handstaubsaugermit-duesentastatur-reinigungsset-und-usb-ladekabel-geeignet-fuer-pc-laptop-sofa\/"]}]},{"@type":"ImageObject","inLanguage":"de","@id":"https:\/\/marktxxl.de\/markt\/produkt\/vegrem-elektrischer-staubgeblaese-mit-3-gang-110-000-u-min-4000-mah-2-in-1-druckluftspray-handstaubsaugermit-duesentastatur-reinigungsset-und-usb-ladekabel-geeignet-fuer-pc-laptop-sofa\/#primaryimage","url":"https:\/\/m.media-amazon.com\/images\/I\/418nhGnIEyL._SL500_.jpg","contentUrl":"https:\/\/m.media-amazon.com\/images\/I\/418nhGnIEyL._SL500_.jpg","width":500,"height":500},{"@type":"BreadcrumbList","@id":"https:\/\/marktxxl.de\/markt\/produkt\/vegrem-elektrischer-staubgeblaese-mit-3-gang-110-000-u-min-4000-mah-2-in-1-druckluftspray-handstaubsaugermit-duesentastatur-reinigungsset-und-usb-ladekabel-geeignet-fuer-pc-laptop-sofa\/#breadcrumb","itemListElement":[{"@type":"ListItem","position":1,"name":"Startseite","item":"https:\/\/marktxxl.de\/markt\/"},{"@type":"ListItem","position":2,"name":"Markt","item":"https:\/\/marktxxl.de\/markt\/"},{"@type":"ListItem","position":3,"name":"VEGREM Elektrischer Staubgebl\u00e4se mit 3 Gang, 110.000 U\/min, 4000 mAh, 2-in-1 Druckluftspray Handstaubsauger,mit D\u00fcsen,Tastatur Reinigungsset und USB-Ladekabel, Geeignet f\u00fcr PC, Laptop, Sofa"}]},{"@type":"WebSite","@id":"https:\/\/marktxxl.de\/markt\/#website","url":"https:\/\/marktxxl.de\/markt\/","name":"Markt-XXL","description":"Ihr Markt Online","publisher":{"@id":"https:\/\/marktxxl.de\/markt\/#organization"},"potentialAction":[{"@type":"SearchAction","target":{"@type":"EntryPoint","urlTemplate":"https:\/\/marktxxl.de\/markt\/?s={search_term_string}"},"query-input":{"@type":"PropertyValueSpecification","valueRequired":true,"valueName":"search_term_string"}}],"inLanguage":"de"},{"@type":"Organization","@id":"https:\/\/marktxxl.de\/markt\/#organization","name":"Markt-XXL","url":"https:\/\/marktxxl.de\/markt\/","logo":{"@type":"ImageObject","inLanguage":"de","@id":"https:\/\/marktxxl.de\/markt\/#\/schema\/logo\/image\/","url":"https:\/\/marktxxl.de\/markt\/wp-content\/uploads\/sites\/3\/2020\/12\/logo.png","contentUrl":"https:\/\/marktxxl.de\/markt\/wp-content\/uploads\/sites\/3\/2020\/12\/logo.png","width":200,"height":70,"caption":"Markt-XXL"},"image":{"@id":"https:\/\/marktxxl.de\/markt\/#\/schema\/logo\/image\/"}}]}},"_links":{"self":[{"href":"https:\/\/marktxxl.de\/markt\/wp-json\/wp\/v2\/product\/210472","targetHints":{"allow":["GET"]}}],"collection":[{"href":"https:\/\/marktxxl.de\/markt\/wp-json\/wp\/v2\/product"}],"about":[{"href":"https:\/\/marktxxl.de\/markt\/wp-json\/wp\/v2\/types\/product"}],"replies":[{"embeddable":true,"href":"https:\/\/marktxxl.de\/markt\/wp-json\/wp\/v2\/comments?post=210472"}],"wp:featuredmedia":[{"embeddable":true,"href":"https:\/\/marktxxl.de\/markt\/wp-json\/wp\/v2\/media\/210473"}],"wp:attachment":[{"href":"https:\/\/marktxxl.de\/markt\/wp-json\/wp\/v2\/media?parent=210472"}],"wp:term":[{"taxonomy":"product_brand","embeddable":true,"href":"https:\/\/marktxxl.de\/markt\/wp-json\/wp\/v2\/product_brand?post=210472"},{"taxonomy":"product_cat","embeddable":true,"href":"https:\/\/marktxxl.de\/markt\/wp-json\/wp\/v2\/product_cat?post=210472"},{"taxonomy":"product_tag","embeddable":true,"href":"https:\/\/marktxxl.de\/markt\/wp-json\/wp\/v2\/product_tag?post=210472"}],"curies":[{"name":"wp","href":"https:\/\/api.w.org\/{rel}","templated":true}]}}